03-01 11:38:04.468 2469 2469 D VrGuardianUserService: DeviceConfig - onFailure - Error: exception
03-01 11:38:04.493 2469 2469 E DeviceConfigTelemetryLogger: onFailure(exception)
03-01 11:38:04.493 2469 2469 D VrGuardianUserService: DeviceConfig - onFailure - Error: exception
03-01 11:38:04.494 2469 2469 E DeviceConfigTelemetryLogger: onFailure(exception)
03-01 11:38:04.494 2469 2469 D VrGuardianUserService: DeviceConfig - onFailure - Error: exception
03-01 11:38:04.495 2469 2469 E DeviceConfigTelemetryLogger: onFailure(exception)
03-01 11:38:04.495 2469 2469 D VrGuardianUserService: DeviceConfig - onFailure - Error: exception
03-01 11:38:04.496 2469 2469 E DeviceConfigTelemetryLogger: onFailure(exception)
03-01 11:38:04.496 2469 2469 D VrGuardianUserService: DeviceConfig - onFailure - Error: exception
03-01 11:38:04.496 2469 2469 E DeviceConfigTelemetryLogger: onFailure(exception)
03-01 11:38:04.496 2469 2469 D VrGuardianUserService: DeviceConfig - onFailure - Error: exception
03-01 11:38:04.497 2469 2469 E DeviceConfigTelemetryLogger: onFailure(exception)
03-01 11:38:04.497 2469 2469 D VrGuardianUserService: DeviceConfig - onFailure - Error: exception
03-01 11:38:04.499 2469 2469 E DeviceConfigTelemetryLogger: onFailure(exception)
03-01 11:38:04.499 2469 2469 D VrGuardianUserService: DeviceConfig - onFailure - Error: exception
03-01 11:38:04.499 2469 2469 E DeviceConfigTelemetryLogger: onFailure(exception)
03-01 11:38:04.499 2469 2469 D VrGuardianUserService: DeviceConfig - onFailure - Error: exception
03-01 11:38:04.499 2469 2469 E DeviceConfigTelemetryLogger: onFailure(exception)
03-01 11:38:04.499 2469 2469 D VrGuardianUserService: DeviceConfig - onFailure - Error: exception
03-01 11:38:04.500 2469 2469 E DeviceConfigTelemetryLogger: onFailure(exception)
03-01 11:38:04.500 2469 2469 D VrGuardianUserService: DeviceConfig - onFailure - Error: exception
03-01 11:38:04.500 2469 2469 E DeviceConfigTelemetryLogger: onFailure(exception)
03-01 11:38:04.500 2469 2469 D VrGuardianUserService: DeviceConfig - onFailure - Error: exception
03-01 11:38:04.501 2469 2469 E DeviceConfigTelemetryLogger: onFailure(exception)
03-01 11:38:04.501 2469 2469 D VrGuardianUserService: DeviceConfig - onFailure - Error: exception
03-01 11:38:04.501 2469 2469 E DeviceConfigTelemetryLogger: onFailure(exception)
03-01 11:38:04.501 2469 2469 D VrGuardianUserService: DeviceConfig - onFailure - Error: exception
03-01 11:38:04.501 2469 2469 E DeviceConfigTelemetryLogger: onFailure(exception)
03-01 11:38:04.503 2469 2469 D VrGuardianUserService: DeviceConfig - onFailure - Error: exception
03-01 11:38:04.503 2469 2469 E DeviceConfigTelemetryLogger: onFailure(exception)
03-01 11:38:04.503 2469 2469 D VrGuardianUserService: DeviceConfig - onFailure - Error: exception
03-01 11:38:04.504 2469 2469 E DeviceConfigTelemetryLogger: onFailure(exception)
03-01 11:38:04.504 2469 2469 D VrGuardianUserService: DeviceConfig - onFailure - Error: exception
03-01 11:38:04.505 2469 2469 E DeviceConfigTelemetryLogger: onFailure(exception)
03-01 11:38:04.506 2469 2469 D VrGuardianUserService: DeviceConfig - onFailure - Error: exception
03-01 11:38:04.506 2469 2469 E DeviceConfigTelemetryLogger: onFailure(exception)
03-01 11:38:04.506 2469 2469 D VrGuardianUserService: DeviceConfig - onFailure - Error: exception
03-01 11:38:04.509 2469 2469 E DeviceConfigTelemetryLogger: onFailure(exception)
03-01 11:38:04.509 2469 2469 D VrGuardianUserService: DeviceConfig - onFailure - Error: exception
03-01 11:38:04.509 2469 2469 E DeviceConfigTelemetryLogger: onFailure(exception)
03-01 11:38:04.509 2469 2469 D VrGuardianUserService: DeviceConfig - onFailure - Error: exception
03-01 11:38:04.509 2469 2469 E DeviceConfigTelemetryLogger: onFailure(exception)
03-01 11:38:04.509 2469 2469 D VrGuardianUserService: DeviceConfig - onFailure - Error: exception
03-01 11:38:04.509 2469 2469 E DeviceConfigTelemetryLogger: onFailure(exception)
03-01 11:38:04.511 2469 6294 E MobileConfigBaseClient: Timed out trying to connect to MobileConfigService.
03-01 11:38:04.511 2469 6294 E DeviceConfigTelemetryLogger: onFailure(Could not connect to MobileConfigService)
03-01 11:38:04.511 2469 6294 D VrGuardianUserService: DeviceConfig - onFailure - Error: Could not connect to MobileConfigService
03-01 11:38:04.512 2469 2469 D VrGuardianUserService: DeviceConfig - onFailure - Error: exception
03-01 11:38:04.512 2469 2469 E DeviceConfigTelemetryLogger: onFailure(exception)
03-01 11:38:04.512 2469 2469 D VrGuardianUserService: DeviceConfig - onFailure - Error: exception
03-01 11:38:04.512 2469 2469 E DeviceConfigTelemetryLogger: onFailure(exception)
03-01 11:38:04.512 2469 2469 D VrGuardianUserService: DeviceConfig - onFailure - Error: exception
03-01 11:38:04.512 2469 2469 E DeviceConfigTelemetryLogger: onFailure(exception)
03-01 11:38:04.512 2469 2469 D VrGuardianUserService: DeviceConfig - onFailure - Error: exception
03-01 11:38:04.512 2469 2469 E DeviceConfigTelemetryLogger: onFailure(exception)
03-01 11:38:04.514 2469 2469 D VrGuardianUserService: DeviceConfig - onFailure - Error: exception
03-01 11:38:04.514 2469 2469 E DeviceConfigTelemetryLogger: onFailure(exception)
03-01 11:38:04.514 2469 2469 D VrGuardianUserService: DeviceConfig - onFailure - Error: exception
03-01 11:38:04.515 2469 2469 E DeviceConfigTelemetryLogger: onFailure(exception)
03-01 11:38:04.515 2469 2469 D VrGuardianUserService: DeviceConfig - onFailure - Error: exception
03-01 11:38:04.515 2469 2469 E DeviceConfigTelemetryLogger: onFailure(exception)
03-01 11:38:04.515 2469 2469 D VrGuardianUserService: DeviceConfig - onFailure - Error: exception
03-01 11:38:04.516 2469 2469 E DeviceConfigTelemetryLogger: onFailure(exception)
03-01 11:38:04.516 2469 2469 D VrGuardianUserService: DeviceConfig - onFailure - Error: exception
03-01 11:38:04.516 2469 2469 E DeviceConfigTelemetryLogger: onFailure(exception)
03-01 11:38:04.516 2469 2469 D VrGuardianUserService: DeviceConfig - onFailure - Error: exception
03-01 11:38:04.517 2469 2469 E DeviceConfigTelemetryLogger: onFailure(exception)
03-01 11:38:04.519 5489 6170 I CCodecConfig: query failed after returning 7 values (BAD_INDEX)
03-01 11:38:04.519 2469 2469 D VrGuardianUserService: DeviceConfig - onFailure - Error: exception
03-01 11:38:04.519 5489 6170 W Codec2Client: query -- param skipped: index = 1342179345.
03-01 11:38:04.519 2469 2469 E DeviceConfigTelemetryLogger: onFailure(exception)
03-01 11:38:04.519 5489 6170 W Codec2Client: query -- param skipped: index = 2415921170.
03-01 11:38:04.519 2469 2469 D VrGuardianUserService: DeviceConfig - onFailure - Error: exception
03-01 11:38:04.519 2469 2469 E DeviceConfigTelemetryLogger: onFailure(exception)
03-01 11:38:04.519 2469 2469 D VrGuardianUserService: DeviceConfig - onFailure - Error: exception
03-01 11:38:04.523 2469 2469 E DeviceConfigTelemetryLogger: onFailure(exception)
03-01 11:38:04.523 2469 2469 D VrGuardianUserService: DeviceConfig - onFailure - Error: exception
03-01 11:38:04.524 2469 2469 E DeviceConfigTelemetryLogger: onFailure(exception)
03-01 11:38:04.524 2469 2469 D VrGuardianUserService: DeviceConfig - onFailure - Error: exception
03-01 11:38:04.525 2469 2469 E DeviceConfigTelemetryLogger: onFailure(exception)
03-01 11:38:04.525 2469 2469 D VrGuardianUserService: DeviceConfig - onFailure - Error: exception
03-01 11:38:04.526 2469 2469 E DeviceConfigTelemetryLogger: onFailure(exception)
03-01 11:38:04.526 2469 2469 D VrGuardianUserService: DeviceConfig - onFailure - Error: exception
03-01 11:38:04.528 5489 6170 D CCodecBufferChannel: [c2.android.vorbis.decoder#430] onWorkDone: output format changed to AMessage(what = 0x00000000) = {
03-01 11:38:04.528 5489 6170 D CCodecBufferChannel: int32_t channel-count = 4
03-01 11:38:04.528 5489 6170 D CCodecBufferChannel: string mime = "audio/raw"
03-01 11:38:04.528 5489 6170 D CCodecBufferChannel: int32_t sample-rate = 48000
03-01 11:38:04.528 5489 6170 D CCodecBufferChannel: int32_t channel-mask = 51
03-01 11:38:04.528 5489 6170 D CCodecBufferChannel: }
03-01 11:38:04.530 2469 2469 E DeviceConfigTelemetryLogger: onFailure(exception)
03-01 11:38:04.530 2469 2469 D VrGuardianUserService: DeviceConfig - onFailure - Error: exception
03-01 11:38:04.530 2469 2469 E DeviceConfigTelemetryLogger: onFailure(exception)
03-01 11:38:04.530 2469 2469 D VrGuardianUserService: DeviceConfig - onFailure - Error: exception
03-01 11:38:04.532 1968 3436 I MobileConfigFactoryImpl: Registered SESSIONBASED factory change listener: ok
03-01 11:38:04.532 1968 3436 I MobileConfigFactoryImpl: Set Java EP Handler
03-01 11:38:04.532 2469 2469 E DeviceConfigTelemetryLogger: onFailure(exception)
03-01 11:38:04.532 2469 2469 D VrGuardianUserService: DeviceConfig - onFailure - Error: exception
03-01 11:38:04.533 2469 2469 E DeviceConfigTelemetryLogger: onFailure(exception)
03-01 11:38:04.533 2469 2469 D VrGuardianUserService: DeviceConfig - onFailure - Error: exception
03-01 11:38:04.534 2469 2469 E DeviceConfigTelemetryLogger: onFailure(exception)
03-01 11:38:04.534 2469 2469 D VrGuardianUserService: DeviceConfig - onFailure - Error: exception
03-01 11:38:04.534 2469 2469 E DeviceConfigTelemetryLogger: onFailure(exception)
03-01 11:38:04.534 2469 2469 D VrGuardianUserService: DeviceConfig - onFailure - Error: exception
03-01 11:38:04.540 2469 2469 E DeviceConfigTelemetryLogger: onFailure(exception)
03-01 11:38:04.540 2469 2469 D VrGuardianUserService: DeviceConfig - onFailure - Error: exception
03-01 11:38:04.542 2469 2469 E DeviceConfigTelemetryLogger: onFailure(exception)
03-01 11:38:04.543 2469 2469 D VrGuardianUserService: DeviceConfig - onFailure - Error: exception
03-01 11:38:04.543 2469 2469 E DeviceConfigTelemetryLogger: onFailure(exception)
03-01 11:38:04.543 2469 2469 D VrGuardianUserService: DeviceConfig - onFailure - Error: exception
03-01 11:38:04.543 2469 2469 E DeviceConfigTelemetryLogger: onFailure(exception)
03-01 11:38:04.543 2469 2469 D VrGuardianUserService: DeviceConfig - onFailure - Error: exception
03-01 11:38:04.546 2469 2469 E DeviceConfigTelemetryLogger: onFailure(exception)
03-01 11:38:04.546 2469 2469 D VrGuardianUserService: DeviceConfig - onFailure - Error: exception
03-01 11:38:04.546 2469 2469 E DeviceConfigTelemetryLogger: onFailure(exception)
03-01 11:38:04.546 2469 2469 D VrGuardianUserService: DeviceConfig - onFailure - Error: exception
03-01 11:38:04.548 2469 2469 E DeviceConfigTelemetryLogger: onFailure(exception)
03-01 11:38:04.548 2469 2469 D VrGuardianUserService: DeviceConfig - onFailure - Error: exception
03-01 11:38:04.548 2469 2469 E DeviceConfigTelemetryLogger: onFailure(exception)
03-01 11:38:04.548 2469 2469 D VrGuardianUserService: DeviceConfig - onFailure - Error: exception
03-01 11:38:04.560 843 5918 V C2Store : in ~ComponentModule
03-01 11:38:04.560 843 5918 V C2Store : unloading dll
03-01 11:38:04.548 2469 2469 E DeviceConfigTelemetryLogger: onFailure(exception)
03-01 11:38:04.562 2469 2469 D VrGuardianUserService: DeviceConfig - onFailure - Error: exception
03-01 11:38:04.563 2469 2469 E DeviceConfigTelemetryLogger: onFailure(exception)
03-01 11:38:04.563 2469 2469 D VrGuardianUserService: DeviceConfig - onFailure - Error: exception
03-01 11:38:04.564 2469 2469 E DeviceConfigTelemetryLogger: onFailure(exception)
03-01 11:38:04.564 2469 2469 D VrGuardianUserService: DeviceConfig - onFailure - Error: exception
03-01 11:38:04.566 2469 2469 E DeviceConfigTelemetryLogger: onFailure(exception)
03-01 11:38:04.566 2469 2469 D VrGuardianUserService: DeviceConfig - onFailure - Error: exception
03-01 11:38:04.568 2469 2469 E DeviceConfigTelemetryLogger: onFailure(exception)
03-01 11:38:04.568 2469 2469 D VrGuardianUserService: DeviceConfig - onFailure - Error: exception
03-01 11:38:04.568 2469 2469 E DeviceConfigTelemetryLogger: onFailure(exception)
03-01 11:38:04.568 2469 2469 D VrGuardianUserService: DeviceConfig - onFailure - Error: exception
03-01 11:38:04.569 2469 2469 E DeviceConfigTelemetryLogger: onFailure(exception)
03-01 11:38:04.569 2469 2469 D VrGuardianUserService: DeviceConfig - onFailure - Error: exception
03-01 11:38:04.569 2469 2469 E DeviceConfigTelemetryLogger: onFailure(exception)
03-01 11:38:04.569 2469 2469 D VrGuardianUserService: DeviceConfig - onFailure - Error: exception
03-01 11:38:04.575 2469 2469 E DeviceConfigTelemetryLogger: onFailure(exception)
03-01 11:38:04.575 2469 2469 D VrGuardianUserService: DeviceConfig - onFailure - Error: exception
03-01 11:38:04.576 2469 2469 E DeviceConfigTelemetryLogger: onFailure(exception)
03-01 11:38:04.576 2469 2469 D VrGuardianUserService: DeviceConfig - onFailure - Error: exception
03-01 11:38:04.576 2469 2469 E DeviceConfigTelemetryLogger: onFailure(exception)
03-01 11:38:04.576 2469 2469 D VrGuardianUserService: DeviceConfig - onFailure - Error: exception
03-01 11:38:04.577 2469 2469 E DeviceConfigTelemetryLogger: onFailure(exception)
03-01 11:38:04.577 2469 2469 D VrGuardianUserService: DeviceConfig - onFailure - Error: exception
03-01 11:38:04.577 2469 2469 E DeviceConfigTelemetryLogger: onFailure(exception)
03-01 11:38:04.577 2469 2469 D VrGuardianUserService: DeviceConfig - onFailure - Error: exception
03-01 11:38:04.577 2469 2469 E DeviceConfigTelemetryLogger: onFailure(exception)
03-01 11:38:04.577 2469 2469 D VrGuardianUserService: DeviceConfig - onFailure - Error: exception
03-01 11:38:04.582 2469 2469 E DeviceConfigTelemetryLogger: onFailure(exception)
03-01 11:38:04.582 2469 2469 D VrGuardianUserService: DeviceConfig - onFailure - Error: exception
03-01 11:38:04.582 2469 2469 E DeviceConfigTelemetryLogger: onFailure(exception)
03-01 11:38:04.585 2469 2469 D VrGuardianUserService: DeviceConfig - onFailure - Error: exception
03-01 11:38:04.585 2469 2469 E DeviceConfigTelemetryLogger: onFailure(exception)
03-01 11:38:04.585 2469 2469 D VrGuardianUserService: DeviceConfig - onFailure - Error: exception
03-01 11:38:04.586 2469 2469 E DeviceConfigTelemetryLogger: onFailure(exception)
03-01 11:38:04.586 2469 2469 D VrGuardianUserService: DeviceConfig - onFailure - Error: exception
03-01 11:38:04.586 2469 2469 E DeviceConfigTelemetryLogger: onFailure(exception)
03-01 11:38:04.586 2469 2469 D VrGuardianUserService: DeviceConfig - onFailure - Error: exception
03-01 11:38:04.588 2469 2469 E DeviceConfigTelemetryLogger: onFailure(exception)
03-01 11:38:04.588 2469 2469 D VrGuardianUserService: DeviceConfig - onFailure - Error: exception
03-01 11:38:04.593 2469 5453 D VrGuardianUserService: SubscribeTask - Attempting Subscribe
03-01 11:38:04.593 2469 2469 E DeviceConfigTelemetryLogger: onFailure(exception)
03-01 11:38:04.593 2469 2469 D VrGuardianUserService: DeviceConfig - onFailure - Error: exception
03-01 11:38:04.594 2469 2469 E DeviceConfigTelemetryLogger: onFailure(exception)
03-01 11:38:04.594 2469 2469 D VrGuardianUserService: DeviceConfig - onFailure - Error: exception
03-01 11:38:04.594 2469 2469 E DeviceConfigTelemetryLogger: onFailure(exception)
03-01 11:38:04.595 2469 2469 D VrGuardianUserService: DeviceConfig - onFailure - Error: exception
03-01 11:38:04.597 2469 2469 E DeviceConfigTelemetryLogger: onFailure(exception)
03-01 11:38:04.597 2469 2469 D VrGuardianUserService: DeviceConfig - onFailure - Error: exception
03-01 11:38:04.597 2469 2469 E DeviceConfigTelemetryLogger: onFailure(exception)
03-01 11:38:04.597 2469 2469 D VrGuardianUserService: DeviceConfig - onFailure - Error: exception
03-01 11:38:04.597 2469 2469 E DeviceConfigTelemetryLogger: onFailure(exception)
03-01 11:38:04.597 2469 2469 D VrGuardianUserService: DeviceConfig - onFailure - Error: exception
03-01 11:38:04.598 2469 2469 E DeviceConfigTelemetryLogger: onFailure(exception)
03-01 11:38:04.598 2469 2469 D VrGuardianUserService: DeviceConfig - onFailure - Error: exception
03-01 11:38:04.598 2469 2469 E DeviceConfigTelemetryLogger: onFailure(exception)
03-01 11:38:04.598 2469 2469 D VrGuardianUserService: DeviceConfig - onFailure - Error: exception
03-01 11:38:04.600 2469 2469 E DeviceConfigTelemetryLogger: onFailure(exception)
03-01 11:38:04.600 2469 2469 D VrGuardianUserService: DeviceConfig - onFailure - Error: exception
03-01 11:38:04.602 2469 2469 E DeviceConfigTelemetryLogger: onFailure(exception)
03-01 11:38:04.602 2469 2469 D VrGuardianUserService: DeviceConfig - onFailure - Error: exception
03-01 11:38:04.603 2469 2469 E DeviceConfigTelemetryLogger: onFailure(exception)
03-01 11:38:04.603 2469 2469 D VrGuardianUserService: DeviceConfig - onFailure - Error: exception
03-01 11:38:04.603 2469 2469 E DeviceConfigTelemetryLogger: onFailure(exception)
03-01 11:38:04.603 2469 2469 D VrGuardianUserService: DeviceConfig - onFailure - Error: exception
03-01 11:38:04.607 2469 2469 E DeviceConfigTelemetryLogger: onFailure(exception)
03-01 11:38:04.607 2469 6660 D MobileConfigBaseClient: connect()
03-01 11:38:04.607 2469 2469 D VrGuardianUserService: DeviceConfig - onFailure - Error: exception
03-01 11:38:04.614 2469 2469 E DeviceConfigTelemetryLogger: onFailure(exception)
03-01 11:38:04.614 2469 2469 D VrGuardianUserService: DeviceConfig - onFailure - Error: exception
03-01 11:38:04.614 2469 2469 E DeviceConfigTelemetryLogger: onFailure(exception)
03-01 11:38:04.614 2469 2469 D VrGuardianUserService: DeviceConfig - onFailure - Error: exception
03-01 11:38:04.614 2469 2469 E DeviceConfigTelemetryLogger: onFailure(exception)
03-01 11:38:04.614 2469 2469 D VrGuardianUserService: DeviceConfig - onFailure - Error: exception
03-01 11:38:04.618 2469 2469 E DeviceConfigTelemetryLogger: onFailure(exception)
03-01 11:38:04.618 2469 2469 D VrGuardianUserService: DeviceConfig - onFailure - Error: exception
03-01 11:38:04.622 2469 2469 E DeviceConfigTelemetryLogger: onFailure(exception)
03-01 11:38:04.622 2469 2469 D VrGuardianUserService: DeviceConfig - onFailure - Error: exception
03-01 11:38:04.623 2469 2469 E DeviceConfigTelemetryLogger: onFailure(exception)
03-01 11:38:04.623 2469 2469 D VrGuardianUserService: DeviceConfig - onFailure - Error: exception
03-01 11:38:04.623 2469 2469 E DeviceConfigTelemetryLogger: onFailure(exception)
03-01 11:38:04.623 2469 2469 D VrGuardianUserService: DeviceConfig - onFailure - Error: exception
03-01 11:38:04.624 2469 6660 D MobileConfigBaseClient: awaitService()
03-01 11:38:04.626 2469 2469 E DeviceConfigTelemetryLogger: onFailure(exception)
03-01 11:38:04.627 2469 2469 D VrGuardianUserService: DeviceConfig - onFailure - Error: exception
03-01 11:38:04.627 2469 2469 E DeviceConfigTelemetryLogger: onFailure(exception)
03-01 11:38:04.627 2469 2469 D VrGuardianUserService: DeviceConfig - onFailure - Error: exception
03-01 11:38:04.627 2469 2469 E DeviceConfigTelemetryLogger: onFailure(exception)
03-01 11:38:04.628 2469 2469 D VrGuardianUserService: DeviceConfig - onFailure - Error: exception
03-01 11:38:04.629 2469 2469 E DeviceConfigTelemetryLogger: onFailure(exception)
03-01 11:38:04.629 2469 2469 D VrGuardianUserService: DeviceConfig - onFailure - Error: exception
03-01 11:38:04.629 2469 2469 E DeviceConfigTelemetryLogger: onFailure(exception)
03-01 11:38:04.629 2469 2469 D VrGuardianUserService: DeviceConfig - onFailure - Error: exception
03-01 11:38:04.629 2469 2469 E DeviceConfigTelemetryLogger: onFailure(exception)
03-01 11:38:04.629 2469 2469 D VrGuardianUserService: DeviceConfig - onFailure - Error: exception
03-01 11:38:04.631 2981 2981 V MIGHTY_LOG: AnalyticsManager: successfully sent event array to server.
03-01 11:38:04.632 2469 2469 E DeviceConfigTelemetryLogger: onFailure(exception)
03-01 11:38:04.632 2469 2469 D VrGuardianUserService: DeviceConfig - onFailure - Error: exception
03-01 11:38:04.632 2469 2469 E DeviceConfigTelemetryLogger: onFailure(exception)
03-01 11:38:04.632 2469 2469 D VrGuardianUserService: DeviceConfig - onFailure - Error: exception
03-01 11:38:04.632 2469 2469 E DeviceConfigTelemetryLogger: onFailure(exception)
03-01 11:38:04.632 2469 2469 D VrGuardianUserService: DeviceConfig - onFailure - Error: exception
03-01 11:38:04.632 2469 2469 E DeviceConfigTelemetryLogger: onFailure(exception)
03-01 11:38:04.632 2469 2469 D VrGuardianUserService: DeviceConfig - onFailure - Error: exception
03-01 11:38:04.633 2469 2469 E DeviceConfigTelemetryLogger: onFailure(exception)
03-01 11:38:04.633 2469 2469 D VrGuardianUserService: DeviceConfig - onFailure - Error: exception
03-01 11:38:04.634 2469 2469 E DeviceConfigTelemetryLogger: onFailure(exception)
03-01 11:38:04.634 2469 2469 D VrGuardianUserService: DeviceConfig - onFailure - Error: exception
03-01 11:38:04.634 2469 2469 E DeviceConfigTelemetryLogger: onFailure(exception)
03-01 11:38:04.634 2469 2469 D VrGuardianUserService: DeviceConfig - onFailure - Error: exception
03-01 11:38:04.635 2469 2469 E DeviceConfigTelemetryLogger: onFailure(exception)
03-01 11:38:04.635 2469 2469 D VrGuardianUserService: DeviceConfig - onFailure - Error: exception
03-01 11:38:04.637 2469 2469 E DeviceConfigTelemetryLogger: onFailure(exception)
03-01 11:38:04.637 2469 2469 D VrGuardianUserService: DeviceConfig - onFailure - Error: exception
03-01 11:38:04.638 2469 2469 E DeviceConfigTelemetryLogger: onFailure(exception)
03-01 11:38:04.638 2469 2469 D VrGuardianUserService: DeviceConfig - onFailure - Error: exception
03-01 11:38:04.639 2469 2469 E DeviceConfigTelemetryLogger: onFailure(exception)
03-01 11:38:04.641 2469 2469 D VrGuardianUserService: DeviceConfig - onFailure - Error: exception
03-01 11:38:04.641 2469 2469 E DeviceConfigTelemetryLogger: onFailure(exception)
03-01 11:38:04.641 2469 2469 D VrGuardianUserService: DeviceConfig - onFailure - Error: exception
03-01 11:38:04.642 2469 2469 E DeviceConfigTelemetryLogger: onFailure(exception)
03-01 11:38:04.642 2469 2469 D VrGuardianUserService: DeviceConfig - onFailure - Error: exception
03-01 11:38:04.643 2469 2469 E DeviceConfigTelemetryLogger: onFailure(exception)
03-01 11:38:04.643 2469 2469 D VrGuardianUserService: DeviceConfig - onFailure - Error: exception
03-01 11:38:04.643 2469 2469 E DeviceConfigTelemetryLogger: onFailure(exception)
03-01 11:38:04.643 2469 2469 D VrGuardianUserService: DeviceConfig - onFailure - Error: exception
03-01 11:38:04.643 2469 2469 E DeviceConfigTelemetryLogger: onFailure(exception)
03-01 11:38:04.644 1968 3436 I MobileConfigFactoryImpl: Created MobileConfigFactoryImpl, unitType:8
03-01 11:38:04.649 2469 2469 E DeviceConfigTelemetryLogger: onFailure(exception)
03-01 11:38:04.649 2469 2469 D VrGuardianUserService: DeviceConfig - onFailure - Error: exception
03-01 11:38:04.649 2469 2469 E DeviceConfigTelemetryLogger: onFailure(exception)
03-01 11:38:04.667 1968 3438 I MobileConfigFactoryImpl: Created MobileConfigFactoryImpl, unitType:2
03-01 11:38:04.667 1968 3438 I MobileConfigFactoryImpl: Created MobileConfigFactoryImpl, unitType:1
03-01 11:38:04.667 1968 3438 I MobileConfigFactoryImpl: Created MobileConfigFactoryImpl, unitType:2
03-01 11:38:04.667 1968 3438 I MobileConfigFactoryImpl: Created MobileConfigFactoryImpl, unitType:1
03-01 11:38:04.663 2469 2469 E DeviceConfigTelemetryLogger: onFailure(exception)
03-01 11:38:04.668 2469 2469 D VrGuardianUserService: DeviceConfig - onFailure - Error: exception
03-01 11:38:04.668 2469 2469 E DeviceConfigTelemetryLogger: onFailure(exception)
03-01 11:38:04.668 2469 2469 D VrGuardianUserService: DeviceConfig - onFailure - Error: exception
03-01 11:38:04.669 2469 2469 E DeviceConfigTelemetryLogger: onFailure(exception)
03-01 11:38:04.669 2469 2469 D VrGuardianUserService: DeviceConfig - onFailure - Error: exception
03-01 11:38:04.670 2469 2469 E DeviceConfigTelemetryLogger: onFailure(exception)
03-01 11:38:04.670 2469 2469 D VrGuardianUserService: DeviceConfig - onFailure - Error: exception
03-01 11:38:04.670 2469 2469 E DeviceConfigTelemetryLogger: onFailure(exception)
03-01 11:38:04.670 2469 2469 D VrGuardianUserService: DeviceConfig - onFailure - Error: exception
03-01 11:38:04.670 2469 2469 E DeviceConfigTelemetryLogger: onFailure(exception)
03-01 11:38:04.671 2469 2469 D VrGuardianUserService: DeviceConfig - onFailure - Error: exception
03-01 11:38:04.672 2469 2469 E DeviceConfigTelemetryLogger: onFailure(exception)
03-01 11:38:04.672 2469 2469 D VrGuardianUserService: DeviceConfig - onFailure - Error: exception
03-01 11:38:04.673 1968 3436 E MobileConfigServiceImpl: exception while trying to subscribe
03-01 11:38:04.673 1968 3436 E MobileConfigServiceImpl: java.lang.IllegalArgumentException: account is null
03-01 11:38:04.673 1968 3436 E MobileConfigServiceImpl: at android.accounts.AccountManager.getAuthToken(AccountManager.java:1778)
03-01 11:38:04.673 1968 3436 E MobileConfigServiceImpl: at com.oculus.deviceconfigservice.FRLAuthedHttpClient.A00(:28)
03-01 11:38:04.673 1968 3436 E MobileConfigServiceImpl: at com.oculus.deviceconfigservice.MobileConfigServiceHelper.A00(:254)
03-01 11:38:04.673 1968 3436 E MobileConfigServiceImpl: at X.1mj.(:274)
03-01 11:38:04.673 1968 3436 E MobileConfigServiceImpl: at X.0qq.A00(:66554)
03-01 11:38:04.673 1968 3436 E MobileConfigServiceImpl: at X.0qs.A03(:6)
03-01 11:38:04.673 1968 3436 E MobileConfigServiceImpl: at X.0nT.A01(:51)
03-01 11:38:04.673 1968 3436 E MobileConfigServiceImpl: at X.0nT.A00(:12)
03-01 11:38:04.673 1968 3436 E MobileConfigServiceImpl: at com.oculus.deviceconfigservice.MobileConfigInitModule.A00(:5)
03-01 11:38:04.673 1968 3436 E MobileConfigServiceImpl: at X.0qq.A00(:66751)
03-01 11:38:04.673 1968 3436 E MobileConfigServiceImpl: at X.0qs.A03(:6)
03-01 11:38:04.673 1968 3436 E MobileConfigServiceImpl: at X.0UX.A01(:51)
03-01 11:38:04.673 1968 3436 E MobileConfigServiceImpl: at X.08I.get(:38)
03-01 11:38:04.673 1968 3436 E MobileConfigServiceImpl: at X.1el.run(:4)
03-01 11:38:04.673 1968 3436 E MobileConfigServiceImpl: at com.oculus.deviceconfigservice.MobileConfigServiceHelper$4.call(:2)
03-01 11:38:04.673 1968 3436 E MobileConfigServiceImpl: at X.1NJ.run(:4)
03-01 11:38:04.673 1968 3436 E MobileConfigServiceImpl: at java.util.concurrent.ThreadPoolExecutor.runWorker(ThreadPoolExecutor.java:1167)
03-01 11:38:04.673 1968 3436 E MobileConfigServiceImpl: at java.util.concurrent.ThreadPoolExecutor$Worker.run(ThreadPoolExecutor.java:641)
03-01 11:38:04.673 1968 3436 E MobileConfigServiceImpl: at java.lang.Thread.run(Thread.java:919)
03-01 11:38:04.672 2469 2469 E DeviceConfigTelemetryLogger: onFailure(exception)
03-01 11:38:04.673 2469 2469 D VrGuardianUserService: DeviceConfig - onFailure - Error: exception
03-01 11:38:04.673 2469 2469 E DeviceConfigTelemetryLogger: onFailure(exception)
03-01 11:38:04.673 2469 2469 D VrGuardianUserService: DeviceConfig - onFailure - Error: exception
03-01 11:38:04.673 2469 2469 E DeviceConfigTelemetryLogger: onFailure(exception)
03-01 11:38:04.673 2469 2469 D VrGuardianUserService: DeviceConfig - onFailure - Error: exception
03-01 11:38:04.718 2911 2911 D [SUI] DiskCache: Wrote bytes to file at /data/data/com.oculus.systemux/cache/library/apps
03-01 11:38:04.719 2911 2911 D [SUI] LibraryAppsOrchestrator: Apps fetched:
03-01 11:38:04.719 2911 2911 D [SUI] LibraryAppsOrchestrator: App: com.vrchat.oculus.quest status: ENTITLED downloadedSizeBytes: 0 downloadSizeBytes: 0
03-01 11:38:04.719 2911 2911 D [SUI] LibraryAppsOrchestrator: App: com.oculus.store status: INSTALLED downloadedSizeBytes: 0 downloadSizeBytes: 9961058
03-01 11:38:04.719 2911 2911 D [SUI] LibraryAppsOrchestrator: App: com.facebook.arvr.quillplayer status: INSTALLED downloadedSizeBytes: 67036 downloadSizeBytes: 2758281
03-01 11:38:04.721 2911 2911 D [SUI] LibraryAppsOrchestrator: App: com.oculus.keyboard.prod.applemagic status: ENTITLED downloadedSizeBytes: 0 downloadSizeBytes: 0
03-01 11:38:04.721 2911 2911 D [SUI] LibraryAppsOrchestrator: App: com.meta.environment.prod.vista status: ENTITLED downloadedSizeBytes: 0 downloadSizeBytes: 0
03-01 11:38:04.721 2911 2911 D [SUI] LibraryAppsOrchestrator: App: com.felixandpaul.quest.twb status: ENTITLED downloadedSizeBytes: 0 downloadSizeBytes: 0
03-01 11:38:04.721 2911 2911 D [SUI] LibraryAppsOrchestrator: App: com.oculus.keyboard.prod.logitechmx_mac_sg status: ENTITLED downloadedSizeBytes: 0 downloadSizeBytes: 0
03-01 11:38:04.722 2911 2911 D [SUI] LibraryAppsOrchestrator: App: com.oculus.keyboard.prod.k003b_logitechk800_fr status: ENTITLED downloadedSizeBytes: 0 downloadSizeBytes: 0
03-01 11:38:04.722 2911 2911 D [SUI] LibraryAppsOrchestrator: App: com.tripp.tripp_client_unity status: INSTALLED downloadedSizeBytes: 1753689376 downloadSizeBytes: 1779801968
03-01 11:38:04.722 2911 2911 D [SUI] LibraryAppsOrchestrator: App: com.oculus.keyboard.prod.k017d_apple_macbook_air_13_gold_uk status: ENTITLED downloadedSizeBytes: 0 downloadSizeBytes: 0
03-01 11:38:04.722 2911 2911 D [SUI] LibraryAppsOrchestrator: App: com.oculus.keyboard.prod.microsoftsurfacepro8_black status: ENTITLED downloadedSizeBytes: 0 downloadSizeBytes: 0
03-01 11:38:04.722 2911 2911 D [SUI] LibraryAppsOrchestrator: App: com.meta.keyboard.prod.k026a_microsoft_surface_pro_5_6_7_ice_blue status: ENTITLED downloadedSizeBytes: 0 downloadSizeBytes: 0
03-01 11:38:04.722 2911 2911 D [SUI] LibraryAppsOrchestrator: App: com.oculus.keyboard.prod.k024a_hp_envy_x360_convert_13_silver status: ENTITLED downloadedSizeBytes: 0 downloadSizeBytes: 0
03-01 11:38:04.722 2911 2911 D [SUI] LibraryAppsOrchestrator: App: com.oculus.environment.prod.personaloffice01 status: ENTITLED downloadedSizeBytes: 0 downloadSizeBytes: 0
03-01 11:38:04.723 2911 2911 D [SUI] LibraryAppsOrchestrator: App: com.PrismsOfReality.Math.Store.OVR status: INSTALLED downloadedSizeBytes: 3883388267 downloadSizeBytes: 3896802879
03-01 11:38:04.723 2911 2911 D [SUI] LibraryAppsOrchestrator: App: com.oculus.environment.prod.personaloffice02 status: ENTITLED downloadedSizeBytes: 0 downloadSizeBytes: 0
03-01 11:38:04.723 2911 2911 D [SUI] LibraryAppsOrchestrator: App: com.oculus.keyboard.prod.k017c_apple_macbook_air_13_gold_us status: ENTITLED downloadedSizeBytes: 0 downloadSizeBytes: 0
03-01 11:38:04.723 2911 2911 D [SUI] LibraryAppsOrchestrator: App: com.oculus.environment.prod.bubbles status: INSTALLED downloadedSizeBytes: 67036 downloadSizeBytes: 5758497
03-01 11:38:04.723 2911 2911 D [SUI] LibraryAppsOrchestrator: App: com.oculus.keyboard.prod.applemacbook13_us_ansi status: ENTITLED downloadedSizeBytes: 0 downloadSizeBytes: 0
03-01 11:38:04.723 2911 2911 D [SUI] LibraryAppsOrchestrator: App: com.meta.environment.prod.monolith status: ENTITLED downloadedSizeBytes: 0 downloadSizeBytes: 0
03-01 11:38:04.723 2911 2911 D [SUI] LibraryAppsOrchestrator: App: com.oculus.keyboard.prod.k020a_microsoft_surface_laptop_4_15_platinum_us status: ENTITLED downloadedSizeBytes: 0 downloadSizeBytes: 0
03-01 11:38:04.723 2911 2911 D [SUI] LibraryAppsOrchestrator: App: com.oculus.environment.prod.rifthome status: ENTITLED downloadedSizeBytes: 0 downloadSizeBytes: 0
03-01 11:38:04.723 2911 2911 D [SUI] LibraryAppsOrchestrator: App: com.oculus.environment.prod.spacestation status: ENTITLED downloadedSizeBytes: 0 downloadSizeBytes: 0
03-01 11:38:04.723 2911 2911 D [SUI] LibraryAppsOrchestrator: App: com.meetinvr.MeetinVR status: ENTITLED downloadedSizeBytes: 0 downloadSizeBytes: 0
03-01 11:38:04.723 2911 2911 D [SUI] LibraryAppsOrchestrator: App: com.oculus.avatareditor status: INSTALLED downloadedSizeBytes: 6792617 downloadSizeBytes: 7427592
03-01 11:38:04.723 2911 2911 D [SUI] LibraryAppsOrchestrator: App: com.oculus.environment.prod.cyberhome status: ENTITLED downloadedSizeBytes: 0 downloadSizeBytes: 0
03-01 11:38:04.723 2911 2911 D [SUI] LibraryAppsOrchestrator: App: com.oculus.keyboard.prod.logitechmx status: ENTITLED downloadedSizeBytes: 0 downloadSizeBytes: 0
03-01 11:38:04.725 2911 2911 D [SUI] LibraryAppsOrchestrator: App: com.netflix.ninja.vr status: ENTITLED downloadedSizeBytes: 0 downloadSizeBytes: 0
03-01 11:38:04.725 2911 2911 D [SUI] LibraryAppsOrchestrator: App: com.oculus.explore status: INSTALLED downloadedSizeBytes: 0 downloadSizeBytes: 8891251
03-01 11:38:04.725 2911 2911 D [SUI] LibraryAppsOrchestrator: App: com.oculus.keyboard.prod.k016c_applemacbook13_2020_uk status: ENTITLED downloadedSizeBytes: 0 downloadSizeBytes: 0
03-01 11:38:04.725 2911 2911 D [SUI] LibraryAppsOrchestrator: App: com.oculus.MiramarSetupRetail status: ENTITLED downloadedSizeBytes: 0 downloadSizeBytes: 0
03-01 11:38:04.725 2911 2911 D [SUI] LibraryAppsOrchestrator: App: com.oculus.environment.prod.japan status: ENTITLED downloadedSizeBytes: 0 downloadSizeBytes: 0
03-01 11:38:04.725 2911 2911 D [SUI] LibraryAppsOrchestrator: App: com.oculus.keyboard.prod.microsoftallinone_us status: ENTITLED downloadedSizeBytes: 0 downloadSizeBytes: 0
03-01 11:38:04.725 2911 2911 D [SUI] LibraryAppsOrchestrator: App: com.ivre.engage status: ENTITLED downloadedSizeBytes: 0 downloadSizeBytes: 256854893
03-01 11:38:04.725 2911 2911 D [SUI] LibraryAppsOrchestrator: App: com.oculus.keyboard.prod.logitechk830 status: ENTITLED downloadedSizeBytes: 0 downloadSizeBytes: 0
03-01 11:38:04.725 2911 2911 D [SUI] LibraryAppsOrchestrator: App: com.oculus.environment.prod.dome status: ENTITLED downloadedSizeBytes: 0 downloadSizeBytes: 0
03-01 11:38:04.725 2911 2911 D [SUI] LibraryAppsOrchestrator: App: com.oculus.socialplatform status: INSTALLED downloadedSizeBytes: 67036 downloadSizeBytes: 15739199
03-01 11:38:04.725 2911 2911 D [SUI] LibraryAppsOrchestrator: App: com.oculus.keyboard.prod.applemagic_num_us status: ENTITLED downloadedSizeBytes: 0 downloadSizeBytes: 0
03-01 11:38:04.725 2911 2911 D [SUI] LibraryAppsOrchestrator: App: com.oculus.mobile_mrc_setup status: INSTALLED downloadedSizeBytes: 0 downloadSizeBytes: 0
03-01 11:38:04.725 2911 2911 D [SUI] LibraryAppsOrchestrator: App: com.oculus.keyboard.prod.hpzbook15ug6 status: ENTITLED downloadedSizeBytes: 0 downloadSizeBytes: 0
03-01 11:38:04.726 2911 2911 D [SUI] LibraryAppsOrchestrator: App: com.oculus.tv status: INSTALLED downloadedSizeBytes: 5111808 downloadSizeBytes: 7324114
03-01 11:38:04.726 2911 2911 D [SUI] LibraryAppsOrchestrator: App: com.oculus.keyboard.prod.k017a_apple_macbook_air_13_space_gray_and_silver_us status: ENTITLED downloadedSizeBytes: 0 downloadSizeBytes: 0
03-01 11:38:04.726 2911 2911 D [SUI] LibraryAppsOrchestrator: App: com.oculus.keyboard.prod.k018c_microsoft_surface_pro_x_ice_blue status: ENTITLED downloadedSizeBytes: 0 downloadSizeBytes: 0
03-01 11:38:04.726 2911 2911 D [SUI] LibraryAppsOrchestrator: App: com.oculus.keyboard.prod.k010b_lenovothinkpadx1yoga_uk status: ENTITLED downloadedSizeBytes: 0 downloadSizeBytes: 0
03-01 11:38:04.726 2911 2911 D [SUI] LibraryAppsOrchestrator: App: com.oculus.keyboard.prod.k021a_dell_xps_13_platinum_black status: ENTITLED downloadedSizeBytes: 0 downloadSizeBytes: 0
03-01 11:38:04.729 2911 2911 D [SUI] LibraryAppsOrchestrator: App: com.oculus.keyboard.prod.k018a_microsoft_surface_pro_x_poppy_red status: ENTITLED downloadedSizeBytes: 0 downloadSizeBytes: 0
03-01 11:38:04.729 2911 2911 D [SUI] LibraryAppsOrchestrator: App: com.oculus.keyboard.prod.k022a_dell_inspiron_15_platinum_silver status: ENTITLED downloadedSizeBytes: 0 downloadSizeBytes: 0
03-01 11:38:04.729 2911 2911 D [SUI] LibraryAppsOrchestrator: App: com.oculus.keyboard.prod.k019a_microsoft_surface_laptop_4_13_platinum_us status: ENTITLED downloadedSizeBytes: 0 downloadSizeBytes: 0
03-01 11:38:04.729 2911 2911 D [SUI] LibraryAppsOrchestrator: App: com.oculus.keyboard.prod.logitechmx_mini_mac_pg status: ENTITLED downloadedSizeBytes: 0 downloadSizeBytes: 0
03-01 11:38:04.729 2911 2911 D [SUI] LibraryAppsOrchestrator: App: com.oculus.gamingactivity status: INSTALLED downloadedSizeBytes: 0 downloadSizeBytes: 0
03-01 11:38:04.729 2911 2911 D [SUI] LibraryAppsOrchestrator: App: com.oculus.accountscenter status: INSTALLED downloadedSizeBytes: 67036 downloadSizeBytes: 17131107
03-01 11:38:04.729 2911 2911 D [SUI] LibraryAppsOrchestrator: App: com.amazon.asxr status: ENTITLED downloadedSizeBytes: 0 downloadSizeBytes: 0
03-01 11:38:04.729 2911 2911 D [SUI] LibraryAppsOrchestrator: App: com.oculus.keyboard.prod.k012e_applemacbook15_us status: ENTITLED downloadedSizeBytes: 0 downloadSizeBytes: 0
03-01 11:38:04.729 2911 2911 D [SUI] LibraryAppsOrchestrator: App: com.oculus.keyboard.prod.logitechmx_mini_pg status: ENTITLED downloadedSizeBytes: 0 downloadSizeBytes: 0
03-01 11:38:04.729 2911 2911 D [SUI] LibraryAppsOrchestrator: App: com.oculus.environment.prod.winterlodge status: ENTITLED downloadedSizeBytes: 0 downloadSizeBytes: 0
03-01 11:38:04.729 2911 2911 D [SUI] LibraryAppsOrchestrator: App: com.oculus.environment.prod.adobe status: INSTALLED downloadedSizeBytes: 67036 downloadSizeBytes: 41404221
03-01 11:38:04.730 2911 2911 D [SUI] LibraryAppsOrchestrator: App: com.oculus.keyboard.prod.lenovothinkpadx1yoga status: ENTITLED downloadedSizeBytes: 0 downloadSizeBytes: 0
03-01 11:38:04.730 2911 2911 D [SUI] LibraryAppsOrchestrator: App: com.oculus.browser status: INSTALLED downloadedSizeBytes: 52004265 downloadSizeBytes: 72398670
03-01 11:38:04.730 2911 2911 D [SUI] LibraryAppsOrchestrator: App: com.oculus.keyboard.prod.k012f_applemacbook15_uk status: ENTITLED downloadedSizeBytes: 0 downloadSizeBytes: 0
03-01 11:38:04.730 2911 2911 D [SUI] LibraryAppsOrchestrator: App: com.schellgames.amongusvr status: ENTITLED downloadedSizeBytes: 0 downloadSizeBytes: 0
03-01 11:38:04.730 2911 2911 D [SUI] LibraryAppsOrchestrator: App: com.meta.keyboard.prod.k025d_apple_magic_with_touchid_uk status: ENTITLED downloadedSizeBytes: 0 downloadSizeBytes: 0
03-01 11:38:04.730 2911 2911 D [SUI] LibraryAppsOrchestrator: App: com.meta.environment.prod.polarvillage status: ENTITLED downloadedSizeBytes: 0 downloadSizeBytes: 0
03-01 11:38:04.730 2911 2911 D [SUI] LibraryAppsOrchestrator: App: com.oculus.keyboard.prod.k012b_applemacbook13_uk status: ENTITLED downloadedSizeBytes: 0 downloadSizeBytes: 0
03-01 11:38:04.730 2911 2911 D [SUI] LibraryAppsOrchestrator: App: com.oculus.keyboard.prod.logitechk800_us status: ENTITLED downloadedSizeBytes: 0 downloadSizeBytes: 0
03-01 11:38:04.730 2911 2911 D [SUI] LibraryAppsOrchestrator: App: com.oculus.keyboard.prod.k012g_applemacbook16_us status: ENTITLED downloadedSizeBytes: 0 downloadSizeBytes: 0
03-01 11:38:04.730 2911 2911 D [SUI] LibraryAppsOrchestrator: App: com.oculus.keyboard.prod.k019c_microsoft_surface_laptop_4_13_sandstone_us status: ENTITLED downloadedSizeBytes: 0 downloadSizeBytes: 0
03-01 11:38:04.730 2911 2911 D [SUI] LibraryAppsOrchestrator: App: com.oculus.keyboard.prod.k025a_apple_magic_with_numpad_touch_id_us status: ENTITLED downloadedSizeBytes: 0 downloadSizeBytes: 0
03-01 11:38:04.730 2911 2911 D [SUI] LibraryAppsOrchestrator: App: com.google.android.apps.youtube.vr.oculus status: ENTITLED downloadedSizeBytes: 0 downloadSizeBytes: 0
03-01 11:38:04.730 2911 2911 D [SUI] LibraryAppsOrchestrator: App: com.oculus.fitnesstracker status: INSTALLED downloadedSizeBytes: 67036 downloadSizeBytes: 8242707
03-01 11:38:04.730 2911 2911 D [SUI] LibraryAppsOrchestrator: App: com.meta.keyboard.prod.k026b_microsoft_surface_pro_5_6_7_poppy_red status: ENTITLED downloadedSizeBytes: 0 downloadSizeBytes: 0
03-01 11:38:04.730 2911 2911 D [SUI] LibraryAppsOrchestrator: App: com.meta.environment.prod.abstraction status: ENTITLED downloadedSizeBytes: 0 downloadSizeBytes: 0
03-01 11:38:04.730 2911 2911 D [SUI] LibraryAppsOrchestrator: App: com.oculus.helpcenter status: INSTALLED downloadedSizeBytes: 67036 downloadSizeBytes: 6949161
03-01 11:38:04.730 2911 2911 D [SUI] LibraryAppsOrchestrator: App: com.oculus.assistant status: INSTALLED downloadedSizeBytes: 67036 downloadSizeBytes: 15271932
03-01 11:38:04.730 2911 2911 D [SUI] LibraryAppsOrchestrator: App: com.oculus.keyboard.prod.k017b_apple_macbook_air_13_space_gray_and_silver_uk status: ENTITLED downloadedSizeBytes: 0 downloadSizeBytes: 0
03-01 11:38:04.730 2911 2911 D [SUI] LibraryAppsOrchestrator: App: com.MightyCoconut.WalkaboutMiniGolf status: INSTALLED downloadedSizeBytes: 3386277611 downloadSizeBytes: 3434938057
03-01 11:38:04.730 2911 2911 D [SUI] LibraryAppsOrchestrator: App: com.oculus.keyboard.prod.microsoftsurfacepro8_plat status: ENTITLED downloadedSizeBytes: 0 downloadSizeBytes: 0
03-01 11:38:04.730 2911 2911 D [SUI] LibraryAppsOrchestrator: App: com.oculus.keyboard.prod.dellxps159500 status: ENTITLED downloadedSizeBytes: 0 downloadSizeBytes: 0
03-01 11:38:04.730 2911 2911 D [SUI] LibraryAppsOrchestrator: App: com.meta.keyboard.prod.k002k_logitechmx_mini_gb_pg status: ENTITLED downloadedSizeBytes: 0 downloadSizeBytes: 0
03-01 11:38:04.731 2911 2911 D [SUI] LibraryAppsOrchestrator: App: com.meta.environment.prod.rockquarry status: ENTITLED downloadedSizeBytes: 0 downloadSizeBytes: 0
03-01 11:38:04.731 2911 2911 D [SUI] LibraryAppsOrchestrator: App: com.oculus.keyboard.prod.k015a_dellinspiron7000_us status: ENTITLED downloadedSizeBytes: 0 downloadSizeBytes: 0
03-01 11:38:04.731 2911 2911 D [SUI] LibraryAppsOrchestrator: App: com.oculus.keyboard.prod.logitechk375 status: ENTITLED downloadedSizeBytes: 0 downloadSizeBytes: 0
03-01 11:38:04.731 2911 2911 D [SUI] LibraryAppsOrchestrator: App: com.meta.keyboard.prod.k002l_logitechmx_mini_mac_gb_pg status: ENTITLED downloadedSizeBytes: 0 downloadSizeBytes: 0
03-01 11:38:04.731 2911 2911 D [SUI] LibraryAppsOrchestrator: App: com.oculus.keyboard.prod.logitechmx_mini_graphite status: ENTITLED downloadedSizeBytes: 0 downloadSizeBytes: 0
03-01 11:38:04.731 2911 2911 D [SUI] LibraryAppsOrchestrator: App: com.oculus.guidebook status: INSTALLED downloadedSizeBytes: 0 downloadSizeBytes: 0
03-01 11:38:04.731 2911 2911 D [SUI] LibraryAppsOrchestrator: App: com.oculus.keyboard.prod.k012h_applemacbook16_uk status: ENTITLED downloadedSizeBytes: 0 downloadSizeBytes: 0
03-01 11:38:04.732 2911 2911 D [SUI] LibraryAppsOrchestrator: App: com.meta.keyboard.prod.k025d_apple_magic_keyboard_touchid_uk status: ENTITLED downloadedSizeBytes: 0 downloadSizeBytes: 0
03-01 11:38:04.732 2911 2911 D [SUI] LibraryAppsOrchestrator: App: com.meta.keyboard.prod.k002m_mx_keys_graphite_uni_uk status: ENTITLED downloadedSizeBytes: 0 downloadSizeBytes: 0
03-01 11:38:04.732 2911 2911 D [SUI] LibraryAppsOrchestrator: App: com.oculus.keyboard.prod.k019b_microsoft_surface_laptop_4_13_ice_blue_us status: ENTITLED downloadedSizeBytes: 0 downloadSizeBytes: 0
03-01 11:38:04.732 2911 2911 D [SUI] LibraryAppsOrchestrator: App: com.meta.keyboard.prod.k004b_logitech_k375s_uk status: ENTITLED downloadedSizeBytes: 0 downloadSizeBytes: 0
03-01 11:38:04.732 2911 2911 D [SUI] LibraryAppsOrchestrator: App: com.espn.score_center status: ENTITLED downloadedSizeBytes: 0 downloadSizeBytes: 0
03-01 11:38:04.732 2911 2911 D [SUI] LibraryAppsOrchestrator: App: com.oculus.keyboard.prod.k005b_microsoftallinone_fr status: ENTITLED downloadedSizeBytes: 0 downloadSizeBytes: 0
03-01 11:38:04.732 2911 2911 D [SUI] LibraryAppsOrchestrator: App: com.facebook.instagramvr status: ENTITLED downloadedSizeBytes: 0 downloadSizeBytes: 0
03-01 11:38:04.732 2911 2911 D [SUI] LibraryAppsOrchestrator: App: com.oculus.keyboard.prod.k016a_applemacbook13_2020_us status: ENTITLED downloadedSizeBytes: 0 downloadSizeBytes: 0
03-01 11:38:04.732 2911 2911 D [SUI] LibraryAppsOrchestrator: App: com.meta.environment.prod.treehouse status: ENTITLED downloadedSizeBytes: 0 downloadSizeBytes: 0
03-01 11:38:04.732 2911 2911 D [SUI] LibraryAppsOrchestrator: App: com.oculus.keyboard.prod.k021b_dell_xps_13_arctic_white status: ENTITLED downloadedSizeBytes: 0 downloadSizeBytes: 0
03-01 11:38:04.732 2911 2911 D [SUI] LibraryAppsOrchestrator: App: com.oculus.keyboard.prod.hpelitebook830g7 status: ENTITLED downloadedSizeBytes: 0 downloadSizeBytes: 0
03-01 11:38:04.732 2911 2911 D [SUI] LibraryBackgroundExecutor: Execution Completed: Apps Fetch in 1906 ms
03-01 11:38:04.732 2911 2911 D [SUI] LibraryBackgroundTaskDeduper: Execution finished all_apps
03-01 11:38:04.733 2911 2911 D [SUI] HorizonContentProviderHelper: fetchAppsScoreboardsInfo - appIds.length: 96
03-01 11:38:04.735 2911 2911 I Choreographer: Skipped 53 frames! The application may be doing too much work on its main thread.
03-01 11:38:04.736 2911 2911 W [SUI] DeviceConfigHelper: Try to get config param oculus_systemux:oculus_sysux_library_filter_view before Device Config has subscribed to the service.
03-01 11:38:04.750 2911 2911 I chatty : uid=10041 com.oculus.systemux:SystemUX identical 2 lines
03-01 11:38:04.757 2911 2911 W [SUI] DeviceConfigHelper: Try to get config param oculus_systemux:oculus_sysux_library_filter_view before Device Config has subscribed to the service.
03-01 11:38:04.761 2469 2469 E DeviceConfigTelemetryLogger: onFailure(exception)
03-01 11:38:04.761 2469 2469 D VrGuardianUserService: DeviceConfig - onFailure - Error: exception
03-01 11:38:04.762 2469 2469 E DeviceConfigTelemetryLogger: onFailure(exception)
03-01 11:38:04.762 2469 2469 D VrGuardianUserService: DeviceConfig - onFailure - Error: exception
03-01 11:38:04.768 2469 2469 E DeviceConfigTelemetryLogger: onFailure(exception)
03-01 11:38:04.768 2469 2469 D VrGuardianUserService: DeviceConfig - onFailure - Error: exception
03-01 11:38:04.769 2469 2469 E DeviceConfigTelemetryLogger: onFailure(exception)
03-01 11:38:04.769 2469 2469 D VrGuardianUserService: DeviceConfig - onFailure - Error: exception
03-01 11:38:04.779 2469 2469 E DeviceConfigTelemetryLogger: onFailure(exception)
03-01 11:38:04.779 2469 2469 D VrGuardianUserService: DeviceConfig - onFailure - Error: exception
03-01 11:38:04.795 2469 2469 E DeviceConfigTelemetryLogger: onFailure(exception)
03-01 11:38:04.795 2469 2469 D VrGuardianUserService: DeviceConfig - onFailure - Error: exception
03-01 11:38:04.795 2469 2469 E DeviceConfigTelemetryLogger: onFailure(exception)
03-01 11:38:04.795 2469 2469 D VrGuardianUserService: DeviceConfig - onFailure - Error: exception
03-01 11:38:04.826 2469 6296 E MobileConfigBaseClient: Timed out trying to connect to MobileConfigService.
03-01 11:38:04.827 2469 6296 E DeviceConfigTelemetryLogger: onFailure(Could not connect to MobileConfigService)
03-01 11:38:04.827 2469 6296 D VrGuardianUserService: DeviceConfig - onFailure - Error: Could not connect to MobileConfigService
03-01 11:38:04.827 2738 3168 W DeviceConfigUtil: Try to get config param "oculus_presence_service:party_service_in_presence_service" before Device Config has subscribed to the service.
03-01 11:38:04.842 2469 2469 E DeviceConfigTelemetryLogger: onFailure(exception)
03-01 11:38:04.843 2469 2469 D VrGuardianUserService: DeviceConfig - onFailure - Error: exception
03-01 11:38:04.845 2469 2469 E DeviceConfigTelemetryLogger: onFailure(exception)
03-01 11:38:04.846 2469 2469 D VrGuardianUserService: DeviceConfig - onFailure - Error: exception
03-01 11:38:04.898 2469 2469 E DeviceConfigTelemetryLogger: onFailure(exception)
03-01 11:38:04.898 2469 2469 D VrGuardianUserService: DeviceConfig - onFailure - Error: exception
03-01 11:38:04.941 2469 2469 D MobileConfigBaseClient: Connected to MobileConfigService
03-01 11:38:04.967 2469 2469 I chatty : uid=10033(com.oculus.guardian) com.oculus.vrguardianservice identical 2 lines
03-01 11:38:04.967 2469 2469 D MobileConfigBaseClient: Connected to MobileConfigService
03-01 11:38:04.977 2469 5457 D VrGuardianUserService: SubscribeTask - Attempting Subscribe
03-01 11:38:04.978 2469 2469 D MobileConfigBaseClient: Connected to MobileConfigService
03-01 11:38:04.997 2469 6665 D MobileConfigBaseClient: connect()
03-01 11:38:05.000 2469 6665 D MobileConfigBaseClient: awaitService()
03-01 11:38:05.001 1062 6608 I VrApi : FPS=73/72,Prd=34ms,Tear=0,Early=0,Stale=0,Stale2/5/10/max=0/0/0/0,VSnc=1,Lat=0,Fov=0D,CPU4/GPU=1/1,940/400MHz,OC=FF,TA=0/0/0,SP=N/N/N,Mem=1353MHz,Free=2549MB,PLS=0,Temp=40.2C/0.0C,TW=5.10ms,App=0.96ms,GD=0.00ms,CPU&GPU=4.18ms,LCnt=4(DR0,LM0),GPU%=0.46,CPU%=0.05(W0.10),DSF=1.00,CFL=19.68/21.55
03-01 11:38:05.009 1968 3438 I MobileConfigFactoryImpl: Registered SESSIONLESS factory change listener: ok
03-01 11:38:05.009 1968 3438 I MobileConfigFactoryImpl: Set Java EP Handler
03-01 11:38:05.015 2469 2469 D MobileConfigBaseClient: Connected to MobileConfigService
03-01 11:38:05.025 2469 5225 D VrGuardianUserService: SubscribeTask - Attempting Subscribe
03-01 11:38:05.060 2469 2469 D MobileConfigBaseClient: Connected to MobileConfigService
03-01 11:38:05.061 2469 2469 I chatty : uid=10033(com.oculus.guardian) com.oculus.vrguardianservice identical 7 lines
03-01 11:38:05.061 2469 2469 D MobileConfigBaseClient: Connected to MobileConfigService
03-01 11:38:05.061 2469 2469 E DeviceConfigTelemetryLogger: onFailure(exception)
03-01 11:38:05.061 2469 2469 D VrGuardianUserService: DeviceConfig - onFailure - Error: exception
03-01 11:38:05.061 2469 2469 E DeviceConfigTelemetryLogger: onFailure(exception)
03-01 11:38:05.061 2469 2469 D VrGuardianUserService: DeviceConfig - onFailure - Error: exception
03-01 11:38:05.062 2469 2469 E DeviceConfigTelemetryLogger: onFailure(exception)
03-01 11:38:05.062 2469 2469 D VrGuardianUserService: DeviceConfig - onFailure - Error: exception
03-01 11:38:05.062 2469 2469 E DeviceConfigTelemetryLogger: onFailure(exception)
03-01 11:38:05.062 2469 2469 D VrGuardianUserService: DeviceConfig - onFailure - Error: exception
03-01 11:38:05.062 2469 2469 E DeviceConfigTelemetryLogger: onFailure(exception)
03-01 11:38:05.062 2469 2469 D VrGuardianUserService: DeviceConfig - onFailure - Error: exception
03-01 11:38:05.062 2469 2469 E DeviceConfigTelemetryLogger: onFailure(exception)
03-01 11:38:05.062 2469 2469 D VrGuardianUserService: DeviceConfig - onFailure - Error: exception
03-01 11:38:05.062 2469 2469 E DeviceConfigTelemetryLogger: onFailure(exception)
03-01 11:38:05.062 2469 2469 D VrGuardianUserService: DeviceConfig - onFailure - Error: exception
03-01 11:38:05.062 2469 2469 E DeviceConfigTelemetryLogger: onFailure(exception)
03-01 11:38:05.062 2469 2469 D VrGuardianUserService: DeviceConfig - onFailure - Error: exception
03-01 11:38:05.063 2469 2469 E DeviceConfigTelemetryLogger: onFailure(exception)
03-01 11:38:05.063 2469 2469 D VrGuardianUserService: DeviceConfig - onFailure - Error: exception
