03-01 11:37:55.417 2469 6125 E MobileConfigBaseClient: Timed out trying to connect to MobileConfigService.
03-01 11:37:55.422 2469 6125 E DeviceConfigTelemetryLogger: onFailure(Could not connect to MobileConfigService)
03-01 11:37:55.422 2469 6125 D VrGuardianUserService: DeviceConfig - onFailure - Error: Could not connect to MobileConfigService
03-01 11:37:55.431 2469 6475 D MobileConfigBaseClient: connect()
03-01 11:37:55.439 2469 2469 E DeviceConfigTelemetryLogger: onFailure(exception)
03-01 11:37:55.439 2469 2469 D VrGuardianUserService: DeviceConfig - onFailure - Error: exception
03-01 11:37:55.439 2469 6131 E MobileConfigBaseClient: Timed out trying to connect to MobileConfigService.
03-01 11:37:55.440 2469 6131 E DeviceConfigTelemetryLogger: onFailure(Could not connect to MobileConfigService)
03-01 11:37:55.441 2469 6131 D VrGuardianUserService: DeviceConfig - onFailure - Error: Could not connect to MobileConfigService
03-01 11:37:55.443 2469 6475 D MobileConfigBaseClient: awaitService()
03-01 11:37:55.444 2981 2981 V MIGHTY_LOG: [trace] ForegroundAppProvider: Current Foreground Package - com.oculus.explore, Class: com.oculus.explore.PanelService
03-01 11:37:55.447 2469 6108 D VrGuardianUserService: SubscribeTask - Attempting Subscribe
03-01 11:37:55.462 2469 2469 E DeviceConfigTelemetryLogger: onFailure(exception)
03-01 11:37:55.462 2469 2469 D VrGuardianUserService: DeviceConfig - onFailure - Error: exception
03-01 11:37:55.466 2469 6127 E MobileConfigBaseClient: Timed out trying to connect to MobileConfigService.
03-01 11:37:55.467 2469 6127 E DeviceConfigTelemetryLogger: onFailure(Could not connect to MobileConfigService)
03-01 11:37:55.467 2469 6127 D VrGuardianUserService: DeviceConfig - onFailure - Error: Could not connect to MobileConfigService
03-01 11:37:55.469 2469 6476 D MobileConfigBaseClient: connect()
03-01 11:37:55.475 2469 6129 E MobileConfigBaseClient: Timed out trying to connect to MobileConfigService.
03-01 11:37:55.476 2469 6129 E DeviceConfigTelemetryLogger: onFailure(Could not connect to MobileConfigService)
03-01 11:37:55.476 2469 6129 D VrGuardianUserService: DeviceConfig - onFailure - Error: Could not connect to MobileConfigService
03-01 11:37:55.482 2469 6128 E MobileConfigBaseClient: Timed out trying to connect to MobileConfigService.
03-01 11:37:55.482 2469 6128 E DeviceConfigTelemetryLogger: onFailure(Could not connect to MobileConfigService)
03-01 11:37:55.483 2469 6128 D VrGuardianUserService: DeviceConfig - onFailure - Error: Could not connect to MobileConfigService
03-01 11:37:55.494 2469 6476 D MobileConfigBaseClient: awaitService()
03-01 11:37:55.498 2911 2911 W OVRLibrary: null cursor received for query content://com.oculus.ocms.library/apps/quick_settings_app
03-01 11:37:55.498 2911 2911 W [SUI] DeviceConfigHelper: Try to get config param oculus_systemux:aui_show_unknown_sources_in_dynamic_app_bar before Device Config has subscribed to the service.
03-01 11:37:55.505 5489 5707 I VrApi : FPS=83/90,Prd=34ms,Tear=0,Early=0,Stale=18,Stale2/5/10/max=2/2/0/5,VSnc=0,Lat=-1,Fov=0,CPU4/GPU=4/3,1478/490MHz,OC=FF,TA=0/70/0,SP=N/F/N,Mem=2092MHz,Free=2688MB,PLS=0,Temp=40.5C/0.0C,TW=2.70ms,App=2.30ms,GD=0.00ms,CPU&GPU=15.89ms,LCnt=3(DR0,LM0),GPU%=0.97,CPU%=0.43(W0.45),DSF=1.00,CFL=14.54/19.73
03-01 11:37:55.510 2469 6134 E MobileConfigBaseClient: Timed out trying to connect to MobileConfigService.
03-01 11:37:55.510 2469 6134 E DeviceConfigTelemetryLogger: onFailure(Could not connect to MobileConfigService)
03-01 11:37:55.510 2469 6134 D VrGuardianUserService: DeviceConfig - onFailure - Error: Could not connect to MobileConfigService
03-01 11:37:55.513 2469 6132 E MobileConfigBaseClient: Timed out trying to connect to MobileConfigService.
03-01 11:37:55.513 2469 6132 E DeviceConfigTelemetryLogger: onFailure(Could not connect to MobileConfigService)
03-01 11:37:55.513 2469 6132 D VrGuardianUserService: DeviceConfig - onFailure - Error: Could not connect to MobileConfigService
03-01 11:37:55.514 2469 6130 E MobileConfigBaseClient: Timed out trying to connect to MobileConfigService.
03-01 11:37:55.514 2469 6130 E DeviceConfigTelemetryLogger: onFailure(Could not connect to MobileConfigService)
03-01 11:37:55.514 2469 6130 D VrGuardianUserService: DeviceConfig - onFailure - Error: Could not connect to MobileConfigService
03-01 11:37:55.515 2469 6133 E MobileConfigBaseClient: Timed out trying to connect to MobileConfigService.
03-01 11:37:55.516 2469 6133 E DeviceConfigTelemetryLogger: onFailure(Could not connect to MobileConfigService)
03-01 11:37:55.516 2469 6133 D VrGuardianUserService: DeviceConfig - onFailure - Error: Could not connect to MobileConfigService
03-01 11:37:55.527 2469 6136 E MobileConfigBaseClient: Timed out trying to connect to MobileConfigService.
03-01 11:37:55.527 2469 6136 E DeviceConfigTelemetryLogger: onFailure(Could not connect to MobileConfigService)
03-01 11:37:55.527 2469 6136 D VrGuardianUserService: DeviceConfig - onFailure - Error: Could not connect to MobileConfigService
03-01 11:37:55.551 2911 5756 W OVRLibrary: null cursor received for query content://com.oculus.ocms.library/apps/library_system_app
03-01 11:37:55.556 2469 6135 E MobileConfigBaseClient: Timed out trying to connect to MobileConfigService.
03-01 11:37:55.557 2469 6135 E DeviceConfigTelemetryLogger: onFailure(Could not connect to MobileConfigService)
03-01 11:37:55.557 2469 6135 D VrGuardianUserService: DeviceConfig - onFailure - Error: Could not connect to MobileConfigService
03-01 11:37:55.568 2504 2576 E DeviceConfigClient: Did not get a successful subscribe in time, Trying again.
03-01 11:37:55.569 2504 2576 E DeviceConfigTelemetryLogger: onFailure(Retry subscribe)
03-01 11:37:55.577 2469 5354 D VrGuardianUserService: SubscribeTask - Attempting Subscribe
03-01 11:37:55.581 2911 2911 W OVRLibrary: null cursor received for query content://com.oculus.ocms.library/apps/com.ArthurTechnologies.Arthur
03-01 11:37:55.581 2911 2911 W [SUI] DeviceConfigHelper: Try to get config param oculus_systemux:aui_show_unknown_sources_in_dynamic_app_bar before Device Config has subscribed to the service.
03-01 11:37:55.595 2469 3272 E IPCThreadState: binder thread pool (15 threads) starved for 133 ms
03-01 11:37:55.599 2469 5136 D VrGuardianUserService: SubscribeTask - Attempting Subscribe
03-01 11:37:55.613 2469 2469 E DeviceConfigTelemetryLogger: onFailure(exception)
03-01 11:37:55.613 2469 2469 D VrGuardianUserService: DeviceConfig - onFailure - Error: exception
03-01 11:37:55.614 2469 2469 E DeviceConfigTelemetryLogger: onFailure(exception)
03-01 11:37:55.614 2469 2469 D VrGuardianUserService: DeviceConfig - onFailure - Error: exception
03-01 11:37:55.614 2469 2469 E DeviceConfigTelemetryLogger: onFailure(exception)
03-01 11:37:55.614 2469 2469 D VrGuardianUserService: DeviceConfig - onFailure - Error: exception
03-01 11:37:55.615 2469 2469 E DeviceConfigTelemetryLogger: onFailure(exception)
03-01 11:37:55.615 2469 2469 D VrGuardianUserService: DeviceConfig - onFailure - Error: exception
03-01 11:37:55.635 2911 2911 W OVRLibrary: null cursor received for query content://com.oculus.ocms.library/apps/com.Remio.RemioMeta
03-01 11:37:55.635 2504 6477 D MobileConfigBaseClient: connect()
03-01 11:37:55.635 2911 2911 W [SUI] DeviceConfigHelper: Try to get config param oculus_systemux:aui_show_unknown_sources_in_dynamic_app_bar before Device Config has subscribed to the service.
03-01 11:37:55.647 2504 2504 D MobileConfigBaseClient: Connected to MobileConfigService
03-01 11:37:55.662 2469 6143 E MobileConfigBaseClient: Timed out trying to connect to MobileConfigService.
03-01 11:37:55.662 2469 6143 E DeviceConfigTelemetryLogger: onFailure(Could not connect to MobileConfigService)
03-01 11:37:55.662 2469 6143 D VrGuardianUserService: DeviceConfig - onFailure - Error: Could not connect to MobileConfigService
03-01 11:37:55.672 2469 6142 E MobileConfigBaseClient: Timed out trying to connect to MobileConfigService.
03-01 11:37:55.673 2469 6142 E DeviceConfigTelemetryLogger: onFailure(Could not connect to MobileConfigService)
03-01 11:37:55.673 2469 6142 D VrGuardianUserService: DeviceConfig - onFailure - Error: Could not connect to MobileConfigService
03-01 11:37:55.678 1968 2358 W DeviceConfigUtil: Try to get config param "oculus_shared_social:oculus_messenger_reauth_removal" before Device Config has subscribed to the service.
03-01 11:37:55.684 2469 2469 E DeviceConfigTelemetryLogger: onFailure(exception)
03-01 11:37:55.684 2469 2469 D VrGuardianUserService: DeviceConfig - onFailure - Error: exception
03-01 11:37:55.713 2469 6144 E MobileConfigBaseClient: Timed out trying to connect to MobileConfigService.
03-01 11:37:55.713 2469 6144 E DeviceConfigTelemetryLogger: onFailure(Could not connect to MobileConfigService)
03-01 11:37:55.713 2469 6144 D VrGuardianUserService: DeviceConfig - onFailure - Error: Could not connect to MobileConfigService
03-01 11:37:55.726 2469 6479 D MobileConfigBaseClient: connect()
03-01 11:37:55.735 2469 3601 E IPCThreadState: binder thread pool (15 threads) starved for 111 ms
03-01 11:37:55.736 2469 2469 E DeviceConfigTelemetryLogger: onFailure(exception)
03-01 11:37:55.736 2469 2469 D VrGuardianUserService: DeviceConfig - onFailure - Error: exception
03-01 11:37:55.738 2469 2469 E DeviceConfigTelemetryLogger: onFailure(exception)
03-01 11:37:55.738 2469 2469 D VrGuardianUserService: DeviceConfig - onFailure - Error: exception
03-01 11:37:55.739 2469 2469 E DeviceConfigTelemetryLogger: onFailure(exception)
03-01 11:37:55.739 2469 2469 D VrGuardianUserService: DeviceConfig - onFailure - Error: exception
03-01 11:37:55.739 2469 2469 E DeviceConfigTelemetryLogger: onFailure(exception)
03-01 11:37:55.739 2469 2469 D VrGuardianUserService: DeviceConfig - onFailure - Error: exception
03-01 11:37:55.739 2469 2469 E DeviceConfigTelemetryLogger: onFailure(exception)
03-01 11:37:55.739 2469 2469 D VrGuardianUserService: DeviceConfig - onFailure - Error: exception
03-01 11:37:55.739 2469 2469 E DeviceConfigTelemetryLogger: onFailure(exception)
03-01 11:37:55.739 2469 2469 D VrGuardianUserService: DeviceConfig - onFailure - Error: exception
03-01 11:37:55.739 2469 2469 E DeviceConfigTelemetryLogger: onFailure(exception)
03-01 11:37:55.739 2469 2469 D VrGuardianUserService: DeviceConfig - onFailure - Error: exception
03-01 11:37:55.740 2469 2469 E DeviceConfigTelemetryLogger: onFailure(exception)
03-01 11:37:55.740 2469 2469 D VrGuardianUserService: DeviceConfig - onFailure - Error: exception
03-01 11:37:55.740 2469 2469 E DeviceConfigTelemetryLogger: onFailure(exception)
03-01 11:37:55.740 2469 2469 D VrGuardianUserService: DeviceConfig - onFailure - Error: exception
03-01 11:37:55.741 2469 6479 D MobileConfigBaseClient: awaitService()
03-01 11:37:55.749 2469 2469 E DeviceConfigTelemetryLogger: onFailure(exception)
03-01 11:37:55.749 2469 2469 D VrGuardianUserService: DeviceConfig - onFailure - Error: exception
03-01 11:37:55.755 2469 4979 D VrGuardianUserService: SubscribeTask - Attempting Subscribe
03-01 11:37:55.762 2469 4280 D VrGuardianUserService: SubscribeTask - Attempting Subscribe
03-01 11:37:55.802 2469 6484 D MobileConfigBaseClient: connect()
03-01 11:37:55.809 2469 2469 E DeviceConfigTelemetryLogger: onFailure(exception)
03-01 11:37:55.809 2469 2469 D VrGuardianUserService: DeviceConfig - onFailure - Error: exception
03-01 11:37:55.814 2469 6484 D MobileConfigBaseClient: awaitService()
03-01 11:37:55.825 2469 2469 E DeviceConfigTelemetryLogger: onFailure(exception)
03-01 11:37:55.825 2469 2469 D VrGuardianUserService: DeviceConfig - onFailure - Error: exception
03-01 11:37:55.826 6482 6482 I crash_dump64: obtaining output fd from tombstoned, type: kDebuggerdNativeBacktrace
03-01 11:37:55.828 852 852 I /system/bin/tombstoned: received crash request for pid 573
03-01 11:37:55.828 852 852 I /system/bin/tombstoned: found intercept fd 512 for pid 573 and type kDebuggerdNativeBacktrace
03-01 11:37:55.831 6482 6482 I crash_dump64: performing dump of process 573 (target tid = 573)
03-01 11:37:55.834 1968 3438 I MobileConfigFactoryImpl: Registered SESSIONLESS factory change listener: ok
03-01 11:37:55.834 1968 3438 I MobileConfigFactoryImpl: Set Java EP Handler
03-01 11:37:55.838 2469 6146 E MobileConfigBaseClient: Timed out trying to connect to MobileConfigService.
03-01 11:37:55.839 2469 6146 E DeviceConfigTelemetryLogger: onFailure(Could not connect to MobileConfigService)
03-01 11:37:55.839 2469 6146 D VrGuardianUserService: DeviceConfig - onFailure - Error: Could not connect to MobileConfigService
03-01 11:37:55.840 2469 6145 E MobileConfigBaseClient: Timed out trying to connect to MobileConfigService.
03-01 11:37:55.840 2469 6145 E DeviceConfigTelemetryLogger: onFailure(Could not connect to MobileConfigService)
03-01 11:37:55.840 2469 6145 D VrGuardianUserService: DeviceConfig - onFailure - Error: Could not connect to MobileConfigService
03-01 11:37:55.848 2469 6478 D MobileConfigBaseClient: connect()
03-01 11:37:55.848 2911 2911 W OVRLibrary: null cursor received for query content://com.oculus.ocms.library/apps/com.Sketchbox.SketchboxDemo
03-01 11:37:55.848 2911 2911 W [SUI] DeviceConfigHelper: Try to get config param oculus_systemux:aui_show_unknown_sources_in_dynamic_app_bar before Device Config has subscribed to the service.
03-01 11:37:55.881 2469 6147 E MobileConfigBaseClient: Timed out trying to connect to MobileConfigService.
03-01 11:37:55.882 2469 6478 D MobileConfigBaseClient: awaitService()
03-01 11:37:55.883 2469 6480 D MobileConfigBaseClient: connect()
03-01 11:37:55.885 2469 6147 E DeviceConfigTelemetryLogger: onFailure(Could not connect to MobileConfigService)
03-01 11:37:55.885 2469 6147 D VrGuardianUserService: DeviceConfig - onFailure - Error: Could not connect to MobileConfigService
03-01 11:37:55.896 2469 2469 E DeviceConfigTelemetryLogger: onFailure(exception)
03-01 11:37:55.896 2469 2469 D VrGuardianUserService: DeviceConfig - onFailure - Error: exception
03-01 11:37:55.907 2469 2469 E DeviceConfigTelemetryLogger: onFailure(exception)
03-01 11:37:55.907 2469 2469 D VrGuardianUserService: DeviceConfig - onFailure - Error: exception
03-01 11:37:55.916 2582 2624 E DeviceConfigClient: Did not get a successful subscribe in time, Trying again.
03-01 11:37:55.917 2582 2624 E DeviceConfigTelemetryLogger: onFailure(Retry subscribe)
03-01 11:37:55.926 2469 2469 E DeviceConfigTelemetryLogger: onFailure(exception)
03-01 11:37:55.926 2469 2469 D VrGuardianUserService: DeviceConfig - onFailure - Error: exception
03-01 11:37:55.928 2469 6148 E MobileConfigBaseClient: Timed out trying to connect to MobileConfigService.
03-01 11:37:55.928 2469 6148 E DeviceConfigTelemetryLogger: onFailure(Could not connect to MobileConfigService)
03-01 11:37:55.928 2469 6148 D VrGuardianUserService: DeviceConfig - onFailure - Error: Could not connect to MobileConfigService
03-01 11:37:55.935 2582 2624 I MobileConfigBaseClient: Start thread to subscribe with paramsMapContent file descriptor from mobileconfig service
03-01 11:37:55.936 2469 2469 E DeviceConfigTelemetryLogger: onFailure(exception)
03-01 11:37:55.936 2469 2469 D VrGuardianUserService: DeviceConfig - onFailure - Error: exception
03-01 11:37:55.959 2469 5140 D VrGuardianUserService: SubscribeTask - Attempting Subscribe
03-01 11:37:55.971 2582 6487 D MobileConfigBaseClient: connect()
03-01 11:37:55.978 2469 6480 D MobileConfigBaseClient: awaitService()
03-01 11:37:55.979 2582 2582 D MobileConfigBaseClient: Connected to MobileConfigService
03-01 11:37:55.981 2469 6485 D MobileConfigBaseClient: connect()
03-01 11:37:56.002 2738 3168 W DeviceConfigUtil: Try to get config param "oculus_presence_service:party_service_in_presence_service" before Device Config has subscribed to the service.
03-01 11:37:56.008 2469 2469 E DeviceConfigTelemetryLogger: onFailure(exception)
03-01 11:37:56.009 2469 2469 D VrGuardianUserService: DeviceConfig - onFailure - Error: exception
03-01 11:37:56.011 2469 2469 E DeviceConfigTelemetryLogger: onFailure(exception)
03-01 11:37:56.011 2469 2469 D VrGuardianUserService: DeviceConfig - onFailure - Error: exception
03-01 11:37:56.011 2469 2469 E DeviceConfigTelemetryLogger: onFailure(exception)
03-01 11:37:56.011 2469 2469 D VrGuardianUserService: DeviceConfig - onFailure - Error: exception
03-01 11:37:56.014 2469 2469 E DeviceConfigTelemetryLogger: onFailure(exception)
03-01 11:37:56.014 2469 2469 D VrGuardianUserService: DeviceConfig - onFailure - Error: exception
03-01 11:37:56.066 2582 6487 D MobileConfigBaseClient: disconnect()
03-01 11:37:56.070 2469 6485 D MobileConfigBaseClient: awaitService()
03-01 11:37:56.080 2469 2469 E DeviceConfigTelemetryLogger: onFailure(exception)
03-01 11:37:56.080 2469 2469 D VrGuardianUserService: DeviceConfig - onFailure - Error: exception
03-01 11:37:56.081 2469 2469 E DeviceConfigTelemetryLogger: onFailure(exception)
03-01 11:37:56.081 2469 2469 D VrGuardianUserService: DeviceConfig - onFailure - Error: exception
03-01 11:37:56.092 2689 2764 E DeviceConfigClient: Did not get a successful subscribe in time, Trying again.
03-01 11:37:56.093 2689 2763 E DeviceConfigClient: Did not get a successful subscribe in time, Trying again.
03-01 11:37:56.093 2689 2763 E DeviceConfigTelemetryLogger: onFailure(Retry subscribe)
03-01 11:37:56.099 2689 2764 E DeviceConfigTelemetryLogger: onFailure(Retry subscribe)
03-01 11:37:56.129 1062 1110 I system_server: libdebuggerd_client: done dumping process 573
03-01 11:37:56.132 1062 1110 I ActivityManager: Collecting stacks for native pid 747
03-01 11:37:56.132 1062 1110 I system_server: libdebuggerd_client: started dumping process 747
03-01 11:37:56.134 852 852 I /system/bin/tombstoned: registered intercept for pid 747 and type kDebuggerdNativeBacktrace
03-01 11:37:56.135 747 747 I libc : Requested dump for tid 747 (audioserver)
03-01 11:37:56.141 2469 3540 E IPCThreadState: binder thread pool (15 threads) starved for 113 ms
03-01 11:37:56.144 2469 6152 E MobileConfigBaseClient: Timed out trying to connect to MobileConfigService.
03-01 11:37:56.145 2469 6152 E DeviceConfigTelemetryLogger: onFailure(Could not connect to MobileConfigService)
03-01 11:37:56.145 2469 6152 D VrGuardianUserService: DeviceConfig - onFailure - Error: Could not connect to MobileConfigService
03-01 11:37:56.151 2469 2469 E DeviceConfigTelemetryLogger: onFailure(exception)
03-01 11:37:56.151 2469 2469 D VrGuardianUserService: DeviceConfig - onFailure - Error: exception
03-01 11:37:56.151 2469 2469 E DeviceConfigTelemetryLogger: onFailure(exception)
03-01 11:37:56.151 2469 2469 D VrGuardianUserService: DeviceConfig - onFailure - Error: exception
03-01 11:37:56.151 2469 2469 E DeviceConfigTelemetryLogger: onFailure(exception)
03-01 11:37:56.151 2469 2469 D VrGuardianUserService: DeviceConfig - onFailure - Error: exception
03-01 11:37:56.152 2469 2469 E DeviceConfigTelemetryLogger: onFailure(exception)
03-01 11:37:56.157 2469 2469 D VrGuardianUserService: DeviceConfig - onFailure - Error: exception
03-01 11:37:56.164 2469 2469 E DeviceConfigTelemetryLogger: onFailure(exception)
03-01 11:37:56.164 2469 2469 D VrGuardianUserService: DeviceConfig - onFailure - Error: exception
03-01 11:37:56.164 2469 2469 E DeviceConfigTelemetryLogger: onFailure(exception)
03-01 11:37:56.165 2469 2469 D VrGuardianUserService: DeviceConfig - onFailure - Error: exception
03-01 11:37:56.165 2469 2469 E DeviceConfigTelemetryLogger: onFailure(exception)
03-01 11:37:56.165 2469 2469 D VrGuardianUserService: DeviceConfig - onFailure - Error: exception
03-01 11:37:56.166 2469 2469 E DeviceConfigTelemetryLogger: onFailure(exception)
03-01 11:37:56.166 2469 2469 D VrGuardianUserService: DeviceConfig - onFailure - Error: exception
03-01 11:37:56.178 2911 2911 W OVRLibrary: null cursor received for query content://com.oculus.ocms.library/apps/com.bodyswaps.bodyswap
03-01 11:37:56.178 2911 2911 W [SUI] DeviceConfigHelper: Try to get config param oculus_systemux:aui_show_unknown_sources_in_dynamic_app_bar before Device Config has subscribed to the service.
03-01 11:37:56.191 2469 6488 D MobileConfigBaseClient: connect()
03-01 11:37:56.213 2911 2911 W OVRLibrary: null cursor received for query content://com.oculus.ocms.library/apps/work.glue
03-01 11:37:56.213 2911 2911 W [SUI] DeviceConfigHelper: Try to get config param oculus_systemux:aui_show_unknown_sources_in_dynamic_app_bar before Device Config has subscribed to the service.
03-01 11:37:56.237 2469 5361 D VrGuardianUserService: SubscribeTask - Attempting Subscribe
03-01 11:37:56.273 2469 6488 D MobileConfigBaseClient: awaitService()
03-01 11:37:56.280 2469 2469 E DeviceConfigTelemetryLogger: onFailure(exception)
03-01 11:37:56.280 2469 2469 D VrGuardianUserService: DeviceConfig - onFailure - Error: exception
03-01 11:37:56.296 2911 2911 W OVRLibrary: null cursor received for query content://com.oculus.ocms.library/apps/com.mightyimmersion.mightyplatform.adminapp.dev
03-01 11:37:56.296 2911 2911 W [SUI] DeviceConfigHelper: Try to get config param oculus_systemux:oculus_sysux_aui_bar_home_dui_button before Device Config has subscribed to the service.
03-01 11:37:56.296 2911 2911 D [SUI] AppStateUtil: com.oculus.explore is running= false
03-01 11:37:56.297 2911 2911 D [SUI] ControlBarViewModel: Constructing ViewModel for barId: controlbar3
03-01 11:37:56.297 2911 2911 I AndroidPanelApp: HideLayer(controlbar3, shape: 2, shouldMinimizeLayer: false)
03-01 11:37:56.318 1062 5952 I DisplayManagerService: Display device added: DisplayDeviceInfo{"com.oculus.android_panel_app.AndroidPanelLayer-controlbar3": uniqueId="virtual:com.oculus.systemux,10041,com.oculus.android_panel_app.AndroidPanelLayer-controlbar3,0", 1250 x 50, modeId 81, defaultModeId 81, supportedModes [{id=81, width=1250, height=50, fps=60.0}], colorMode 0, supportedColorModes [0], HdrCapabilities null, density 200, 200.0 x 200.0 dpi, appVsyncOff 0, presDeadline 16666666, touch NONE, rotation 0, type VIRTUAL, state OFF, owner com.oculus.systemux (uid 10041), FLAG_PRIVATE, FLAG_NEVER_BLANK, FLAG_OWN_CONTENT_ONLY}
03-01 11:37:56.327 2469 2469 E DeviceConfigTelemetryLogger: onFailure(exception)
03-01 11:37:56.328 2469 2469 D VrGuardianUserService: DeviceConfig - onFailure - Error: exception
03-01 11:37:56.328 2469 2469 E DeviceConfigTelemetryLogger: onFailure(exception)
03-01 11:37:56.328 2469 2469 D VrGuardianUserService: DeviceConfig - onFailure - Error: exception
03-01 11:37:56.328 2469 2469 E DeviceConfigTelemetryLogger: onFailure(exception)
03-01 11:37:56.328 2469 2469 D VrGuardianUserService: DeviceConfig - onFailure - Error: exception
03-01 11:37:56.328 2469 2469 E DeviceConfigTelemetryLogger: onFailure(exception)
03-01 11:37:56.328 2469 2469 D VrGuardianUserService: DeviceConfig - onFailure - Error: exception
03-01 11:37:56.334 2469 2469 E DeviceConfigTelemetryLogger: onFailure(exception)
03-01 11:37:56.334 2469 2469 D VrGuardianUserService: DeviceConfig - onFailure - Error: exception
03-01 11:37:56.334 2469 2469 E DeviceConfigTelemetryLogger: onFailure(exception)
03-01 11:37:56.334 2469 2469 D VrGuardianUserService: DeviceConfig - onFailure - Error: exception
03-01 11:37:56.334 2469 2469 E DeviceConfigTelemetryLogger: onFailure(exception)
03-01 11:37:56.334 2469 2469 D VrGuardianUserService: DeviceConfig - onFailure - Error: exception
03-01 11:37:56.718 732 732 W stats@1.0-servi: type=1400 audit(0.0:74): avc: denied { read } for name="stats" dev="sysfs" ino=43572 scontext=u:r:hal_power_stats_default:s0 tcontext=u:object_r:sysfs_power:s0 tclass=file permissive=0
03-01 11:37:56.343 2469 4766 D VrGuardianUserService: SubscribeTask - Attempting Subscribe
03-01 11:37:56.349 2469 2469 E DeviceConfigTelemetryLogger: onFailure(exception)
03-01 11:37:56.349 2469 2469 D VrGuardianUserService: DeviceConfig - onFailure - Error: exception
03-01 11:37:56.351 2911 2911 I [SUI] ControlBarView: ControlBarView created
03-01 11:37:56.354 2911 2911 I [SUI] ControlBarView: Initializing ControlBarViewcontrolbar3
03-01 11:37:56.358 1062 5783 I DisplayManagerService: Display device removed: DisplayDeviceInfo{"com.oculus.android_panel_app.AndroidPanelLayer-controlbar3": uniqueId="virtual:com.oculus.systemux,10041,com.oculus.android_panel_app.AndroidPanelLayer-controlbar3,0", 1250 x 50, modeId 81, defaultModeId 81, supportedModes [{id=81, width=1250, height=50, fps=60.0}], colorMode 0, supportedColorModes [0], HdrCapabilities null, density 200, 200.0 x 200.0 dpi, appVsyncOff 0, presDeadline 16666666, touch NONE, rotation 0, type VIRTUAL, state OFF, owner com.oculus.systemux (uid 10041), FLAG_PRIVATE, FLAG_NEVER_BLANK, FLAG_OWN_CONTENT_ONLY}
03-01 11:37:56.362 1062 3176 I DisplayManagerService: Display device added: DisplayDeviceInfo{"com.oculus.android_panel_app.AndroidPanelLayer-controlbar3": uniqueId="virtual:com.oculus.systemux,10041,com.oculus.android_panel_app.AndroidPanelLayer-controlbar3,0", 1000 x 50, modeId 82, defaultModeId 82, supportedModes [{id=82, width=1000, height=50, fps=60.0}], colorMode 0, supportedColorModes [0], HdrCapabilities null, density 200, 200.0 x 200.0 dpi, appVsyncOff 0, presDeadline 16666666, touch NONE, rotation 0, type VIRTUAL, state OFF, owner com.oculus.systemux (uid 10041), FLAG_PRIVATE, FLAG_NEVER_BLANK, FLAG_OWN_CONTENT_ONLY}
03-01 11:37:56.363 2469 6126 D VrGuardianUserService: SubscribeTask - Attempting Subscribe
03-01 11:37:56.367 2469 6494 D MobileConfigBaseClient: connect()
03-01 11:37:56.377 2469 2469 E DeviceConfigTelemetryLogger: onFailure(exception)
03-01 11:37:56.377 2469 2469 D VrGuardianUserService: DeviceConfig - onFailure - Error: exception
03-01 11:37:56.378 2469 4204 D VrGuardianUserService: SubscribeTask - Attempting Subscribe
03-01 11:37:56.386 2469 3232 D VrGuardianUserService: SubscribeTask - Attempting Subscribe
03-01 11:37:56.387 2469 4111 D VrGuardianUserService: SubscribeTask - Attempting Subscribe
03-01 11:37:56.396 2469 2469 E DeviceConfigTelemetryLogger: onFailure(exception)
03-01 11:37:56.396 2469 2469 D VrGuardianUserService: DeviceConfig - onFailure - Error: exception
03-01 11:37:56.396 2469 2469 E DeviceConfigTelemetryLogger: onFailure(exception)
03-01 11:37:56.396 2469 2469 D VrGuardianUserService: DeviceConfig - onFailure - Error: exception
03-01 11:37:56.398 2469 2469 E DeviceConfigTelemetryLogger: onFailure(exception)
03-01 11:37:56.398 2469 2469 D VrGuardianUserService: DeviceConfig - onFailure - Error: exception
03-01 11:37:56.401 2469 4263 D VrGuardianUserService: SubscribeTask - Attempting Subscribe
03-01 11:37:56.405 2469 6159 E MobileConfigBaseClient: Timed out trying to connect to MobileConfigService.
03-01 11:37:56.405 2469 6160 E MobileConfigBaseClient: Timed out trying to connect to MobileConfigService.
03-01 11:37:56.405 2469 6160 E DeviceConfigTelemetryLogger: onFailure(Could not connect to MobileConfigService)
03-01 11:37:56.405 2469 6160 D VrGuardianUserService: DeviceConfig - onFailure - Error: Could not connect to MobileConfigService
03-01 11:37:56.406 2469 6159 E DeviceConfigTelemetryLogger: onFailure(Could not connect to MobileConfigService)
03-01 11:37:56.406 2469 6159 D VrGuardianUserService: DeviceConfig - onFailure - Error: Could not connect to MobileConfigService
03-01 11:37:56.407 2469 4986 D VrGuardianUserService: SubscribeTask - Attempting Subscribe
03-01 11:37:56.410 2469 6163 E MobileConfigBaseClient: Timed out trying to connect to MobileConfigService.
03-01 11:37:56.411 2469 6163 E DeviceConfigTelemetryLogger: onFailure(Could not connect to MobileConfigService)
03-01 11:37:56.411 2469 6163 D VrGuardianUserService: DeviceConfig - onFailure - Error: Could not connect to MobileConfigService
03-01 11:37:56.412 2469 2469 E DeviceConfigTelemetryLogger: onFailure(exception)
03-01 11:37:56.412 2469 2469 D VrGuardianUserService: DeviceConfig - onFailure - Error: exception
03-01 11:37:56.412 2469 2469 E DeviceConfigTelemetryLogger: onFailure(exception)
03-01 11:37:56.412 2469 2469 D VrGuardianUserService: DeviceConfig - onFailure - Error: exception
03-01 11:37:56.413 2469 2469 E DeviceConfigTelemetryLogger: onFailure(exception)
03-01 11:37:56.413 2469 2469 D VrGuardianUserService: DeviceConfig - onFailure - Error: exception
03-01 11:37:56.415 2469 3488 D VrGuardianUserService: SubscribeTask - Attempting Subscribe
03-01 11:37:56.432 2469 6162 E MobileConfigBaseClient: Timed out trying to connect to MobileConfigService.
03-01 11:37:56.432 2469 6162 E DeviceConfigTelemetryLogger: onFailure(Could not connect to MobileConfigService)
03-01 11:37:56.432 2469 6162 D VrGuardianUserService: DeviceConfig - onFailure - Error: Could not connect to MobileConfigService
03-01 11:37:56.433 2469 6168 E MobileConfigBaseClient: Timed out trying to connect to MobileConfigService.
03-01 11:37:56.433 2469 6168 E DeviceConfigTelemetryLogger: onFailure(Could not connect to MobileConfigService)
03-01 11:37:56.433 2469 6168 D VrGuardianUserService: DeviceConfig - onFailure - Error: Could not connect to MobileConfigService
03-01 11:37:56.435 2469 3723 D VrGuardianUserService: SubscribeTask - Attempting Subscribe
03-01 11:37:56.441 1062 1099 W InputReader: Device has associated, but no associated display id.
03-01 11:37:56.447 2981 2981 V MIGHTY_LOG: [trace] ForegroundAppProvider: Current Foreground Package - com.oculus.explore, Class: com.oculus.explore.PanelService
03-01 11:37:56.461 2469 6169 E MobileConfigBaseClient: Timed out trying to connect to MobileConfigService.
03-01 11:37:56.461 2469 6169 E DeviceConfigTelemetryLogger: onFailure(Could not connect to MobileConfigService)
03-01 11:37:56.461 2469 6169 D VrGuardianUserService: DeviceConfig - onFailure - Error: Could not connect to MobileConfigService
03-01 11:37:56.463 2469 6167 E MobileConfigBaseClient: Timed out trying to connect to MobileConfigService.
03-01 11:37:56.463 2469 6167 E DeviceConfigTelemetryLogger: onFailure(Could not connect to MobileConfigService)
03-01 11:37:56.463 2469 6167 D VrGuardianUserService: DeviceConfig - onFailure - Error: Could not connect to MobileConfigService
03-01 11:37:56.473 2469 5150 D VrGuardianUserService: SubscribeTask - Attempting Subscribe
03-01 11:37:56.475 2469 6164 E MobileConfigBaseClient: Timed out trying to connect to MobileConfigService.
03-01 11:37:56.476 2469 6164 E DeviceConfigTelemetryLogger: onFailure(Could not connect to MobileConfigService)
03-01 11:37:56.476 2469 6164 D VrGuardianUserService: DeviceConfig - onFailure - Error: Could not connect to MobileConfigService
03-01 11:37:56.477 1062 6229 I DisplayManagerService: Display device removed: DisplayDeviceInfo{"com.oculus.android_panel_app.AndroidPanelLayer-controlbar4": uniqueId="virtual:com.oculus.systemux,10041,com.oculus.android_panel_app.AndroidPanelLayer-controlbar4,0", 1640 x 50, modeId 80, defaultModeId 80, supportedModes [{id=80, width=1640, height=50, fps=60.0}], colorMode 0, supportedColorModes [0], HdrCapabilities null, density 200, 200.0 x 200.0 dpi, appVsyncOff 0, presDeadline 16666666, touch NONE, rotation 0, type VIRTUAL, state ON, owner com.oculus.systemux (uid 10041), FLAG_PRIVATE, FLAG_NEVER_BLANK, FLAG_OWN_CONTENT_ONLY}
03-01 11:37:56.479 1062 1101 W InputReader: Device has associated, but no associated display id.
03-01 11:37:56.479 1062 1101 I ActivityTaskManager: Override config changes=20005df8 {0.0 ?mcc?mnc ?localeList ?layoutDir sw40dp w1000dp h40dp 200dpi nrml long land ?uimode ?night -touch qwerty/v/v -nav/h winConfig={ mBounds=Rect(0, 0 - 1250, 50) mAppBounds=Rect(0, 0 - 1250, 50) mWindowingMode=fullscreen mDisplayWindowingMode=fullscreen mActivityType=undefined mAlwaysOnTop=undefined mRotation=ROTATION_0}} for displayId=20
03-01 11:37:56.480 2911 2911 I AndroidPanelApp: HideLayer(controlbar4, shape: 2, shouldMinimizeLayer: true)
03-01 11:37:56.480 2911 2911 I AndroidPanelApp: Processing pending hide layer for layer controlbar3.
03-01 11:37:56.480 2911 2911 I AndroidPanelApp: Processing pending hide layer for layer controlbar4.
03-01 11:37:56.480 2911 2911 I AndroidPanelApp: Processing pending show layer info for layer controlbar3 with width 1000 and height 50.
03-01 11:37:56.480 2911 2911 I AndroidPanelApp: layerSupersample no changes
03-01 11:37:56.481 2911 2911 D [SUI] SystemUXFunnelLogServerLogger: Impression Event: oculus_impressions_tile_impressioned LibraryLogInfo{duration=0, mLogId='2646830762095036', mContentType=APP, mPosX=0, mPosy=0, mGlobalPos=0, mSurface=LIBRARY, mSubSurface=LIBRARY_SORT_AND_FILTER, mSearchQuery='null', mFilter='ALL', mSort='MOST_RECENT', mDeviceFilter='Quest', mIsShowingLaunchTogether=false', mEventName=LAUNCH_APP', mSection=null}
03-01 11:37:56.481 2911 2911 D [SUI] SystemUXFunnelLogServerLogger: Impression Event: oculus_impressions_tile_impressioned LibraryLogInfo{duration=0, mLogId='file_manager', mContentType=APP, mPosX=0, mPosy=1, mGlobalPos=1, mSurface=LIBRARY, mSubSurface=LIBRARY_SORT_AND_FILTER, mSearchQuery='null', mFilter='ALL', mSort='MOST_RECENT', mDeviceFilter='Quest', mIsShowingLaunchTogether=false', mEventName=LAUNCH_APP', mSection=null}
03-01 11:37:56.481 2911 2911 D [SUI] SystemUXFunnelLogServerLogger: Impression Event: oculus_impressions_tile_impressioned LibraryLogInfo{duration=0, mLogId='8875714305775804', mContentType=APP, mPosX=0, mPosy=2, mGlobalPos=2, mSurface=LIBRARY, mSubSurface=LIBRARY_SORT_AND_FILTER, mSearchQuery='null', mFilter='ALL', mSort='MOST_RECENT', mDeviceFilter='Quest', mIsShowingLaunchTogether=false', mEventName=LAUNCH_APP', mSection=null}
03-01 11:37:56.482 2911 2911 D [SUI] SystemUXFunnelLogServerLogger: Impression Event: oculus_impressions_tile_impressioned LibraryLogInfo{duration=0, mLogId='2462678267173943', mContentType=APP, mPosX=0, mPosy=3, mGlobalPos=3, mSurface=LIBRARY, mSubSurface=LIBRARY_SORT_AND_FILTER, mSearchQuery='null', mFilter='ALL', mSort='MOST_RECENT', mDeviceFilter='Quest', mIsShowingLaunchTogether=false', mEventName=LAUNCH_APP', mSection=null}
03-01 11:37:56.482 2911 2911 D [SUI] SystemUXFunnelLogServerLogger: Impression Event: oculus_impressions_tile_impressioned LibraryLogInfo{duration=0, mLogId='2173576192720129', mContentType=APP, mPosX=0, mPosy=4, mGlobalPos=4, mSurface=LIBRARY, mSubSurface=LIBRARY_SORT_AND_FILTER, mSearchQuery='null', mFilter='ALL', mSort='MOST_RECENT', mDeviceFilter='Quest', mIsShowingLaunchTogether=false', mEventName=LAUNCH_APP', mSection=null}
03-01 11:37:56.482 2911 2911 D [SUI] SystemUXFunnelLogServerLogger: Impression Event: oculus_impressions_tile_impressioned LibraryLogInfo{duration=0, mLogId='3209391179128490', mContentType=APP, mPosX=0, mPosy=5, mGlobalPos=5, mSurface=LIBRARY, mSubSurface=LIBRARY_SORT_AND_FILTER, mSearchQuery='null', mFilter='ALL', mSort='MOST_RECENT', mDeviceFilter='Quest', mIsShowingLaunchTogether=false', mEventName=LAUNCH_APP', mSection=null}
03-01 11:37:56.487 3628 5595 I [SEO] PanelAppHost: Setting panel layer visibility of layer "controlbar3" to invisible, panel 4 (com.oculus.systemux/com.oculus.panelapp.controlbar.ControlBarPanelService)
03-01 11:37:56.487 3628 5595 I [SEO] PanelAppHost: Setting panel layer visibility of layer "controlbar4" to invisible, panel 4 (com.oculus.systemux/com.oculus.panelapp.controlbar.ControlBarPanelService)
03-01 11:37:56.487 3628 5595 I [SEO] PanelAppHost: Resize layer controlbar4 to size 1 x 1 shape: 2 stereo: 0, panel 4 (com.oculus.systemux/com.oculus.panelapp.controlbar.ControlBarPanelService)
03-01 11:37:56.487 3628 5595 I [SEO] PanelRenderLayer: ResetSurface controlbar4 1 x 1 - shape:2 stereo:0
03-01 11:37:56.488 1804 5569 I VrRuntimeService: UpdateSwapChainSamplerState: 155
03-01 11:37:56.489 1804 5569 I VrRuntimeService: UpdateSwapChainSamplerState: minFilter=5 magFilter=1 wrapModeS=3 warpModeT=3 maxAniso=1.000000 border={0.000000,0.000000,0.000000,0.000000} swizzle={0,1,2,3}
03-01 11:37:56.489 3628 5595 I [SEO] PanelAppHost: Resize layer controlbar3 to size 1000 x 50 shape: 2 stereo: 0, panel 4 (com.oculus.systemux/com.oculus.panelapp.controlbar.ControlBarPanelService)
03-01 11:37:56.489 3628 5595 I [SEO] PanelRenderLayer: ResetSurface controlbar3 1000 x 50 - shape:2 stereo:0
03-01 11:37:56.490 1804 5569 I VrRuntimeService: UpdateSwapChainSamplerState: 154
03-01 11:37:56.490 1804 5569 I VrRuntimeService: UpdateSwapChainSamplerState: minFilter=5 magFilter=1 wrapModeS=3 warpModeT=3 maxAniso=1.000000 border={0.000000,0.000000,0.000000,0.000000} swizzle={0,1,2,3}
03-01 11:37:56.492 3628 5595 I [SEO] LayerSwapChainResource: LayerSwapChainResource 1000,50 : 3
03-01 11:37:56.492 1804 5569 I VrRuntimeService: CreateSwapChain: 2583401121
03-01 11:37:56.492 1804 5569 I VrRuntimeService: CreateSwapChain: api:vk 0 0x2b 1000 50 10 3 1 4 3
03-01 11:37:56.493 1804 5569 W SwapChain_Vulkan_Foveated: CreateTextureSwapChainFoveationVulkan: ShouldCreateFragmentDensityMap: false
03-01 11:37:56.493 1804 5569 W SwapChain_Vulkan_Foveated: ExportTextureResourcesFoveationVulkan: chain->VkInteropFoveation.Device == nullptr
03-01 11:37:56.493 1804 5569 W SwapChain: CreateTextureSwapChainFoveation: export failed
03-01 11:37:56.493 1804 5569 I VrRuntimeServer: CreateTextureSwapChain: result importswapchaingles 1
03-01 11:37:56.495 5489 5690 I SwapChain_Vulkan_Memory_Export: Imported texture has requirements 3, ends up index 0
03-01 11:37:56.496 5489 5690 I chatty : uid=10015(com.oculus.shellenv) Thread-28 identical 1 line
03-01 11:37:56.496 5489 5690 I SwapChain_Vulkan_Memory_Export: Imported texture has requirements 3, ends up index 0
03-01 11:37:56.496 5489 5690 W VrRuntimeClient: CreateTextureSwapChain: Failed to import foveation swapchain
03-01 11:37:56.497 2469 6166 E MobileConfigBaseClient: Timed out trying to connect to MobileConfigService.
03-01 11:37:56.497 2469 6166 E DeviceConfigTelemetryLogger: onFailure(Could not connect to MobileConfigService)
03-01 11:37:56.497 2469 6166 D VrGuardianUserService: DeviceConfig - onFailure - Error: Could not connect to MobileConfigService
03-01 11:37:56.500 2911 2911 D [SUI] SystemUXFunnelLogServerLogger: VPV Event: oculus_impressions_tile_vpved LibraryLogInfo{duration=250, mLogId='2646830762095036', mContentType=APP, mPosX=0, mPosy=0, mGlobalPos=0, mSurface=LIBRARY, mSubSurface=LIBRARY_SORT_AND_FILTER, mSearchQuery='null', mFilter='ALL', mSort='MOST_RECENT', mDeviceFilter='Quest', mIsShowingLaunchTogether=false', mEventName=LAUNCH_APP', mSection=null}
03-01 11:37:56.500 2911 2911 D [SUI] SystemUXFunnelLogServerLogger: VPV Event: oculus_impressions_tile_vpved LibraryLogInfo{duration=250, mLogId='file_manager', mContentType=APP, mPosX=0, mPosy=1, mGlobalPos=1, mSurface=LIBRARY, mSubSurface=LIBRARY_SORT_AND_FILTER, mSearchQuery='null', mFilter='ALL', mSort='MOST_RECENT', mDeviceFilter='Quest', mIsShowingLaunchTogether=false', mEventName=LAUNCH_APP', mSection=null}
03-01 11:37:56.501 2911 2911 D [SUI] SystemUXFunnelLogServerLogger: VPV Event: oculus_impressions_tile_vpved LibraryLogInfo{duration=250, mLogId='8875714305775804', mContentType=APP, mPosX=0, mPosy=2, mGlobalPos=2, mSurface=LIBRARY, mSubSurface=LIBRARY_SORT_AND_FILTER, mSearchQuery='null', mFilter='ALL', mSort='MOST_RECENT', mDeviceFilter='Quest', mIsShowingLaunchTogether=false', mEventName=LAUNCH_APP', mSection=null}
03-01 11:37:56.501 2911 2911 D [SUI] SystemUXFunnelLogServerLogger: VPV Event: oculus_impressions_tile_vpved LibraryLogInfo{duration=250, mLogId='2462678267173943', mContentType=APP, mPosX=0, mPosy=3, mGlobalPos=3, mSurface=LIBRARY, mSubSurface=LIBRARY_SORT_AND_FILTER, mSearchQuery='null', mFilter='ALL', mSort='MOST_RECENT', mDeviceFilter='Quest', mIsShowingLaunchTogether=false', mEventName=LAUNCH_APP', mSection=null}
03-01 11:37:56.501 2911 2911 D [SUI] SystemUXFunnelLogServerLogger: VPV Event: oculus_impressions_tile_vpved LibraryLogInfo{duration=250, mLogId='2173576192720129', mContentType=APP, mPosX=0, mPosy=4, mGlobalPos=4, mSurface=LIBRARY, mSubSurface=LIBRARY_SORT_AND_FILTER, mSearchQuery='null', mFilter='ALL', mSort='MOST_RECENT', mDeviceFilter='Quest', mIsShowingLaunchTogether=false', mEventName=LAUNCH_APP', mSection=null}
03-01 11:37:56.501 2911 2911 D [SUI] SystemUXFunnelLogServerLogger: VPV Event: oculus_impressions_tile_vpved LibraryLogInfo{duration=250, mLogId='3209391179128490', mContentType=APP, mPosX=0, mPosy=5, mGlobalPos=5, mSurface=LIBRARY, mSubSurface=LIBRARY_SORT_AND_FILTER, mSearchQuery='null', mFilter='ALL', mSort='MOST_RECENT', mDeviceFilter='Quest', mIsShowingLaunchTogether=false', mEventName=LAUNCH_APP', mSection=null}
03-01 11:37:56.501 2911 2911 I Choreographer: Skipped 150 frames! The application may be doing too much work on its main thread.
03-01 11:37:56.502 1804 5569 I VrRuntimeService: UpdateSwapChainSamplerState: 156
03-01 11:37:56.502 1804 5569 I VrRuntimeService: UpdateSwapChainSamplerState: minFilter=1 magFilter=1 wrapModeS=3 warpModeT=3 maxAniso=1.000000 border={0.000000,0.000000,0.000000,0.000000} swizzle={0,1,2,3}
03-01 11:37:56.502 3628 5595 I [SEO] ShellEnvSwapChainApi: Destroying SwapChain:0xc576a540
03-01 11:37:56.503 3628 5595 I [SEO] LayerSwapChainResource: LayerSwapChainResource 1,1 : 3
03-01 11:37:56.504 1804 5569 I VrRuntimeService: CreateSwapChain: 2583401121
03-01 11:37:56.504 1804 5569 I VrRuntimeService: CreateSwapChain: api:vk 0 0x2b 1 1 1 3 1 4 3
03-01 11:37:56.505 1804 5569 W SwapChain_Vulkan_Foveated: CreateTextureSwapChainFoveationVulkan: ShouldCreateFragmentDensityMap: false
03-01 11:37:56.505 1804 5569 W SwapChain_Vulkan_Foveated: ExportTextureResourcesFoveationVulkan: chain->VkInteropFoveation.Device == nullptr
03-01 11:37:56.505 1804 5569 W SwapChain: CreateTextureSwapChainFoveation: export failed
03-01 11:37:56.505 1804 5569 I VrRuntimeServer: CreateTextureSwapChain: result importswapchaingles 1
03-01 11:37:56.506 2911 3766 I OpenGLRenderer: Davey! duration=1260ms; Flags=0, IntendedVsync=163430466821, Vsync=164680466771, OldestInputEvent=9223372036854775807, NewestInputEvent=0, HandleInputStart=164685843580, AnimationStart=164685905508, PerformTraversalsStart=164686713528, DrawStart=164687083320, SyncQueued=164687310560, SyncStart=164687814101, IssueDrawCommandsStart=164688016810, SwapBuffers=164690550820, FrameCompleted=164691207174, DequeueBufferDuration=128000, QueueBufferDuration=290000,
03-01 11:37:56.507 2469 2469 E DeviceConfigTelemetryLogger: onFailure(exception)
03-01 11:37:56.507 2469 2469 D VrGuardianUserService: DeviceConfig - onFailure - Error: exception
03-01 11:37:56.507 5489 5690 I SwapChain_Vulkan_Memory_Export: Imported texture has requirements 3, ends up index 0
03-01 11:37:56.507 5489 5690 I chatty : uid=10015(com.oculus.shellenv) Thread-28 identical 1 line
03-01 11:37:56.507 5489 5690 I SwapChain_Vulkan_Memory_Export: Imported texture has requirements 3, ends up index 0
03-01 11:37:56.507 5489 5690 W VrRuntimeClient: CreateTextureSwapChain: Failed to import foveation swapchain
03-01 11:37:56.507 2469 2469 E DeviceConfigTelemetryLogger: onFailure(exception)
03-01 11:37:56.509 2469 2469 D VrGuardianUserService: DeviceConfig - onFailure - Error: exception
03-01 11:37:56.510 5489 5690 I VrRuntimeClient: SetTextureSwapChainSamplerState: No change in sampler state.
03-01 11:37:56.510 3628 5595 I [SEO] ShellEnvSwapChainApi: Destroying SwapChain:0xc841de80
03-01 11:37:56.511 2911 3766 I OpenGLRenderer: Davey! duration=1264ms; Flags=0, IntendedVsync=163430466821, Vsync=164680466771, OldestInputEvent=9223372036854775807, NewestInputEvent=0, HandleInputStart=164685843580, AnimationStart=164685905508, PerformTraversalsStart=164686713528, DrawStart=164692402695, SyncQueued=164692628424, SyncStart=164693028164, IssueDrawCommandsStart=164693174310, SwapBuffers=164695251028, FrameCompleted=164695740560, DequeueBufferDuration=817000, QueueBufferDuration=269000,
03-01 11:37:56.512 2469 6165 E MobileConfigBaseClient: Timed out trying to connect to MobileConfigService.
03-01 11:37:56.512 2469 6165 E DeviceConfigTelemetryLogger: onFailure(Could not connect to MobileConfigService)
03-01 11:37:56.512 2469 6165 D VrGuardianUserService: DeviceConfig - onFailure - Error: Could not connect to MobileConfigService
03-01 11:37:56.521 1804 5569 I VrRuntimeService: DestroySwapChain: swapchain=154
03-01 11:37:56.521 1804 5569 I VrRuntimeServer: DestroyTextureSwapChain: result destroyswapchain 1
03-01 11:37:56.521 1804 5569 I VrRuntimeService: DestroySwapChain: swapchain=155
03-01 11:37:56.522 1804 5569 I VrRuntimeServer: DestroyTextureSwapChain: result destroyswapchain 1
03-01 11:37:56.546 2469 2469 E DeviceConfigTelemetryLogger: onFailure(exception)
03-01 11:37:56.546 2469 2469 D VrGuardianUserService: DeviceConfig - onFailure - Error: exception
03-01 11:37:56.546 2469 2469 E DeviceConfigTelemetryLogger: onFailure(exception)
03-01 11:37:56.546 2469 2469 D VrGuardianUserService: DeviceConfig - onFailure - Error: exception
03-01 11:37:56.561 1062 1099 W Looper : Slow dispatch took 242ms android.ui h=android.hardware.display.DisplayManagerGlobal$DisplayListenerDelegate c=null m=1
03-01 11:37:56.561 1062 1099 W Looper : Slow delivery took 227ms android.ui h=com.android.server.wm.DisplayPolicy$PolicyHandler c=com.android.server.wm.-$$Lambda$SystemGesturesPointerEventListener$9Iw39fjTtjXO5kacgrpdxfxjuSY@7e3b74e m=0
03-01 11:37:56.563 2469 6494 D MobileConfigBaseClient: awaitService()
03-01 11:37:56.565 5489 5707 I VrApi : FPS=87/90,Prd=34ms,Tear=0,Early=0,Stale=14,Stale2/5/10/max=2/1/0/6,VSnc=0,Lat=-1,Fov=0,CPU4/GPU=4/3,1478/490MHz,OC=FF,TA=0/70/0,SP=N/F/N,Mem=2092MHz,Free=2688MB,PLS=0,Temp=40.5C/0.0C,TW=2.67ms,App=7.80ms,GD=0.00ms,CPU&GPU=11.92ms,LCnt=3(DR0,LM0),GPU%=0.97,CPU%=0.27(W0.36),DSF=1.00,CFL=14.44/19.82
03-01 11:37:56.565 2911 2911 I AndroidPanelApp: Processing next frame action "layerShow" for layer "controlbar3"
03-01 11:37:56.567 2469 2469 E DeviceConfigTelemetryLogger: onFailure(exception)
03-01 11:37:56.568 2469 2469 D VrGuardianUserService: DeviceConfig - onFailure - Error: exception
03-01 11:37:56.568 2469 2469 E DeviceConfigTelemetryLogger: onFailure(exception)
03-01 11:37:56.568 2469 2469 D VrGuardianUserService: DeviceConfig - onFailure - Error: exception
03-01 11:37:56.569 2469 2469 E DeviceConfigTelemetryLogger: onFailure(exception)
03-01 11:37:56.570 2469 2469 D VrGuardianUserService: DeviceConfig - onFailure - Error: exception
03-01 11:37:56.590 1968 3438 I MobileConfigFactoryImpl: Registered SESSIONBASED factory change listener: ok
03-01 11:37:56.590 1968 3438 I MobileConfigFactoryImpl: Set Java EP Handler
03-01 11:37:56.593 2469 2469 E DeviceConfigTelemetryLogger: onFailure(exception)
03-01 11:37:56.593 2469 2469 D VrGuardianUserService: DeviceConfig - onFailure - Error: exception
03-01 11:37:56.593 2469 2469 E DeviceConfigTelemetryLogger: onFailure(exception)
03-01 11:37:56.593 2469 2469 D VrGuardianUserService: DeviceConfig - onFailure - Error: exception
03-01 11:37:56.597 2469 4880 D VrGuardianUserService: SubscribeTask - Attempting Subscribe
03-01 11:37:56.611 2469 2469 D MobileConfigBaseClient: Connected to MobileConfigService
03-01 11:37:56.611 2469 2469 E DeviceConfigTelemetryLogger: onFailure(exception)
03-01 11:37:56.611 2469 2469 D VrGuardianUserService: DeviceConfig - onFailure - Error: exception
03-01 11:37:56.611 1062 3856 W InputReader: Device has associated, but no associated display id.
03-01 11:37:56.629 2469 6172 E MobileConfigBaseClient: Timed out trying to connect to MobileConfigService.
03-01 11:37:56.629 1062 3856 E WindowManager: App trying to use insecure INPUT_FEATURE_NO_INPUT_CHANNEL flag. Ignoring
03-01 11:37:56.631 2469 5376 D VrGuardianUserService: SubscribeTask - Attempting Subscribe
03-01 11:37:56.633 2911 2911 D [SUI] LibraryLogger: Library Session ID Generated: d52e3af0-e9d7-40a1-8cbf-2342e342a794
03-01 11:37:56.635 1062 1099 W Looper : Drained
03-01 11:37:56.637 1062 1101 I DisplayManagerService: Display device changed state: "com.oculus.android_panel_app.AndroidPanelLayer-controlbar3", ON
03-01 11:37:56.641 1062 1101 W InputReader: Device has associated, but no associated display id.
03-01 11:37:56.642 1062 1101 I ActivityTaskManager: Override config changes=20005df8 {0.0 ?mcc?mnc ?localeList ?layoutDir sw40dp w800dp h40dp 200dpi nrml long land ?uimode ?night -touch qwerty/v/v -nav/h winConfig={ mBounds=Rect(0, 0 - 1000, 50) mAppBounds=Rect(0, 0 - 1000, 50) mWindowingMode=fullscreen mDisplayWindowingMode=fullscreen mActivityType=undefined mAlwaysOnTop=undefined mRotation=ROTATION_0}} for displayId=21
03-01 11:37:56.636 2469 2469 E DeviceConfigTelemetryLogger: onFailure(exception)
03-01 11:37:56.648 2469 2469 D VrGuardianUserService: DeviceConfig - onFailure - Error: exception
03-01 11:37:56.648 2469 2469 E DeviceConfigTelemetryLogger: onFailure(exception)
03-01 11:37:56.648 2469 2469 D VrGuardianUserService: DeviceConfig - onFailure - Error: exception
03-01 11:37:56.648 2469 2469 E DeviceConfigTelemetryLogger: onFailure(exception)
03-01 11:37:56.648 2469 2469 D VrGuardianUserService: DeviceConfig - onFailure - Error: exception
03-01 11:37:56.650 2469 2469 E DeviceConfigTelemetryLogger: onFailure(exception)
03-01 11:37:56.650 2469 2469 D VrGuardianUserService: DeviceConfig - onFailure - Error: exception
03-01 11:37:56.650 2738 3168 W DeviceConfigUtil: Try to get config param "oculus_presence_service:party_service_in_presence_service" before Device Config has subscribed to the service.
03-01 11:37:56.651 2469 2469 E DeviceConfigTelemetryLogger: onFailure(exception)
03-01 11:37:56.651 2469 2469 D VrGuardianUserService: DeviceConfig - onFailure - Error: exception
03-01 11:37:56.651 2469 2469 D MobileConfigBaseClient: Connected to MobileConfigService
03-01 11:37:56.651 2469 2469 I chatty : uid=10033(com.oculus.guardian) com.oculus.vrguardianservice identical 1 line
03-01 11:37:56.651 2469 2469 D MobileConfigBaseClient: Connected to MobileConfigService
03-01 11:37:56.651 2469 2469 E DeviceConfigTelemetryLogger: onFailure(exception)
03-01 11:37:56.651 2469 2469 D VrGuardianUserService: DeviceConfig - onFailure - Error: exception
03-01 11:37:56.651 2469 2469 D MobileConfigBaseClient: Connected to MobileConfigService
