03-01 11:37:37.466 2469 2469 D VrGuardianUserService: DeviceConfig - onFailure - Error: exception
03-01 11:37:37.466 2469 2469 E DeviceConfigTelemetryLogger: onFailure(exception)
03-01 11:37:37.466 2469 2469 D VrGuardianUserService: DeviceConfig - onFailure - Error: exception
03-01 11:37:37.468 2469 2469 E DeviceConfigTelemetryLogger: onFailure(exception)
03-01 11:37:37.468 2469 2469 D VrGuardianUserService: DeviceConfig - onFailure - Error: exception
03-01 11:37:37.469 2469 2469 E DeviceConfigTelemetryLogger: onFailure(exception)
03-01 11:37:37.469 2469 2469 D VrGuardianUserService: DeviceConfig - onFailure - Error: exception
03-01 11:37:37.469 2469 2469 E DeviceConfigTelemetryLogger: onFailure(exception)
03-01 11:37:37.469 2469 2469 D VrGuardianUserService: DeviceConfig - onFailure - Error: exception
03-01 11:37:37.469 2469 2469 E DeviceConfigTelemetryLogger: onFailure(exception)
03-01 11:37:37.469 2469 2469 D VrGuardianUserService: DeviceConfig - onFailure - Error: exception
03-01 11:37:37.469 2469 2469 E DeviceConfigTelemetryLogger: onFailure(exception)
03-01 11:37:37.469 2469 2469 D VrGuardianUserService: DeviceConfig - onFailure - Error: exception
03-01 11:37:37.470 2469 2469 E DeviceConfigTelemetryLogger: onFailure(exception)
03-01 11:37:37.470 2469 2469 D VrGuardianUserService: DeviceConfig - onFailure - Error: exception
03-01 11:37:37.471 2469 2469 E DeviceConfigTelemetryLogger: onFailure(exception)
03-01 11:37:37.471 2469 2469 D VrGuardianUserService: DeviceConfig - onFailure - Error: exception
03-01 11:37:37.471 2469 2469 E DeviceConfigTelemetryLogger: onFailure(exception)
03-01 11:37:37.471 2469 2469 D VrGuardianUserService: DeviceConfig - onFailure - Error: exception
03-01 11:37:37.472 2469 2469 E DeviceConfigTelemetryLogger: onFailure(exception)
03-01 11:37:37.472 2469 2469 D VrGuardianUserService: DeviceConfig - onFailure - Error: exception
03-01 11:37:37.477 2469 2469 E DeviceConfigTelemetryLogger: onFailure(exception)
03-01 11:37:37.477 2469 2469 D VrGuardianUserService: DeviceConfig - onFailure - Error: exception
03-01 11:37:37.477 2469 2469 E DeviceConfigTelemetryLogger: onFailure(exception)
03-01 11:37:37.478 2469 2469 D VrGuardianUserService: DeviceConfig - onFailure - Error: exception
03-01 11:37:37.478 2469 2469 E DeviceConfigTelemetryLogger: onFailure(exception)
03-01 11:37:37.478 2469 2469 D VrGuardianUserService: DeviceConfig - onFailure - Error: exception
03-01 11:37:37.478 2469 2469 E DeviceConfigTelemetryLogger: onFailure(exception)
03-01 11:37:37.478 2469 2469 D VrGuardianUserService: DeviceConfig - onFailure - Error: exception
03-01 11:37:37.478 2469 2469 E DeviceConfigTelemetryLogger: onFailure(exception)
03-01 11:37:37.478 2469 2469 D VrGuardianUserService: DeviceConfig - onFailure - Error: exception
03-01 11:37:37.478 2469 2469 E DeviceConfigTelemetryLogger: onFailure(exception)
03-01 11:37:37.478 2469 2469 D VrGuardianUserService: DeviceConfig - onFailure - Error: exception
03-01 11:37:37.479 2469 2469 E DeviceConfigTelemetryLogger: onFailure(exception)
03-01 11:37:37.479 2469 2469 D VrGuardianUserService: DeviceConfig - onFailure - Error: exception
03-01 11:37:37.479 2469 2469 E DeviceConfigTelemetryLogger: onFailure(exception)
03-01 11:37:37.479 2469 2469 D VrGuardianUserService: DeviceConfig - onFailure - Error: exception
03-01 11:37:37.481 2469 2469 E DeviceConfigTelemetryLogger: onFailure(exception)
03-01 11:37:37.481 2469 2469 D VrGuardianUserService: DeviceConfig - onFailure - Error: exception
03-01 11:37:37.483 2469 2469 E DeviceConfigTelemetryLogger: onFailure(exception)
03-01 11:37:37.483 2469 2469 D VrGuardianUserService: DeviceConfig - onFailure - Error: exception
03-01 11:37:37.484 2469 2469 E DeviceConfigTelemetryLogger: onFailure(exception)
03-01 11:37:37.484 2469 2469 D VrGuardianUserService: DeviceConfig - onFailure - Error: exception
03-01 11:37:37.484 2469 2469 E DeviceConfigTelemetryLogger: onFailure(exception)
03-01 11:37:37.484 2469 2469 D VrGuardianUserService: DeviceConfig - onFailure - Error: exception
03-01 11:37:37.484 2469 2469 E DeviceConfigTelemetryLogger: onFailure(exception)
03-01 11:37:37.484 2469 2469 D VrGuardianUserService: DeviceConfig - onFailure - Error: exception
03-01 11:37:37.484 2469 2469 E DeviceConfigTelemetryLogger: onFailure(exception)
03-01 11:37:37.484 2469 2469 D VrGuardianUserService: DeviceConfig - onFailure - Error: exception
03-01 11:37:37.485 2469 2469 E DeviceConfigTelemetryLogger: onFailure(exception)
03-01 11:37:37.485 2469 2469 D VrGuardianUserService: DeviceConfig - onFailure - Error: exception
03-01 11:37:37.485 2469 2469 E DeviceConfigTelemetryLogger: onFailure(exception)
03-01 11:37:37.485 2469 2469 D VrGuardianUserService: DeviceConfig - onFailure - Error: exception
03-01 11:37:37.487 2469 2469 E DeviceConfigTelemetryLogger: onFailure(exception)
03-01 11:37:37.487 2469 2469 D VrGuardianUserService: DeviceConfig - onFailure - Error: exception
03-01 11:37:37.490 2469 2469 E DeviceConfigTelemetryLogger: onFailure(exception)
03-01 11:37:37.490 2469 2469 D VrGuardianUserService: DeviceConfig - onFailure - Error: exception
03-01 11:37:37.490 2469 2469 E DeviceConfigTelemetryLogger: onFailure(exception)
03-01 11:37:37.490 2469 2469 D VrGuardianUserService: DeviceConfig - onFailure - Error: exception
03-01 11:37:37.492 2469 2469 E DeviceConfigTelemetryLogger: onFailure(exception)
03-01 11:37:37.492 2469 2469 D VrGuardianUserService: DeviceConfig - onFailure - Error: exception
03-01 11:37:37.492 2469 2469 E DeviceConfigTelemetryLogger: onFailure(exception)
03-01 11:37:37.492 2469 2469 D VrGuardianUserService: DeviceConfig - onFailure - Error: exception
03-01 11:37:37.492 2469 2469 E DeviceConfigTelemetryLogger: onFailure(exception)
03-01 11:37:37.492 2469 2469 D VrGuardianUserService: DeviceConfig - onFailure - Error: exception
03-01 11:37:37.492 2469 2469 E DeviceConfigTelemetryLogger: onFailure(exception)
03-01 11:37:37.492 2469 2469 D VrGuardianUserService: DeviceConfig - onFailure - Error: exception
03-01 11:37:37.494 2469 2469 E DeviceConfigTelemetryLogger: onFailure(exception)
03-01 11:37:37.494 2469 2469 D VrGuardianUserService: DeviceConfig - onFailure - Error: exception
03-01 11:37:37.494 2469 2469 E DeviceConfigTelemetryLogger: onFailure(exception)
03-01 11:37:37.494 2469 2469 D VrGuardianUserService: DeviceConfig - onFailure - Error: exception
03-01 11:37:37.494 2469 2469 E DeviceConfigTelemetryLogger: onFailure(exception)
03-01 11:37:37.494 2469 2469 D VrGuardianUserService: DeviceConfig - onFailure - Error: exception
03-01 11:37:37.494 2469 2469 E DeviceConfigTelemetryLogger: onFailure(exception)
03-01 11:37:37.494 2469 2469 D VrGuardianUserService: DeviceConfig - onFailure - Error: exception
03-01 11:37:37.495 853 1223 I [CT] : Vega:SubmapPublisher: Tracking parent changed from 293f4375-a7dd-9123-7b40-00d038161d4f to 60b01db4-57b6-990d-ecbd-e022c6cb378f -> Publish
03-01 11:37:37.495 2469 2469 E DeviceConfigTelemetryLogger: onFailure(exception)
03-01 11:37:37.495 2469 2469 D VrGuardianUserService: DeviceConfig - onFailure - Error: exception
03-01 11:37:37.495 853 1223 I [CT] : Vega:SubmapPublisher: Start to publish submaps, found candidates: 2
03-01 11:37:37.495 853 1223 E [CT] : SubmapRecords: findSubmapId found 2 submap records hold the same query krHandle
03-01 11:37:37.495 2469 2469 E DeviceConfigTelemetryLogger: onFailure(exception)
03-01 11:37:37.495 2469 2469 D VrGuardianUserService: DeviceConfig - onFailure - Error: exception
03-01 11:37:37.495 2469 2469 E DeviceConfigTelemetryLogger: onFailure(exception)
03-01 11:37:37.495 2469 2469 D VrGuardianUserService: DeviceConfig - onFailure - Error: exception
03-01 11:37:37.501 2469 2469 E DeviceConfigTelemetryLogger: onFailure(exception)
03-01 11:37:37.501 2469 2469 D VrGuardianUserService: DeviceConfig - onFailure - Error: exception
03-01 11:37:37.501 2469 2469 E DeviceConfigTelemetryLogger: onFailure(exception)
03-01 11:37:37.501 2469 2469 D VrGuardianUserService: DeviceConfig - onFailure - Error: exception
03-01 11:37:37.501 2469 2469 E DeviceConfigTelemetryLogger: onFailure(exception)
03-01 11:37:37.502 2469 2469 D VrGuardianUserService: DeviceConfig - onFailure - Error: exception
03-01 11:37:37.502 2469 2469 E DeviceConfigTelemetryLogger: onFailure(exception)
03-01 11:37:37.502 2469 2469 D VrGuardianUserService: DeviceConfig - onFailure - Error: exception
03-01 11:37:37.502 2469 2469 E DeviceConfigTelemetryLogger: onFailure(exception)
03-01 11:37:37.502 2469 2469 D VrGuardianUserService: DeviceConfig - onFailure - Error: exception
03-01 11:37:37.502 5489 5707 I VrApi : FPS=90/90,Prd=31ms,Tear=0,Early=0,Stale=0,Stale2/5/10/max=0/0/0/0,VSnc=0,Lat=-1,Fov=0,CPU4/GPU=2/3,1171/490MHz,OC=FF,TA=0/70/0,SP=N/F/N,Mem=1804MHz,Free=2790MB,PLS=0,Temp=40.5C/0.0C,TW=2.69ms,App=7.49ms,GD=0.00ms,CPU&GPU=11.84ms,LCnt=4(DR0,LM0),GPU%=0.93,CPU%=0.38(W0.43),DSF=1.00,CFL=14.61/19.84
03-01 11:37:37.502 2469 2469 E DeviceConfigTelemetryLogger: onFailure(exception)
03-01 11:37:37.502 2469 2469 D VrGuardianUserService: DeviceConfig - onFailure - Error: exception
03-01 11:37:37.502 2469 2469 E DeviceConfigTelemetryLogger: onFailure(exception)
03-01 11:37:37.502 2469 2469 D VrGuardianUserService: DeviceConfig - onFailure - Error: exception
03-01 11:37:37.503 2469 2469 E DeviceConfigTelemetryLogger: onFailure(exception)
03-01 11:37:37.503 2469 2469 D VrGuardianUserService: DeviceConfig - onFailure - Error: exception
03-01 11:37:37.503 2469 2469 E DeviceConfigTelemetryLogger: onFailure(exception)
03-01 11:37:37.503 2469 2469 D VrGuardianUserService: DeviceConfig - onFailure - Error: exception
03-01 11:37:37.505 2469 2469 E DeviceConfigTelemetryLogger: onFailure(exception)
03-01 11:37:37.505 2469 2469 D VrGuardianUserService: DeviceConfig - onFailure - Error: exception
03-01 11:37:37.505 2469 2469 E DeviceConfigTelemetryLogger: onFailure(exception)
03-01 11:37:37.505 2469 2469 D VrGuardianUserService: DeviceConfig - onFailure - Error: exception
03-01 11:37:37.506 2469 2469 E DeviceConfigTelemetryLogger: onFailure(exception)
03-01 11:37:37.506 2469 2469 D VrGuardianUserService: DeviceConfig - onFailure - Error: exception
03-01 11:37:37.506 2469 2469 E DeviceConfigTelemetryLogger: onFailure(exception)
03-01 11:37:37.506 2469 2469 D VrGuardianUserService: DeviceConfig - onFailure - Error: exception
03-01 11:37:37.506 2469 2469 E DeviceConfigTelemetryLogger: onFailure(exception)
03-01 11:37:37.506 2469 2469 D VrGuardianUserService: DeviceConfig - onFailure - Error: exception
03-01 11:37:37.506 2469 2469 E DeviceConfigTelemetryLogger: onFailure(exception)
03-01 11:37:37.506 2469 2469 D VrGuardianUserService: DeviceConfig - onFailure - Error: exception
03-01 11:37:37.507 2469 2469 E DeviceConfigTelemetryLogger: onFailure(exception)
03-01 11:37:37.507 2469 2469 D VrGuardianUserService: DeviceConfig - onFailure - Error: exception
03-01 11:37:37.508 2469 2469 E DeviceConfigTelemetryLogger: onFailure(exception)
03-01 11:37:37.508 2469 2469 D VrGuardianUserService: DeviceConfig - onFailure - Error: exception
03-01 11:37:37.508 2469 2469 E DeviceConfigTelemetryLogger: onFailure(exception)
03-01 11:37:37.509 2469 2469 D VrGuardianUserService: DeviceConfig - onFailure - Error: exception
03-01 11:37:37.510 2469 2469 E DeviceConfigTelemetryLogger: onFailure(exception)
03-01 11:37:37.510 2469 2469 D VrGuardianUserService: DeviceConfig - onFailure - Error: exception
03-01 11:37:37.510 2469 2469 E DeviceConfigTelemetryLogger: onFailure(exception)
03-01 11:37:37.511 2469 2469 D VrGuardianUserService: DeviceConfig - onFailure - Error: exception
03-01 11:37:37.511 2469 2469 E DeviceConfigTelemetryLogger: onFailure(exception)
03-01 11:37:37.511 2469 2469 D VrGuardianUserService: DeviceConfig - onFailure - Error: exception
03-01 11:37:37.511 2469 2469 E DeviceConfigTelemetryLogger: onFailure(exception)
03-01 11:37:37.511 2469 2469 D VrGuardianUserService: DeviceConfig - onFailure - Error: exception
03-01 11:37:37.511 2469 2469 E DeviceConfigTelemetryLogger: onFailure(exception)
03-01 11:37:37.511 2469 2469 D VrGuardianUserService: DeviceConfig - onFailure - Error: exception
03-01 11:37:37.511 2469 2469 E DeviceConfigTelemetryLogger: onFailure(exception)
03-01 11:37:37.511 2469 2469 D VrGuardianUserService: DeviceConfig - onFailure - Error: exception
03-01 11:37:37.512 2469 2469 E DeviceConfigTelemetryLogger: onFailure(exception)
03-01 11:37:37.512 2469 2469 D VrGuardianUserService: DeviceConfig - onFailure - Error: exception
03-01 11:37:37.512 2469 2469 E DeviceConfigTelemetryLogger: onFailure(exception)
03-01 11:37:37.512 2469 2469 D VrGuardianUserService: DeviceConfig - onFailure - Error: exception
03-01 11:37:37.514 2469 2469 E DeviceConfigTelemetryLogger: onFailure(exception)
03-01 11:37:37.514 2469 2469 D VrGuardianUserService: DeviceConfig - onFailure - Error: exception
03-01 11:37:37.515 2469 2469 E DeviceConfigTelemetryLogger: onFailure(exception)
03-01 11:37:37.515 2469 2469 D VrGuardianUserService: DeviceConfig - onFailure - Error: exception
03-01 11:37:37.515 2469 2469 E DeviceConfigTelemetryLogger: onFailure(exception)
03-01 11:37:37.515 2469 2469 D VrGuardianUserService: DeviceConfig - onFailure - Error: exception
03-01 11:37:37.515 2469 2469 E DeviceConfigTelemetryLogger: onFailure(exception)
03-01 11:37:37.515 2469 2469 D VrGuardianUserService: DeviceConfig - onFailure - Error: exception
03-01 11:37:37.515 2469 2469 E DeviceConfigTelemetryLogger: onFailure(exception)
03-01 11:37:37.515 2469 2469 D VrGuardianUserService: DeviceConfig - onFailure - Error: exception
03-01 11:37:37.515 1968 3455 I MobileConfigFactoryImpl: Created MobileConfigFactoryImpl, unitType:8
03-01 11:37:37.515 2469 2469 E DeviceConfigTelemetryLogger: onFailure(exception)
03-01 11:37:37.516 2469 2469 D VrGuardianUserService: DeviceConfig - onFailure - Error: exception
03-01 11:37:37.516 2469 2469 E DeviceConfigTelemetryLogger: onFailure(exception)
03-01 11:37:37.516 2469 2469 D VrGuardianUserService: DeviceConfig - onFailure - Error: exception
03-01 11:37:37.516 2469 2469 E DeviceConfigTelemetryLogger: onFailure(exception)
03-01 11:37:37.516 2469 2469 D VrGuardianUserService: DeviceConfig - onFailure - Error: exception
03-01 11:37:37.518 2469 2469 E DeviceConfigTelemetryLogger: onFailure(exception)
03-01 11:37:37.518 2469 2469 D VrGuardianUserService: DeviceConfig - onFailure - Error: exception
03-01 11:37:37.519 2469 2469 E DeviceConfigTelemetryLogger: onFailure(exception)
03-01 11:37:37.519 2469 2469 D VrGuardianUserService: DeviceConfig - onFailure - Error: exception
03-01 11:37:37.519 2469 2469 E DeviceConfigTelemetryLogger: onFailure(exception)
03-01 11:37:37.519 2469 2469 D VrGuardianUserService: DeviceConfig - onFailure - Error: exception
03-01 11:37:37.523 2469 2469 E DeviceConfigTelemetryLogger: onFailure(exception)
03-01 11:37:37.523 2469 2469 D VrGuardianUserService: DeviceConfig - onFailure - Error: exception
03-01 11:37:37.523 2469 2469 E DeviceConfigTelemetryLogger: onFailure(exception)
03-01 11:37:37.523 2469 2469 D VrGuardianUserService: DeviceConfig - onFailure - Error: exception
03-01 11:37:37.528 2469 2469 E DeviceConfigTelemetryLogger: onFailure(exception)
03-01 11:37:37.528 2469 2469 D VrGuardianUserService: DeviceConfig - onFailure - Error: exception
03-01 11:37:37.528 2469 2469 E DeviceConfigTelemetryLogger: onFailure(exception)
03-01 11:37:37.528 2469 2469 D VrGuardianUserService: DeviceConfig - onFailure - Error: exception
03-01 11:37:37.561 1968 3457 I MobileConfigFactoryImpl: Created MobileConfigFactoryImpl, unitType:2
03-01 11:37:37.562 1968 3457 I MobileConfigFactoryImpl: Created MobileConfigFactoryImpl, unitType:1
03-01 11:37:37.562 1968 3457 I MobileConfigFactoryImpl: Created MobileConfigFactoryImpl, unitType:2
03-01 11:37:37.562 1968 3457 I MobileConfigFactoryImpl: Created MobileConfigFactoryImpl, unitType:1
03-01 11:37:37.571 1968 3455 E MobileConfigServiceImpl: exception while trying to subscribe
03-01 11:37:37.571 1968 3455 E MobileConfigServiceImpl: java.lang.IllegalArgumentException: account is null
03-01 11:37:37.571 1968 3455 E MobileConfigServiceImpl: at android.accounts.AccountManager.getAuthToken(AccountManager.java:1778)
03-01 11:37:37.571 1968 3455 E MobileConfigServiceImpl: at com.oculus.deviceconfigservice.FRLAuthedHttpClient.A00(:28)
03-01 11:37:37.571 1968 3455 E MobileConfigServiceImpl: at com.oculus.deviceconfigservice.MobileConfigServiceHelper.A00(:254)
03-01 11:37:37.571 1968 3455 E MobileConfigServiceImpl: at X.1mj.(:274)
03-01 11:37:37.571 1968 3455 E MobileConfigServiceImpl: at X.0qq.A00(:66554)
03-01 11:37:37.571 1968 3455 E MobileConfigServiceImpl: at X.0qs.A03(:6)
03-01 11:37:37.571 1968 3455 E MobileConfigServiceImpl: at X.0nT.A01(:51)
03-01 11:37:37.571 1968 3455 E MobileConfigServiceImpl: at X.0nT.A00(:12)
03-01 11:37:37.571 1968 3455 E MobileConfigServiceImpl: at com.oculus.deviceconfigservice.MobileConfigInitModule.A00(:5)
03-01 11:37:37.571 1968 3455 E MobileConfigServiceImpl: at X.0qq.A00(:66751)
03-01 11:37:37.571 1968 3455 E MobileConfigServiceImpl: at X.0qs.A03(:6)
03-01 11:37:37.571 1968 3455 E MobileConfigServiceImpl: at X.0UX.A01(:51)
03-01 11:37:37.571 1968 3455 E MobileConfigServiceImpl: at X.08I.get(:38)
03-01 11:37:37.571 1968 3455 E MobileConfigServiceImpl: at X.1el.run(:4)
03-01 11:37:37.571 1968 3455 E MobileConfigServiceImpl: at com.oculus.deviceconfigservice.MobileConfigServiceHelper$4.call(:2)
03-01 11:37:37.571 1968 3455 E MobileConfigServiceImpl: at X.1NJ.run(:4)
03-01 11:37:37.571 1968 3455 E MobileConfigServiceImpl: at java.util.concurrent.ThreadPoolExecutor.runWorker(ThreadPoolExecutor.java:1167)
03-01 11:37:37.571 1968 3455 E MobileConfigServiceImpl: at java.util.concurrent.ThreadPoolExecutor$Worker.run(ThreadPoolExecutor.java:641)
03-01 11:37:37.571 1968 3455 E MobileConfigServiceImpl: at java.lang.Thread.run(Thread.java:919)
03-01 11:37:37.645 5489 5516 E DeviceConfigClient: Did not get a successful subscribe in time, Trying again.
03-01 11:37:37.645 5489 5516 E c : onFailure(Retry subscribe)
03-01 11:37:37.691 2469 2469 E DeviceConfigTelemetryLogger: onFailure(exception)
03-01 11:37:37.691 2469 2469 D VrGuardianUserService: DeviceConfig - onFailure - Error: exception
03-01 11:37:37.691 2469 2469 E DeviceConfigTelemetryLogger: onFailure(exception)
03-01 11:37:37.691 2469 2469 D VrGuardianUserService: DeviceConfig - onFailure - Error: exception
03-01 11:37:37.693 2469 2469 E DeviceConfigTelemetryLogger: onFailure(exception)
03-01 11:37:37.693 2469 2469 D VrGuardianUserService: DeviceConfig - onFailure - Error: exception
03-01 11:37:37.693 2469 2469 E DeviceConfigTelemetryLogger: onFailure(exception)
03-01 11:37:37.693 2469 2469 D VrGuardianUserService: DeviceConfig - onFailure - Error: exception
03-01 11:37:37.695 2469 2469 E DeviceConfigTelemetryLogger: onFailure(exception)
03-01 11:37:37.695 2469 2469 D VrGuardianUserService: DeviceConfig - onFailure - Error: exception
03-01 11:37:37.701 2469 2469 E DeviceConfigTelemetryLogger: onFailure(exception)
03-01 11:37:37.701 2469 2469 D VrGuardianUserService: DeviceConfig - onFailure - Error: exception
03-01 11:37:37.769 1968 3457 I MobileConfigFactoryImpl: Registered SESSIONLESS factory change listener: ok
03-01 11:37:37.769 1968 3457 I MobileConfigFactoryImpl: Set Java EP Handler
03-01 11:37:37.825 2469 2469 E DeviceConfigTelemetryLogger: onFailure(exception)
03-01 11:37:37.825 5489 6170 D BufferPoolAccessor: bufferpool2 0x76003ace20 : 7(229376 size) total buffers - 6(196608 size) used buffers - 2/9 (recycle/alloc) - 12/813 (fetch/transfer)
03-01 11:37:37.825 2469 2469 D VrGuardianUserService: DeviceConfig - onFailure - Error: exception
03-01 11:37:37.826 843 6171 D BufferPoolAccessor: bufferpool2 0x312094ba30 : 3(196608 size) total buffers - 1(65536 size) used buffers - 402/405 (recycle/alloc) - 3/403 (fetch/transfer)
03-01 11:37:37.827 2469 2469 E DeviceConfigTelemetryLogger: onFailure(exception)
03-01 11:37:37.936 2469 2469 E DeviceConfigTelemetryLogger: onFailure(exception)
03-01 11:37:37.936 2469 2469 D VrGuardianUserService: DeviceConfig - onFailure - Error: exception
03-01 11:37:37.942 2469 2469 E DeviceConfigTelemetryLogger: onFailure(exception)
03-01 11:37:37.942 2469 2469 D VrGuardianUserService: DeviceConfig - onFailure - Error: exception
03-01 11:37:37.947 2469 2469 E DeviceConfigTelemetryLogger: onFailure(exception)
03-01 11:37:38.000 1968 3457 I MobileConfigFactoryImpl: Registered SESSIONBASED factory change listener: ok
03-01 11:37:38.000 1968 3457 I MobileConfigFactoryImpl: Set Java EP Handler
03-01 11:37:38.036 2469 2469 E DeviceConfigTelemetryLogger: onFailure(exception)
03-01 11:37:38.037 2469 2469 D VrGuardianUserService: DeviceConfig - onFailure - Error: exception
03-01 11:37:38.055 2469 2469 E DeviceConfigTelemetryLogger: onFailure(exception)
03-01 11:37:38.055 2469 2469 D VrGuardianUserService: DeviceConfig - onFailure - Error: exception
03-01 11:37:38.061 2469 2469 E DeviceConfigTelemetryLogger: onFailure(exception)
03-01 11:37:38.061 2469 2469 D VrGuardianUserService: DeviceConfig - onFailure - Error: exception
03-01 11:37:38.147 2981 2981 V MIGHTY_LOG: [trace] ForegroundAppProvider: Current Foreground Package - com.oculus.systemux, Class: com.oculus.panelapp.library.LibraryPanelService
03-01 11:37:38.165 1968 3457 I MobileConfigFactoryImpl: Created MobileConfigFactoryImpl, unitType:8
03-01 11:37:38.178 1968 3435 I MobileConfigFactoryImpl: Created MobileConfigFactoryImpl, unitType:2
03-01 11:37:38.179 1968 3435 I MobileConfigFactoryImpl: Created MobileConfigFactoryImpl, unitType:1
03-01 11:37:38.179 1968 3435 I MobileConfigFactoryImpl: Created MobileConfigFactoryImpl, unitType:2
03-01 11:37:38.179 1968 3435 I MobileConfigFactoryImpl: Created MobileConfigFactoryImpl, unitType:1
03-01 11:37:38.179 1968 3457 E MobileConfigServiceImpl: exception while trying to subscribe
03-01 11:37:38.179 1968 3457 E MobileConfigServiceImpl: java.lang.IllegalArgumentException: account is null
03-01 11:37:38.179 1968 3457 E MobileConfigServiceImpl: at android.accounts.AccountManager.getAuthToken(AccountManager.java:1778)
03-01 11:37:38.179 1968 3457 E MobileConfigServiceImpl: at com.oculus.deviceconfigservice.FRLAuthedHttpClient.A00(:28)
03-01 11:37:38.179 1968 3457 E MobileConfigServiceImpl: at com.oculus.deviceconfigservice.MobileConfigServiceHelper.A00(:254)
03-01 11:37:38.179 1968 3457 E MobileConfigServiceImpl: at X.1mj.(:274)
03-01 11:37:38.179 1968 3457 E MobileConfigServiceImpl: at X.0qq.A00(:66554)
03-01 11:37:38.179 1968 3457 E MobileConfigServiceImpl: at X.0qs.A03(:6)
03-01 11:37:38.179 1968 3457 E MobileConfigServiceImpl: at X.0nT.A01(:51)
03-01 11:37:38.179 1968 3457 E MobileConfigServiceImpl: at X.0nT.A00(:12)
03-01 11:37:38.179 1968 3457 E MobileConfigServiceImpl: at com.oculus.deviceconfigservice.MobileConfigInitModule.A00(:5)
03-01 11:37:38.179 1968 3457 E MobileConfigServiceImpl: at X.0qq.A00(:66751)
03-01 11:37:38.179 1968 3457 E MobileConfigServiceImpl: at X.0qs.A03(:6)
03-01 11:37:38.179 1968 3457 E MobileConfigServiceImpl: at X.0UX.A01(:51)
03-01 11:37:38.179 1968 3457 E MobileConfigServiceImpl: at X.08I.get(:38)
03-01 11:37:38.179 1968 3457 E MobileConfigServiceImpl: at X.1el.run(:4)
03-01 11:37:38.179 1968 3457 E MobileConfigServiceImpl: at com.oculus.deviceconfigservice.MobileConfigServiceHelper$4.call(:2)
03-01 11:37:38.179 1968 3457 E MobileConfigServiceImpl: at X.1NJ.run(:4)
03-01 11:37:38.179 1968 3457 E MobileConfigServiceImpl: at java.util.concurrent.ThreadPoolExecutor.runWorker(ThreadPoolExecutor.java:1167)
03-01 11:37:38.179 1968 3457 E MobileConfigServiceImpl: at java.util.concurrent.ThreadPoolExecutor$Worker.run(ThreadPoolExecutor.java:641)
03-01 11:37:38.179 1968 3457 E MobileConfigServiceImpl: at java.lang.Thread.run(Thread.java:919)
03-01 11:37:38.475 2469 2469 E DeviceConfigTelemetryLogger: onFailure(exception)
03-01 11:37:38.475 2469 2469 D VrGuardianUserService: DeviceConfig - onFailure - Error: exception
03-01 11:37:38.476 2469 2469 E DeviceConfigTelemetryLogger: onFailure(exception)
03-01 11:37:38.484 3628 5595 I GkCacheQuerierClient: Loaded GK 'oculus_trex_haptics_killsw' value = false from file cache.
03-01 11:37:38.499 2981 2981 V MIGHTY_LOG: [trace] WifiNetworkProvider: broadcastLatestConnectionInfo: {"capabilities":"[WPA2-PSK-CCMP][RSN-PSK-CCMP][ESS][WPS]","connectedSsid":"woofwoof","connectionQuality":97,"dnsAddresses":["2001:558:feed::2","2001:558:feed::1","75.75.75.75","75.75.76.76"],"frequency":5220,"frequencyString":"5 GHz","gateway":"10.0.0.1","hasInternetAccess":true,"ipAddress":"10.0.0.45","ipv6Addresses":["fe80::19d5:5c3e:50bd:199f","2601:646:400:c780:13b8:6e43:57da:239e","2601:646:400:c780:18a4:74af:2797:39b1"],"linkSpeed":780,"macAddress":"B417A8391F0A","networkSecurityType":"WPA","requiresCaptivePortal":false,"signalStrength":97,"ssid":"woofwoof","state":"CONNECTED","subnetMask":"0.0.0.0","wifiIsEnabled":true}
03-01 11:37:38.503 5489 5707 I VrApi : FPS=90/90,Prd=30ms,Tear=0,Early=0,Stale=0,Stale2/5/10/max=0/0/0/0,VSnc=0,Lat=-1,Fov=0,CPU4/GPU=2/3,1171/490MHz,OC=FF,TA=0/70/0,SP=N/F/N,Mem=1804MHz,Free=2790MB,PLS=0,Temp=40.5C/0.0C,TW=2.87ms,App=6.58ms,GD=0.00ms,CPU&GPU=11.08ms,LCnt=4(DR0,LM0),GPU%=0.87,CPU%=0.37(W0.40),DSF=1.00,CFL=14.55/19.72
03-01 11:37:38.529 2469 2469 E DeviceConfigTelemetryLogger: onFailure(exception)
03-01 11:37:38.529 2469 2469 D VrGuardianUserService: DeviceConfig - onFailure - Error: exception
03-01 11:37:38.535 2469 2469 E DeviceConfigTelemetryLogger: onFailure(exception)
03-01 11:37:38.535 2469 2469 D VrGuardianUserService: DeviceConfig - onFailure - Error: exception
03-01 11:37:38.547 2469 2469 E DeviceConfigTelemetryLogger: onFailure(exception)
03-01 11:37:38.547 2469 2469 D VrGuardianUserService: DeviceConfig - onFailure - Error: exception
03-01 11:37:38.547 2469 2469 E DeviceConfigTelemetryLogger: onFailure(exception)
03-01 11:37:38.561 2469 2469 D VrGuardianUserService: DeviceConfig - onFailure - Error: exception
03-01 11:37:38.569 2469 2469 E DeviceConfigTelemetryLogger: onFailure(exception)
03-01 11:37:38.570 2469 2469 D VrGuardianUserService: DeviceConfig - onFailure - Error: exception
03-01 11:37:38.572 2981 2981 V MIGHTY_LOG: [trace] ServiceMessengerManager: Send message of type 3000 to 0 clients
03-01 11:37:38.607 2469 2469 E DeviceConfigTelemetryLogger: onFailure(exception)
03-01 11:37:38.607 2469 2469 D VrGuardianUserService: DeviceConfig - onFailure - Error: exception
03-01 11:37:38.614 2469 2486 E IPCThreadState: binder thread pool (15 threads) starved for 136 ms
03-01 11:37:38.614 2469 2469 E DeviceConfigTelemetryLogger: onFailure(exception)
03-01 11:37:38.614 2469 2469 D VrGuardianUserService: DeviceConfig - onFailure - Error: exception
03-01 11:37:38.617 2469 2469 E DeviceConfigTelemetryLogger: onFailure(exception)
03-01 11:37:38.618 2469 2469 D VrGuardianUserService: DeviceConfig - onFailure - Error: exception
03-01 11:37:38.640 2469 2469 E DeviceConfigTelemetryLogger: onFailure(exception)
03-01 11:37:38.640 2469 2469 D VrGuardianUserService: DeviceConfig - onFailure - Error: exception
03-01 11:37:38.648 2469 2469 E DeviceConfigTelemetryLogger: onFailure(exception)
03-01 11:37:38.648 2469 2469 D VrGuardianUserService: DeviceConfig - onFailure - Error: exception
03-01 11:37:38.669 2469 2469 E DeviceConfigTelemetryLogger: onFailure(exception)
03-01 11:37:38.670 2469 2469 D VrGuardianUserService: DeviceConfig - onFailure - Error: exception
03-01 11:37:38.671 2469 2469 E DeviceConfigTelemetryLogger: onFailure(exception)
03-01 11:37:38.671 2469 2469 D VrGuardianUserService: DeviceConfig - onFailure - Error: exception
03-01 11:37:38.672 2469 2469 E DeviceConfigTelemetryLogger: onFailure(exception)
03-01 11:37:38.673 2469 2469 D VrGuardianUserService: DeviceConfig - onFailure - Error: exception
03-01 11:37:38.694 1968 3435 I MobileConfigFactoryImpl: Registered SESSIONLESS factory change listener: ok
03-01 11:37:38.694 1968 3435 I MobileConfigFactoryImpl: Set Java EP Handler
03-01 11:37:38.703 2469 2469 E DeviceConfigTelemetryLogger: onFailure(exception)
03-01 11:37:38.703 2469 2469 D VrGuardianUserService: DeviceConfig - onFailure - Error: exception
03-01 11:37:38.703 2469 2469 E DeviceConfigTelemetryLogger: onFailure(exception)
03-01 11:37:38.703 2469 2469 D VrGuardianUserService: DeviceConfig - onFailure - Error: exception
03-01 11:37:38.706 2469 2469 E DeviceConfigTelemetryLogger: onFailure(exception)
03-01 11:37:38.706 2469 2469 D VrGuardianUserService: DeviceConfig - onFailure - Error: exception
03-01 11:37:38.706 2469 2469 E DeviceConfigTelemetryLogger: onFailure(exception)
03-01 11:37:38.706 2469 2469 D VrGuardianUserService: DeviceConfig - onFailure - Error: exception
03-01 11:37:38.706 2469 2469 E DeviceConfigTelemetryLogger: onFailure(exception)
03-01 11:37:38.707 2469 2469 D VrGuardianUserService: DeviceConfig - onFailure - Error: exception
03-01 11:37:38.707 2469 2469 E DeviceConfigTelemetryLogger: onFailure(exception)
03-01 11:37:38.707 2469 2469 D VrGuardianUserService: DeviceConfig - onFailure - Error: exception
03-01 11:37:38.707 2469 2469 E DeviceConfigTelemetryLogger: onFailure(exception)
03-01 11:37:38.707 2469 2469 D VrGuardianUserService: DeviceConfig - onFailure - Error: exception
03-01 11:37:38.711 2469 2469 E DeviceConfigTelemetryLogger: onFailure(exception)
03-01 11:37:38.711 2469 2469 D VrGuardianUserService: DeviceConfig - onFailure - Error: exception
03-01 11:37:38.714 2469 2469 E DeviceConfigTelemetryLogger: onFailure(exception)
03-01 11:37:38.714 2469 2469 D VrGuardianUserService: DeviceConfig - onFailure - Error: exception
03-01 11:37:38.721 2469 2469 E DeviceConfigTelemetryLogger: onFailure(exception)
03-01 11:37:38.721 2469 2469 D VrGuardianUserService: DeviceConfig - onFailure - Error: exception
03-01 11:37:38.734 2469 2469 E DeviceConfigTelemetryLogger: onFailure(exception)
03-01 11:37:38.734 2469 2469 D VrGuardianUserService: DeviceConfig - onFailure - Error: exception
03-01 11:37:38.734 2469 2469 E DeviceConfigTelemetryLogger: onFailure(exception)
03-01 11:37:38.734 2469 2469 D VrGuardianUserService: DeviceConfig - onFailure - Error: exception
03-01 11:37:38.735 2469 2469 E DeviceConfigTelemetryLogger: onFailure(exception)
03-01 11:37:38.735 2469 2469 D VrGuardianUserService: DeviceConfig - onFailure - Error: exception
03-01 11:37:38.736 2469 2469 E DeviceConfigTelemetryLogger: onFailure(exception)
03-01 11:37:38.736 2469 2469 D VrGuardianUserService: DeviceConfig - onFailure - Error: exception
03-01 11:37:38.737 2469 2469 E DeviceConfigTelemetryLogger: onFailure(exception)
03-01 11:37:38.738 2469 2469 D VrGuardianUserService: DeviceConfig - onFailure - Error: exception
03-01 11:37:38.739 2469 2469 E DeviceConfigTelemetryLogger: onFailure(exception)
03-01 11:37:38.739 2469 2469 D VrGuardianUserService: DeviceConfig - onFailure - Error: exception
03-01 11:37:38.739 2469 2469 E DeviceConfigTelemetryLogger: onFailure(exception)
03-01 11:37:38.739 2469 2469 D VrGuardianUserService: DeviceConfig - onFailure - Error: exception
03-01 11:37:38.740 2469 2469 E DeviceConfigTelemetryLogger: onFailure(exception)
03-01 11:37:38.740 2469 2469 D VrGuardianUserService: DeviceConfig - onFailure - Error: exception
03-01 11:37:38.740 2469 2469 E DeviceConfigTelemetryLogger: onFailure(exception)
03-01 11:37:38.740 2469 2469 D VrGuardianUserService: DeviceConfig - onFailure - Error: exception
03-01 11:37:38.743 2469 2469 E DeviceConfigTelemetryLogger: onFailure(exception)
03-01 11:37:38.743 2469 2469 D VrGuardianUserService: DeviceConfig - onFailure - Error: exception
03-01 11:37:38.745 2469 2486 E IPCThreadState: binder thread pool (15 threads) starved for 108 ms
03-01 11:37:38.767 2469 2469 E DeviceConfigTelemetryLogger: onFailure(exception)
03-01 11:37:38.767 2469 2469 D VrGuardianUserService: DeviceConfig - onFailure - Error: exception
03-01 11:37:38.769 2469 2469 E DeviceConfigTelemetryLogger: onFailure(exception)
03-01 11:37:38.769 2469 2469 D VrGuardianUserService: DeviceConfig - onFailure - Error: exception
03-01 11:37:38.769 2469 2469 E DeviceConfigTelemetryLogger: onFailure(exception)
03-01 11:37:38.769 2469 2469 D VrGuardianUserService: DeviceConfig - onFailure - Error: exception
03-01 11:37:38.773 2469 2469 E DeviceConfigTelemetryLogger: onFailure(exception)
03-01 11:37:38.773 2469 2469 D VrGuardianUserService: DeviceConfig - onFailure - Error: exception
03-01 11:37:38.799 2469 2469 E DeviceConfigTelemetryLogger: onFailure(exception)
03-01 11:37:38.799 2469 2469 D VrGuardianUserService: DeviceConfig - onFailure - Error: exception
03-01 11:37:38.799 2469 2469 E DeviceConfigTelemetryLogger: onFailure(exception)
03-01 11:37:38.799 2469 2469 D VrGuardianUserService: DeviceConfig - onFailure - Error: exception
03-01 11:37:38.799 2469 2469 E DeviceConfigTelemetryLogger: onFailure(exception)
03-01 11:37:38.800 2469 2469 D VrGuardianUserService: DeviceConfig - onFailure - Error: exception
03-01 11:37:38.802 2469 2469 E DeviceConfigTelemetryLogger: onFailure(exception)
03-01 11:37:38.802 2469 2469 D VrGuardianUserService: DeviceConfig - onFailure - Error: exception
03-01 11:37:38.812 2469 2469 E DeviceConfigTelemetryLogger: onFailure(exception)
03-01 11:37:38.812 2469 2469 D VrGuardianUserService: DeviceConfig - onFailure - Error: exception
03-01 11:37:38.815 2469 2469 E DeviceConfigTelemetryLogger: onFailure(exception)
03-01 11:37:38.815 2469 2469 D VrGuardianUserService: DeviceConfig - onFailure - Error: exception
03-01 11:37:38.819 2469 6323 D MobileConfigBaseClient: connect()
03-01 11:37:38.849 2469 2469 E DeviceConfigTelemetryLogger: onFailure(exception)
03-01 11:37:38.849 2469 2469 D VrGuardianUserService: DeviceConfig - onFailure - Error: exception
03-01 11:37:38.849 2469 2469 E DeviceConfigTelemetryLogger: onFailure(exception)
03-01 11:37:38.849 2469 2469 D VrGuardianUserService: DeviceConfig - onFailure - Error: exception
03-01 11:37:38.850 2469 2469 E DeviceConfigTelemetryLogger: onFailure(exception)
03-01 11:37:38.850 2469 2469 D VrGuardianUserService: DeviceConfig - onFailure - Error: exception
03-01 11:37:38.861 3628 5595 I GkCacheQuerierClient: Loaded GK 'oculus_trex_haptics_killsw' value = false from file cache.
03-01 11:37:38.867 2738 3168 W DeviceConfigUtil: Try to get config param "oculus_presence_service:party_service_in_presence_service" before Device Config has subscribed to the service.
03-01 11:37:38.882 2469 6323 D MobileConfigBaseClient: awaitService()
03-01 11:37:38.881 2469 2469 E DeviceConfigTelemetryLogger: onFailure(exception)
03-01 11:37:38.882 2469 2469 D VrGuardianUserService: DeviceConfig - onFailure - Error: exception
03-01 11:37:38.883 2469 2469 E DeviceConfigTelemetryLogger: onFailure(exception)
03-01 11:37:38.883 2469 2469 D VrGuardianUserService: DeviceConfig - onFailure - Error: exception
03-01 11:37:38.883 2469 2469 E DeviceConfigTelemetryLogger: onFailure(exception)
03-01 11:37:38.883 2469 2469 D VrGuardianUserService: DeviceConfig - onFailure - Error: exception
03-01 11:37:38.892 2469 2469 E DeviceConfigTelemetryLogger: onFailure(exception)
03-01 11:37:38.893 2469 2469 D VrGuardianUserService: DeviceConfig - onFailure - Error: exception
03-01 11:37:38.893 853 3285 I [CT] : VIPER: Mode=SuperVega,Status=6DoF,TRACKING,Inl=30,Mem=90.8,Jit=0.2mm,Issues(Cam/min=0.0,IMU/min=0.0),Exp=(4.9ms,g=4.0,I=75,Ir=3873.0)(5.1ms,g=5.0,I=101,Ir=4033.4)(5.1ms,g=5.0,I=125,Ir=4983.3)(5.4ms,g=2.0,I=73,Ir=6855.7)
03-01 11:37:38.898 2469 2469 E DeviceConfigTelemetryLogger: onFailure(exception)
03-01 11:37:38.898 2469 2469 D VrGuardianUserService: DeviceConfig - onFailure - Error: exception
03-01 11:37:38.910 2469 2469 E DeviceConfigTelemetryLogger: onFailure(exception)
03-01 11:37:38.910 2469 2469 D VrGuardianUserService: DeviceConfig - onFailure - Error: exception
03-01 11:37:38.913 2469 2469 E DeviceConfigTelemetryLogger: onFailure(exception)
03-01 11:37:38.918 2469 2469 D VrGuardianUserService: DeviceConfig - onFailure - Error: exception
03-01 11:37:38.921 2469 5645 E MobileConfigBaseClient: Timed out trying to connect to MobileConfigService.
03-01 11:37:38.923 2469 5645 E DeviceConfigTelemetryLogger: onFailure(Could not connect to MobileConfigService)
03-01 11:37:38.923 2469 5645 D VrGuardianUserService: DeviceConfig - onFailure - Error: Could not connect to MobileConfigService
03-01 11:37:38.923 2469 2469 E DeviceConfigTelemetryLogger: onFailure(exception)
03-01 11:37:38.923 2469 2469 D VrGuardianUserService: DeviceConfig - onFailure - Error: exception
03-01 11:37:38.924 2469 2469 E DeviceConfigTelemetryLogger: onFailure(exception)
03-01 11:37:38.924 2469 2469 D VrGuardianUserService: DeviceConfig - onFailure - Error: exception
03-01 11:37:38.924 2469 2469 E DeviceConfigTelemetryLogger: onFailure(exception)
03-01 11:37:38.924 2469 2469 D VrGuardianUserService: DeviceConfig - onFailure - Error: exception
03-01 11:37:38.929 2469 2469 E DeviceConfigTelemetryLogger: onFailure(exception)
03-01 11:37:38.929 2469 2469 D VrGuardianUserService: DeviceConfig - onFailure - Error: exception
03-01 11:37:38.930 2469 2469 E DeviceConfigTelemetryLogger: onFailure(exception)
03-01 11:37:38.930 2469 2469 D VrGuardianUserService: DeviceConfig - onFailure - Error: exception
03-01 11:37:38.947 2469 2469 E DeviceConfigTelemetryLogger: onFailure(exception)
03-01 11:37:38.947 2469 2469 D VrGuardianUserService: DeviceConfig - onFailure - Error: exception
03-01 11:37:38.964 2469 2469 E DeviceConfigTelemetryLogger: onFailure(exception)
03-01 11:37:38.964 2469 2469 D VrGuardianUserService: DeviceConfig - onFailure - Error: exception
03-01 11:37:38.970 2469 2469 E DeviceConfigTelemetryLogger: onFailure(exception)
03-01 11:37:38.970 2469 2469 D VrGuardianUserService: DeviceConfig - onFailure - Error: exception
03-01 11:37:38.973 3628 5595 I GkCacheQuerierClient: Loaded GK 'oculus_trex_haptics_killsw' value = false from file cache.
03-01 11:37:38.974 2469 2469 E DeviceConfigTelemetryLogger: onFailure(exception)
03-01 11:37:38.974 2469 2469 D VrGuardianUserService: DeviceConfig - onFailure - Error: exception
03-01 11:37:38.976 2469 2469 E DeviceConfigTelemetryLogger: onFailure(exception)
03-01 11:37:38.976 2469 2469 D VrGuardianUserService: DeviceConfig - onFailure - Error: exception
03-01 11:37:38.981 2469 2469 E DeviceConfigTelemetryLogger: onFailure(exception)
03-01 11:37:38.981 2469 2469 D VrGuardianUserService: DeviceConfig - onFailure - Error: exception
03-01 11:37:38.997 2469 2469 E DeviceConfigTelemetryLogger: onFailure(exception)
03-01 11:37:38.997 2469 2469 D VrGuardianUserService: DeviceConfig - onFailure - Error: exception
03-01 11:37:39.012 2469 2469 E DeviceConfigTelemetryLogger: onFailure(exception)
03-01 11:37:39.012 2469 2469 D VrGuardianUserService: DeviceConfig - onFailure - Error: exception
03-01 11:37:39.019 2469 2469 E DeviceConfigTelemetryLogger: onFailure(exception)
03-01 11:37:39.019 2469 2469 D VrGuardianUserService: DeviceConfig - onFailure - Error: exception
03-01 11:37:39.034 2469 2469 E DeviceConfigTelemetryLogger: onFailure(exception)
03-01 11:37:39.034 2469 2469 D VrGuardianUserService: DeviceConfig - onFailure - Error: exception
03-01 11:37:39.061 2469 2469 E DeviceConfigTelemetryLogger: onFailure(exception)
03-01 11:37:39.061 2469 2469 D VrGuardianUserService: DeviceConfig - onFailure - Error: exception
03-01 11:37:39.070 2469 2469 E DeviceConfigTelemetryLogger: onFailure(exception)
03-01 11:37:39.070 2469 2469 D VrGuardianUserService: DeviceConfig - onFailure - Error: exception
03-01 11:37:39.074 2469 2469 E DeviceConfigTelemetryLogger: onFailure(exception)
03-01 11:37:39.074 2469 2469 D VrGuardianUserService: DeviceConfig - onFailure - Error: exception
03-01 11:37:39.081 2469 2469 E DeviceConfigTelemetryLogger: onFailure(exception)
03-01 11:37:39.081 2469 2469 D VrGuardianUserService: DeviceConfig - onFailure - Error: exception
03-01 11:37:39.099 2469 2469 E DeviceConfigTelemetryLogger: onFailure(exception)
03-01 11:37:39.099 2469 2469 D VrGuardianUserService: DeviceConfig - onFailure - Error: exception
03-01 11:37:39.100 2469 2469 E DeviceConfigTelemetryLogger: onFailure(exception)
03-01 11:37:39.100 2469 2469 D VrGuardianUserService: DeviceConfig - onFailure - Error: exception
03-01 11:37:39.101 2469 2469 E DeviceConfigTelemetryLogger: onFailure(exception)
03-01 11:37:39.101 2469 2469 D VrGuardianUserService: DeviceConfig - onFailure - Error: exception
03-01 11:37:39.101 2469 2469 E DeviceConfigTelemetryLogger: onFailure(exception)
03-01 11:37:39.101 2469 2469 D VrGuardianUserService: DeviceConfig - onFailure - Error: exception
03-01 11:37:39.114 2469 2469 E DeviceConfigTelemetryLogger: onFailure(exception)
03-01 11:37:39.114 2469 2469 D VrGuardianUserService: DeviceConfig - onFailure - Error: exception
03-01 11:37:39.127 2469 2469 E DeviceConfigTelemetryLogger: onFailure(exception)
03-01 11:37:39.127 2469 2469 D VrGuardianUserService: DeviceConfig - onFailure - Error: exception
03-01 11:37:39.131 2469 2469 E DeviceConfigTelemetryLogger: onFailure(exception)
03-01 11:37:39.131 2469 2469 D VrGuardianUserService: DeviceConfig - onFailure - Error: exception
03-01 11:37:39.145 2469 2469 E DeviceConfigTelemetryLogger: onFailure(exception)
03-01 11:37:39.145 2469 2469 D VrGuardianUserService: DeviceConfig - onFailure - Error: exception
03-01 11:37:39.150 2469 2469 E DeviceConfigTelemetryLogger: onFailure(exception)
03-01 11:37:39.150 2469 2469 D VrGuardianUserService: DeviceConfig - onFailure - Error: exception
03-01 11:37:39.150 2469 2469 E DeviceConfigTelemetryLogger: onFailure(exception)
03-01 11:37:39.150 2469 2469 D VrGuardianUserService: DeviceConfig - onFailure - Error: exception
03-01 11:37:39.150 2981 2981 V MIGHTY_LOG: [trace] ForegroundAppProvider: Current Foreground Package - com.oculus.systemux, Class: com.oculus.panelapp.library.LibraryPanelService
03-01 11:37:39.151 2469 2469 E DeviceConfigTelemetryLogger: onFailure(exception)
03-01 11:37:39.151 2469 2469 D VrGuardianUserService: DeviceConfig - onFailure - Error: exception
03-01 11:37:39.151 2469 2469 E DeviceConfigTelemetryLogger: onFailure(exception)
03-01 11:37:39.151 2469 2469 D VrGuardianUserService: DeviceConfig - onFailure - Error: exception
03-01 11:37:39.169 2469 2469 E DeviceConfigTelemetryLogger: onFailure(exception)
03-01 11:37:39.169 2469 2469 D VrGuardianUserService: DeviceConfig - onFailure - Error: exception
03-01 11:37:39.201 2469 5657 E MobileConfigBaseClient: Timed out trying to connect to MobileConfigService.
03-01 11:37:39.208 2469 5513 E MobileConfigBaseClient: Timed out trying to connect to MobileConfigService.
03-01 11:37:39.214 2469 5513 E DeviceConfigTelemetryLogger: onFailure(Could not connect to MobileConfigService)
03-01 11:37:39.214 2469 5513 D VrGuardianUserService: DeviceConfig - onFailure - Error: Could not connect to MobileConfigService
03-01 11:37:39.214 2469 5657 E DeviceConfigTelemetryLogger: onFailure(Could not connect to MobileConfigService)
03-01 11:37:39.214 2469 5657 D VrGuardianUserService: DeviceConfig - onFailure - Error: Could not connect to MobileConfigService
03-01 11:37:39.216 2469 5474 D VrGuardianUserService: SubscribeTask - Attempting Subscribe
03-01 11:37:39.238 2469 5628 D VrGuardianUserService: SubscribeTask - Attempting Subscribe
03-01 11:37:39.268 2469 5037 D VrGuardianUserService: SubscribeTask - Attempting Subscribe
03-01 11:37:39.274 2469 5512 D VrGuardianUserService: SubscribeTask - Attempting Subscribe
03-01 11:37:39.294 2469 5660 E MobileConfigBaseClient: Timed out trying to connect to MobileConfigService.
03-01 11:37:39.302 2469 3681 E IPCThreadState: binder thread pool (15 threads) starved for 139 ms
03-01 11:37:39.306 2469 5654 D VrGuardianUserService: SubscribeTask - Attempting Subscribe
03-01 11:37:39.316 2469 5660 E DeviceConfigTelemetryLogger: onFailure(Could not connect to MobileConfigService)
03-01 11:37:39.317 2469 5476 D VrGuardianUserService: SubscribeTask - Attempting Subscribe
03-01 11:37:39.328 2911 2911 W [SUI] DeviceConfigHelper: Try to get config param nt_event_sampling_rates:oculus_library_tile_visibility before Device Config has subscribed to the service.
03-01 11:37:39.328 2911 2911 E DeviceConfigTelemetryLogger: Can't find param: nt_event_sampling_rates:oculus_library_tile_visibility
03-01 11:37:39.328 2911 2911 E DeviceConfigTelemetryLogger: Invalid input param: nt_event_sampling_rates:oculus_library_tile_visibility
03-01 11:37:39.333 2911 2911 W [SUI] DeviceConfigHelper: Try to get config param nt_event_sampling_rates:oculus_library_tile_visibility before Device Config has subscribed to the service.
03-01 11:37:39.333 2911 2911 E DeviceConfigTelemetryLogger: Can't find param: nt_event_sampling_rates:oculus_library_tile_visibility
03-01 11:37:39.333 2911 2911 E DeviceConfigTelemetryLogger: Invalid input param: nt_event_sampling_rates:oculus_library_tile_visibility
03-01 11:37:39.339 2911 2911 W [SUI] DeviceConfigHelper: Try to get config param nt_event_sampling_rates:oculus_library_tile_visibility before Device Config has subscribed to the service.
03-01 11:37:39.339 2911 2911 E DeviceConfigTelemetryLogger: Can't find param: nt_event_sampling_rates:oculus_library_tile_visibility
03-01 11:37:39.340 2911 2911 E DeviceConfigTelemetryLogger: Invalid input param: nt_event_sampling_rates:oculus_library_tile_visibility
03-01 11:37:39.344 2911 2911 W [SUI] DeviceConfigHelper: Try to get config param nt_event_sampling_rates:oculus_library_tile_visibility before Device Config has subscribed to the service.
03-01 11:37:39.344 2911 2911 E DeviceConfigTelemetryLogger: Can't find param: nt_event_sampling_rates:oculus_library_tile_visibility
03-01 11:37:39.344 2911 2911 E DeviceConfigTelemetryLogger: Invalid input param: nt_event_sampling_rates:oculus_library_tile_visibility
03-01 11:37:39.392 2469 5242 D VrGuardianUserService: SubscribeTask - Attempting Subscribe
03-01 11:37:39.396 2911 2911 W [SUI] DeviceConfigHelper: Try to get config param oculus_systemux:oculus_duc_library_ui_notice_mobile before Device Config has subscribed to the service.
03-01 11:37:39.396 2911 2911 I chatty : uid=10041 com.oculus.systemux:SystemUX identical 1 line
03-01 11:37:39.396 2911 2911 W [SUI] DeviceConfigHelper: Try to get config param oculus_systemux:oculus_duc_library_ui_notice_mobile before Device Config has subscribed to the service.
03-01 11:37:39.396 2469 2469 E DeviceConfigTelemetryLogger: onFailure(exception)
03-01 11:37:39.397 2469 2469 D VrGuardianUserService: DeviceConfig - onFailure - Error: exception
03-01 11:37:39.399 2911 2911 W [SUI] DeviceConfigHelper: Try to get config param oculus_systemux:oculus_duc_library_ui_notice_mobile before Device Config has subscribed to the service.
03-01 11:37:39.407 2911 2911 I chatty : uid=10041 com.oculus.systemux:SystemUX identical 7 lines
03-01 11:37:39.407 2911 2911 W [SUI] DeviceConfigHelper: Try to get config param oculus_systemux:oculus_duc_library_ui_notice_mobile before Device Config has subscribed to the service.
03-01 11:37:39.420 2911 2911 W [SUI] DeviceConfigHelper: Try to get config param nt_event_sampling_rates:oculus_library_tile_visibility before Device Config has subscribed to the service.
03-01 11:37:39.421 2911 2911 E DeviceConfigTelemetryLogger: Can't find param: nt_event_sampling_rates:oculus_library_tile_visibility
03-01 11:37:39.421 2911 2911 E DeviceConfigTelemetryLogger: Invalid input param: nt_event_sampling_rates:oculus_library_tile_visibility
03-01 11:37:39.428 2911 2911 W [SUI] DeviceConfigHelper: Try to get config param nt_event_sampling_rates:oculus_library_tile_visibility before Device Config has subscribed to the service.
03-01 11:37:39.428 2911 2911 E DeviceConfigTelemetryLogger: Can't find param: nt_event_sampling_rates:oculus_library_tile_visibility
03-01 11:37:39.428 2911 2911 E DeviceConfigTelemetryLogger: Invalid input param: nt_event_sampling_rates:oculus_library_tile_visibility
03-01 11:37:39.433 2911 2911 W [SUI] DeviceConfigHelper: Try to get config param nt_event_sampling_rates:oculus_library_tile_visibility before Device Config has subscribed to the service.
03-01 11:37:39.433 2911 2911 E DeviceConfigTelemetryLogger: Can't find param: nt_event_sampling_rates:oculus_library_tile_visibility
03-01 11:37:39.433 2911 2911 E DeviceConfigTelemetryLogger: Invalid input param: nt_event_sampling_rates:oculus_library_tile_visibility
03-01 11:37:39.442 2911 2911 W [SUI] DeviceConfigHelper: Try to get config param nt_event_sampling_rates:oculus_library_tile_visibility before Device Config has subscribed to the service.
03-01 11:37:39.442 2911 2911 E DeviceConfigTelemetryLogger: Can't find param: nt_event_sampling_rates:oculus_library_tile_visibility
03-01 11:37:39.442 2911 2911 E DeviceConfigTelemetryLogger: Invalid input param: nt_event_sampling_rates:oculus_library_tile_visibility
03-01 11:37:39.482 2469 2469 E DeviceConfigTelemetryLogger: onFailure(exception)
03-01 11:37:39.482 2469 2469 D VrGuardianUserService: DeviceConfig - onFailure - Error: exception
03-01 11:37:39.502 2911 2911 W [SUI] DeviceConfigHelper: Try to get config param oculus_systemux:oculus_duc_library_ui_notice_mobile before Device Config has subscribed to the service.
03-01 11:37:39.503 2911 2911 I chatty : uid=10041 com.oculus.systemux:SystemUX identical 1 line
03-01 11:37:39.503 2911 2911 W [SUI] DeviceConfigHelper: Try to get config param oculus_systemux:oculus_duc_library_ui_notice_mobile before Device Config has subscribed to the service.
03-01 11:37:39.529 2981 2981 V MIGHTY_LOG: AnalyticsManager: successfully sent event array to server.
03-01 11:37:39.552 5489 5707 I VrApi : FPS=91/90,Prd=30ms,Tear=0,Early=0,Stale=0,Stale2/5/10/max=0/0/0/0,VSnc=0,Lat=-1,Fov=0,CPU4/GPU=2/3,1171/490MHz,OC=FF,TA=0/70/0,SP=N/F/N,Mem=2092MHz,Free=2790MB,PLS=0,Temp=40.5C/0.0C,TW=2.89ms,App=3.70ms,GD=0.00ms,CPU&GPU=11.13ms,LCnt=4(DR0,LM0),GPU%=0.94,CPU%=0.62(W0.65),DSF=1.00,CFL=14.49/19.91
03-01 11:37:39.570 2911 2911 W [SUI] DeviceConfigHelper: Try to get config param oculus_systemux:oculus_duc_library_ui_notice_mobile before Device Config has subscribed to the service.
