03-01 11:38:07.656 5489 5521 I OpenXR : PostSessionStateChange: XR_SESSION_STATE_VISIBLE -> XR_SESSION_STATE_FOCUSED
03-01 11:38:07.657 1804 1822 I FocusedClientsListener: focus: onTopActivityChanged: com.oculus.shellenv
03-01 11:38:07.657 5489 5521 I Clay : xrPollEvent: SESSION_STATE_CHANGED: VISIBLE
03-01 11:38:07.657 5489 5521 I Clay : xrPollEvent: SESSION_STATE_CHANGED: FOCUSED
03-01 11:38:07.662 3628 3628 D [SEO] ShellEnvOverlayService: Message Handler: onResume
03-01 11:38:07.662 3628 5595 I [SEO] ShellApp: 0xcb189b08 msg: resume
03-01 11:38:07.662 3628 5595 I [SEO] ShellApp: ---------- ShellApp::EnterVrMode() ----------
03-01 11:38:07.662 3628 5595 D [SEO] ShellApplication: setOverlayInputFocus: inputFocus=true shouldSupportIME=true
03-01 11:38:07.662 3628 5595 D [SEO] BaseOverlayService: setOverlayInputFocus : entrypoint - inputFocus=true shouldSupportIME=true
03-01 11:38:07.662 3628 3628 D [SEO] BaseOverlayService: attachServiceWindowView shouldSupportIME:true
03-01 11:38:07.662 3628 5595 I [SEO] ShellTransitionState: Logging ShellTransitionState to dumpsys: {"state":"Foregrounding","timeMillis":"175847"}
03-01 11:38:07.662 3628 5595 I [SEO] VrPlatformOpenXr: Setting clock levels to cpu=2, gpu=4
03-01 11:38:07.662 3628 5595 I [SEO] VrPlatformOpenXr: Setting perf thread tids to main=5595, render=unset
03-01 11:38:07.662 3628 5595 I OpenXR : ------------ xrBeginSession [start] -----------
03-01 11:38:07.663 3628 5595 I VrRuntimeClient: Tracing is disabled
03-01 11:38:07.663 3628 5595 I VrRuntimeClient: SysProp debug mode is disabled on Client side
03-01 11:38:07.666 3292 3292 I [OAO] ShellOverlayServiceJNI: NativeSendOverlayCommand
03-01 11:38:07.664 2632 2659 I [CT] : MIXEDREALITY: MrServiceController: VrFocusManager::Top Activity Changed, topActivity now is: 'com.oculus.shellenv', immersiveApp now is: ''.
03-01 11:38:07.669 3292 3292 I [OAO] ShellOverlayServiceJNI: NativeWake
03-01 11:38:07.669 3292 3292 I [OAO] ShellOverlayMain: WakeVrThread
03-01 11:38:07.669 3292 3292 I [OAO] ShellOverlayMain: WakeVrThread - notifying vr thread
03-01 11:38:07.671 2632 2659 I [CT] : MIXEDREALITY: MrServiceController: VrFocusManager::Top Activity Changed, topActivity now is: 'com.oculus.shellenv', immersiveApp now is: ''.
03-01 11:38:07.674 3292 3292 I [OAO] ShellOverlayServiceJNI: NativeSendOverlayCommand
03-01 11:38:07.674 3292 3292 I [OAO] ShellOverlayServiceJNI: NativeWake
03-01 11:38:07.674 3292 3292 I [OAO] ShellOverlayMain: WakeVrThread
03-01 11:38:07.674 3292 3292 I [OAO] ShellOverlayMain: WakeVrThread - notifying vr thread
03-01 11:38:07.675 3628 5595 D VrApi : targetSDKVersion 29
03-01 11:38:07.675 3292 3447 I [OAO] ShellOverlayApp: 0xca96ab28 msg: overlayCommand:
03-01 11:38:07.675 3292 3447 I [OAO] ShellOverlayApp: command = primaryPackageChanged
03-01 11:38:07.675 3292 3447 I [OAO] ShellOverlayApp: Process_OverlayCommand command : primaryPackageChanged
03-01 11:38:07.675 3292 3447 I [OAO] ShellOverlayApp: UpdatePrimaryPackage forceSilentUpdate:0
03-01 11:38:07.675 3292 3447 I [OAO] ShellOverlayApp: UpdatePrimaryPackage Requested for PackageName:com.oculus.shellenv
03-01 11:38:07.675 3292 3447 I [OAO] OverlayFlowController: OnPrimaryPackageChange primaryPackage:com.oculus.shellenv immersiveAppChanged:0 forceSilentUpdate:0
03-01 11:38:07.675 3292 3447 I [OAO] FlowController: UpdateActiveFlow from OverlayOsDialogFlow to (none)
03-01 11:38:07.675 2632 2659 I [CT] : MIXEDREALITY: MrServiceController: VrFocusManager::Top Activity Changed, topActivity now is: 'com.oculus.shellenv', immersiveApp now is: 'com.oculus.shellenv'.
03-01 11:38:07.675 3292 3447 I [OAO] OverlayOsDialogFlow: Deactivated - Returning from system application
03-01 11:38:07.675 3292 3447 I [OAO] ShellOverlayApp: 0xca96ab28 msg: overlayCommand:
03-01 11:38:07.675 3292 3447 I [OAO] ShellOverlayApp: command = topActivityChanged
03-01 11:38:07.675 3292 3447 I [OAO] ShellOverlayApp: topActivity = com.oculus.shellenv
03-01 11:38:07.675 3292 3447 I [OAO] ShellOverlayApp: Process_OverlayCommand command : topActivityChanged
03-01 11:38:07.675 3292 3447 I [OAO] ShellOverlayApp: Process_OverlayCommand unknown command received: topActivityChanged
03-01 11:38:07.676 862 4000 D VrApiService: refresh-rate changed to 90Hz
03-01 11:38:07.676 3292 3447 I [OAO] ShellOverlayApp: 0xca96ab28 msg: overlayCommand:
03-01 11:38:07.676 3292 3447 I [OAO] ShellOverlayApp: command = topActivityChanged
03-01 11:38:07.676 3292 3447 I [OAO] ShellOverlayApp: topActivity = com.oculus.shellenv
03-01 11:38:07.676 3292 3447 I [OAO] ShellOverlayApp: Process_OverlayCommand command : topActivityChanged
03-01 11:38:07.676 3292 3447 I [OAO] ShellOverlayApp: Process_OverlayCommand unknown command received: topActivityChanged
03-01 11:38:07.676 1804 3096 I PerformanceManager_V0: SetClockLevels: Apply pending clock request change: -1,-1 -> 2,3
03-01 11:38:07.676 1804 3096 I VrRuntimeServer: DisableCompositorClient: 0
03-01 11:38:07.676 1804 3096 I CompositorClientMgr: Disable client 0
03-01 11:38:07.676 1804 3096 I CompositorClientMgr: DisableClient: frame flush required: 1
03-01 11:38:07.676 1804 3090 I Clocks : LockClocks( cpu=2, gpu=3 ) - start
03-01 11:38:07.677 1804 3090 I Clocks : CPU levels [0, 7]
03-01 11:38:07.677 1804 3090 I Clocks : GPU levels [0, 5]
03-01 11:38:07.678 2632 2760 I [CT] : MIXEDREALITY: MrServiceModel: Hibernating caller (most likely rendering thread) due to commandQueue being empty.
03-01 11:38:07.678 3292 3447 I [OAO] ShellOverlayApp: Start sleep timeout. Now:175.863257, Timeout:177.863257
03-01 11:38:07.679 3292 3292 I [OAO] ShellOverlayServiceJNI: NativeSendOverlayCommand
03-01 11:38:07.679 3292 3292 I [OAO] ShellOverlayServiceJNI: NativeWake
03-01 11:38:07.679 3292 3292 I [OAO] ShellOverlayMain: WakeVrThread
03-01 11:38:07.679 3292 3292 I [OAO] ShellOverlayMain: WakeVrThread - notifying vr thread
03-01 11:38:07.680 1804 3090 I Clocks : LockClocks( cpu=2, gpu=3 ) - end (3.2 ms)
03-01 11:38:07.683 765 982 I SDM : HWCDisplayBuiltIn::Validate: Validate +++ enable cac = 0
03-01 11:38:07.692 2632 2760 I [CT] : MIXEDREALITY: MrServiceModel: Hibernating caller (most likely rendering thread) due to commandQueue being empty.
03-01 11:38:07.695 1968 2358 W DeviceConfigUtil: Try to get config param "oculus_shared_social:oculus_messenger_reauth_removal" before Device Config has subscribed to the service.
03-01 11:38:07.697 3628 5595 I VrRuntimeClient: DEVICE MODEL NUMBER = Quest 2
03-01 11:38:07.697 3628 5595 I VrRuntimeClient: DEVICE BUILD NAME = user-49882890235800150
03-01 11:38:07.697 3628 5595 I VrRuntimeClient: DEVICE BUILD TYPE = user
03-01 11:38:07.697 3628 5595 I VrRuntimeClient: DEVICE OS VERSION = 10
03-01 11:38:07.697 3628 5595 I VrRuntimeClient: API LOADER VERSION = 1.0.25
03-01 11:38:07.697 3628 5595 I VrRuntimeClient: RUNTIME API VERSION = 1.0.25
03-01 11:38:07.697 3628 5595 I VrRuntimeClient: RUNTIME VERSION = 49.0.0.207.357 Feb 8 2023 14:43:23 RELEASE
03-01 11:38:07.697 3628 5595 I VrRuntimeClient: APP NAME = Oculus App Runtime
03-01 11:38:07.697 3628 5595 I VrRuntimeClient: APP VERSION = 49.0.0.207.358 versionCode 445158841 internalVersionName 49.0.0.207.358.60c601c6ae0d 2023_02_08_14_42
03-01 11:38:07.697 3628 5595 I VrRuntimeClient: APP VR TYPE = vr_only
03-01 11:38:07.697 3628 5595 I VrRuntimeClient: APP MODE TYPE = VR
03-01 11:38:07.697 3628 5595 I VrRuntimeClient: APP PACKAGE NAME = com.oculus.vrshell
03-01 11:38:07.697 3628 5595 I VrRuntimeClient: APP ACTIVITY CLASS = com.oculus.vrshell.ShellApplication
03-01 11:38:07.697 3628 5595 I Sensor : OSSDKTRACKING Initializing head tracking
03-01 11:38:07.697 3628 5595 I Sensor : OSSDKTRACKING Head tracker != nullpointer 0xc98f17d8, 1
03-01 11:38:07.697 3628 5595 I Sensor : OSSDKTRACKING Initializing controller tracking
03-01 11:38:07.697 3628 5595 I Sensor : OSSDKTRACKING Controller tracker != nullpointer 0xc98f17e0, 1
03-01 11:38:07.697 3628 5595 D BatteryReceiver: Registering battery receiver
03-01 11:38:07.703 5489 6700 I JniUtils: ovr_GetCurrentPackageSignature
03-01 11:38:07.704 5489 6700 I Metrics : device name = Oculus Quest 2
03-01 11:38:07.707 3628 5595 D HeadsetReceiver: getCurrentHeadsetState: false
03-01 11:38:07.707 3628 5595 I DeviceStatus: nativeHeadsetEvent(0)
03-01 11:38:07.708 1804 3046 I Vsync : Vsync 12481: 1 x 11.11 ms (72.03 Hz, at 175.893)
03-01 11:38:07.709 1062 3856 E WindowManager: App trying to use insecure INPUT_FEATURE_NO_INPUT_CHANNEL flag. Ignoring
03-01 11:38:07.710 2632 3940 I [CT] : MIXEDREALITY: MrServiceIPCServer: MrServiceIPCServer::onClientDisconnected
03-01 11:38:07.710 2632 3940 I [CT] : MIXEDREALITY: MrServiceController: clientDisconnected: 3993091945/com.oculus.guardian/com.oculus.vrguardianservice:2469
03-01 11:38:07.710 2632 3940 I [CT] : MIXEDREALITY: ClientsStatus: ====== Connected clients ======
03-01 11:38:07.710 2632 3940 I [CT] : MIXEDREALITY: ClientsStatus: Client: 4014202584/com.oculus.vrshell/com.oculus.vrshell:3628
03-01 11:38:07.710 2632 3940 I [CT] : MIXEDREALITY: ClientsStatus: [Passthrough] -> Paused
03-01 11:38:07.710 2632 3940 I [CT] : MIXEDREALITY: ClientsStatus: [Freespace] -> Destroyed
03-01 11:38:07.710 2632 3940 I [CT] : MIXEDREALITY: ClientsStatus: Client: 3993091945/com.oculus.guardian/com.oculus.vrguardianservice:2469
03-01 11:38:07.710 2632 3940 I [CT] : MIXEDREALITY: ClientsStatus: [Passthrough] -> Paused
03-01 11:38:07.710 2632 3940 I [CT] : MIXEDREALITY: ClientsStatus: [Freespace] -> Created
03-01 11:38:07.710 2632 3940 I [CT] : MIXEDREALITY: ClientsStatus: Client: 1909724337/com.oculus.vrshell/com.oculus.vrshell:Overlay:3292
03-01 11:38:07.710 2632 3940 I [CT] : MIXEDREALITY: ClientsStatus: [Passthrough] -> Paused
03-01 11:38:07.711 2632 3940 I [CT] : MIXEDREALITY: ClientsStatus: [Freespace] -> Destroyed
03-01 11:38:07.711 2632 3940 I [CT] : MIXEDREALITY: ClientsStatus: ===============================
03-01 11:38:07.711 2632 3940 I [CT] : MIXEDREALITY: MrFeatureStatus: Client status changed from Paused to Destroyed.
03-01 11:38:07.711 2632 3940 I [CT] : MIXEDREALITY: MrFeatureStatus: Target status Paused, CurrentStatus: Paused
03-01 11:38:07.711 2632 3940 I [CT] : MIXEDREALITY: MrFeatureStatus: Client status changed from Created to Destroyed.
03-01 11:38:07.711 2632 3940 I [CT] : MIXEDREALITY: MrFeatureStatus: Target status Destroyed, CurrentStatus: Created
03-01 11:38:07.711 2632 3940 I [CT] : MIXEDREALITY: MrFeatureStatus: Operation chain: Destroy
03-01 11:38:07.711 2632 3940 I [CT] : MIXEDREALITY: MrFeatureStatus: Global status changed from Created to Destroyed.
03-01 11:38:07.711 2632 3940 I [CT] : MIXEDREALITY: MrServiceController: Queuing command linked to operation Destroy for feature 1
03-01 11:38:07.711 2632 3940 I [CT] : MIXEDREALITY: MrClientModelStates: unregisterClient: For client 3993091945.
03-01 11:38:07.711 2632 3940 I [CT] : MIXEDREALITY: ClientsStatus: Unregistration from 3993091945/com.oculus.guardian/com.oculus.vrguardianservice:2469 accepted.
03-01 11:38:07.717 2632 2760 I [CT] : MIXEDREALITY: MrServiceController: Executing destroyFreespace on model
03-01 11:38:07.717 2632 2760 I [CT] : MIXEDREALITY: MrServiceModel: destroyFreespace()
03-01 11:38:07.717 2632 2760 I [CT] : MIXEDREALITY: MrRuntimeImpl: onPause: Capability 2 on device 2.
03-01 11:38:07.717 850 2735 I [CT] : MIXEDREALITY: MrSystemServiceIPCServer: ChangeMrCapabilityStatusNonBlocking: client 3841963186, capability 2, command 0.
03-01 11:38:07.717 2632 2760 I [CT] : MIXEDREALITY: MrClientModelStates: MrService: layer -1 was queued for destruction
03-01 11:38:07.717 850 2735 I [CT] : MIXEDREALITY: ServiceLogic: Stopping: IntrusionDetection
03-01 11:38:07.717 850 2735 I [CT] : MIXEDREALITY: MrRuntimeCompute: onStop: IntrusionDetection.
03-01 11:38:07.717 2632 2760 I [CT] : MIXEDREALITY: MrSvc: PassthroughPresentationLayerImpl: Deallocating framebuffers for layer -1.
03-01 11:38:07.717 850 2735 I [CT] : MIXEDREALITY: MrRuntimeCompute: onStop: All capabilities using stereopipeline are off, pausing stereo pipeline.
03-01 11:38:07.717 850 2735 I [CT] : MIXEDREALITY: MrRuntimeCompute: Schedule 'pauseStereoPipeline' with 5s delay
03-01 11:38:07.717 2632 2760 I [CT] : MIXEDREALITY: MrClientModelStates: Cleaned up resources for client 3993091945
03-01 11:38:07.717 850 2735 I [CT] : MIXEDREALITY: ServiceLogic: Schedule 'sendMrEngine: Pause'
03-01 11:38:07.724 5489 5521 I Clay : xrPollEvent: DISPLAY_REFRESH_RATE_CHANGED_FB: 72.000000 -> 90.000000
03-01 11:38:07.724 1804 1804 I ClientMgr: FocusedWindowChanged: found matching overlay client: 4014202584
03-01 11:38:07.724 1804 1804 I ClientMgr: FocusedClient changed.
03-01 11:38:07.724 1804 1804 I ClientMgr: ClientMgr::SetFocusedClient: 3628:com.oculus.vrshell type 1
03-01 11:38:07.724 1804 1804 I ClientMgr: SetFocusedPackageName - packageName com.oculus.vrshell processName com.oculus.vrshell clientId 4014202584 clientPid 3628
03-01 11:38:07.724 1804 1804 I VrRuntimeService: RuntimeIPC: SendFocusChangeEventToAllClients: PostClientEvent SUCCESS: com.oculus.shellenv:com.oculus.shellenv:5489, com.oculus.vrshell, com.oculus.vrshell
03-01 11:38:07.724 1804 1804 I VrRuntimeService: RuntimeIPC: SendFocusChangeEventToAllClients: PostClientEvent SUCCESS: com.oculus.vrshell:com.oculus.vrshell:Overlay:3292, com.oculus.vrshell, com.oculus.vrshell
03-01 11:38:07.724 1804 1804 I VrRuntimeService: RuntimeIPC: SendFocusChangeEventToAllClients: PostClientEvent SUCCESS: com.oculus.mrservice:com.oculus.mrservice:2632, com.oculus.vrshell, com.oculus.vrshell
03-01 11:38:07.725 1804 1804 I VrRuntimeService: RuntimeIPC: SendFocusChangeEventToAllClients: PostClientEvent SUCCESS: com.oculus.vrshell:com.oculus.vrshell:3628, com.oculus.vrshell, com.oculus.vrshell
03-01 11:38:07.725 1804 1804 I VrRuntimeService: RuntimeIPC: SendFocusChangeEventToAllClients: PostClientEvent SUCCESS: com.oculus.guardian:com.oculus.vrguardianservice:2469, com.oculus.vrshell, com.oculus.vrshell
03-01 11:38:07.725 1804 3099 I FocusedClientsListener: focus: onVrFocusChanged(focusType=0): 5
03-01 11:38:07.725 1804 3099 I FocusedClientsListener: focus: pid=2632
03-01 11:38:07.725 1804 3099 I FocusedClientsListener: focus: pid=5489
03-01 11:38:07.725 1804 3099 I FocusedClientsListener: focus: pid=3292
03-01 11:38:07.725 1804 3099 I FocusedClientsListener: focus: pid=3628
03-01 11:38:07.725 1804 3099 I FocusedClientsListener: focus: pid=2469
03-01 11:38:07.725 1804 3112 I VrRuntimeService: RuntimeIPC: IPC_SYSTEM_EVENT_CLIENT_DISCONNECTED_EXT: com.oculus.vrguardianservice
03-01 11:38:07.725 1804 3112 I ClientMgr: ClientMgr::DestroyClient: 2469:com.oculus.guardian
03-01 11:38:07.725 1804 3112 I ClientMgr: ClientMgr::DestroyClient: 2469:com.oculus.guardian is enabled for rendering on destroy.
03-01 11:38:07.725 1804 3112 I ClientMgr: ClientMgr::EnableRendering 2469:com.oculus.guardian : type 2 comp-id 4: disable
03-01 11:38:07.725 1804 3112 I VrRuntimeServer: DisableCompositorClient: 4
03-01 11:38:07.725 1804 3112 I CompositorClientMgr: Disable client 4
03-01 11:38:07.725 1804 3112 I CompositorClientMgr: DisableClient: frame flush required: 1
03-01 11:38:07.725 1804 1820 I FocusedClientsListener: focus: onVrFocusChanged(focusType=1): 5
03-01 11:38:07.725 1804 1820 I FocusedClientsListener: focus: pid=2632
03-01 11:38:07.725 1804 1820 I FocusedClientsListener: focus: pid=5489
03-01 11:38:07.725 1804 1820 I FocusedClientsListener: focus: pid=3292
03-01 11:38:07.725 1804 1820 I FocusedClientsListener: focus: pid=3628
03-01 11:38:07.725 1804 1820 I FocusedClientsListener: focus: pid=2469
03-01 11:38:07.725 1804 3259 I FocusedClientsListener: focus: onVrFocusChanged(focusType=2): 1
03-01 11:38:07.725 1804 3259 I FocusedClientsListener: focus: pid=5489
03-01 11:38:07.729 3292 3447 I [OAO] ShellOverlayApp: 0xca96ab28 msg: overlayCommand:
03-01 11:38:07.729 3292 3447 I [OAO] ShellOverlayApp: command = topActivityChanged
03-01 11:38:07.729 3292 3447 I [OAO] ShellOverlayApp: topActivity = com.oculus.shellenv
03-01 11:38:07.729 3292 3447 I [OAO] ShellOverlayApp: Process_OverlayCommand command : topActivityChanged
03-01 11:38:07.729 3292 3447 I [OAO] ShellOverlayApp: Process_OverlayCommand unknown command received: topActivityChanged
03-01 11:38:07.730 1804 3112 I ClientMgr: ClientMgr::DestroyClient Destroying 1 swapchain(s) for 2469:com.oculus.guardian.
03-01 11:38:07.730 1804 3112 I ClientMgr: ClientMgr::DestroyClient: non-deferred ShutdownResources: 578 == 578
03-01 11:38:07.731 1804 3112 I VrRuntimeServer: UnRegisterCompositorClient client(4)
03-01 11:38:07.731 1804 3112 I ClientMgr: RemoveClient: com.oculus.guardian:com.oculus.vrguardianservice:2469
03-01 11:38:07.731 1804 3112 I UnifiedTelemetryWrapper: Stopped UT session render:com.oculus.vrguardianservice
03-01 11:38:07.731 1804 3112 I UnifiedTelemetryWrapper: Stopped UT session lifetime:com.oculus.vrguardianservice
03-01 11:38:07.735 1968 3457 I MobileConfigFactoryImpl: Created MobileConfigFactoryImpl, unitType:8
03-01 11:38:07.737 1968 2463 I OVRMediaServiceManager: Sending onAppStart (com.oculus.shellenv) to SocialPlatform (com.oculus.socialplatform)
03-01 11:38:07.744 1903 1927 D IPCDataChannelAndroidBinder [RUNTIMEIPC]: RuntimeIPC: ConnectionDiedInfo: onBinderDied: 1, com.oculus.guardian:com.oculus.vrguardianservice:2469
03-01 11:38:07.744 1903 1927 D IPCDataChannelServer [RUNTIMEIPC]: Disconnected: 3993091945, com.oculus.guardian:com.oculus.vrguardianservice:2469
03-01 11:38:07.745 1903 1927 E IPCThreadState: attemptIncStrongHandle(43): Not supported
03-01 11:38:07.747 1062 3763 W ActivityManager: Failed delivering service starts
03-01 11:38:07.747 1062 3763 W ActivityManager: android.os.DeadObjectException
03-01 11:38:07.747 1062 3763 W ActivityManager: at android.os.BinderProxy.transactNative(Native Method)
03-01 11:38:07.747 1062 3763 W ActivityManager: at android.os.BinderProxy.transact(BinderProxy.java:511)
03-01 11:38:07.747 1062 3763 W ActivityManager: at android.app.IApplicationThread$Stub$Proxy.scheduleServiceArgs(IApplicationThread.java:1553)
03-01 11:38:07.747 1062 3763 W ActivityManager: at com.android.server.am.ActiveServices.sendServiceArgsLocked(ActiveServices.java:2896)
03-01 11:38:07.747 1062 3763 W ActivityManager: at com.android.server.am.ActiveServices.bringUpServiceLocked(ActiveServices.java:2574)
03-01 11:38:07.747 1062 3763 W ActivityManager: at com.android.server.am.ActiveServices.startServiceInnerLocked(ActiveServices.java:762)
03-01 11:38:07.747 1062 3763 W ActivityManager: at com.android.server.am.ActiveServices.startServiceLocked(ActiveServices.java:701)
03-01 11:38:07.747 1062 3763 W ActivityManager: at com.android.server.am.ActiveServices.startServiceLocked(ActiveServices.java:462)
03-01 11:38:07.747 1062 3763 W ActivityManager: at com.android.server.am.ActivityManagerService.startService(ActivityManagerService.java:14263)
03-01 11:38:07.747 1062 3763 W ActivityManager: at android.app.ContextImpl.startServiceCommon(ContextImpl.java:1613)
03-01 11:38:07.747 1062 3763 W ActivityManager: at android.app.ContextImpl.startServiceAsUser(ContextImpl.java:1600)
03-01 11:38:07.747 1062 3763 W ActivityManager: at oculus.internal.RuntimeIpcHelperService$1.startService(RuntimeIpcHelperService.java:48)
03-01 11:38:07.747 1062 3763 W ActivityManager: at oculus.internal.IRuntimeIpcHelper$Stub.onTransact(IRuntimeIpcHelper.java:77)
03-01 11:38:07.747 1062 3763 W ActivityManager: at android.os.Binder.execTransactInternal(Binder.java:1021)
03-01 11:38:07.747 1062 3763 W ActivityManager: at android.os.Binder.execTransact(Binder.java:994)
03-01 11:38:07.747 2632 2760 W RuntimeIPCClient [RUNTIMEIPC]: EnsureServerConnection: Reconnecting: Client: com.oculus.mrservice:com.oculus.mrservice:2632, Server: com.oculus.guardian:com.oculus.vrguardianservice (guardianserver)
03-01 11:38:07.748 2632 2760 W IPCDataChannelAndroidBinder [RUNTIMEIPC]: MakeRequest: Transact failed
03-01 11:38:07.748 2632 2760 D IPCDataChannelAndroidBinder [RUNTIMEIPC]: RuntimeIPC: MainBinderDiedInfo: onBinderDied: 0
03-01 11:38:07.748 2632 2760 W RPCClientHelper [RUNTIMEIPC]: jptest: CallServerRPC: MakeRequest failed.
03-01 11:38:07.748 2632 2760 D RuntimeIPCClient [RUNTIMEIPC]: TryToGetIPCResourcesFromServer: Server hasn't registered yet: Client: com.oculus.mrservice:com.oculus.mrservice:2632, Server: com.oculus.guardian:com.oculus.vrguardianservice (guardianserver)
03-01 11:38:07.748 1062 1525 W ActivityManager: Failed delivering service starts
03-01 11:38:07.748 1062 1525 W ActivityManager: android.os.DeadObjectException
03-01 11:38:07.748 1062 1525 W ActivityManager: at android.os.BinderProxy.transactNative(Native Method)
03-01 11:38:07.748 1062 1525 W ActivityManager: at android.os.BinderProxy.transact(BinderProxy.java:511)
03-01 11:38:07.748 1062 1525 W ActivityManager: at android.app.IApplicationThread$Stub$Proxy.scheduleServiceArgs(IApplicationThread.java:1553)
03-01 11:38:07.748 1062 1525 W ActivityManager: at com.android.server.am.ActiveServices.sendServiceArgsLocked(ActiveServices.java:2896)
03-01 11:38:07.748 1062 1525 W ActivityManager: at com.android.server.am.ActiveServices.bringUpServiceLocked(ActiveServices.java:2574)
03-01 11:38:07.748 1062 1525 W ActivityManager: at com.android.server.am.ActiveServices.startServiceInnerLocked(ActiveServices.java:762)
03-01 11:38:07.748 1062 1525 W ActivityManager: at com.android.server.am.ActiveServices.startServiceLocked(ActiveServices.java:701)
03-01 11:38:07.748 1062 1525 W ActivityManager: at com.android.server.am.ActiveServices.startServiceLocked(ActiveServices.java:462)
03-01 11:38:07.748 1062 1525 W ActivityManager: at com.android.server.am.ActivityManagerService.startService(ActivityManagerService.java:14263)
03-01 11:38:07.748 1062 1525 W ActivityManager: at android.app.ContextImpl.startServiceCommon(ContextImpl.java:1613)
03-01 11:38:07.748 1062 1525 W ActivityManager: at android.app.ContextImpl.startServiceAsUser(ContextImpl.java:1600)
03-01 11:38:07.748 1062 1525 W ActivityManager: at oculus.internal.RuntimeIpcHelperService$1.startService(RuntimeIpcHelperService.java:48)
03-01 11:38:07.748 1062 1525 W ActivityManager: at oculus.internal.IRuntimeIpcHelper$Stub.onTransact(IRuntimeIpcHelper.java:77)
03-01 11:38:07.748 1062 1525 W ActivityManager: at android.os.Binder.execTransactInternal(Binder.java:1021)
03-01 11:38:07.748 1062 1525 W ActivityManager: at android.os.Binder.execTransact(Binder.java:994)
03-01 11:38:07.748 5489 5521 W RuntimeIPCClient [RUNTIMEIPC]: EnsureServerConnection: Reconnecting: Client: com.oculus.shellenv:com.oculus.shellenv:5489, Server: com.oculus.guardian:com.oculus.vrguardianservice (guardianserver)
03-01 11:38:07.749 5489 5521 W IPCDataChannelAndroidBinder [RUNTIMEIPC]: MakeRequest: Transact failed
03-01 11:38:07.749 5489 5521 D IPCDataChannelAndroidBinder [RUNTIMEIPC]: RuntimeIPC: MainBinderDiedInfo: onBinderDied: 0
03-01 11:38:07.749 5489 5521 W RPCClientHelper [RUNTIMEIPC]: jptest: CallServerRPC: MakeRequest failed.
03-01 11:38:07.749 5489 5521 D RuntimeIPCClient [RUNTIMEIPC]: TryToGetIPCResourcesFromServer: Server hasn't registered yet: Client: com.oculus.shellenv:com.oculus.shellenv:5489, Server: com.oculus.guardian:com.oculus.vrguardianservice (guardianserver)
03-01 11:38:07.752 1062 2115 W ActivityManager: Failed delivering service starts
03-01 11:38:07.752 1062 2115 W ActivityManager: android.os.DeadObjectException
03-01 11:38:07.752 1062 2115 W ActivityManager: at android.os.BinderProxy.transactNative(Native Method)
03-01 11:38:07.752 1062 2115 W ActivityManager: at android.os.BinderProxy.transact(BinderProxy.java:511)
03-01 11:38:07.752 1062 2115 W ActivityManager: at android.app.IApplicationThread$Stub$Proxy.scheduleServiceArgs(IApplicationThread.java:1553)
03-01 11:38:07.752 1062 2115 W ActivityManager: at com.android.server.am.ActiveServices.sendServiceArgsLocked(ActiveServices.java:2896)
03-01 11:38:07.752 1062 2115 W ActivityManager: at com.android.server.am.ActiveServices.bringUpServiceLocked(ActiveServices.java:2574)
03-01 11:38:07.752 1062 2115 W ActivityManager: at com.android.server.am.ActiveServices.startServiceInnerLocked(ActiveServices.java:762)
03-01 11:38:07.752 1062 2115 W ActivityManager: at com.android.server.am.ActiveServices.startServiceLocked(ActiveServices.java:701)
03-01 11:38:07.752 1062 2115 W ActivityManager: at com.android.server.am.ActiveServices.startServiceLocked(ActiveServices.java:462)
03-01 11:38:07.752 1062 2115 W ActivityManager: at com.android.server.am.ActivityManagerService.startService(ActivityManagerService.java:14263)
03-01 11:38:07.752 1062 2115 W ActivityManager: at android.app.ContextImpl.startServiceCommon(ContextImpl.java:1613)
03-01 11:38:07.752 1062 2115 W ActivityManager: at android.app.ContextImpl.startServiceAsUser(ContextImpl.java:1600)
03-01 11:38:07.752 1062 2115 W ActivityManager: at oculus.internal.RuntimeIpcHelperService$1.startService(RuntimeIpcHelperService.java:48)
03-01 11:38:07.752 1062 2115 W ActivityManager: at oculus.internal.IRuntimeIpcHelper$Stub.onTransact(IRuntimeIpcHelper.java:77)
03-01 11:38:07.752 1062 2115 W ActivityManager: at android.os.Binder.execTransactInternal(Binder.java:1021)
03-01 11:38:07.752 1062 2115 W ActivityManager: at android.os.Binder.execTransact(Binder.java:994)
03-01 11:38:07.754 3628 3628 D [SEO] BaseOverlayService: setOverlayInputFocus : completed - inputFocus=true shouldSupportIME=true actionTaken:true
03-01 11:38:07.759 3628 5595 I VrRuntimeClient: SetCompositorClientFeatureFlag ClientFeatureFlag 0
03-01 11:38:07.759 3628 5595 I LogTimer: CPUTIME: VrRuntimeClient_BeginSession took 96.6732 ms
03-01 11:38:07.761 3292 3447 W RuntimeIPCClient [RUNTIMEIPC]: EnsureServerConnection: Reconnecting: Client: com.oculus.vrshell:com.oculus.vrshell:Overlay:3292, Server: com.oculus.guardian:com.oculus.vrguardianservice (guardianserver)
03-01 11:38:07.763 3628 5595 I ClientInputInterface: DEADRECKONING SetControllerTrackingExtendedDeadreckoning 0
03-01 11:38:07.763 3628 5595 I ClientInputSettings: HANDTRACKING package name is com.oculus.vrshell
03-01 11:38:07.764 694 694 I Zygote : Process 2469 exited due to signal 9 (Killed)
03-01 11:38:07.766 851 1295 D IPCDataChannelAndroidBinder [RUNTIMEIPC]: RuntimeIPC: ConnectionDiedInfo: onBinderDied: 0, com.oculus.guardian:com.oculus.vrguardianservice:2469
03-01 11:38:07.766 2911 6116 D IPCDataChannelAndroidBinder [RUNTIMEIPC]: RuntimeIPC: MainBinderDiedInfo: onBinderDied: 1
03-01 11:38:07.766 3628 3650 D IPCDataChannelAndroidBinder [RUNTIMEIPC]: RuntimeIPC: MainBinderDiedInfo: onBinderDied: 1
03-01 11:38:07.766 851 1295 W ProcessHealthMonitor [RUNTIMEIPC]: ProcessHealthMonitor: ProcessCrash: com.oculus.vrguardianservice
03-01 11:38:07.766 3628 3650 E .oculus.vrshel: unlinkToDeath: removed reference to death recipient but unlink failed.
03-01 11:38:07.766 2911 6116 E stemux:SystemU: unlinkToDeath: removed reference to death recipient but unlink failed.
03-01 11:38:07.766 851 1295 I RuntimeIPCService [RUNTIMEIPC]: DestroyBrokerConnection: com.oculus.guardian:com.oculus.vrguardianservice:2469
03-01 11:38:07.766 851 1295 E IPCThreadState: attemptIncStrongHandle(23): Not supported
03-01 11:38:07.766 3292 3322 D IPCDataChannelAndroidBinder [RUNTIMEIPC]: RuntimeIPC: MainBinderDiedInfo: onBinderDied: 1
03-01 11:38:07.766 3292 3322 E vrshell:Overla: unlinkToDeath: removed reference to death recipient but unlink failed.
03-01 11:38:07.767 3292 3447 W ClientProcessConnector [RUNTIMEIPC]: GetProcessConnection: Re-establishing connection: com.oculus.guardian:com.oculus.vrguardianservice
03-01 11:38:07.767 853 3269 I TrackingService: Unregistering client 'com.oculus.guardian' by binder death
03-01 11:38:07.767 853 1041 D IPCDataChannelAndroidBinder [RUNTIMEIPC]: RuntimeIPC: ConnectionDiedInfo: onBinderDied: 1, com.oculus.guardian:com.oculus.vrguardianservice:2469
03-01 11:38:07.767 853 1041 D IPCDataChannelServer [RUNTIMEIPC]: Disconnected: 3993091945, com.oculus.guardian:com.oculus.vrguardianservice:2469
03-01 11:38:07.767 853 1041 E IPCThreadState: attemptIncStrongHandle(23): Not supported
03-01 11:38:07.767 3292 3447 W ClientProcessConnector [RUNTIMEIPC]: GetProcessConnection: ConnectInfo invalid: com.oculus.guardian:com.oculus.vrguardianservice (guardianserver)
03-01 11:38:07.767 3292 3447 D RuntimeIPCClient [RUNTIMEIPC]: TryToGetIPCResourcesFromServer: Server process hasn't registered yet: Client: com.oculus.vrshell:com.oculus.vrshell:Overlay:3292, Server: com.oculus.guardian:com.oculus.vrguardianservice (guardianserver)
03-01 11:38:07.768 1062 1112 I libprocessgroup: Successfully killed process cgroup uid 10033 pid 2469 in 457ms
03-01 11:38:07.768 3292 3322 D IPCDataChannelAndroidBinder [RUNTIMEIPC]: RuntimeIPC: ConnectionDiedInfo: onBinderDied: 1, com.oculus.guardian:com.oculus.vrguardianservice:2469
03-01 11:38:07.768 3292 3322 D IPCDataChannelServer [RUNTIMEIPC]: Disconnected: 3993091945, com.oculus.guardian:com.oculus.vrguardianservice:2469
03-01 11:38:07.768 3292 3322 E IPCThreadState: attemptIncStrongHandle(65): Not supported
03-01 11:38:07.768 2632 3799 D IPCDataChannelAndroidBinder [RUNTIMEIPC]: RuntimeIPC: ConnectionDiedInfo: onBinderDied: 1, com.oculus.guardian:com.oculus.vrguardianservice:2469
03-01 11:38:07.769 2632 3799 D IPCDataChannelServer [RUNTIMEIPC]: Disconnected: 3993091945, com.oculus.guardian:com.oculus.vrguardianservice:2469
03-01 11:38:07.769 2632 3799 E IPCThreadState: attemptIncStrongHandle(40): Not supported
03-01 11:38:07.769 1804 3259 D IPCDataChannelAndroidBinder [RUNTIMEIPC]: RuntimeIPC: ConnectionDiedInfo: onBinderDied: 1, com.oculus.guardian:com.oculus.vrguardianservice:2469
03-01 11:38:07.769 1804 3259 D IPCDataChannelServer [RUNTIMEIPC]: Disconnected: 3993091945, com.oculus.guardian:com.oculus.vrguardianservice:2469
03-01 11:38:07.769 1804 3259 E IPCThreadState: attemptIncStrongHandle(49): Not supported
03-01 11:38:07.793 2738 5567 W DeviceConfigUtil: Try to get config param "oculus_social_platform_deviceconfig:oculus_parties_remove_party_enforcer" before Device Config has subscribed to the service.
03-01 11:38:07.799 2738 5567 W DeviceConfigUtil: Try to get config param "oculus_presence_service:party_service_in_presence_service" before Device Config has subscribed to the service.
03-01 11:38:07.799 2738 5567 E DeviceConfigTelemetryLogger: Calling getDeviceBoolean(oculus_presence_service:party_service_in_presence_service) when not subscribed. Return value from local cache.
03-01 11:38:07.827 1804 3046 I CompositorVR: SetSchedFifo( tid=5521, pol=2, pri=0 ) succeeded
03-01 11:38:07.827 1804 3046 I CompositorVR: SetSchedFifo( tid=6702, pol=2, pri=0 ) succeeded
03-01 11:38:07.828 1804 3046 I CompositorVR: SetSchedFifo( tid=2760, pol=2, pri=0 ) succeeded
03-01 11:38:07.849 2632 2760 D RuntimeIPCClient [RUNTIMEIPC]: TryToGetIPCResourcesFromServer: Server process hasn't registered yet: Client: com.oculus.mrservice:com.oculus.mrservice:2632, Server: com.oculus.guardian:com.oculus.vrguardianservice (guardianserver)
03-01 11:38:07.849 5489 5521 D RuntimeIPCClient [RUNTIMEIPC]: TryToGetIPCResourcesFromServer: Server process hasn't registered yet: Client: com.oculus.shellenv:com.oculus.shellenv:5489, Server: com.oculus.guardian:com.oculus.vrguardianservice (guardianserver)
03-01 11:38:07.868 3292 3447 D RuntimeIPCClient [RUNTIMEIPC]: TryToGetIPCResourcesFromServer: Server process hasn't registered yet: Client: com.oculus.vrshell:com.oculus.vrshell:Overlay:3292, Server: com.oculus.guardian:com.oculus.vrguardianservice (guardianserver)
03-01 11:38:07.985 1062 4125 E IPCThreadState: binder thread pool (31 threads) starved for 151 ms
03-01 11:38:08.049 1968 2359 W OVRLibrary: null cursor received for query content://com.oculus.ocms.library/apps/com.oculus.vrshell
03-01 11:38:08.049 5489 5521 D RuntimeIPCClient [RUNTIMEIPC]: TryToGetIPCResourcesFromServer: Server process hasn't registered yet: Client: com.oculus.shellenv:com.oculus.shellenv:5489, Server: com.oculus.guardian:com.oculus.vrguardianservice (guardianserver)
03-01 11:38:08.049 2632 2760 D RuntimeIPCClient [RUNTIMEIPC]: TryToGetIPCResourcesFromServer: Server process hasn't registered yet: Client: com.oculus.mrservice:com.oculus.mrservice:2632, Server: com.oculus.guardian:com.oculus.vrguardianservice (guardianserver)
03-01 11:38:08.069 3292 3447 D RuntimeIPCClient [RUNTIMEIPC]: TryToGetIPCResourcesFromServer: Server process hasn't registered yet: Client: com.oculus.vrshell:com.oculus.vrshell:Overlay:3292, Server: com.oculus.guardian:com.oculus.vrguardianservice (guardianserver)
03-01 11:38:08.350 5489 5521 D RuntimeIPCClient [RUNTIMEIPC]: TryToGetIPCResourcesFromServer: Server process hasn't registered yet: Client: com.oculus.shellenv:com.oculus.shellenv:5489, Server: com.oculus.guardian:com.oculus.vrguardianservice (guardianserver)
03-01 11:38:08.350 2632 2760 D RuntimeIPCClient [RUNTIMEIPC]: TryToGetIPCResourcesFromServer: Server process hasn't registered yet: Client: com.oculus.mrservice:com.oculus.mrservice:2632, Server: com.oculus.guardian:com.oculus.vrguardianservice (guardianserver)
03-01 11:38:08.369 3292 3447 D RuntimeIPCClient [RUNTIMEIPC]: TryToGetIPCResourcesFromServer: Server process hasn't registered yet: Client: com.oculus.vrshell:com.oculus.vrshell:Overlay:3292, Server: com.oculus.guardian:com.oculus.vrguardianservice (guardianserver)
03-01 11:38:07.767 853 3269 I chatty : uid=1000(system) Binder:853_4 identical 1 line
03-01 11:38:07.767 853 3269 I TrackingService: Unregistering client 'com.oculus.guardian' by binder death
03-01 11:38:08.606 739 1016 I SensorService: Destruct double tap sensor and disable HMD_DOUBLETAP
03-01 11:38:08.627 1968 3440 I MobileConfigFactoryImpl: Created MobileConfigFactoryImpl, unitType:2
03-01 11:38:08.629 1968 3440 I MobileConfigFactoryImpl: Created MobileConfigFactoryImpl, unitType:1
03-01 11:38:08.630 1968 3457 E MobileConfigServiceImpl: exception while trying to subscribe
03-01 11:38:08.630 1968 3457 E MobileConfigServiceImpl: java.lang.IllegalArgumentException: account is null
03-01 11:38:08.630 1968 3457 E MobileConfigServiceImpl: at android.accounts.AccountManager.getAuthToken(AccountManager.java:1778)
03-01 11:38:08.630 1968 3457 E MobileConfigServiceImpl: at com.oculus.deviceconfigservice.FRLAuthedHttpClient.A00(:28)
03-01 11:38:08.630 1968 3457 E MobileConfigServiceImpl: at com.oculus.deviceconfigservice.MobileConfigServiceHelper.A00(:254)
03-01 11:38:08.630 1968 3457 E MobileConfigServiceImpl: at X.1mj.(:274)
03-01 11:38:08.630 1968 3457 E MobileConfigServiceImpl: at X.0qq.A00(:66554)
03-01 11:38:08.630 1968 3457 E MobileConfigServiceImpl: at X.0qs.A03(:6)
03-01 11:38:08.630 1968 3457 E MobileConfigServiceImpl: at X.0nT.A01(:51)
03-01 11:38:08.630 1968 3457 E MobileConfigServiceImpl: at X.0nT.A00(:12)
03-01 11:38:08.630 1968 3457 E MobileConfigServiceImpl: at com.oculus.deviceconfigservice.MobileConfigInitModule.A00(:5)
03-01 11:38:08.630 1968 3457 E MobileConfigServiceImpl: at X.0qq.A00(:66751)
03-01 11:38:08.630 1968 3457 E MobileConfigServiceImpl: at X.0qs.A03(:6)
03-01 11:38:08.630 1968 3457 E MobileConfigServiceImpl: at X.0UX.A01(:51)
03-01 11:38:08.630 1968 3457 E MobileConfigServiceImpl: at X.08I.get(:38)
03-01 11:38:08.630 1968 3457 E MobileConfigServiceImpl: at X.1el.run(:4)
03-01 11:38:08.630 1968 3457 E MobileConfigServiceImpl: at com.oculus.deviceconfigservice.MobileConfigServiceHelper$4.call(:2)
03-01 11:38:08.630 1968 3457 E MobileConfigServiceImpl: at X.1NJ.run(:4)
03-01 11:38:08.630 1968 3457 E MobileConfigServiceImpl: at java.util.concurrent.ThreadPoolExecutor.runWorker(ThreadPoolExecutor.java:1167)
03-01 11:38:08.630 1968 3457 E MobileConfigServiceImpl: at java.util.concurrent.ThreadPoolExecutor$Worker.run(ThreadPoolExecutor.java:641)
03-01 11:38:08.630 1968 3457 E MobileConfigServiceImpl: at java.lang.Thread.run(Thread.java:919)
03-01 11:38:08.630 1968 3440 I MobileConfigFactoryImpl: Created MobileConfigFactoryImpl, unitType:2
03-01 11:38:08.631 1968 3440 I MobileConfigFactoryImpl: Created MobileConfigFactoryImpl, unitType:1
03-01 11:38:08.631 3628 5595 I ClientInputSettings: HANDTRACKING: Manifest Permission request for com.oculus.vrshell
03-01 11:38:08.633 3628 5595 I ClientInputSettings: HANDTRACKING: 'com.oculus.vrshell' Is hands or controller.
03-01 11:38:08.634 3628 5595 I ClientInputSettings: HANDTRACKING: feature flag set to 2
03-01 11:38:08.634 3628 5595 I ClientInputInterface: HANDTRACKING sethandmanifest 2
03-01 11:38:08.634 3628 5595 D InputHooksJava: Enabling Java Input Hooks
03-01 11:38:08.634 3628 5595 W InputHooksJava: Unable to enable input hooks on a non-Activity Context
03-01 11:38:08.634 3628 5595 I InputDeviceManager: ovrInputDeviceManager::Initialize
03-01 11:38:08.634 3628 5595 I Distortion: Initializing Mesh Decenter Correction
03-01 11:38:08.634 3628 6709 I InputDevice_TrackedRemote: REMOTE: Hand=2 IndexAnalog=0.00 GripAnalog=0.00 Buttons=0x00000000
03-01 11:38:08.635 3628 6709 I InputDeviceManager: HANDTRACKING Pointer filter profile changed to: 0
03-01 11:38:08.635 3628 6709 I InputDeviceManager: HANDTRACKING Pointer filter profile changed to: 0
03-01 11:38:08.635 3628 6709 I InputDeviceManager: HANDTRACKING Root pose filter profile changed for (version, freq) to (2, 1) from (1,2)
03-01 11:38:08.635 845 845 E CalibrationProvider: loadCalibration(LDISP_SN) failed: Calibration store didn't load any info
03-01 11:38:08.635 845 845 E CalibrationProvider: loadCalibration(RDISP_SN) failed: Calibration store didn't load any info
03-01 11:38:08.635 2981 2981 V MIGHTY_LOG: [trace] ForegroundAppProvider: Current Foreground Package - com.oculus.shellenv, Class: com.oculus.shellenv.ShellEnvActivity
03-01 11:38:08.636 3628 5595 I Distortion: SetLensPositions - iad=0.0630904, left offset=-0.000345618,-0.00130207, right offset=-3.51965e-05,-0.00142257
03-01 11:38:08.636 3628 5595 I Distortion: Initializing Mesh Decenter Correction
03-01 11:38:08.636 2981 2981 V MIGHTY_LOG: ForegroundAppProvider: New Foreground Package - com.oculus.shellenv, Class: com.oculus.shellenv.ShellEnvActivity
03-01 11:38:08.636 845 845 E CalibrationProvider: loadCalibration(LDISP_SN) failed: Calibration store didn't load any info
03-01 11:38:08.637 845 845 E CalibrationProvider: loadCalibration(RDISP_SN) failed: Calibration store didn't load any info
03-01 11:38:08.637 3628 5595 I Distortion: SetLensPositions - iad=0.0630904, left offset=-0.000345618,-0.00130207, right offset=-3.51965e-05,-0.00142257
03-01 11:38:08.638 3628 5595 I Distortion: Created custom distortion mesh.
03-01 11:38:08.638 3628 5595 I PhaseSync: PhaseSync::PhaseSync PaddingLowerLimit 0.350000 StandardDeviations 2.000000 PaddingUpperLimit 0.750000 on instance 1
03-01 11:38:08.638 3628 5595 I VrRuntimeClient: PhaseSync Instance created
03-01 11:38:08.638 1804 3718 I VrRuntimeService: RuntimeServiceSDKServer::EnableRendering: 0x0, 0, com.oculus.vrshell
03-01 11:38:08.638 1804 3718 I ClientMgr: EnableRendering2: invalid clientWindow, testing uid/pid
03-01 11:38:08.638 1804 3718 I ClientMgr: EnableRendering2: matched uid: 10026 and pid: 3628
03-01 11:38:08.638 1804 3718 I ClientMgr: EnableRendering2: Calling SetFocusedClient: 4014202584
03-01 11:38:08.638 1804 3718 I ClientMgr: ClientMgr::SetFocusedClient: 3628:com.oculus.vrshell type 1
03-01 11:38:08.638 1804 3718 I ClientMgr: SetFocusedPackageName - packageName com.oculus.vrshell processName com.oculus.vrshell clientId 4014202584 clientPid 3628
03-01 11:38:08.638 1804 3718 I ClientMgr: ClientMgr::EnableRendering 3628:com.oculus.vrshell : type 1 comp-id 5: enable
03-01 11:38:08.638 1804 3718 I CompositorClientMgr: Enable client 5
03-01 11:38:08.638 1804 3718 I VrRuntimeServer: EnableCompositorClient client(5): layer placement(2147483647) flags(0) sm(0x7645f74010)
03-01 11:38:08.638 1804 3718 I CompositorVR: CheckDebuggerConnected: debugger 0
03-01 11:38:08.638 1804 3718 I VrRuntimeServer: SysProp debug mode is disabled on Server side
03-01 11:38:08.638 1804 3718 I UnifiedTelemetryWrapper: Started UT session render:com.oculus.vrshell
03-01 11:38:08.638 3628 5595 I VrApi : OVR::Stats thread started
03-01 11:38:08.638 3628 5595 I XrRuntimeUtils: XrRuntimeUtils::BeginSession
03-01 11:38:08.638 3628 5595 I XrRuntimeSystem_Client: BeginSession
03-01 11:38:08.638 3628 5595 I OpenXR : ------------ xrBeginSession [end] -----------
03-01 11:38:08.639 2632 5676 I [CT] : MIXEDREALITY: MrFeatureStatus: Client status changed from Paused to Started.
03-01 11:38:08.639 2632 5676 I [CT] : MIXEDREALITY: MrFeatureStatus: Target status Started, CurrentStatus: Paused
03-01 11:38:08.639 2632 5676 I [CT] : MIXEDREALITY: MrFeatureStatus: Operation chain: Start
03-01 11:38:08.639 2632 5676 I [CT] : MIXEDREALITY: MrFeatureStatus: Global status changed from Paused to Started.
03-01 11:38:08.639 2632 5676 I [CT] : MIXEDREALITY: MrServiceController: Queuing command linked to operation Start for feature 0
03-01 11:38:08.640 3628 5595 I [SEO] VrPlatformOpenXr: VrPlatformOpenXr::SetPropInhibitHandleHomeKey inhibit:1
03-01 11:38:08.640 3628 5595 I OpenXR_DeviceSettings: ------------ xrSetDeviceSettingBooleanFB -----------
03-01 11:38:08.640 3628 5595 I ClientInputSettings: SetInhibitHandleHomeKey = true for com.oculus.vrshell
03-01 11:38:08.640 3628 5595 I ClientInputInterface: SetInhibitHandleHomeKey 1 for process com.oculus.vrshell 3628
03-01 11:38:08.640 3628 5595 I [SEO] VrPlatformOpenXr: VrPlatformOpenXr::SetPropInhibitHandleHomeKey result = 0
03-01 11:38:08.640 3628 5595 I [SEO] Compositor: EnterVrMode with eye buffer: 1440x1584 : 3
03-01 11:38:08.640 3628 5595 I [SEO] AudioMixer: Enabling AudioPlayer.
03-01 11:38:08.640 3628 5595 I [SEO] AudioEngine: virtual void AudioLibrary::AudioEngine::EnablePlayer()
03-01 11:38:08.642 3628 5595 D : PlayerBase::PlayerBase()
03-01 11:38:08.642 3628 5595 D : TrackPlayerBase::TrackPlayerBase()
03-01 11:38:08.642 3628 5595 I libOpenSLES: Emulating old channel mask behavior (ignoring positional mask 0x3, using default mask 0x3 based on channel count of 2)
03-01 11:38:08.643 3628 6712 D VrApi : targetSDKVersion 29
03-01 11:38:08.647 3628 6712 I JniUtils: ovr_GetCurrentPackageSignature
03-01 11:38:08.650 3628 6712 I Metrics : device name = Oculus Quest 2
03-01 11:38:08.651 720 1120 I audio_hw_primary: getting vr mode to 0
03-01 11:38:08.651 747 6696 I AudioPolicyManagerCustom: VR mode is 0, switch to primary output if request is for fast|raw
03-01 11:38:08.653 747 6696 W AudioFlinger: createTrack_l(): mismatch between requested flags (00000104) and output flags (00000006)
03-01 11:38:08.653 747 6696 D AudioFlinger: Client defaulted notificationFrames to 192 for frameCount 384
03-01 11:38:08.655 747 6696 D AF::TrackHandle: OpPlayAudio: track:61 uid:10026 pkg:com.oculus.vrshell usage:1 not muted
03-01 11:38:08.662 3628 5595 I AudioTrack: createTrack_l(36): AUDIO_OUTPUT_FLAG_FAST successful; frameCount 0 -> 384
03-01 11:38:08.665 1382 1382 V AvrcpMediaPlayerList: onPlaybackConfigChanged(): Configs list size=5
03-01 11:38:08.681 3628 5595 D [SEO] ShellApplication: requestAudioFocus, transientFocus=false
03-01 11:38:08.681 3628 5595 W AudioManager: Use of stream types is deprecated for operations other than volume control
03-01 11:38:08.681 3628 5595 W AudioManager: See the documentation of requestAudioFocus() for what to use instead with android.media.AudioAttributes to qualify your playback use case
03-01 11:38:08.682 1062 1520 I MediaFocusControl: requestAudioFocus() from uid/pid 10026/3628 clientId=android.media.AudioManager@58daa54com.oculus.vrshell.ShellAudioFocusHandler@82f4dfd callingPack=com.oculus.vrshell req=1 flags=0x0 sdk=29
03-01 11:38:08.686 1062 1520 D PreferencesStoreManager: xros_audio_enable_background_audio_playback value retrieved from preference store: false
03-01 11:38:08.688 3628 5595 I [SEO] AudioSystem: Got audio focus : 1
03-01 11:38:08.688 3628 5595 I [SEO] VrShellDesktopBase: Remove panelApp: com.oculus.systemux/com.oculus.panelapp.library.LibraryPanelService from monitor 2
03-01 11:38:08.688 3628 5595 I [SEO] PanelAppHost: PanelAppHost destructor, panel 6 (com.oculus.systemux/com.oculus.panelapp.library.LibraryPanelService)
03-01 11:38:08.688 3628 5595 I [SEO] PanelAppHost: Panel app 6 (com.oculus.systemux/com.oculus.panelapp.library.LibraryPanelService) changing state from background to shutdown
03-01 11:38:08.689 3628 5595 D [SEO] ShellApplication: Unbinding service for panel app id 6
03-01 11:38:08.702 720 1120 D msm8974_platform: platform_split_snd_device: snd_device(2) num devices(1) new_snd_devices(0)
03-01 11:38:08.702 720 1120 D ACDB-LOADER: ACDB -> send_audvoltable
03-01 11:38:08.702 720 1120 D ACDB-LOADER: ACDB -> ACDB_CMD_GET_AUDPROC_INSTANCE_GAIN_DEP_STEP_TABLE_SIZE
03-01 11:38:08.702 720 1120 D : Failed to fetch the lookup information of the device 0000000F
03-01 11:38:08.702 720 1120 D ACDB-LOADER: Error: ACDB_CMD_GET_AUDPROC_INSTANCE_GAIN_DEP_STEP_TABLE_SIZE Returned = -19
03-01 11:38:08.702 720 1120 D ACDB-LOADER: ACDB -> ACDB_CMD_GET_AUDPROC_INSTANCE_GAIN_DEP_STEP_TABLE, vol index 7
03-01 11:38:08.702 720 1120 D : Failed to fetch the lookup information of the device 0000000F
03-01 11:38:08.702 720 1120 D ACDB-LOADER: Error: ACDB AudProc vol returned = -19
03-01 11:38:08.702 720 1120 D ACDB-LOADER: ACDB -> AUDIO_SET_VOL_CAL cal type = 40
03-01 11:38:08.713 2981 2981 V MIGHTY_LOG: [trace] DeviceStatusManager: Writing device status to disk: {"appStatuses":{},"currentForegroundApp":{"className":"com.oculus.shellenv.ShellEnvActivity","packageName":"com.oculus.shellenv"},"deviceSystemVersionStatus":{"currentVersion":"49.0.0.207.357","downloadSpeed":0,"errorCode":0,"progress":0,"status":"UP_TO_DATE","timeRemaining":0,"timestamp":{"nanoseconds":333000000,"seconds":1677699329},"totalBytesDownloaded":0,"totalDownloadSize":0},"fileStatuses":{},"lastCheckIn":{"nanoseconds":31000000,"seconds":1677699333},"lastUpdate":{"nanoseconds":639000000,"seconds":1677699488},"picoCvControllerUpdateAvailable":false,"picoGuardianHasBeenOpened":false,"previousForegroundApp":{"className":"com.oculus.os.clearactivity.ClearActivity","packageName":"com.oculus.os.clearactivity"},"serial":"1WMHHA6EKY2102","videoStatuses":{}}
03-01 11:38:08.718 850 6705 I [CT] : MIXEDREALITY: ServiceLogic: sendMrEngine: Pause
03-01 11:38:08.718 850 6705 D MrSystemService: Mr Engine pause.
03-01 11:38:08.718 850 6705 I [CT] : MIXEDREALITY: ServiceLogic: Camera Thread has now tid -1
03-01 11:38:08.737 2981 2981 V MIGHTY_LOG: [trace] ServiceMessengerManager: Send message of type 5000 to 0 clients
03-01 11:38:08.741 2981 2981 V MIGHTY_LOG: VRSessionManager: NEW FOREGROUND APP
03-01 11:38:08.744 2981 2981 V MIGHTY_LOG: VRSessionManager: FINISH SESSION ITEM
03-01 11:38:08.750 5489 5521 D RuntimeIPCClient [RUNTIMEIPC]: TryToGetIPCResourcesFromServer: Server process hasn't registered yet: Client: com.oculus.shellenv:com.oculus.shellenv:5489, Server: com.oculus.guardian:com.oculus.vrguardianservice (guardianserver)
03-01 11:38:08.751 2981 2981 V MIGHTY_LOG: [trace] AnalyticsManager: Logging event - App Finished Play {duration=5, startReason=App In Foreground, endReason=App In Foreground, appId=null, className=com.oculus.os.clearactivity.ClearActivity, startTime=1677699482910, packageName=com.oculus.os.clearactivity, endTime=1677699488746, title=Oculus System, versionName=10, versionCode=29}
03-01 11:38:08.752 2632 2760 D RuntimeIPCClient [RUNTIMEIPC]: TryToGetIPCResourcesFromServer: Server process hasn't registered yet: Client: com.oculus.mrservice:com.oculus.mrservice:2632, Server: com.oculus.guardian:com.oculus.vrguardianservice (guardianserver)
03-01 11:38:08.767 2981 2981 V MIGHTY_LOG: VRSessionManager: START NEW SESSION ITEM com.oculus.shellenv
03-01 11:38:08.770 3292 3447 D RuntimeIPCClient [RUNTIMEIPC]: TryToGetIPCResourcesFromServer: Server process hasn't registered yet: Client: com.oculus.vrshell:com.oculus.vrshell:Overlay:3292, Server: com.oculus.guardian:com.oculus.vrguardianservice (guardianserver)
03-01 11:38:08.772 1062 1525 W ActivityManager: Scheduling restart of crashed service com.oculus.guardian/com.oculus.vrguardianservice.VrGuardianService in 119198ms
03-01 11:38:08.772 1062 1525 W ActivityManager: Scheduling restart of crashed service com.oculus.guardian/com.oculus.vrguardianservice.VrGuardianDumpService in 1000ms
03-01 11:38:08.774 1062 1525 W ActivityManager: Scheduling restart of crashed service com.oculus.guardian/com.oculus.vrguardianservice.VrGuardianUserService in 129196ms
03-01 11:38:08.783 1804 1804 D VrRuntimeService: onForegroundActivitiesChanged: pid=6586, uid=10020, hasForegroundActivities=false
03-01 11:38:08.785 1062 1099 W Looper : Slow dispatch took 168ms android.ui h=com.android.server.am.ActivityManagerService$UiHandler c=null m=31
03-01 11:38:08.786 1804 3259 I FocusedClientsListener: focus: onVrFocusChanged(focusType=0): 4
03-01 11:38:08.786 1804 3259 I FocusedClientsListener: focus: pid=2632
03-01 11:38:08.786 1804 3259 I FocusedClientsListener: focus: pid=5489
03-01 11:38:08.786 1804 3259 I FocusedClientsListener: focus: pid=3292
03-01 11:38:08.786 1804 3259 I FocusedClientsListener: focus: pid=3628
03-01 11:38:08.786 1804 1820 I FocusedClientsListener: focus: onVrFocusChanged(focusType=1): 4
03-01 11:38:08.786 1804 1820 I FocusedClientsListener: focus: pid=2632
03-01 11:38:08.786 1804 1820 I FocusedClientsListener: focus: pid=5489
03-01 11:38:08.786 1804 1820 I FocusedClientsListener: focus: pid=3292
03-01 11:38:08.786 1804 1820 I FocusedClientsListener: focus: pid=3628
03-01 11:38:08.786 1804 3099 I FocusedClientsListener: focus: onVrFocusChanged(focusType=2): 1
03-01 11:38:08.786 1804 3099 I FocusedClientsListener: focus: pid=5489
03-01 11:38:08.792 1968 2463 E OVRMediaServiceManager: LivestreamingManager Not initialized
03-01 11:38:08.794 2911 2911 D CppPanelService: onDestroy()
03-01 11:38:08.796 2911 2911 I PanelService: VR Shell socket closed(ECONNRESET); shutting down fd: 72
03-01 11:38:08.796 2911 2911 I PanelService: Quitting application via hardExit flag. Shutting down fd 72.
