03-01 11:37:11.737 1062 1101 I ActivityTaskManager: Override config changes=20005df8 {0.0 ?mcc?mnc ?localeList ?layoutDir sw88dp w799dp h88dp 200dpi nrml long land ?uimode ?night -touch qwerty/v/v -nav/h winConfig={ mBounds=Rect(0, 0 - 999, 110) mAppBounds=Rect(0, 0 - 999, 110) mWindowingMode=fullscreen mDisplayWindowingMode=fullscreen mActivityType=undefined mAlwaysOnTop=undefined mRotation=ROTATION_0}} for displayId=8
03-01 11:37:11.911 1062 1062 W Looper : Slow dispatch took 103ms main h=com.android.server.notification.NotificationManagerService$WorkerHandler c=com.android.server.notification.NotificationManagerService$PostNotificationRunnable@1630f8d m=0
03-01 11:37:11.930 1062 1101 I DisplayManagerService: Display device changed state: "com.oculus.android_panel_app.AndroidPanelLayer-#main", ON
03-01 11:37:12.617 1062 1099 W Looper : Slow dispatch took 687ms android.ui h=android.hardware.display.DisplayManagerGlobal$DisplayListenerDelegate c=null m=2
03-01 11:37:12.619 1062 1305 E WindowManager: App trying to use insecure INPUT_FEATURE_NO_INPUT_CHANNEL flag. Ignoring
03-01 11:37:12.633 1062 1062 W Looper : Slow dispatch took 721ms main h=android.os.Handler c=com.android.server.-$$Lambda$BatteryService$D1kwd7L7yyqN5niz3KWkTepVmUk@551f38e m=0
03-01 11:37:12.633 1062 1305 I DisplayManagerService: Display device added: DisplayDeviceInfo{"com.oculus.android_panel_app.AndroidPanelLayer-#main": uniqueId="virtual:com.oculus.systemux,10041,com.oculus.android_panel_app.AndroidPanelLayer-#main,1", 480 x 938, modeId 70, defaultModeId 70, supportedModes [{id=70, width=480, height=938, fps=60.0}], colorMode 0, supportedColorModes [0], HdrCapabilities null, density 200, 200.0 x 200.0 dpi, appVsyncOff 0, presDeadline 16666666, touch NONE, rotation 0, type VIRTUAL, state OFF, owner com.oculus.systemux (uid 10041), FLAG_PRIVATE, FLAG_NEVER_BLANK, FLAG_OWN_CONTENT_ONLY}
03-01 11:37:12.634 1062 1062 W Looper : Slow delivery took 802ms main h=com.android.server.notification.NotificationManagerService$WorkerHandler c=com.android.server.notification.NotificationManagerService$NotificationListeners$2@ad867bc m=0
03-01 11:37:12.644 1062 1062 W Looper : Drained
03-01 11:37:12.694 1062 1101 I ActivityTaskManager: Override config changes=20005df8 {0.0 ?mcc?mnc ?localeList ?layoutDir sw384dp w384dp h750dp 200dpi nrml long port ?uimode ?night -touch qwerty/v/v -nav/h winConfig={ mBounds=Rect(0, 0 - 480, 938) mAppBounds=Rect(0, 0 - 480, 938) mWindowingMode=fullscreen mDisplayWindowingMode=fullscreen mActivityType=undefined mAlwaysOnTop=undefined mRotation=ROTATION_0}} for displayId=9
03-01 11:37:12.836 1062 2115 I DisplayManagerService: Display device removed: DisplayDeviceInfo{"com.oculus.android_panel_app.AndroidPanelLayer-#main": uniqueId="virtual:com.oculus.systemux,10041,com.oculus.android_panel_app.AndroidPanelLayer-#main,0", 999 x 110, modeId 69, defaultModeId 69, supportedModes [{id=69, width=999, height=110, fps=60.0}], colorMode 0, supportedColorModes [0], HdrCapabilities null, density 200, 200.0 x 200.0 dpi, appVsyncOff 0, presDeadline 16666666, touch NONE, rotation 0, type VIRTUAL, state ON, owner com.oculus.systemux (uid 10041), FLAG_PRIVATE, FLAG_NEVER_BLANK, FLAG_OWN_CONTENT_ONLY}
03-01 11:37:12.877 1062 1516 I DisplayManagerService: Display device added: DisplayDeviceInfo{"com.oculus.android_panel_app.AndroidPanelLayer-#main": uniqueId="virtual:com.oculus.systemux,10041,com.oculus.android_panel_app.AndroidPanelLayer-#main,2", 999 x 86, modeId 71, defaultModeId 71, supportedModes [{id=71, width=999, height=86, fps=60.0}], colorMode 0, supportedColorModes [0], HdrCapabilities null, density 200, 200.0 x 200.0 dpi, appVsyncOff 0, presDeadline 16666666, touch NONE, rotation 0, type VIRTUAL, state OFF, owner com.oculus.systemux (uid 10041), FLAG_PRIVATE, FLAG_NEVER_BLANK, FLAG_OWN_CONTENT_ONLY}
03-01 11:37:12.964 1062 1101 I ActivityTaskManager: Override config changes=20005df8 {0.0 ?mcc?mnc ?localeList ?layoutDir sw68dp w799dp h68dp 200dpi nrml long land ?uimode ?night -touch qwerty/v/v -nav/h winConfig={ mBounds=Rect(0, 0 - 999, 86) mAppBounds=Rect(0, 0 - 999, 86) mWindowingMode=fullscreen mDisplayWindowingMode=fullscreen mActivityType=undefined mAlwaysOnTop=undefined mRotation=ROTATION_0}} for displayId=10
03-01 11:37:12.967 1062 3798 W WindowManager: Failed looking up window callers=com.android.server.wm.WindowManagerService.windowForClientLocked:5339 com.android.server.wm.WindowManagerService.finishDrawingWindow:2432 com.android.server.wm.Session.finishDrawing:231
03-01 11:37:12.977 1062 1101 I DisplayManagerService: Display device changed state: "com.oculus.android_panel_app.AndroidPanelLayer-#main", ON
03-01 11:37:12.999 1062 2607 E WindowManager: App trying to use insecure INPUT_FEATURE_NO_INPUT_CHANNEL flag. Ignoring
03-01 11:37:13.027 1062 1101 I DisplayManagerService: Display device changed state: "com.oculus.android_panel_app.AndroidPanelLayer-#main", ON
03-01 11:37:13.038 1062 1400 E WindowManager: App trying to use insecure INPUT_FEATURE_NO_INPUT_CHANNEL flag. Ignoring
03-01 11:37:13.122 1062 1516 W WindowManager: Failed looking up window callers=com.android.server.wm.WindowManagerService.windowForClientLocked:5339 com.android.server.wm.WindowManagerService.removeWindow:1788 com.android.server.wm.Session.remove:176
03-01 11:37:14.604 1062 4125 I DisplayManagerService: Display device removed: DisplayDeviceInfo{"com.oculus.android_panel_app.AndroidPanelLayer-#main": uniqueId="virtual:com.oculus.systemux,10041,com.oculus.android_panel_app.AndroidPanelLayer-#main,1", 480 x 938, modeId 70, defaultModeId 70, supportedModes [{id=70, width=480, height=938, fps=60.0}], colorMode 0, supportedColorModes [0], HdrCapabilities null, density 200, 200.0 x 200.0 dpi, appVsyncOff 0, presDeadline 16666666, touch NONE, rotation 0, type VIRTUAL, state ON, owner com.oculus.systemux (uid 10041), FLAG_PRIVATE, FLAG_NEVER_BLANK, FLAG_OWN_CONTENT_ONLY}
03-01 11:37:14.878 1062 4052 W ActivityManager: setIsForegroundPanelService: ComponentInfo{com.oculus.explore/com.oculus.explore.PanelService} not found, or its process hasn't started. Foreground status will be ignored.
03-01 11:37:15.615 1062 2607 I DisplayManagerService: Display device added: DisplayDeviceInfo{"com.oculus.android_panel_app.AndroidPanelLayer-#main": uniqueId="virtual:com.oculus.systemux,10041,com.oculus.android_panel_app.AndroidPanelLayer-#main,3", 480 x 938, modeId 72, defaultModeId 72, supportedModes [{id=72, width=480, height=938, fps=60.0}], colorMode 0, supportedColorModes [0], HdrCapabilities null, density 200, 200.0 x 200.0 dpi, appVsyncOff 0, presDeadline 16666666, touch NONE, rotation 0, type VIRTUAL, state OFF, owner com.oculus.systemux (uid 10041), FLAG_PRIVATE, FLAG_NEVER_BLANK, FLAG_OWN_CONTENT_ONLY}
03-01 11:37:15.731 1062 1101 I DisplayManagerService: Display device changed state: "com.oculus.android_panel_app.AndroidPanelLayer-#main", ON
03-01 11:37:15.731 1062 1099 W Looper : Slow dispatch took 113ms android.ui h=android.hardware.display.DisplayManagerGlobal$DisplayListenerDelegate c=null m=1
03-01 11:37:15.764 1062 3798 E WindowManager: App trying to use insecure INPUT_FEATURE_NO_INPUT_CHANNEL flag. Ignoring
03-01 11:37:15.767 1062 1101 I ActivityTaskManager: Override config changes=20005df8 {0.0 ?mcc?mnc ?localeList ?layoutDir sw384dp w384dp h750dp 200dpi nrml long port ?uimode ?night -touch qwerty/v/v -nav/h winConfig={ mBounds=Rect(0, 0 - 480, 938) mAppBounds=Rect(0, 0 - 480, 938) mWindowingMode=fullscreen mDisplayWindowingMode=fullscreen mActivityType=undefined mAlwaysOnTop=undefined mRotation=ROTATION_0}} for displayId=11
03-01 11:37:19.901 1062 3798 I DisplayManagerService: Display device removed: DisplayDeviceInfo{"com.oculus.android_panel_app.AndroidPanelLayer-#main": uniqueId="virtual:com.oculus.systemux,10041,com.oculus.android_panel_app.AndroidPanelLayer-#main,3", 480 x 938, modeId 72, defaultModeId 72, supportedModes [{id=72, width=480, height=938, fps=60.0}], colorMode 0, supportedColorModes [0], HdrCapabilities null, density 200, 200.0 x 200.0 dpi, appVsyncOff 0, presDeadline 16666666, touch NONE, rotation 0, type VIRTUAL, state ON, owner com.oculus.systemux (uid 10041), FLAG_PRIVATE, FLAG_NEVER_BLANK, FLAG_OWN_CONTENT_ONLY} --------- beginning of main
03-01 11:37:20.173 2380 2404 I LibraryProvider: running refetch() for UID 10050
03-01 11:37:20.175 2380 2404 I LibraryProvider: Using legacy entitlement framework to get App data
03-01 11:37:20.197 2469 4193 I chatty : uid=10033(com.oculus.guardian) DeviceConfigTim expire 1 line
03-01 11:37:20.887 850 5943 D MrSystemService: Mr Engine pause.
03-01 11:37:20.895 739 5665 I FrameSetDispatcher: [HEADSET] Client pid=850 (MrSSCamS): Client thread stopping
03-01 11:37:20.896 739 1016 I FrameSetDispatcher: [HEADSET] Client pid=850 (MrSSCamS): Client thread joined
03-01 11:37:20.896 739 1016 I CameraClientManager: [HEADSET] Removed client (850)(MrSSCamS) - started clients: 3
03-01 11:37:22.001 739 1346 E SyncBossHAL: [error ] syncboss_hal_jedi.c(88): Failed to send telemetry event for module jedi with error -22
03-01 11:37:22.032 1062 2651 I DisplayManagerService: Display device added: DisplayDeviceInfo{"com.oculus.android_panel_app.AndroidPanelLayer-controlbar4": uniqueId="virtual:com.oculus.systemux,10041,com.oculus.android_panel_app.AndroidPanelLayer-controlbar4,0", 1250 x 50, modeId 73, defaultModeId 73, supportedModes [{id=73, width=1250, height=50, fps=60.0}], colorMode 0, supportedColorModes [0], HdrCapabilities null, density 200, 200.0 x 200.0 dpi, appVsyncOff 0, presDeadline 16666666, touch NONE, rotation 0, type VIRTUAL, state OFF, owner com.oculus.systemux (uid 10041), FLAG_PRIVATE, FLAG_NEVER_BLANK, FLAG_OWN_CONTENT_ONLY}
03-01 11:37:22.097 1062 3176 I DisplayManagerService: Display device removed: DisplayDeviceInfo{"com.oculus.android_panel_app.AndroidPanelLayer-controlbar4": uniqueId="virtual:com.oculus.systemux,10041,com.oculus.android_panel_app.AndroidPanelLayer-controlbar4,0", 1250 x 50, modeId 73, defaultModeId 73, supportedModes [{id=73, width=1250, height=50, fps=60.0}], colorMode 0, supportedColorModes [0], HdrCapabilities null, density 200, 200.0 x 200.0 dpi, appVsyncOff 0, presDeadline 16666666, touch NONE, rotation 0, type VIRTUAL, state OFF, owner com.oculus.systemux (uid 10041), FLAG_PRIVATE, FLAG_NEVER_BLANK, FLAG_OWN_CONTENT_ONLY}
03-01 11:37:22.101 1062 2651 I DisplayManagerService: Display device added: DisplayDeviceInfo{"com.oculus.android_panel_app.AndroidPanelLayer-controlbar4": uniqueId="virtual:com.oculus.systemux,10041,com.oculus.android_panel_app.AndroidPanelLayer-controlbar4,0", 1000 x 50, modeId 74, defaultModeId 74, supportedModes [{id=74, width=1000, height=50, fps=60.0}], colorMode 0, supportedColorModes [0], HdrCapabilities null, density 200, 200.0 x 200.0 dpi, appVsyncOff 0, presDeadline 16666666, touch NONE, rotation 0, type VIRTUAL, state OFF, owner com.oculus.systemux (uid 10041), FLAG_PRIVATE, FLAG_NEVER_BLANK, FLAG_OWN_CONTENT_ONLY}
03-01 11:37:22.186 1062 1101 I ActivityTaskManager: Override config changes=20005df8 {0.0 ?mcc?mnc ?localeList ?layoutDir sw40dp w1000dp h40dp 200dpi nrml long land ?uimode ?night -touch qwerty/v/v -nav/h winConfig={ mBounds=Rect(0, 0 - 1250, 50) mAppBounds=Rect(0, 0 - 1250, 50) mWindowingMode=fullscreen mDisplayWindowingMode=fullscreen mActivityType=undefined mAlwaysOnTop=undefined mRotation=ROTATION_0}} for displayId=12
03-01 11:37:22.212 1062 1101 I DisplayManagerService: Display device changed state: "com.oculus.android_panel_app.AndroidPanelLayer-controlbar4", ON
03-01 11:37:22.237 1062 1099 W Looper : Slow dispatch took 204ms android.ui h=android.hardware.display.DisplayManagerGlobal$DisplayListenerDelegate c=null m=1
03-01 11:37:22.284 1062 1078 E WindowManager: App trying to use insecure INPUT_FEATURE_NO_INPUT_CHANNEL flag. Ignoring
03-01 11:37:22.318 1062 1101 I ActivityTaskManager: Override config changes=20005df8 {0.0 ?mcc?mnc ?localeList ?layoutDir sw40dp w800dp h40dp 200dpi nrml long land ?uimode ?night -touch qwerty/v/v -nav/h winConfig={ mBounds=Rect(0, 0 - 1000, 50) mAppBounds=Rect(0, 0 - 1000, 50) mWindowingMode=fullscreen mDisplayWindowingMode=fullscreen mActivityType=undefined mAlwaysOnTop=undefined mRotation=ROTATION_0}} for displayId=13
03-01 11:37:22.319 1062 1101 I WindowManager: Screen frozen for +56ms due to new-config
03-01 11:37:22.330 1062 2115 I DisplayManagerService: Display device removed: DisplayDeviceInfo{"com.oculus.android_panel_app.AndroidPanelLayer-controlbar4": uniqueId="virtual:com.oculus.systemux,10041,com.oculus.android_panel_app.AndroidPanelLayer-controlbar4,0", 1000 x 50, modeId 74, defaultModeId 74, supportedModes [{id=74, width=1000, height=50, fps=60.0}], colorMode 0, supportedColorModes [0], HdrCapabilities null, density 200, 200.0 x 200.0 dpi, appVsyncOff 0, presDeadline 16666666, touch NONE, rotation 0, type VIRTUAL, state ON, owner com.oculus.systemux (uid 10041), FLAG_PRIVATE, FLAG_NEVER_BLANK, FLAG_OWN_CONTENT_ONLY}
03-01 11:37:22.394 1062 3552 I DisplayManagerService: Display device added: DisplayDeviceInfo{"com.oculus.android_panel_app.AndroidPanelLayer-controlbar4": uniqueId="virtual:com.oculus.systemux,10041,com.oculus.android_panel_app.AndroidPanelLayer-controlbar4,0", 1640 x 50, modeId 75, defaultModeId 75, supportedModes [{id=75, width=1640, height=50, fps=60.0}], colorMode 0, supportedColorModes [0], HdrCapabilities null, density 200, 200.0 x 200.0 dpi, appVsyncOff 0, presDeadline 16666666, touch NONE, rotation 0, type VIRTUAL, state OFF, owner com.oculus.systemux (uid 10041), FLAG_PRIVATE, FLAG_NEVER_BLANK, FLAG_OWN_CONTENT_ONLY}
03-01 11:37:22.448 1062 1101 I DisplayManagerService: Display device changed state: "com.oculus.android_panel_app.AndroidPanelLayer-controlbar4", ON
03-01 11:37:22.568 1062 5783 E WindowManager: App trying to use insecure INPUT_FEATURE_NO_INPUT_CHANNEL flag. Ignoring
03-01 11:37:22.581 1062 1101 I ActivityTaskManager: Override config changes=20005df8 {0.0 ?mcc?mnc ?localeList ?layoutDir sw40dp w1312dp h40dp 200dpi nrml long land ?uimode ?night -touch qwerty/v/v -nav/h winConfig={ mBounds=Rect(0, 0 - 1640, 50) mAppBounds=Rect(0, 0 - 1640, 50) mWindowingMode=fullscreen mDisplayWindowingMode=fullscreen mActivityType=undefined mAlwaysOnTop=undefined mRotation=ROTATION_0}} for displayId=14
03-01 11:37:22.585 1062 1101 I WindowManager: Screen frozen for +55ms due to new-config
03-01 11:37:22.600 1062 4415 W ActivityManager: Slow operation: 170ms so far, now at getContentProviderImpl: after updateOomAdj
03-01 11:37:22.600 1062 4415 W ActivityManager: Slow operation: 170ms so far, now at getContentProviderImpl: done!
03-01 11:37:22.610 1062 1099 W Looper : Slow dispatch took 231ms android.ui h=com.android.server.am.ActivityManagerService$UiHandler c=null m=53
03-01 11:37:22.669 1062 1099 W Looper : Slow delivery took 268ms android.ui h=android.hardware.display.DisplayManagerGlobal$DisplayListenerDelegate c=null m=3
03-01 11:37:22.882 1062 1099 W Looper : Drained
03-01 11:37:24.065 1950 6100 W ContextImpl: Calling a method in the system process without a qualified user: android.app.ContextImpl.bindService:1661 android.content.ContextWrapper.bindService:705 X.l0.run:31 java.lang.Thread.run:919
03-01 11:37:25.234 5815 5857 I RCTAudio: RCTAudioModule::PlayOneShot src:'sfx_hover'
03-01 11:37:25.234 5815 5857 I RCTAudio: RCTAudioModule::PlayOneShot src:'sfx_hover'
03-01 11:37:25.234 2469 5361 I chatty : uid=10033(com.oculus.guardian) DeviceConfigTim expire 1 line
03-01 11:37:25.244 3628 5595 I GkCacheQuerierClient: Loaded GK 'oculus_trex_haptics_killsw' value = false from file cache.
03-01 11:37:25.261 2469 2469 I chatty : uid=10033(com.oculus.guardian) com.oculus.vrguardianservice expire 209 lines
03-01 11:37:25.273 853 1331 I [CT] : boltlib: DSP utilization: 10.03 % (504 / 5026 ms)
03-01 11:37:25.284 2469 6125 I chatty : uid=10033(com.oculus.guardian) Thread-1520 expire 2 lines
03-01 11:37:25.287 2469 5391 I chatty : uid=10033(com.oculus.guardian) com.oculus.vrguardianservice expire 3 lines
03-01 11:37:25.315 5815 5857 I RCTAudio: RCTAudioModule::PlayOneShot src:'sfx_hover'
03-01 11:37:25.315 5815 5857 I RCTAudio: RCTAudioModule::PlayOneShot src:'sfx_hover'
03-01 11:37:25.322 2469 5394 I chatty : uid=10033(com.oculus.guardian) com.oculus.vrguardianservice expire 3 lines
03-01 11:37:25.329 2469 5393 I chatty : uid=10033(com.oculus.guardian) com.oculus.vrguardianservice expire 3 lines
03-01 11:37:25.329 3628 5595 I GkCacheQuerierClient: Loaded GK 'oculus_trex_haptics_killsw' value = false from file cache.
03-01 11:37:25.330 5815 5857 I RCTAudio: RCTAudioModule::PlayOneShot src:'sfx_hover'
03-01 11:37:25.344 2469 4766 I chatty : uid=10033(com.oculus.guardian) DeviceConfigTim expire 1 line
03-01 11:37:25.361 2469 5395 I chatty : uid=10033(com.oculus.guardian) com.oculus.vrguardianservice expire 3 lines
03-01 11:37:27.142 2870 6177 D MobileConfigBaseClient: awaitService()
03-01 11:37:27.146 2870 2870 D MobileConfigBaseClient: Connected to MobileConfigService
03-01 11:37:27.209 2469 5412 I chatty : uid=10033(com.oculus.guardian) com.oculus.vrguardianservice expire 3 lines
03-01 11:37:27.218 2469 5411 I chatty : uid=10033(com.oculus.guardian) com.oculus.vrguardianservice expire 3 lines
03-01 11:37:28.828 3628 5595 I [SEO] DesktopPanelControllerHelper: Validating activation
03-01 11:37:28.828 3628 5595 I [SEO] DesktopPanelControllerHelper: Resolving launch target
03-01 11:37:28.828 3628 5595 I [SEO] PanelAppsManager: ActivatePanelApp for component com.oculus.systemux/com.oculus.panelapp.library.LibraryPanelService. New instance requested: 0
03-01 11:37:28.828 3628 5595 I [SEO] PanelAppsManager: Found 0 existing instances
03-01 11:37:28.828 3628 5595 I [SEO] PanelAppsManager: launching new instance of com.oculus.systemux/com.oculus.panelapp.library.LibraryPanelService
03-01 11:37:28.828 3628 5595 I [SEO] ShellApp: CreatePanelApp( com.oculus.systemux/com.oculus.panelapp.library.LibraryPanelService )
03-01 11:37:28.828 3628 5595 I [SEO] ShellApp: Environment:
03-01 11:37:28.828 3628 5595 I [SEO] ShellApp: uri = /all
03-01 11:37:28.828 3628 5595 I [SEO] ShellApp: _oc_launch_timestamp = 136803
03-01 11:37:28.829 3628 5595 I [SEO] PanelAppHost: PanelAppHost constructor, panel 6 (com.oculus.systemux/com.oculus.panelapp.library.LibraryPanelService)
03-01 11:37:28.829 3628 5595 I [SEO] PanelAppHost: Panel app 6 (com.oculus.systemux/com.oculus.panelapp.library.LibraryPanelService) changing state from startup to foreground
03-01 11:37:28.829 1804 5569 I VrRuntimeService: CreateAndroidSurfaceSwapChain: 2583401121
03-01 11:37:28.829 1804 5569 I VrRuntimeService: CreateAndroidSurfaceSwapChain: 131072 1 32856 65536 65536 1 1 1 0 3
03-01 11:37:28.830 1804 2962 I SwapChain_Surface: CreateAndroidSurfaceSwapChainGLES: 0x7620d6b000: SurfaceTexture 0x2736 Surface 0x2746
03-01 11:37:28.830 1804 5569 I VrRuntimeServer: CreateAndroidSurfaceSwapChain: result surface 0x7620d6b000
03-01 11:37:28.832 1804 5569 I VrRuntimeService: CreateAndroidSurfaceSwapChain: 2583401121
03-01 11:37:28.832 1804 5569 I VrRuntimeService: CreateAndroidSurfaceSwapChain: 131072 1 32856 65536 65536 1 1 1 0 3
03-01 11:37:28.832 1804 2962 I SwapChain_Surface: CreateAndroidSurfaceSwapChainGLES: 0x760742a000: SurfaceTexture 0x2776 Surface 0x2786
03-01 11:37:28.832 1804 5569 I VrRuntimeServer: CreateAndroidSurfaceSwapChain: result surface 0x760742a000
03-01 11:37:28.833 3628 5595 I [SEO] PanelAppHost: Passing env var uri = /all
03-01 11:37:28.833 3628 5595 I [SEO] PanelAppHost: Passing env var _oc_launch_timestamp = 136803
03-01 11:37:28.833 3628 5595 I [SEO] PanelAppHost: Passing env var _oc_analytics_session_id = 9258ef3e-7f3f-475e-9073-43ad86ba746b
03-01 11:37:28.833 3628 5595 I [SEO] PanelAppHost: Passing env var _oc_userid = 115754187801704
03-01 11:37:28.833 3628 5595 I [SEO] PanelAppHost: Passing env var _oc_shell_version_name = 49.0.0.207.358
03-01 11:37:28.833 3628 5595 I [SEO] PanelAppHost: Passing env var _oc_shell_version_code = 445158841
03-01 11:37:28.833 3628 5595 I [SEO] PanelAppHost: Passing env var _oc_shell_automation_enabled = false
03-01 11:37:28.833 3628 5595 I [SEO] PanelAppHost: Passing env var _oc_shell_view_id_debugging_enabled = false
03-01 11:37:28.833 3628 5595 I [SEO] PanelAppHost: Passing env var _oc_shell_pixel_density = 20
03-01 11:37:28.833 3628 5595 I [SEO] PanelAppHost: Passing env var _oc_shell_render_scale = 1.250000
03-01 11:37:28.833 3628 5595 I [SEO] PanelAppHost: Passing env var _oc_shell_ux_policy = {"panelBackgroundLayerOriginDepths":{"far":0.2,"mid":0.1,"near":0.015}}
03-01 11:37:28.833 3628 5595 I [SEO] PanelAppHost: Passing env var _oc_shell_panel_session_id = 9258ef3e-7f3f-475e-9073-43ad86ba746b-6
03-01 11:37:28.833 3628 5595 I [SEO] PanelAppHost: Passing env var _oc_shell_valid_panel_session_ids = ["9258ef3e-7f3f-475e-9073-43ad86ba746b-6"]
03-01 11:37:28.833 3628 5595 I [SEO] PanelAppHost: Passing env var _oc_shell_back_navigation_enabled = false
03-01 11:37:28.833 3628 5595 I [SEO] PanelAppHost: Passing env var _oc_shell_feature_sets = appmenu-v1,appmenu-v2,cooperativeState-v2,destinationUi-v2,dragDrop-v1,layerClipping-v1,layerClipping-v2,layerOptions-v1,layerParent-v1,layerTranslate-v1,multiapp-v1,multiapp-v2,multiapp-v3,multitasking-v1,shellPanelAdaptability-v1,systemActionBackgroundPanels-v1,systemThemeSetting-v1,system-reauth-v1,system-ux-file-picker-v1,vrNotificationsBootLoad-v1,theaterScreen,theaterScreen-v2,recoverInstances-v1,systemThemeSetting-v2,loadingState-v1,controlBar-v1,copresence-v1,copresenceVersion-v1,vrLibraryAppLock-v1,dragToDesktop-v1
03-01 11:37:28.833 3628 5595 I [SEO] PanelAppHost: Passing env var _oc_shell_host = vrshell
03-01 11:37:28.833 3628 5595 I [SEO] PanelAppHost: Passing env var _oc_shell_panel_id = 6
03-01 11:37:28.833 3628 5595 I [SEO] PanelAppHost: Calling sendPanelLaunchIntent for panel app 6 (com.oculus.systemux/com.oculus.panelapp.library.LibraryPanelService)
03-01 11:37:28.834 3628 5595 D [SEO] ShellApplication: sendApkPanelLaunchIntent: packageName=com.oculus.systemux, serviceClassName=com.oculus.panelapp.library.LibraryPanelService
03-01 11:37:28.834 3628 5595 D [SEO] PanelAppConnection: getSystemProcessUidForCurrentUser: 'android' systemUid = 1000
03-01 11:37:28.835 3628 5595 D [SEO] ShellApplication: bindService Intent { cmp=com.oculus.systemux/com.oculus.panelapp.library.LibraryPanelService }
03-01 11:37:28.842 2911 2911 D CppPanelService: PanelService()
03-01 11:37:28.843 2380 2404 E LibraryStorage: Attempting to edit app that is not entitled
03-01 11:37:28.844 3628 5595 D [SEO] ShellApplication: notify OS to set com.oculus.systemux/com.oculus.panelapp.library.LibraryPanelService to FOREGROUND
03-01 11:37:28.845 2911 2911 I PanelService: JNI_OnLoad()
03-01 11:37:28.845 2911 2911 D CppPanelService: onCreate()
03-01 11:37:28.845 2911 2911 D CppPanelService: onBind()
03-01 11:37:28.846 3628 3628 D [SEO] PanelServiceConnection: onSeviceConnected - component name (ComponentInfo{com.oculus.systemux/com.oculus.panelapp.library.LibraryPanelService}), panel app id (6)
03-01 11:37:28.846 3628 3628 D [SEO] ShellApplication: notify OS to set com.oculus.systemux/com.oculus.panelapp.library.LibraryPanelService to FOREGROUND
03-01 11:37:28.848 3628 3628 I [SEO] PanelAppConnection: verifyFirstPartyUID(Debug Signatures=false, uid=10041) => apkSignatureResult=SigCertInfo(isTrusted=true, packageNames=[com.oculus.systemux], fingerprint sha1=98a1809f3c3e79170e5df8135b500ecfa39df1be, fingerprint sha256=012f8165c191efe8fb0d6d4606aa4abac14d77d1d97d5340860c9f81045aa157, signature=308205cf308203b7a0030201020204097e91c1300d06092a864886f70d01010b0500308197310b3009060355040613025553311330110603550408130a43616c69666f726e6961311330110603550407130a4d656e6c6f205061726b31233021060355040a131a46616365626f6f6b20546563686e6f6c6f676965732c204c4c4331233021060355040b131a46616365626f6f6b20546563686e6f6c6f676965732c204c4c43311430120603550403130b4f63756c75732041707073301e170d3139303730343131333935315a170d3436313131393131333935315a308197310b3009060355040613025553311330110603550408130a43616c69666f726e6961311330110603550407130a4d656e6c6f205061726b31233021060355040a131a46616365626f6f6b20546563686e6f6c6f676965732c204c4c4331233021060355040b131a46616365626f6f6b20546563686e6f6c6f676965732c204c4c43311430120603550403130b4f63756c7573204170707330820222300d06092a864886f70d01010105000382020f003082020a0282020100b815642a5c201c8da044905dafbb06c05fddb75449cc75a716a0434da0493a52a4d60643532c237e76cb41d2c32a5e4474f12b37f632a809b5a5ceb8c6289ecf828e736b4ec452b1c2757bd0b5ed13eff5a7a47ab2ef6cdf60a8d749e9e8603f30d12b5db8f734c57578a2a4ce5ff5737c1f02c629d2dcb4f82726674663a699de94463ff370fa9eb48158831bf0b68bd6ec84293182d52e860bdd81bb9ce9cdd6a77fea0df25004da34d3cce7a31069646aa4628fba9ccb0952163793be9a4edf49a53f83179c2f44d8c87d6c129e8d590af0f3fced26201ee43b31fccd93b497cd198c5cd1f98d64c4f7ad79ca47278c02652d5dc072a99807e22f473f7bae4da2bafcae48cd49ad55a764b8d39f329f6175eac9074307deff48b1c4a6e19b748766617768c31a17feae8478eb7f9ebfb61af2b9f5a692b636342d7ebc53d7146626b51801b5a0a102e281475decdefb8683d0ca2843dc7aaeb6759bcab0dcba38db44f5d7f797a1c9c02dd159c0e3c72b14dc882d31c24ad8abee4ce0f7f0205e05efef551e2551a61e96636ed5dfd7435d3d24f5a130a12f10452cc954aa770d5d95e3e0cb9d7b05c5506a7947f8ff3437b3d82274fdaa156d85bfb7fbcb4fa5557080fedab86520b71d3d533e7bb3e7e3ebe9712b68e755d700b0afbf7595ffa80a6b3d90bfe599769138ee6515df415e32c0abed2b8e4aea1f47351f490203010001a321301f301d0603551d0e04160414a3c939e6b71c43bc9193f773c0351be1aff311f9300d06092a864886f70d01010b050003820201004e4c865231f2a3583c6af9488ecf9aa96b1ee84e2d7bfad00581537dc70c54ecfcf360e563d018efa4cdd77bf6fc4c9f1a20ebd4215cf1538686d4089bdcc8adb6ae4497ead14b0c18efd52ce93357019973e94e16b3326c60885b1bdc5f9cad1098f16732935876d8d19bda3ceeaaa69a83c4e2231710c6735f88abdfffe3dfa2be3f18f894923441b4e4a9c9664ed6294c16d7c073547063bfdbbefad184a001f1dce2feffdc96d10eb16a3bfbcd382cd297ca3b4edb7ebacd1a9931a1368a5157ceaebbca5b39bd5db5461a340db8ec076d38a94bcdd042bfb51388158ba97a49b631c1762fa746c7bb36eaf15cae23fa993cfb052e824f2ae173ea27b50a6cca91eb955f4faf131514757e5a3ecae9df6d23771279b7742f28fb9ce394eb9e03926f550716f1312355a5efdc479d8347b516cff55cb14307c81280142cacf2fd6562a2baacbfc97869272b1c51abf79121de8bab227e001313d4115eb9b33a332ebb34e290f14b5352ef1038f7a5f3740c9d1136b3526de4331deb4fa529c36a17c04c3e64d4f6ebda73d6e6e18281e3948fd11e685eab6611be1bc62839bce5962715e7f6537e6c083bcd3538d17407b26c850cd6b3f5e2149fdef027a6cfb7ed0f93c928aca14927b10c6a3f104ba1b10413af8b1868b84a004e5ddd065fff26a7bb3c818bb5a2d69aedf9441ef9033efae3ef52282a96f66d4b4ff3f2)
03-01 11:37:28.849 1804 1820 I FocusedClientsListener: focus: onVrFocusChanged(focusType=2): 1
03-01 11:37:28.849 1804 1820 I FocusedClientsListener: focus: pid=5489
03-01 11:37:28.849 1804 3099 I FocusedClientsListener: focus: onVrFocusChanged(focusType=1): 5
03-01 11:37:28.849 1804 3099 I FocusedClientsListener: focus: pid=2632
03-01 11:37:28.849 1804 3099 I FocusedClientsListener: focus: pid=5489
03-01 11:37:28.849 1804 3099 I FocusedClientsListener: focus: pid=3292
03-01 11:37:28.849 1804 3099 I FocusedClientsListener: focus: pid=3628
03-01 11:37:28.849 1804 3099 I FocusedClientsListener: focus: pid=2469
03-01 11:37:28.850 1804 1822 I FocusedClientsListener: focus: onVrFocusChanged(focusType=0): 5
03-01 11:37:28.850 1804 1822 I FocusedClientsListener: focus: pid=2632
03-01 11:37:28.850 1804 1822 I FocusedClientsListener: focus: pid=5489
03-01 11:37:28.850 1804 1822 I FocusedClientsListener: focus: pid=3292
03-01 11:37:28.850 1804 1822 I FocusedClientsListener: focus: pid=3628
03-01 11:37:28.850 1804 1822 I FocusedClientsListener: focus: pid=2469
03-01 11:37:28.850 2911 2931 I PanelVerifier: verifyVrShellUID(Debug Signatures=false, uid=10026) => apkSignatureResult=SigCertInfo(isTrusted=true, packageNames=[com.oculus.vrshell], fingerprint sha1=331660b6dd3bd582f3dfd3cbae4546724668a021, fingerprint sha256=dc2f834e3c1942378b14f076c82cd1ab59ea6566bff4730b2047e98efc9f9daf, signature=3082038d30820275a00302010202041303858a300d06092a864886f70d01010b05003077310b3009060355040613025553310b3009060355040813024341311330110603550407130a4d656e6c6f205061726b31173015060355040a130e4f63756c75732056522c204c4c4331173015060355040b130e4f63756c75732056522c204c4c43311430120603550403130b4f63756c75732041707073301e170d3134313033303231343032315a170d3432303331373231343032315a3077310b3009060355040613025553310b3009060355040813024341311330110603550407130a4d656e6c6f205061726b31173015060355040a130e4f63756c75732056522c204c4c4331173015060355040b130e4f63756c75732056522c204c4c43311430120603550403130b4f63756c7573204170707330820122300d06092a864886f70d01010105000382010f003082010a0282010100a34c7fbd96dea95d811f21a0d760cabca85f2df5dbe19b62aca7a3e3e0b6e48f7e173345f2753c458d639cc2e222eeee4cfb5e89ac1c5060044414056709a43a7f1a6f1e4f2c3d708c48912634be08ad6da1fff92d9c0d4b85e4bc8a8b1c27de84c04eb1e6577c10693500af46beaf7bd2ce72a06a46f4e565859f242cecbef1a431ae8096db712cebe73840bacc64de6b99077ba1ca8c20e5d0b4870bd161f087abbf568dfef58e604068ca6f7cdea183c8681c306bc30cb223e7c5ce3a2fcf00d13e158475b3700ef62dcca46c57baecca4d91052e20b861a1a085d5fc8e99aed8c4a9cfd550d01e54ef5062133befcf7f9ea6a5a1d1575a72cd82279f34030203010001a321301f301d0603551d0e04160414ec7ccdaf8ccdc6dd1b87d4b561582ad8ec397b80300d06092a864886f70d01010b0500038201010014c557ecddc17ba8b979618036e7093b8e7307f624644532c31239f4dc83fd9424267ca7670fa9f78689cbc5bfd8a6312fdc214bd159d614a8753ceec0f2b2d9166217895b13c992e1d10ca625a3153dacfa51dbdb7fde139bd59510f5add29f88be3826b445ce7386dcf06577be72fbdf118fa81179091fad275981409e02d40422d8e86df5827a2c496a4b905b4825c3f1ba0af4cf509bf9b0d4d608cf0b4320ac60d1a8cbcc384de24f11a4c93c0fc5b887cbd6855871af1b1ef729c51a8a123efc6a627b6494e81a264587443b9156ad17772863c2f9685fae9c72a552b333f8ef2822bce5d4d178e45b3a8dd4e321924f6a5ba43f732971a9e74cbf0433), time=2 ms
03-01 11:37:28.850 2911 2911 D PanelAppClient: BEGIN: Initializing panel application via MSG_CREATE_PANEL_APP.
03-01 11:37:28.852 2911 2911 I AndroidPanelApp: Created
03-01 11:37:28.852 2911 2911 V LifecycleAwareViewModelStore: LifecycleAwareViewModelStore created
03-01 11:37:28.852 2911 2911 V LifecycleAwarePanelApp: PanelApp initial lifecycle started and moved from state INITIALIZED to state RESUMED
03-01 11:37:28.852 2911 2911 W [SUI] DeviceConfigHelper: Try to get config param oculus_casting:meta_quest_camera_panel_enabled before Device Config has subscribed to the service.
03-01 11:37:28.852 2911 2911 W [SUI] DeviceConfigHelper: Try to get config param oculus_casting:camera_panel_take_photo_icon_enabled before Device Config has subscribed to the service.
03-01 11:37:28.853 2911 2911 W [SUI] DeviceConfigHelper: Try to get config param oculus_casting:meta_quest_camera_panel_enabled before Device Config has subscribed to the service.
03-01 11:37:28.857 2911 2911 W [SUI] DeviceConfigHelper: Try to get config param oculus_systemux:oculus_systemux_library_cache_deprecation before Device Config has subscribed to the service.
03-01 11:37:28.857 2911 2911 W [SUI] DeviceConfigHelper: Try to get config param oculus_systemux:assistant_on_oculus before Device Config has subscribed to the service.
03-01 11:37:28.857 2911 2911 W [SUI] DeviceConfigHelper: Try to get config param oculus_casting:capture_settings_section before Device Config has subscribed to the service.
03-01 11:37:28.857 2911 2911 W [SUI] DeviceConfigHelper: Try to get config param oculus_systemux:oculus_sysux_aui_bar_customization before Device Config has subscribed to the service.
03-01 11:37:28.857 2911 2911 W [SUI] DeviceConfigHelper: Try to get config param oculus_systemux:oculus_sysux_aui_bar_customization before Device Config has subscribed to the service.
03-01 11:37:28.857 2911 2911 W [SUI] DeviceConfigHelper: Try to get config param oculus_shared_social:mivr_app_split before Device Config has subscribed to the service.
03-01 11:37:28.857 2911 2911 I [SUI] ConsumerConfiguration: Setting SystemUX Configuration and Policy Settings.
03-01 11:37:28.857 2911 2911 D [SUI] LibraryPanelApp: Creating LibraryPanelApp
03-01 11:37:28.858 2911 2911 W [SUI] DeviceConfigHelper: Try to get config param oculus_systemux:oculus_sysux_library_default_view before Device Config has subscribed to the service.
03-01 11:37:28.858 2911 2911 W [SUI] DeviceConfigHelper: Try to get config param oculus_systemux:oculus_mobile_aui_v2_qp_killswitch before Device Config has subscribed to the service.
03-01 11:37:28.859 2911 2911 I AndroidPanelApp: HideLayer(#main, shape: 1, shouldMinimizeLayer: false)
03-01 11:37:28.860 3628 5595 I [SEO] PanelAppsManager: LastOpenedPanels: Inserting panel 6 to monitor -1
03-01 11:37:28.860 3628 5595 I [SEO] DesktopPanelControllerHelper: Resolving panel apps for activation
03-01 11:37:28.860 3628 5595 I [SEO] DesktopPanelControllerHelper: Resolved 1 panel apps for Launch activation
03-01 11:37:28.861 3628 5595 I [SEO] DesktopPanelController: Checking whether desktop switch is necessary with current desktop Multi-app for activation of app com.oculus.systemux/com.oculus.panelapp.library.LibraryPanelService
03-01 11:37:28.861 3628 5595 I [SEO] DesktopPanelController: Checking whether we need to switch desktops for Launch activation
03-01 11:37:28.861 3628 5595 I [SEO] DesktopPanelController: Initial cooperative state for app com.oculus.systemux/com.oculus.panelapp.library.LibraryPanelService with uri /all is cooperative
03-01 11:37:28.861 3628 5595 I [SEO] DesktopPanelController: Selecting desktop Multi-app for activation
03-01 11:37:28.861 3628 5595 I [SEO] DesktopPanelController: Resolved target monitor is 2
03-01 11:37:28.861 3628 5595 I [SEO] DesktopPanelApp: Storing location Multi-app, monitor 2
03-01 11:37:28.861 3628 5595 I [SEO] DesktopPanelController: Moving panel in background from monitor -1 to monitor 2
03-01 11:37:28.861 3628 5595 I [SEO] VrShellDesktopBase: Found monitor 2 for AddPanelApp
03-01 11:37:28.861 3628 5595 I [SEO] VrShellDesktopBase: Inserting panelapp with id 6 to monitor 2
03-01 11:37:28.861 3628 5595 I [SEO] PanelAppHost: Panel application 3 (com.oculus.explore/com.oculus.explore.PanelService) will be put into the background on the next frame with reason: appSwitch
03-01 11:37:28.861 3628 5595 I [SEO] DesktopPanelApp: Storing location Multi-app, monitor 2
03-01 11:37:28.861 3628 5595 I [SEO] AppActivationRecord: AppActivation result is Success with reason and type:Launch, launchTarget:Default, activationSourceId:3, activationTargetId:2, launchAsNew:0, uri:/all, launchingComponent:com.oculus.explore/com.oculus.explore.PanelService
03-01 11:37:28.861 3628 5595 I [SEO] DesktopAnimationController: Playing background for unfocus animation for panel with id 3 and name com.oculus.explore/com.oculus.explore.PanelService
03-01 11:37:28.861 3628 5595 I [SEO] DesktopFocusManager: Notifying panel with id:3, component:com.oculus.explore/com.oculus.explore.PanelService of isFocused:0
03-01 11:37:28.861 3628 5595 I [SEO] DesktopFocusManager: Notifying panel with id:6, component:com.oculus.systemux/com.oculus.panelapp.library.LibraryPanelService of isFocused:1
03-01 11:37:28.861 3628 5595 I [SEO] DesktopFocusManager: Focused panel changed from 3 to 6
03-01 11:37:28.861 1062 6048 I DisplayManagerService: Display device added: DisplayDeviceInfo{"com.oculus.android_panel_app.AndroidPanelLayer-#main": uniqueId="virtual:com.oculus.systemux,10041,com.oculus.android_panel_app.AndroidPanelLayer-#main,3", 1000 x 625, modeId 76, defaultModeId 76, supportedModes [{id=76, width=1000, height=625, fps=60.0}], colorMode 0, supportedColorModes [0], HdrCapabilities null, density 200, 200.0 x 200.0 dpi, appVsyncOff 0, presDeadline 16666666, touch NONE, rotation 0, type VIRTUAL, state OFF, owner com.oculus.systemux (uid 10041), FLAG_PRIVATE, FLAG_NEVER_BLANK, FLAG_OWN_CONTENT_ONLY}
03-01 11:37:28.862 3628 5595 I [SEO] PanelAppAnalytics: First frame latency: 0.034 for id 6 com.oculus.systemux/com.oculus.panelapp.library.LibraryPanelService
03-01 11:37:28.863 3628 5595 I [SEO] PanelAppOSLifecycleNotificationManager: Sending frameState isForeground:1 to OS for app com.oculus.systemux/com.oculus.panelapp.library.LibraryPanelService
03-01 11:37:28.863 2469 5659 I chatty : uid=10033(com.oculus.guardian) Thread-1427 expire 1 line
03-01 11:37:28.874 2911 2911 D [SUI] LibraryView: Constructing LibraryView
03-01 11:37:28.875 3628 5595 I [SEO] DesktopAnimationController: Playing launch animation with delay=1 for panel with id 6 and name com.oculus.systemux/com.oculus.panelapp.library.LibraryPanelService
03-01 11:37:28.876 2911 6190 D QuickPromotionController: Initialized and enabled.
03-01 11:37:28.876 2911 6190 D QuickPromotionController: Fetching Quick Promotions for all surfaces.
03-01 11:37:28.876 2911 6190 D QuickPromotionController: Initialized and enabled.
03-01 11:37:28.876 2911 6190 D QuickPromotionController: Set access token.
03-01 11:37:28.879 2911 6190 D QuickPromotionController: Fetched Quick Promotions for all surfaces.
03-01 11:37:28.882 3628 5595 I [SEO] LayerSwapChainResource: LayerSwapChainResource 60,60 : 1
03-01 11:37:28.882 1804 5569 I VrRuntimeService: CreateSwapChain: 2583401121
03-01 11:37:28.882 1804 5569 I VrRuntimeService: CreateSwapChain: api:vk 0 0x2b 60 60 6 1 1 4 3
03-01 11:37:28.882 1804 5569 W SwapChain_Vulkan_Foveated: CreateTextureSwapChainFoveationVulkan: ShouldCreateFragmentDensityMap: false
03-01 11:37:28.882 1804 5569 W SwapChain_Vulkan_Foveated: ExportTextureResourcesFoveationVulkan: chain->VkInteropFoveation.Device == nullptr
03-01 11:37:28.882 1804 5569 W SwapChain: CreateTextureSwapChainFoveation: export failed
03-01 11:37:28.882 1804 5569 I VrRuntimeServer: CreateTextureSwapChain: result importswapchaingles 1
03-01 11:37:28.884 5489 5690 I SwapChain_Vulkan_Memory_Export: Imported texture has requirements 3, ends up index 0
03-01 11:37:28.884 5489 5690 W VrRuntimeClient: CreateTextureSwapChain: Failed to import foveation swapchain
03-01 11:37:28.887 1804 5569 I VrRuntimeService: UpdateSwapChainSamplerState: 150
03-01 11:37:28.887 1804 5569 I VrRuntimeService: UpdateSwapChainSamplerState: minFilter=1 magFilter=1 wrapModeS=3 warpModeT=3 maxAniso=1.000000 border={0.000000,0.000000,0.000000,0.000000} swizzle={0,1,2,3}
03-01 11:37:28.887 5489 5690 W OpenXR : xrAcquireSwapchainImage: Index has already been acquired and not yet released.
03-01 11:37:28.887 5489 5690 W OpenXR : xrWaitSwapchainImage: No image has been acquired
03-01 11:37:28.888 5489 5690 I VrRuntimeClient: SetTextureSwapChainSamplerState: No change in sampler state.
03-01 11:37:28.888 5489 5690 W OpenXR : xrReleaseSwapchainImage: Function has been successfully called previously on static image.
03-01 11:37:28.903 5815 5883 V RCTVRNET: Request complete: time=309 name=unknown docid=5446635708697338 traceid=FRyWK87OoaX code=200
03-01 11:37:28.913 5815 5883 V RCTVRNET: Request complete: time=308 name=unknown docid=5446635708697338 traceid=EIgeDNwJtUI code=200
03-01 11:37:28.918 2469 6189 I chatty : uid=10033(com.oculus.guardian) Thread-1558 expire 2 lines
03-01 11:37:28.929 3628 5595 W OpenGLRenderer: [SurfaceTexture-41-3628-15] bindTextureImage: clearing GL error: 0x502
03-01 11:37:28.931 1062 1099 W InputReader: Device has associated, but no associated display id.
03-01 11:37:28.968 1062 1101 W InputReader: Device has associated, but no associated display id.
03-01 11:37:28.968 1062 1101 I ActivityTaskManager: Override config changes=20005df8 {0.0 ?mcc?mnc ?localeList ?layoutDir sw500dp w800dp h500dp 200dpi lrg land ?uimode ?night -touch qwerty/v/v -nav/h winConfig={ mBounds=Rect(0, 0 - 1000, 625) mAppBounds=Rect(0, 0 - 1000, 625) mWindowingMode=fullscreen mDisplayWindowingMode=fullscreen mActivityType=undefined mAlwaysOnTop=undefined mRotation=ROTATION_0}} for displayId=15
03-01 11:37:28.969 1062 5945 W ActivityManager: Slow operation: 96ms so far, now at getContentProviderImpl: after updateLruProcess
03-01 11:37:28.969 1062 5945 W ActivityManager: Slow operation: 96ms so far, now at getContentProviderImpl: before updateOomAdj
03-01 11:37:28.970 1062 5945 W ActivityManager: Slow operation: 97ms so far, now at getContentProviderImpl: after updateOomAdj
03-01 11:37:28.970 1062 5945 W ActivityManager: Slow operation: 97ms so far, now at getContentProviderImpl: done!
03-01 11:37:28.977 1804 1820 I FocusedClientsListener: focus: onVrFocusChanged(focusType=2): 1
03-01 11:37:28.977 1804 1820 I FocusedClientsListener: focus: pid=5489
03-01 11:37:28.977 1804 1822 I FocusedClientsListener: focus: onVrFocusChanged(focusType=0): 5
03-01 11:37:28.977 1804 1822 I FocusedClientsListener: focus: pid=2632
03-01 11:37:28.977 1804 1822 I FocusedClientsListener: focus: pid=5489
03-01 11:37:28.977 1804 1822 I FocusedClientsListener: focus: pid=3292
03-01 11:37:28.977 1804 1822 I FocusedClientsListener: focus: pid=3628
03-01 11:37:28.977 1804 1822 I FocusedClientsListener: focus: pid=2469
03-01 11:37:28.978 1804 3099 I FocusedClientsListener: focus: onVrFocusChanged(focusType=1): 5
03-01 11:37:28.978 1804 3099 I FocusedClientsListener: focus: pid=2632
03-01 11:37:28.978 1804 3099 I FocusedClientsListener: focus: pid=5489
03-01 11:37:28.978 1804 3099 I FocusedClientsListener: focus: pid=3292
03-01 11:37:28.978 1804 3099 I FocusedClientsListener: focus: pid=3628
03-01 11:37:28.978 1804 3099 I FocusedClientsListener: focus: pid=2469
03-01 11:37:29.018 5489 5707 I VrApi : FPS=83/90,Prd=36ms,Tear=0,Early=0,Stale=15,Stale2/5/10/max=3/1/0/5,VSnc=0,Lat=-1,Fov=0,CPU4/GPU=4/3,2419/490MHz,OC=FF,TA=0/70/0,SP=N/F/N,Mem=2092MHz,Free=3136MB,PLS=0,Temp=40.5C/0.0C,TW=2.61ms,App=6.01ms,GD=0.00ms,CPU&GPU=15.74ms,LCnt=4(DR0,LM0),GPU%=0.58,CPU%=0.34(W0.43),DSF=1.00,CFL=14.53/19.71
03-01 11:37:29.033 2469 5424 I chatty : uid=10033(com.oculus.guardian) com.oculus.vrguardianservice expire 3 lines
03-01 11:37:29.090 2911 2911 D [SUI] LibraryView: Initializing LibraryView
03-01 11:37:29.090 2911 2911 W [SUI] DeviceConfigHelper: Try to get config param oculus_systemux:oculus_sysux_library_search_improvements before Device Config has subscribed to the service.
03-01 11:37:29.094 2469 5426 I chatty : uid=10033(com.oculus.guardian) com.oculus.vrguardianservice expire 3 lines
03-01 11:37:29.096 2911 2911 D [SUI] AppStateUtil: Notifying observers com.oculus.explore is pinned=true
03-01 11:37:29.096 2911 2911 D [SUI] AppStateUtil: Notifying observers com.oculus.store is pinned=true
03-01 11:37:29.096 2911 2911 D [SUI] AppStateUtil: Notifying observers messenger_system_app is pinned=true
03-01 11:37:29.096 2911 2911 D [SUI] AppStateUtil: Notifying observers share_system_app is pinned=true
03-01 11:37:29.096 2911 2911 D [SUI] AppStateUtil: com.oculus.explore is running= true
03-01 11:37:29.096 2911 2911 D [SUI] AppStateUtil: com.oculus.store is running= false
03-01 11:37:29.096 2911 2911 D [SUI] AppStateUtil: messenger_system_app is running= false
03-01 11:37:29.096 2911 2911 D [SUI] AppStateUtil: share_system_app is running= false
03-01 11:37:29.096 2911 2911 D [SUI] AppStateUtil: Notifying observers file_manager is in 'recents'= true
03-01 11:37:29.096 2911 2911 D [SUI] AppStateUtil: file_manager is running= false
03-01 11:37:29.097 2911 2911 W [SUI] DeviceConfigHelper: Try to get config param oculus_systemux:oculus_mobile_settings_app_library_section before Device Config has subscribed to the service.
03-01 11:37:29.098 2911 2911 D [SUI] LibraryLogger: Library Session ID Generated: c97c492a-3cbb-4eb3-ae6e-978292375a9b
03-01 11:37:29.098 2911 2911 W [SUI] DeviceConfigHelper: Try to get config param oculus_shared_social:mivr_app_split before Device Config has subscribed to the service.
03-01 11:37:29.107 2911 2911 W [SUI] DeviceConfigHelper: Try to get config param oculus_mobile_library_protype_filter_organization:organization_ids before Device Config has subscribed to the service.
03-01 11:37:29.107 2911 2911 D [SUI] LibraryViewModel: Organization Ids fetched with Device Config: [4435510379805324, 2307425616184313]
03-01 11:37:29.107 2911 2911 D [SUI] LibraryStateHelper: App Migration Dialog is blocked.
03-01 11:37:29.108 2911 2911 D [SUI] LibraryViewModel: Calling notifyPropertyChanged(BR.items)
03-01 11:37:29.108 2911 2911 I [SUI] LibraryCopresenceHelper: new ServicePresenceClient
03-01 11:37:29.110 2911 2911 I PresenceAPK(ServiceApiManager): Trying to bind to presence service API.
03-01 11:37:29.115 2911 2927 W System : A resource failed to call release.
03-01 11:37:29.131 2911 2911 D UserAppScopedAuthHelper: Logging user in.
03-01 11:37:29.132 2911 6208 D UserAppScopedAuthHelper: fetchUserInfo - start
03-01 11:37:29.132 2911 6208 I [SUI] OVRAuthHelper: fetchAuthToken - start
03-01 11:37:29.134 2911 2911 W [SUI] DeviceConfigHelper: Try to get config param oculus_systemux:system_copresence_library_store_link_enabled before Device Config has subscribed to the service.
03-01 11:37:29.135 2911 6190 W [SUI] DeviceConfigHelper: Try to get config param oculus_shared_reactvr_apps:oculus_living_room_enable_copresence before Device Config has subscribed to the service.
03-01 11:37:29.135 2911 6190 E DeviceConfigTelemetryLogger: Calling getDeviceBoolean(oculus_shared_reactvr_apps:oculus_living_room_enable_copresence) when not subscribed. Return value from local cache.
03-01 11:37:29.137 2911 2911 D [SUI] LibraryPartyFetcher: loading party data from party service
03-01 11:37:29.154 2911 6208 D UserAppScopedAuthHelper: Successfully logged in.
03-01 11:37:29.164 2911 2911 D UserAppScopedAuthHelper: Logging user in.
03-01 11:37:29.165 2911 6208 D UserAppScopedAuthHelper: fetchUserInfo - start
03-01 11:37:29.165 2911 6208 I [SUI] OVRAuthHelper: fetchAuthToken - start
03-01 11:37:29.165 2911 2911 D [SUI] LibraryView: Clearing library state on new power cycle
03-01 11:37:29.165 2911 2911 D [SUI] LibraryStateHelper: Share preference changed: filter_state
03-01 11:37:29.165 2911 2911 D [SUI] LibraryStateHelper: Share preference changed: sort_state
03-01 11:37:29.165 2911 2911 D [SUI] LibraryStateHelper: Storing scroll position: 0
03-01 11:37:29.165 2911 2911 D [SUI] LibraryStateHelper: Share preference changed: boot_time
03-01 11:37:29.166 2911 2911 D [SUI] SurveyManager: Constructing SurveyManager
03-01 11:37:29.168 2911 2911 D UserAppScopedAuthHelper: Logging user in.
03-01 11:37:29.168 2911 6209 D UserAppScopedAuthHelper: fetchUserInfo - start
03-01 11:37:29.168 2911 6209 I [SUI] OVRAuthHelper: fetchAuthToken - start
03-01 11:37:29.168 2911 6208 D UserAppScopedAuthHelper: Successfully logged in.
03-01 11:37:29.168 2911 2911 W [SUI] DeviceConfigHelper: Try to get config param oculus_systemux:oculus_sysux_library_filter_view before Device Config has subscribed to the service.
03-01 11:37:29.170 2911 2911 D [SUI] LibraryViewModel: Setting platform options.
03-01 11:37:29.170 2911 2911 D [SUI] LibraryViewModel: Setting sorter options.
03-01 11:37:29.170 2911 2911 W [SUI] DeviceConfigHelper: Try to get config param oculus_systemux:oculus_sysux_library_filter_view before Device Config has subscribed to the service.
03-01 11:37:29.173 2911 2911 I chatty : uid=10041 com.oculus.systemux:SystemUX identical 4 lines
03-01 11:37:29.192 2469 2487 I chatty : uid=10033(com.oculus.guardian) Binder:2469_2 expire 1 line
03-01 11:37:29.198 2911 6209 I chatty : uid=10041(com.oculus.systemux) pool-12-thread- expire 1 line
03-01 11:37:29.201 2911 2911 I chatty : uid=10041 com.oculus.systemux:SystemUX expire 30 lines
03-01 11:37:29.285 1804 5569 I VrRuntimeService: UpdateSwapChainSamplerState: 148
03-01 11:37:29.285 1804 5569 I VrRuntimeService: UpdateSwapChainSamplerState: minFilter=1 magFilter=1 wrapModeS=3 warpModeT=3 maxAniso=1.000000 border={0.000000,0.000000,0.000000,0.000000} swizzle={0,1,2,3}
03-01 11:37:29.345 2469 3516 I chatty : uid=10033(com.oculus.guardian) Binder:2469_7 expire 1 line
03-01 11:37:29.345 2911 2911 I RuntimeIPCClient [RUNTIMEIPC]: GetServerStatesConfig returned maxEntries=64, maxBuffSize=32768
03-01 11:37:29.345 2911 2911 I RuntimeIPCClient [RUNTIMEIPC]: InitServerStateBuffer: SUCCESS. 0, Client: com.oculus.systemux:com.oculus.systemux:SystemUX:2911, Server: com.oculus.guardian:com.oculus.vrguardianservice (guardianserver)
03-01 11:37:29.346 2911 2911 I AndroidPanelApp: Processing pending hide layer for layer #main.
03-01 11:37:29.346 2911 2911 I AndroidPanelApp: Processing pending show layer info for layer #main with width 1000 and height 625.
03-01 11:37:29.346 2911 2911 I AndroidPanelApp: layerSupersample no changes
03-01 11:37:29.346 2911 2911 D [SUI] AnytimeUIAndroidPanelApp: Received appStatus from VrShell: [{"name":"com.oculus.explore\/com.oculus.explore.PanelService","panels":[{"panelId":3,"state":"Foreground"}]},{"name":"com.oculus.systemux\/com.oculus.panelapp.library.LibraryPanelService","panels":[{"panelId":6,"state":"Focused"}]}]
03-01 11:37:29.346 2911 2911 W [SUI] DeviceConfigHelper: Try to get config param oculus_systemux:aui_show_unknown_sources_in_dynamic_app_bar before Device Config has subscribed to the service.
03-01 11:37:29.347 2469 2469 I chatty : uid=10033(com.oculus.guardian) com.oculus.vrguardianservice expire 174 lines
03-01 11:37:29.351 3628 5595 I [SEO] PanelAppHost: Setting panel layer visibility of layer "#main" to invisible, panel 6 (com.oculus.systemux/com.oculus.panelapp.library.LibraryPanelService)
03-01 11:37:29.351 3628 5595 I [SEO] PanelAppHost: Resize layer #main to size 1000 x 625 shape: 1 stereo: 0, panel 6 (com.oculus.systemux/com.oculus.panelapp.library.LibraryPanelService)
03-01 11:37:29.351 3628 5595 I [SEO] PanelRenderLayer: ResetSurface #main 1000 x 625 - shape:1 stereo:0
03-01 11:37:29.352 1804 5569 I VrRuntimeService: UpdateAndroidSurfaceSwapChainDimensions: 148: 1000x625
03-01 11:37:29.352 5489 5690 I VrRuntimeClient: SetTextureSwapChainSamplerState: No change in sampler state.
03-01 11:37:29.354 2469 5420 I chatty : uid=10033(com.oculus.guardian) DeviceConfigTim expire 1 line
03-01 11:37:29.366 2407 2407 D AssistantUserEdService: Incoming intent Intent { act=app_library_opened cmp=com.oculus.assistant/.service.AssistantUserEdService }
