03-01 11:38:05.530 2469 2469 D VrGuardianUserService: DeviceConfig - onFailure - Error: exception
03-01 11:38:05.530 2469 2469 E DeviceConfigTelemetryLogger: onFailure(exception)
03-01 11:38:05.530 2469 2469 D VrGuardianUserService: DeviceConfig - onFailure - Error: exception
03-01 11:38:05.530 2469 2469 E DeviceConfigTelemetryLogger: onFailure(exception)
03-01 11:38:05.530 2469 2469 D VrGuardianUserService: DeviceConfig - onFailure - Error: exception
03-01 11:38:05.531 2469 2469 E DeviceConfigTelemetryLogger: onFailure(exception)
03-01 11:38:05.531 2469 2469 D VrGuardianUserService: DeviceConfig - onFailure - Error: exception
03-01 11:38:05.532 2469 2469 E DeviceConfigTelemetryLogger: onFailure(exception)
03-01 11:38:05.532 2469 2469 D VrGuardianUserService: DeviceConfig - onFailure - Error: exception
03-01 11:38:05.532 2469 2469 E DeviceConfigTelemetryLogger: onFailure(exception)
03-01 11:38:05.532 2469 2469 D VrGuardianUserService: DeviceConfig - onFailure - Error: exception
03-01 11:38:05.532 2469 2469 E DeviceConfigTelemetryLogger: onFailure(exception)
03-01 11:38:05.532 2469 2469 D VrGuardianUserService: DeviceConfig - onFailure - Error: exception
03-01 11:38:05.533 2469 2469 E DeviceConfigTelemetryLogger: onFailure(exception)
03-01 11:38:05.533 2469 2469 D VrGuardianUserService: DeviceConfig - onFailure - Error: exception
03-01 11:38:05.533 2469 2469 E DeviceConfigTelemetryLogger: onFailure(exception)
03-01 11:38:05.533 2469 2469 D VrGuardianUserService: DeviceConfig - onFailure - Error: exception
03-01 11:38:05.533 2469 2469 E DeviceConfigTelemetryLogger: onFailure(exception)
03-01 11:38:05.533 2469 2469 D VrGuardianUserService: DeviceConfig - onFailure - Error: exception
03-01 11:38:05.533 2469 2469 E DeviceConfigTelemetryLogger: onFailure(exception)
03-01 11:38:05.533 2469 2469 D VrGuardianUserService: DeviceConfig - onFailure - Error: exception
03-01 11:38:05.534 2469 2469 E DeviceConfigTelemetryLogger: onFailure(exception)
03-01 11:38:05.534 2469 2469 D VrGuardianUserService: DeviceConfig - onFailure - Error: exception
03-01 11:38:05.534 2469 2469 E DeviceConfigTelemetryLogger: onFailure(exception)
03-01 11:38:05.534 2469 6673 D MobileConfigBaseClient: awaitService()
03-01 11:38:05.534 2469 2469 D VrGuardianUserService: DeviceConfig - onFailure - Error: exception
03-01 11:38:05.534 2469 2469 E DeviceConfigTelemetryLogger: onFailure(exception)
03-01 11:38:05.534 2469 2469 D VrGuardianUserService: DeviceConfig - onFailure - Error: exception
03-01 11:38:05.535 2469 2469 E DeviceConfigTelemetryLogger: onFailure(exception)
03-01 11:38:05.535 2469 2469 D VrGuardianUserService: DeviceConfig - onFailure - Error: exception
03-01 11:38:05.535 2469 2469 E DeviceConfigTelemetryLogger: onFailure(exception)
03-01 11:38:05.535 2469 2469 D VrGuardianUserService: DeviceConfig - onFailure - Error: exception
03-01 11:38:05.535 2469 2469 E DeviceConfigTelemetryLogger: onFailure(exception)
03-01 11:38:05.535 2469 2469 D VrGuardianUserService: DeviceConfig - onFailure - Error: exception
03-01 11:38:05.535 2469 2469 E DeviceConfigTelemetryLogger: onFailure(exception)
03-01 11:38:05.535 2469 2469 D VrGuardianUserService: DeviceConfig - onFailure - Error: exception
03-01 11:38:05.536 2469 2469 E DeviceConfigTelemetryLogger: onFailure(exception)
03-01 11:38:05.536 2469 2469 D VrGuardianUserService: DeviceConfig - onFailure - Error: exception
03-01 11:38:05.536 2469 2469 E DeviceConfigTelemetryLogger: onFailure(exception)
03-01 11:38:05.536 2469 2469 D VrGuardianUserService: DeviceConfig - onFailure - Error: exception
03-01 11:38:05.536 2469 2469 E DeviceConfigTelemetryLogger: onFailure(exception)
03-01 11:38:05.536 2469 2469 D VrGuardianUserService: DeviceConfig - onFailure - Error: exception
03-01 11:38:05.536 2469 2469 E DeviceConfigTelemetryLogger: onFailure(exception)
03-01 11:38:05.536 2469 2469 D VrGuardianUserService: DeviceConfig - onFailure - Error: exception
03-01 11:38:05.537 2469 2469 E DeviceConfigTelemetryLogger: onFailure(exception)
03-01 11:38:05.537 2469 2469 D VrGuardianUserService: DeviceConfig - onFailure - Error: exception
03-01 11:38:05.538 2469 2469 E DeviceConfigTelemetryLogger: onFailure(exception)
03-01 11:38:05.538 2469 2469 D VrGuardianUserService: DeviceConfig - onFailure - Error: exception
03-01 11:38:05.538 2469 2469 E DeviceConfigTelemetryLogger: onFailure(exception)
03-01 11:38:05.538 2469 2469 D VrGuardianUserService: DeviceConfig - onFailure - Error: exception
03-01 11:38:05.539 2469 2469 E DeviceConfigTelemetryLogger: onFailure(exception)
03-01 11:38:05.539 2469 2469 D VrGuardianUserService: DeviceConfig - onFailure - Error: exception
03-01 11:38:05.540 2469 2469 E DeviceConfigTelemetryLogger: onFailure(exception)
03-01 11:38:05.540 2469 2469 D VrGuardianUserService: DeviceConfig - onFailure - Error: exception
03-01 11:38:05.541 2469 2469 E DeviceConfigTelemetryLogger: onFailure(exception)
03-01 11:38:05.541 2469 2469 D VrGuardianUserService: DeviceConfig - onFailure - Error: exception
03-01 11:38:05.541 2469 2469 E DeviceConfigTelemetryLogger: onFailure(exception)
03-01 11:38:05.541 2469 2469 D VrGuardianUserService: DeviceConfig - onFailure - Error: exception
03-01 11:38:05.542 2469 2469 E DeviceConfigTelemetryLogger: onFailure(exception)
03-01 11:38:05.542 2469 2469 D VrGuardianUserService: DeviceConfig - onFailure - Error: exception
03-01 11:38:05.542 2469 2469 E DeviceConfigTelemetryLogger: onFailure(exception)
03-01 11:38:05.542 2469 2469 D VrGuardianUserService: DeviceConfig - onFailure - Error: exception
03-01 11:38:05.542 2469 2469 E DeviceConfigTelemetryLogger: onFailure(exception)
03-01 11:38:05.542 2469 2469 D VrGuardianUserService: DeviceConfig - onFailure - Error: exception
03-01 11:38:05.543 2469 2469 E DeviceConfigTelemetryLogger: onFailure(exception)
03-01 11:38:05.543 2469 2469 D VrGuardianUserService: DeviceConfig - onFailure - Error: exception
03-01 11:38:05.544 2469 2469 E DeviceConfigTelemetryLogger: onFailure(exception)
03-01 11:38:05.544 2469 2469 D VrGuardianUserService: DeviceConfig - onFailure - Error: exception
03-01 11:38:05.544 2469 2469 E DeviceConfigTelemetryLogger: onFailure(exception)
03-01 11:38:05.544 2469 2469 D VrGuardianUserService: DeviceConfig - onFailure - Error: exception
03-01 11:38:05.544 2469 2469 E DeviceConfigTelemetryLogger: onFailure(exception)
03-01 11:38:05.544 2469 2469 D VrGuardianUserService: DeviceConfig - onFailure - Error: exception
03-01 11:38:05.546 2469 2469 E DeviceConfigTelemetryLogger: onFailure(exception)
03-01 11:38:05.546 2469 2469 D VrGuardianUserService: DeviceConfig - onFailure - Error: exception
03-01 11:38:05.547 2469 2469 E DeviceConfigTelemetryLogger: onFailure(exception)
03-01 11:38:05.547 2469 2469 D VrGuardianUserService: DeviceConfig - onFailure - Error: exception
03-01 11:38:05.547 2469 2469 E DeviceConfigTelemetryLogger: onFailure(exception)
03-01 11:38:05.547 2469 2469 D VrGuardianUserService: DeviceConfig - onFailure - Error: exception
03-01 11:38:05.547 2469 2469 E DeviceConfigTelemetryLogger: onFailure(exception)
03-01 11:38:05.547 2469 2469 D VrGuardianUserService: DeviceConfig - onFailure - Error: exception
03-01 11:38:05.548 2469 2469 E DeviceConfigTelemetryLogger: onFailure(exception)
03-01 11:38:05.548 2469 2469 D VrGuardianUserService: DeviceConfig - onFailure - Error: exception
03-01 11:38:05.549 2469 2469 E DeviceConfigTelemetryLogger: onFailure(exception)
03-01 11:38:05.550 2469 2469 D VrGuardianUserService: DeviceConfig - onFailure - Error: exception
03-01 11:38:05.551 2469 2469 E DeviceConfigTelemetryLogger: onFailure(exception)
03-01 11:38:05.551 2469 2469 D VrGuardianUserService: DeviceConfig - onFailure - Error: exception
03-01 11:38:05.551 2469 2469 E DeviceConfigTelemetryLogger: onFailure(exception)
03-01 11:38:05.551 2469 2469 D VrGuardianUserService: DeviceConfig - onFailure - Error: exception
03-01 11:38:05.551 2469 2469 E DeviceConfigTelemetryLogger: onFailure(exception)
03-01 11:38:05.551 2469 2469 D VrGuardianUserService: DeviceConfig - onFailure - Error: exception
03-01 11:38:05.552 2469 2469 E DeviceConfigTelemetryLogger: onFailure(exception)
03-01 11:38:05.552 2469 2469 D VrGuardianUserService: DeviceConfig - onFailure - Error: exception
03-01 11:38:05.552 2469 2469 E DeviceConfigTelemetryLogger: onFailure(exception)
03-01 11:38:05.552 2469 2469 D VrGuardianUserService: DeviceConfig - onFailure - Error: exception
03-01 11:38:05.552 2469 2469 E DeviceConfigTelemetryLogger: onFailure(exception)
03-01 11:38:05.552 2469 2469 D VrGuardianUserService: DeviceConfig - onFailure - Error: exception
03-01 11:38:05.552 2469 2469 E DeviceConfigTelemetryLogger: onFailure(exception)
03-01 11:38:05.552 2469 2469 D VrGuardianUserService: DeviceConfig - onFailure - Error: exception
03-01 11:38:05.553 2469 2469 E DeviceConfigTelemetryLogger: onFailure(exception)
03-01 11:38:05.553 2469 2469 D VrGuardianUserService: DeviceConfig - onFailure - Error: exception
03-01 11:38:05.556 2469 2469 E DeviceConfigTelemetryLogger: onFailure(exception)
03-01 11:38:05.556 2469 2469 D VrGuardianUserService: DeviceConfig - onFailure - Error: exception
03-01 11:38:05.558 1968 3433 I MobileConfigFactoryImpl: Created MobileConfigFactoryImpl, unitType:2
03-01 11:38:05.559 1968 3433 I MobileConfigFactoryImpl: Created MobileConfigFactoryImpl, unitType:1
03-01 11:38:05.559 1968 3433 I MobileConfigFactoryImpl: Created MobileConfigFactoryImpl, unitType:2
03-01 11:38:05.559 1968 3433 I MobileConfigFactoryImpl: Created MobileConfigFactoryImpl, unitType:1
03-01 11:38:05.562 1968 3438 E MobileConfigServiceImpl: exception while trying to subscribe
03-01 11:38:05.562 1968 3438 E MobileConfigServiceImpl: java.lang.IllegalArgumentException: account is null
03-01 11:38:05.562 1968 3438 E MobileConfigServiceImpl: at android.accounts.AccountManager.getAuthToken(AccountManager.java:1778)
03-01 11:38:05.562 1968 3438 E MobileConfigServiceImpl: at com.oculus.deviceconfigservice.FRLAuthedHttpClient.A00(:28)
03-01 11:38:05.562 1968 3438 E MobileConfigServiceImpl: at com.oculus.deviceconfigservice.MobileConfigServiceHelper.A00(:254)
03-01 11:38:05.562 1968 3438 E MobileConfigServiceImpl: at X.1mj.(:274)
03-01 11:38:05.562 1968 3438 E MobileConfigServiceImpl: at X.0qq.A00(:66554)
03-01 11:38:05.562 1968 3438 E MobileConfigServiceImpl: at X.0qs.A03(:6)
03-01 11:38:05.562 1968 3438 E MobileConfigServiceImpl: at X.0nT.A01(:51)
03-01 11:38:05.562 1968 3438 E MobileConfigServiceImpl: at X.0nT.A00(:12)
03-01 11:38:05.562 1968 3438 E MobileConfigServiceImpl: at com.oculus.deviceconfigservice.MobileConfigInitModule.A00(:5)
03-01 11:38:05.562 1968 3438 E MobileConfigServiceImpl: at X.0qq.A00(:66751)
03-01 11:38:05.562 1968 3438 E MobileConfigServiceImpl: at X.0qs.A03(:6)
03-01 11:38:05.562 1968 3438 E MobileConfigServiceImpl: at X.0UX.A01(:51)
03-01 11:38:05.562 1968 3438 E MobileConfigServiceImpl: at X.08I.get(:38)
03-01 11:38:05.562 1968 3438 E MobileConfigServiceImpl: at X.1el.run(:4)
03-01 11:38:05.562 1968 3438 E MobileConfigServiceImpl: at com.oculus.deviceconfigservice.MobileConfigServiceHelper$4.call(:2)
03-01 11:38:05.562 1968 3438 E MobileConfigServiceImpl: at X.1NJ.run(:4)
03-01 11:38:05.562 1968 3438 E MobileConfigServiceImpl: at java.util.concurrent.ThreadPoolExecutor.runWorker(ThreadPoolExecutor.java:1167)
03-01 11:38:05.562 1968 3438 E MobileConfigServiceImpl: at java.util.concurrent.ThreadPoolExecutor$Worker.run(ThreadPoolExecutor.java:641)
03-01 11:38:05.562 1968 3438 E MobileConfigServiceImpl: at java.lang.Thread.run(Thread.java:919)
03-01 11:38:05.603 2469 2469 E DeviceConfigTelemetryLogger: onFailure(exception)
03-01 11:38:05.603 2469 2469 D VrGuardianUserService: DeviceConfig - onFailure - Error: exception
03-01 11:38:05.635 2469 2469 E DeviceConfigTelemetryLogger: onFailure(exception)
03-01 11:38:05.635 2469 2469 D VrGuardianUserService: DeviceConfig - onFailure - Error: exception
03-01 11:38:05.644 2469 6302 E MobileConfigBaseClient: Timed out trying to connect to MobileConfigService.
03-01 11:38:05.645 2469 6302 E DeviceConfigTelemetryLogger: onFailure(Could not connect to MobileConfigService)
03-01 11:38:05.645 2469 6302 D VrGuardianUserService: DeviceConfig - onFailure - Error: Could not connect to MobileConfigService
03-01 11:38:05.664 720 959 D audio_hw_primary: out_standby: enter: stream (0xea5b7000) usecase(1: low-latency-playback)
03-01 11:38:05.671 2469 6303 E MobileConfigBaseClient: Timed out trying to connect to MobileConfigService.
03-01 11:38:05.671 2469 6303 E DeviceConfigTelemetryLogger: onFailure(Could not connect to MobileConfigService)
03-01 11:38:05.671 2469 6303 D VrGuardianUserService: DeviceConfig - onFailure - Error: Could not connect to MobileConfigService
03-01 11:38:05.689 2469 2469 E DeviceConfigTelemetryLogger: onFailure(exception)
03-01 11:38:05.693 2469 2469 D VrGuardianUserService: DeviceConfig - onFailure - Error: exception
03-01 11:38:05.694 2469 2469 E DeviceConfigTelemetryLogger: onFailure(exception)
03-01 11:38:05.694 2469 2469 D VrGuardianUserService: DeviceConfig - onFailure - Error: exception
03-01 11:38:05.696 720 959 I audio_hw_primary: disable_audio_route: reset and update mixer path: low-latency-playback
03-01 11:38:05.697 720 959 D msm8974_platform: platform_split_snd_device: snd_device(2) num devices(0) new_snd_devices(0)
03-01 11:38:05.697 720 959 I msm8974_platform: platform_get_custom_mtmx_params: no matching param with id 0 ip_ch 2 op_ch 2 uc_id 1 snd_dev 2
03-01 11:38:05.697 720 959 D hardware_info: hw_info_append_hw_type : device_name = speaker
03-01 11:38:05.697 720 959 D audio_hw_primary: disable_snd_device: snd_device(2: speaker)
03-01 11:38:05.697 720 959 D msm8974_platform: platform_split_snd_device: snd_device(2) num devices(0) new_snd_devices(0)
03-01 11:38:05.699 2469 2469 E DeviceConfigTelemetryLogger: onFailure(exception)
03-01 11:38:05.699 2469 2469 D VrGuardianUserService: DeviceConfig - onFailure - Error: exception
03-01 11:38:05.699 2469 2469 E DeviceConfigTelemetryLogger: onFailure(exception)
03-01 11:38:05.699 2469 2469 D VrGuardianUserService: DeviceConfig - onFailure - Error: exception
03-01 11:38:05.699 2469 2469 E DeviceConfigTelemetryLogger: onFailure(exception)
03-01 11:38:05.699 2469 2469 D VrGuardianUserService: DeviceConfig - onFailure - Error: exception
03-01 11:38:05.700 2469 2469 E DeviceConfigTelemetryLogger: onFailure(exception)
03-01 11:38:05.700 2469 2469 D VrGuardianUserService: DeviceConfig - onFailure - Error: exception
03-01 11:38:05.706 720 959 D audio_hw_primary: out_standby: exit
03-01 11:38:05.764 2469 2469 E DeviceConfigTelemetryLogger: onFailure(exception)
03-01 11:38:05.764 2469 2469 D VrGuardianUserService: DeviceConfig - onFailure - Error: exception
03-01 11:38:05.764 2469 2469 E DeviceConfigTelemetryLogger: onFailure(exception)
03-01 11:38:05.764 2469 2469 D VrGuardianUserService: DeviceConfig - onFailure - Error: exception
03-01 11:38:05.772 2469 2469 E DeviceConfigTelemetryLogger: onFailure(exception)
03-01 11:38:05.772 2469 2469 D VrGuardianUserService: DeviceConfig - onFailure - Error: exception
03-01 11:38:05.774 2469 5032 D VrGuardianUserService: SubscribeTask - Attempting Subscribe
03-01 11:38:05.795 2469 2469 E DeviceConfigTelemetryLogger: onFailure(exception)
03-01 11:38:05.795 2469 2469 D VrGuardianUserService: DeviceConfig - onFailure - Error: exception
03-01 11:38:05.795 2469 2469 E DeviceConfigTelemetryLogger: onFailure(exception)
03-01 11:38:05.795 2469 2469 D VrGuardianUserService: DeviceConfig - onFailure - Error: exception
03-01 11:38:05.798 2469 2469 E DeviceConfigTelemetryLogger: onFailure(exception)
03-01 11:38:05.798 2469 2469 D VrGuardianUserService: DeviceConfig - onFailure - Error: exception
03-01 11:38:05.799 1968 3433 I MobileConfigFactoryImpl: Registered SESSIONLESS factory change listener: ok
03-01 11:38:05.799 1968 3433 I MobileConfigFactoryImpl: Set Java EP Handler
03-01 11:38:05.834 2469 2469 E DeviceConfigTelemetryLogger: onFailure(exception)
03-01 11:38:05.834 2469 2469 D VrGuardianUserService: DeviceConfig - onFailure - Error: exception
03-01 11:38:05.834 2469 2469 E DeviceConfigTelemetryLogger: onFailure(exception)
03-01 11:38:05.834 2469 2469 D VrGuardianUserService: DeviceConfig - onFailure - Error: exception
03-01 11:38:05.834 2469 2469 E DeviceConfigTelemetryLogger: onFailure(exception)
03-01 11:38:05.834 2469 2469 D VrGuardianUserService: DeviceConfig - onFailure - Error: exception
03-01 11:38:05.842 2469 2469 E DeviceConfigTelemetryLogger: onFailure(exception)
03-01 11:38:05.842 2469 2469 D VrGuardianUserService: DeviceConfig - onFailure - Error: exception
03-01 11:38:05.879 2469 2469 E DeviceConfigTelemetryLogger: onFailure(exception)
03-01 11:38:05.879 2469 2469 D VrGuardianUserService: DeviceConfig - onFailure - Error: exception
03-01 11:38:05.879 2469 2469 E DeviceConfigTelemetryLogger: onFailure(exception)
03-01 11:38:05.879 2469 2469 D VrGuardianUserService: DeviceConfig - onFailure - Error: exception
03-01 11:38:05.879 2469 2469 E DeviceConfigTelemetryLogger: onFailure(exception)
03-01 11:38:05.879 2469 2469 D VrGuardianUserService: DeviceConfig - onFailure - Error: exception
03-01 11:38:05.879 2469 2469 E DeviceConfigTelemetryLogger: onFailure(exception)
03-01 11:38:05.879 2469 2469 D VrGuardianUserService: DeviceConfig - onFailure - Error: exception
03-01 11:38:05.889 2469 2469 E DeviceConfigTelemetryLogger: onFailure(exception)
03-01 11:38:05.889 2469 2469 D VrGuardianUserService: DeviceConfig - onFailure - Error: exception
03-01 11:38:05.891 853 3285 I [CT] : VIPER: Mode=SuperVega,Status=6DoF,TRACKING,Inl=27,Mem=91.7,Jit=0.0mm,Issues(Cam/min=0.0,IMU/min=0.0),Exp=(3.9ms,g=2.0,I=74,Ir=9517.1)(4.8ms,g=5.0,I=106,Ir=4406.0)(4.8ms,g=5.0,I=120,Ir=4966.6)(3.7ms,g=3.0,I=74,Ir=6717.2)
03-01 11:38:05.893 2469 2469 E DeviceConfigTelemetryLogger: onFailure(exception)
03-01 11:38:05.893 2469 2469 D VrGuardianUserService: DeviceConfig - onFailure - Error: exception
03-01 11:38:05.897 2469 2469 E DeviceConfigTelemetryLogger: onFailure(exception)
03-01 11:38:05.897 2469 2469 D VrGuardianUserService: DeviceConfig - onFailure - Error: exception
03-01 11:38:05.908 2469 6674 D MobileConfigBaseClient: connect()
03-01 11:38:05.912 2469 6674 D MobileConfigBaseClient: awaitService()
03-01 11:38:05.963 2469 2469 E DeviceConfigTelemetryLogger: onFailure(exception)
03-01 11:38:05.963 2469 2469 D VrGuardianUserService: DeviceConfig - onFailure - Error: exception
03-01 11:38:05.982 2469 2469 E DeviceConfigTelemetryLogger: onFailure(exception)
03-01 11:38:05.989 2469 2469 D VrGuardianUserService: DeviceConfig - onFailure - Error: exception
03-01 11:38:05.992 2469 6297 D VrGuardianUserService: SubscribeTask - Attempting Subscribe
03-01 11:38:05.997 2469 5465 D VrGuardianUserService: SubscribeTask - Attempting Subscribe
03-01 11:38:06.001 1062 6608 I VrApi : FPS=73/72,Prd=34ms,Tear=0,Early=0,Stale=0,Stale2/5/10/max=0/0/0/0,VSnc=1,Lat=0,Fov=0D,CPU4/GPU=1/1,940/400MHz,OC=FF,TA=0/0/0,SP=N/N/N,Mem=1353MHz,Free=2549MB,PLS=0,Temp=40.2C/0.0C,TW=5.09ms,App=0.94ms,GD=0.00ms,CPU&GPU=4.18ms,LCnt=4(DR0,LM0),GPU%=0.45,CPU%=0.08(W0.14),DSF=1.00,CFL=19.62/21.44
03-01 11:38:06.001 2469 2469 E DeviceConfigTelemetryLogger: onFailure(exception)
03-01 11:38:06.002 2469 2469 D VrGuardianUserService: DeviceConfig - onFailure - Error: exception
03-01 11:38:06.002 2469 2469 E DeviceConfigTelemetryLogger: onFailure(exception)
03-01 11:38:06.002 2469 2469 D VrGuardianUserService: DeviceConfig - onFailure - Error: exception
03-01 11:38:06.003 2469 2469 E DeviceConfigTelemetryLogger: onFailure(exception)
03-01 11:38:06.003 2469 2469 D VrGuardianUserService: DeviceConfig - onFailure - Error: exception
03-01 11:38:06.003 2469 2469 E DeviceConfigTelemetryLogger: onFailure(exception)
03-01 11:38:06.004 2469 2469 D VrGuardianUserService: DeviceConfig - onFailure - Error: exception
03-01 11:38:06.005 2469 2469 E DeviceConfigTelemetryLogger: onFailure(exception)
03-01 11:38:06.005 2469 2469 D VrGuardianUserService: DeviceConfig - onFailure - Error: exception
03-01 11:38:06.005 2469 2469 E DeviceConfigTelemetryLogger: onFailure(exception)
03-01 11:38:06.005 2469 2469 D VrGuardianUserService: DeviceConfig - onFailure - Error: exception
03-01 11:38:06.006 2469 2469 E DeviceConfigTelemetryLogger: onFailure(exception)
03-01 11:38:06.011 2469 2469 D VrGuardianUserService: DeviceConfig - onFailure - Error: exception
03-01 11:38:06.022 2469 2469 E DeviceConfigTelemetryLogger: onFailure(exception)
03-01 11:38:06.025 2469 2469 D VrGuardianUserService: DeviceConfig - onFailure - Error: exception
03-01 11:38:06.027 1968 3433 I MobileConfigFactoryImpl: Registered SESSIONBASED factory change listener: ok
03-01 11:38:06.027 1968 3433 I MobileConfigFactoryImpl: Set Java EP Handler
03-01 11:38:06.040 2469 6675 D MobileConfigBaseClient: connect()
03-01 11:38:06.046 2469 6675 D MobileConfigBaseClient: awaitService()
03-01 11:38:06.054 2469 6676 D MobileConfigBaseClient: connect()
03-01 11:38:06.065 5489 5521 I Clay : BaseApp: Hibernate transition Hibernate
03-01 11:38:06.065 2469 6676 D MobileConfigBaseClient: awaitService()
03-01 11:38:06.074 2469 2469 E DeviceConfigTelemetryLogger: onFailure(exception)
03-01 11:38:06.074 2469 2469 D VrGuardianUserService: DeviceConfig - onFailure - Error: exception
03-01 11:38:06.085 2469 2469 E DeviceConfigTelemetryLogger: onFailure(exception)
03-01 11:38:06.085 2469 2469 D VrGuardianUserService: DeviceConfig - onFailure - Error: exception
03-01 11:38:06.094 5489 5521 I Clay : SoundSystem: setPaused(true), m_paused=false
03-01 11:38:06.094 5489 5521 D : PlayerBase::stop() from IPlayer
03-01 11:38:06.094 5489 5521 D AudioTrack: stop(18): called with 2688576 frames delivered
03-01 11:38:06.096 720 3686 D audio_hw_primary: start_output_stream: enter: stream(0xea5b7000)usecase(1: low-latency-playback) devices(0x2) is_haptic_usecase(0)
03-01 11:38:06.096 720 3686 I audio_hw_primary: select_devices for use case (low-latency-playback)
03-01 11:38:06.096 720 3686 I msm8974_platform: platform_check_and_set_codec_backend_cfg:becf: afe: bitwidth 16, samplerate 48000 channels 2, backend_idx 0 usecase = 1 device (speaker)
03-01 11:38:06.096 720 3686 D msm8974_platform: platform_split_snd_device: snd_device(2) num devices(1) new_snd_devices(0)
03-01 11:38:06.096 720 3686 I msm8974_platform: platform_check_and_set_codec_backend_cfg: new_snd_devices[0] is 2
03-01 11:38:06.096 720 3686 I msm8974_platform: platform_check_codec_backend_cfg:becf: afe: bitwidth 16, samplerate 48000 channels 2, backend_idx 0 usecase = 1 device (speaker)
03-01 11:38:06.098 720 3686 D audio_hw_extn: audio_extn_enable_hifi_filter: mixer_value set 0
03-01 11:38:06.098 720 3686 D msm8974_platform: platform_check_codec_backend_cfg:becf: updated afe: bitwidth 16, samplerate 48000 channels 2,backend_idx 0 usecase = 1 device (speaker)
03-01 11:38:06.098 720 3686 D msm8974_platform: platform_check_codec_backend_cfg:becf: afe: playback on codec device not supporting native playback set default Sample Rate(48k)
03-01 11:38:06.098 720 3686 I msm8974_platform: platform_check_codec_backend_cfg:becf: afe: Codec selected backend: 0 updated bit width: 16 and sample rate: 48000
03-01 11:38:06.098 720 3686 D audio_hw_primary: check_usecases_codec_backend:becf: force routing 0
03-01 11:38:06.098 720 3686 E msm8974_platform: platform_check_backends_match: Invalid snd_device =
03-01 11:38:06.098 720 3686 D audio_hw_primary: check_usecases_codec_backend:becf: (75) check_usecases curr device: speaker, usecase device: backends match 0
03-01 11:38:06.098 720 3686 D audio_hw_primary: check_usecases_codec_backend:becf: check_usecases num.of Usecases to switch 0
03-01 11:38:06.098 720 3686 D hardware_info: hw_info_append_hw_type : device_name = speaker
03-01 11:38:06.098 720 3686 D msm8974_platform: platform_split_snd_device: snd_device(2) num devices(0) new_snd_devices(0)
03-01 11:38:06.098 720 3686 D audio_hw_primary: enable_snd_device: snd_device(2: speaker)
03-01 11:38:06.098 720 3686 D audio_route: Apply path: speaker
03-01 11:38:06.105 720 3686 I audio_hw_utils: audio_extn_utils_update_stream_output_app_type_cfg Allowing 24 and above bits playback on speaker ONLY at default sampling rate
03-01 11:38:06.105 720 3686 D audio_hw_utils: audio_extn_utils_send_app_type_cfg: usecase->out_snd_device speaker
03-01 11:38:06.105 720 3686 D msm8974_platform: platform_split_snd_device: snd_device(2) num devices(0) new_snd_devices(0)
03-01 11:38:06.105 720 3686 D audio_hw_utils: audio_extn_btsco_get_sample_rate:Not a BT SCO device, need not update sampling rate
03-01 11:38:06.105 720 3686 I audio_hw_utils: send_app_type_cfg_for_device PLAYBACK app_type 69943, acdb_dev_id 15, sample_rate 48000, snd_device_be_idx 43
03-01 11:38:06.106 720 3686 D msm8974_platform: platform_split_snd_device: snd_device(2) num devices(1) new_snd_devices(0)
03-01 11:38:06.106 720 3686 D audio_hw_utils: audio_extn_btsco_get_sample_rate:Not a BT SCO device, need not update sampling rate
03-01 11:38:06.106 720 3686 D ACDB-LOADER: ACDB -> send_audio_cal, acdb_id = 15, path = 0, app id = 0x11137, sample rate = 48000, afe_sample_rate = 48000
03-01 11:38:06.106 720 3686 D ACDB-LOADER: ACDB -> send_asm_topology
03-01 11:38:06.106 720 3686 D ACDB-LOADER: ACDB -> ACDB_CMD_GET_AUDPROC_STREAM_TOPOLOGY_ID
03-01 11:38:06.106 720 3686 D ACDB-LOADER: ACDB -> send_adm_topology
03-01 11:38:06.106 720 3686 D ACDB-LOADER: ACDB -> ACDB_CMD_GET_AUDPROC_COMMON_TOPOLOGY_ID
03-01 11:38:06.106 720 3686 D ACDB-LOADER: ACDB -> send_audtable
03-01 11:38:06.106 720 3686 D ACDB-LOADER: ACDB -> ACDB_CMD_GET_AUDPROC_INSTANCE_COMMON_TABLE_SIZE
03-01 11:38:06.106 720 3686 D ACDB-LOADER: ACDB -> ACDB_CMD_GET_AUDPROC_INSTANCE_COMMON_TABLE
03-01 11:38:06.106 720 3686 D ACDB-LOADER: ACDB -> AUDIO_SET_AUDPROC_CAL cal_type[11] acdb_id[15] app_type[69943]
03-01 11:38:06.106 720 3686 D ACDB-LOADER: ACDB -> send_audvoltable
03-01 11:38:06.106 720 3686 D ACDB-LOADER: ACDB -> ACDB_CMD_GET_AUDPROC_INSTANCE_GAIN_DEP_STEP_TABLE_SIZE
03-01 11:38:06.106 720 3686 D : Failed to fetch the lookup information of the device 0000000F
03-01 11:38:06.106 720 3686 D ACDB-LOADER: Error: ACDB_CMD_GET_AUDPROC_INSTANCE_GAIN_DEP_STEP_TABLE_SIZE Returned = -19
03-01 11:38:06.106 720 3686 D ACDB-LOADER: ACDB -> ACDB_CMD_GET_AUDPROC_INSTANCE_GAIN_DEP_STEP_TABLE, vol index 1
03-01 11:38:06.106 720 3686 D : Failed to fetch the lookup information of the device 0000000F
03-01 11:38:06.106 720 3686 D ACDB-LOADER: Error: ACDB AudProc vol returned = -19
03-01 11:38:06.106 720 3686 D ACDB-LOADER: ACDB -> AUDIO_SET_VOL_CAL cal type = 12
03-01 11:38:06.106 720 3686 D ACDB-LOADER: ACDB -> ACDB_CMD_GET_AUDPROC_INSTANCE_STREAM_TABLE_SIZE
03-01 11:38:06.106 720 3686 D ACDB-LOADER: ACDB -> send_audstrmtable
03-01 11:38:06.106 720 3686 D ACDB-LOADER: ACDB -> ACDB_CMD_GET_AUDPROC_INSTANCE_STREAM_TABLE
03-01 11:38:06.106 720 3686 D ACDB-LOADER: ACDB -> audstrm_cal->cal_type.cal_data.cal_size = 20
03-01 11:38:06.106 720 3686 D ACDB-LOADER: ACDB -> send_afe_topology
03-01 11:38:06.106 720 3686 D ACDB-LOADER: ACDB -> ACDB_CMD_GET_AFE_TOPOLOGY_ID
03-01 11:38:06.106 720 3686 D ACDB-LOADER: ACDB -> GET_AFE_TOPOLOGY_ID for adcd_id 15, Topology Id 112fc
03-01 11:38:06.106 720 3686 D ACDB-LOADER: ACDB -> send_afe_cal
03-01 11:38:06.106 720 3686 D ACDB-LOADER: ACDB -> ACDB_CMD_GET_AFE_INSTANCE_COMMON_TABLE_SIZE
03-01 11:38:06.106 720 3686 D : Failed to fetch the lookup information of the device 0000000F
03-01 11:38:06.106 720 3686 D ACDB-LOADER: Error: ACDB_CMD_GET_AFE_INSTANCE_COMMON_TABLE_SIZE Returned = -19
03-01 11:38:06.106 720 3686 D ACDB-LOADER: ACDB -> ACDB_CMD_GET_AFE_INSTANCE_COMMON_TABLE
03-01 11:38:06.106 720 3686 D : Failed to fetch the lookup information of the device 0000000F
03-01 11:38:06.106 720 3686 D ACDB-LOADER: Error: ACDB AFE returned = -19
03-01 11:38:06.107 720 3686 D ACDB-LOADER: ACDB -> AUDIO_SET_AFE_CAL cal_type[16] acdb_id[15]
03-01 11:38:06.107 720 3686 D ACDB-LOADER: ACDB -> send_hw_delay : acdb_id = 15 path = 0
03-01 11:38:06.107 720 3686 D ACDB-LOADER: ACDB -> ACDB_AVSYNC_INFO: ACDB_CMD_GET_DEVICE_PROPERTY
03-01 11:38:06.107 720 3686 D msm8974_platform: platform_split_snd_device: snd_device(2) num devices(0) new_snd_devices(0)
03-01 11:38:06.107 720 3686 I msm8974_platform: platform_get_custom_mtmx_params: no matching param with id 0 ip_ch 2 op_ch 2 uc_id 1 snd_dev 2
03-01 11:38:06.107 720 3686 I audio_hw_primary: enable_audio_route: apply mixer and update path: low-latency-playback
03-01 11:38:06.107 720 3686 D audio_route: Apply path: low-latency-playback
03-01 11:38:06.107 720 3686 D audio_hw_primary: select_devices: done
03-01 11:38:06.114 1382 1382 V AvrcpMediaPlayerList: onPlaybackConfigChanged(): Configs list size=4
03-01 11:38:06.131 720 3686 D msm8974_platform: platform_set_channel_map mixer_ctl_name:Playback Channel Map9
03-01 11:38:06.132 720 3686 D msm8974_platform: platform_set_channel_map: set mapping(1 2 0 0 0 0 0 0) for channel:2
03-01 11:38:06.133 720 3686 D audio_hw_primary: start_output_stream: exit
03-01 11:38:06.133 720 3686 D audio_hw_primary: out_write: retry previous failed cal level set
03-01 11:38:06.133 720 3686 D msm8974_platform: platform_split_snd_device: snd_device(2) num devices(1) new_snd_devices(0)
03-01 11:38:06.149 2981 2981 V MIGHTY_LOG: DeviceStatusManager: Successfully sent device updating to server
03-01 11:38:06.151 2469 2469 E DeviceConfigTelemetryLogger: onFailure(exception)
03-01 11:38:06.151 2469 2469 D VrGuardianUserService: DeviceConfig - onFailure - Error: exception
03-01 11:38:06.151 2469 2469 E DeviceConfigTelemetryLogger: onFailure(exception)
03-01 11:38:06.151 2469 2469 D VrGuardianUserService: DeviceConfig - onFailure - Error: exception
03-01 11:38:06.157 2469 2469 E DeviceConfigTelemetryLogger: onFailure(exception)
03-01 11:38:06.157 2469 2469 D VrGuardianUserService: DeviceConfig - onFailure - Error: exception
03-01 11:38:06.169 720 1120 D msm8974_platform: platform_split_snd_device: snd_device(2) num devices(1) new_snd_devices(0)
03-01 11:38:06.169 720 1120 D ACDB-LOADER: ACDB -> send_audvoltable
03-01 11:38:06.169 720 1120 D ACDB-LOADER: ACDB -> ACDB_CMD_GET_AUDPROC_INSTANCE_GAIN_DEP_STEP_TABLE_SIZE
03-01 11:38:06.169 720 1120 D : Failed to fetch the lookup information of the device 0000000F
03-01 11:38:06.169 720 1120 D ACDB-LOADER: Error: ACDB_CMD_GET_AUDPROC_INSTANCE_GAIN_DEP_STEP_TABLE_SIZE Returned = -19
03-01 11:38:06.169 720 1120 D ACDB-LOADER: ACDB -> ACDB_CMD_GET_AUDPROC_INSTANCE_GAIN_DEP_STEP_TABLE, vol index 0
03-01 11:38:06.169 720 1120 D : Failed to fetch the lookup information of the device 0000000F
03-01 11:38:06.169 720 1120 D ACDB-LOADER: Error: ACDB AudProc vol returned = -19
03-01 11:38:06.169 720 1120 D ACDB-LOADER: ACDB -> AUDIO_SET_VOL_CAL cal type = 40
03-01 11:38:06.171 720 1120 D msm8974_platform: platform_split_snd_device: snd_device(2) num devices(1) new_snd_devices(0)
03-01 11:38:06.175 1968 3433 I MobileConfigFactoryImpl: Created MobileConfigFactoryImpl, unitType:8
03-01 11:38:06.178 2469 2469 E DeviceConfigTelemetryLogger: onFailure(exception)
03-01 11:38:06.178 2469 2469 D VrGuardianUserService: DeviceConfig - onFailure - Error: exception
03-01 11:38:06.178 2469 2469 E DeviceConfigTelemetryLogger: onFailure(exception)
03-01 11:38:06.178 2469 2469 D VrGuardianUserService: DeviceConfig - onFailure - Error: exception
03-01 11:38:06.184 1968 3437 I MobileConfigFactoryImpl: Created MobileConfigFactoryImpl, unitType:2
03-01 11:38:06.184 1968 3433 E MobileConfigServiceImpl: exception while trying to subscribe
03-01 11:38:06.184 1968 3433 E MobileConfigServiceImpl: java.lang.IllegalArgumentException: account is null
03-01 11:38:06.184 1968 3433 E MobileConfigServiceImpl: at android.accounts.AccountManager.getAuthToken(AccountManager.java:1778)
03-01 11:38:06.184 1968 3433 E MobileConfigServiceImpl: at com.oculus.deviceconfigservice.FRLAuthedHttpClient.A00(:28)
03-01 11:38:06.184 1968 3433 E MobileConfigServiceImpl: at com.oculus.deviceconfigservice.MobileConfigServiceHelper.A00(:254)
03-01 11:38:06.184 1968 3433 E MobileConfigServiceImpl: at X.1mj.(:274)
03-01 11:38:06.184 1968 3433 E MobileConfigServiceImpl: at X.0qq.A00(:66554)
03-01 11:38:06.184 1968 3433 E MobileConfigServiceImpl: at X.0qs.A03(:6)
03-01 11:38:06.184 1968 3433 E MobileConfigServiceImpl: at X.0nT.A01(:51)
03-01 11:38:06.184 1968 3433 E MobileConfigServiceImpl: at X.0nT.A00(:12)
03-01 11:38:06.184 1968 3433 E MobileConfigServiceImpl: at com.oculus.deviceconfigservice.MobileConfigInitModule.A00(:5)
03-01 11:38:06.184 1968 3433 E MobileConfigServiceImpl: at X.0qq.A00(:66751)
03-01 11:38:06.184 1968 3433 E MobileConfigServiceImpl: at X.0qs.A03(:6)
03-01 11:38:06.184 1968 3433 E MobileConfigServiceImpl: at X.0UX.A01(:51)
03-01 11:38:06.184 1968 3433 E MobileConfigServiceImpl: at X.08I.get(:38)
03-01 11:38:06.184 1968 3433 E MobileConfigServiceImpl: at X.1el.run(:4)
03-01 11:38:06.184 1968 3433 E MobileConfigServiceImpl: at com.oculus.deviceconfigservice.MobileConfigServiceHelper$4.call(:2)
03-01 11:38:06.184 1968 3433 E MobileConfigServiceImpl: at X.1NJ.run(:4)
03-01 11:38:06.184 1968 3433 E MobileConfigServiceImpl: at java.util.concurrent.ThreadPoolExecutor.runWorker(ThreadPoolExecutor.java:1167)
03-01 11:38:06.184 1968 3433 E MobileConfigServiceImpl: at java.util.concurrent.ThreadPoolExecutor$Worker.run(ThreadPoolExecutor.java:641)
03-01 11:38:06.184 1968 3433 E MobileConfigServiceImpl: at java.lang.Thread.run(Thread.java:919)
03-01 11:38:06.185 2981 2981 V MIGHTY_LOG: [trace] ForegroundAppProvider: Current Foreground Package - com.oculus.os.clearactivity, Class: com.oculus.os.clearactivity.ClearActivity
03-01 11:38:06.187 1968 3437 I MobileConfigFactoryImpl: Created MobileConfigFactoryImpl, unitType:1
03-01 11:38:06.192 1968 3437 I MobileConfigFactoryImpl: Created MobileConfigFactoryImpl, unitType:2
03-01 11:38:06.192 1968 3437 I MobileConfigFactoryImpl: Created MobileConfigFactoryImpl, unitType:1
03-01 11:38:06.229 2469 2469 E DeviceConfigTelemetryLogger: onFailure(exception)
03-01 11:38:06.229 2469 2469 D VrGuardianUserService: DeviceConfig - onFailure - Error: exception
03-01 11:38:06.229 2469 2469 E DeviceConfigTelemetryLogger: onFailure(exception)
03-01 11:38:06.229 2469 2469 D VrGuardianUserService: DeviceConfig - onFailure - Error: exception
03-01 11:38:06.229 2469 2469 E DeviceConfigTelemetryLogger: onFailure(exception)
03-01 11:38:06.229 2469 2469 D VrGuardianUserService: DeviceConfig - onFailure - Error: exception
03-01 11:38:06.230 2469 2469 E DeviceConfigTelemetryLogger: onFailure(exception)
03-01 11:38:06.230 2469 2469 D VrGuardianUserService: DeviceConfig - onFailure - Error: exception
03-01 11:38:06.230 2469 2469 E DeviceConfigTelemetryLogger: onFailure(exception)
03-01 11:38:06.230 2469 2469 D VrGuardianUserService: DeviceConfig - onFailure - Error: exception
03-01 11:38:06.230 2469 2469 E DeviceConfigTelemetryLogger: onFailure(exception)
03-01 11:38:06.230 2469 2469 D VrGuardianUserService: DeviceConfig - onFailure - Error: exception
03-01 11:38:06.230 2469 2469 E DeviceConfigTelemetryLogger: onFailure(exception)
03-01 11:38:06.230 2469 2469 D VrGuardianUserService: DeviceConfig - onFailure - Error: exception
03-01 11:38:06.230 2469 2469 E DeviceConfigTelemetryLogger: onFailure(exception)
03-01 11:38:06.230 2469 2469 D VrGuardianUserService: DeviceConfig - onFailure - Error: exception
03-01 11:38:06.247 2469 2469 E DeviceConfigTelemetryLogger: onFailure(exception)
03-01 11:38:06.247 2469 2469 D VrGuardianUserService: DeviceConfig - onFailure - Error: exception
03-01 11:38:06.247 2469 2469 E DeviceConfigTelemetryLogger: onFailure(exception)
03-01 11:38:06.247 2469 2469 D VrGuardianUserService: DeviceConfig - onFailure - Error: exception
03-01 11:38:06.256 2469 2469 E DeviceConfigTelemetryLogger: onFailure(exception)
03-01 11:38:06.256 2469 2469 D VrGuardianUserService: DeviceConfig - onFailure - Error: exception
03-01 11:38:06.293 2469 2469 E DeviceConfigTelemetryLogger: onFailure(exception)
03-01 11:38:06.293 2469 2469 D VrGuardianUserService: DeviceConfig - onFailure - Error: exception
03-01 11:38:06.293 2469 2469 E DeviceConfigTelemetryLogger: onFailure(exception)
03-01 11:38:06.293 2469 2469 D VrGuardianUserService: DeviceConfig - onFailure - Error: exception
03-01 11:38:06.293 2469 2469 E DeviceConfigTelemetryLogger: onFailure(exception)
03-01 11:38:06.293 2469 2469 D VrGuardianUserService: DeviceConfig - onFailure - Error: exception
03-01 11:38:06.329 1968 3437 I MobileConfigFactoryImpl: Registered SESSIONLESS factory change listener: ok
03-01 11:38:06.329 1968 3437 I MobileConfigFactoryImpl: Set Java EP Handler
03-01 11:38:06.347 2469 2469 E DeviceConfigTelemetryLogger: onFailure(exception)
03-01 11:38:06.347 2469 2469 D VrGuardianUserService: DeviceConfig - onFailure - Error: exception
03-01 11:38:06.347 2469 2469 E DeviceConfigTelemetryLogger: onFailure(exception)
03-01 11:38:06.347 2469 2469 D VrGuardianUserService: DeviceConfig - onFailure - Error: exception
03-01 11:38:06.348 2469 2469 E DeviceConfigTelemetryLogger: onFailure(exception)
03-01 11:38:06.348 2469 2469 D VrGuardianUserService: DeviceConfig - onFailure - Error: exception
03-01 11:38:06.350 2469 2469 E DeviceConfigTelemetryLogger: onFailure(exception)
03-01 11:38:06.350 2469 2469 D VrGuardianUserService: DeviceConfig - onFailure - Error: exception
03-01 11:38:06.401 2469 2469 E DeviceConfigTelemetryLogger: onFailure(exception)
03-01 11:38:06.406 2469 2469 D VrGuardianUserService: DeviceConfig - onFailure - Error: exception
03-01 11:38:06.469 2469 2469 E DeviceConfigTelemetryLogger: onFailure(exception)
03-01 11:38:06.469 2469 2469 D VrGuardianUserService: DeviceConfig - onFailure - Error: exception
03-01 11:38:06.476 2469 2469 E DeviceConfigTelemetryLogger: onFailure(exception)
03-01 11:38:06.476 2469 2469 D VrGuardianUserService: DeviceConfig - onFailure - Error: exception
03-01 11:38:06.477 2469 2469 E DeviceConfigTelemetryLogger: onFailure(exception)
03-01 11:38:06.477 2469 2469 D VrGuardianUserService: DeviceConfig - onFailure - Error: exception
03-01 11:38:06.477 2469 2469 E DeviceConfigTelemetryLogger: onFailure(exception)
03-01 11:38:06.477 2469 2469 D VrGuardianUserService: DeviceConfig - onFailure - Error: exception
03-01 11:38:06.477 2469 2469 E DeviceConfigTelemetryLogger: onFailure(exception)
03-01 11:38:06.477 2469 2469 D VrGuardianUserService: DeviceConfig - onFailure - Error: exception
03-01 11:38:06.477 2469 2469 E DeviceConfigTelemetryLogger: onFailure(exception)
03-01 11:38:06.477 2469 2469 D VrGuardianUserService: DeviceConfig - onFailure - Error: exception
03-01 11:38:06.478 2469 2469 E DeviceConfigTelemetryLogger: onFailure(exception)
03-01 11:38:06.478 2469 2469 D VrGuardianUserService: DeviceConfig - onFailure - Error: exception
03-01 11:38:06.478 2469 2469 E DeviceConfigTelemetryLogger: onFailure(exception)
03-01 11:38:06.493 2469 2469 D VrGuardianUserService: DeviceConfig - onFailure - Error: exception
03-01 11:38:06.499 2469 2469 E DeviceConfigTelemetryLogger: onFailure(exception)
03-01 11:38:06.499 2469 2469 D VrGuardianUserService: DeviceConfig - onFailure - Error: exception
03-01 11:38:06.509 2469 2469 E DeviceConfigTelemetryLogger: onFailure(exception)
03-01 11:38:06.509 2469 2469 D VrGuardianUserService: DeviceConfig - onFailure - Error: exception
03-01 11:38:06.511 2469 2469 E DeviceConfigTelemetryLogger: onFailure(exception)
03-01 11:38:06.511 2469 2469 D VrGuardianUserService: DeviceConfig - onFailure - Error: exception
03-01 11:38:06.516 2469 6301 D VrGuardianUserService: SubscribeTask - Attempting Subscribe
03-01 11:38:06.529 2469 2469 E DeviceConfigTelemetryLogger: onFailure(exception)
03-01 11:38:06.529 2469 2469 D VrGuardianUserService: DeviceConfig - onFailure - Error: exception
03-01 11:38:06.562 2469 6677 D MobileConfigBaseClient: connect()
03-01 11:38:06.569 2469 2469 E DeviceConfigTelemetryLogger: onFailure(exception)
03-01 11:38:06.569 2469 2469 D VrGuardianUserService: DeviceConfig - onFailure - Error: exception
03-01 11:38:06.570 2469 2469 E DeviceConfigTelemetryLogger: onFailure(exception)
03-01 11:38:06.570 2469 2469 D VrGuardianUserService: DeviceConfig - onFailure - Error: exception
03-01 11:38:06.574 2469 6312 E MobileConfigBaseClient: Timed out trying to connect to MobileConfigService.
03-01 11:38:06.574 2469 6312 E DeviceConfigTelemetryLogger: onFailure(Could not connect to MobileConfigService)
03-01 11:38:06.574 2469 6312 D VrGuardianUserService: DeviceConfig - onFailure - Error: Could not connect to MobileConfigService
03-01 11:38:06.576 2469 2469 E DeviceConfigTelemetryLogger: onFailure(exception)
03-01 11:38:06.576 2469 2469 D VrGuardianUserService: DeviceConfig - onFailure - Error: exception
03-01 11:38:06.577 2469 6677 D MobileConfigBaseClient: awaitService()
03-01 11:38:06.594 1968 2358 W DeviceConfigUtil: Try to get config param "oculus_shared_social:oculus_messenger_reauth_removal" before Device Config has subscribed to the service.
03-01 11:38:06.597 2469 5467 D VrGuardianUserService: SubscribeTask - Attempting Subscribe
03-01 11:38:06.601 2469 2469 E DeviceConfigTelemetryLogger: onFailure(exception)
03-01 11:38:06.601 2469 2469 D VrGuardianUserService: DeviceConfig - onFailure - Error: exception
03-01 11:38:06.616 2469 2469 E DeviceConfigTelemetryLogger: onFailure(exception)
03-01 11:38:06.616 2469 2469 D VrGuardianUserService: DeviceConfig - onFailure - Error: exception
03-01 11:38:06.616 2469 2469 E DeviceConfigTelemetryLogger: onFailure(exception)
03-01 11:38:06.616 2469 2469 D VrGuardianUserService: DeviceConfig - onFailure - Error: exception
03-01 11:38:06.636 2469 2469 E DeviceConfigTelemetryLogger: onFailure(exception)
03-01 11:38:06.636 2469 2469 D VrGuardianUserService: DeviceConfig - onFailure - Error: exception
03-01 11:38:06.650 2469 6679 D MobileConfigBaseClient: connect()
03-01 11:38:06.663 2469 6679 D MobileConfigBaseClient: awaitService()
03-01 11:38:06.674 850 6594 I [CT] : MIXEDREALITY: MrRuntimeCompute: pauseStereoPipeline
03-01 11:38:06.674 850 6594 I [CT] : MIXEDREALITY: StereoPipeline: StereoPipeline: pausing, active clients: 'NONE'.
03-01 11:38:06.674 850 6594 W [CT] : BOLTDEPTH: BoltDepthSystem: onPause: The depth system had been paused already
03-01 11:38:06.708 2469 2469 E DeviceConfigTelemetryLogger: onFailure(exception)
03-01 11:38:06.708 2469 2469 D VrGuardianUserService: DeviceConfig - onFailure - Error: exception
03-01 11:38:06.733 1968 3437 I MobileConfigFactoryImpl: Registered SESSIONBASED factory change listener: ok
03-01 11:38:06.733 1968 3437 I MobileConfigFactoryImpl: Set Java EP Handler
03-01 11:38:06.740 2469 2469 E DeviceConfigTelemetryLogger: onFailure(exception)
03-01 11:38:06.740 2469 2469 D VrGuardianUserService: DeviceConfig - onFailure - Error: exception
03-01 11:38:06.742 2469 2469 E DeviceConfigTelemetryLogger: onFailure(exception)
03-01 11:38:06.742 2469 2469 D VrGuardianUserService: DeviceConfig - onFailure - Error: exception
03-01 11:38:06.799 2469 2469 E DeviceConfigTelemetryLogger: onFailure(exception)
03-01 11:38:06.800 2469 2469 D VrGuardianUserService: DeviceConfig - onFailure - Error: exception
03-01 11:38:06.813 2469 2469 E DeviceConfigTelemetryLogger: onFailure(exception)
03-01 11:38:06.813 2469 2469 D VrGuardianUserService: DeviceConfig - onFailure - Error: exception
03-01 11:38:06.829 2469 2469 E DeviceConfigTelemetryLogger: onFailure(exception)
03-01 11:38:06.829 2469 2469 D VrGuardianUserService: DeviceConfig - onFailure - Error: exception
03-01 11:38:06.846 2469 3272 E IPCThreadState: binder thread pool (15 threads) starved for 103 ms
03-01 11:38:06.863 2469 2469 E DeviceConfigTelemetryLogger: onFailure(exception)
03-01 11:38:06.863 2469 2469 D VrGuardianUserService: DeviceConfig - onFailure - Error: exception
03-01 11:38:06.874 2469 2469 E DeviceConfigTelemetryLogger: onFailure(exception)
03-01 11:38:06.874 2469 2469 D VrGuardianUserService: DeviceConfig - onFailure - Error: exception
03-01 11:38:06.886 2469 2469 E DeviceConfigTelemetryLogger: onFailure(exception)
03-01 11:38:06.887 2469 2469 D VrGuardianUserService: DeviceConfig - onFailure - Error: exception
03-01 11:38:06.908 2469 2469 E DeviceConfigTelemetryLogger: onFailure(exception)
03-01 11:38:06.908 2469 2469 D VrGuardianUserService: DeviceConfig - onFailure - Error: exception
03-01 11:38:06.932 2469 2469 E DeviceConfigTelemetryLogger: onFailure(exception)
03-01 11:38:06.932 2469 2469 D VrGuardianUserService: DeviceConfig - onFailure - Error: exception
03-01 11:38:06.935 2469 2469 E DeviceConfigTelemetryLogger: onFailure(exception)
03-01 11:38:06.935 2469 2469 D VrGuardianUserService: DeviceConfig - onFailure - Error: exception
03-01 11:38:06.935 2469 2469 E DeviceConfigTelemetryLogger: onFailure(exception)
03-01 11:38:06.936 2469 2469 D VrGuardianUserService: DeviceConfig - onFailure - Error: exception
03-01 11:38:06.936 2469 2469 E DeviceConfigTelemetryLogger: onFailure(exception)
03-01 11:38:06.937 2469 2469 D VrGuardianUserService: DeviceConfig - onFailure - Error: exception
03-01 11:38:06.937 2469 2469 E DeviceConfigTelemetryLogger: onFailure(exception)
03-01 11:38:06.937 2469 2469 D VrGuardianUserService: DeviceConfig - onFailure - Error: exception
03-01 11:38:06.940 2469 2469 E DeviceConfigTelemetryLogger: onFailure(exception)
03-01 11:38:06.940 2469 2469 D VrGuardianUserService: DeviceConfig - onFailure - Error: exception
03-01 11:38:06.940 2469 2469 E DeviceConfigTelemetryLogger: onFailure(exception)
03-01 11:38:06.940 2469 2469 D VrGuardianUserService: DeviceConfig - onFailure - Error: exception
03-01 11:38:06.944 2469 2469 E DeviceConfigTelemetryLogger: onFailure(exception)
03-01 11:38:06.944 2469 2469 D VrGuardianUserService: DeviceConfig - onFailure - Error: exception
03-01 11:38:06.948 2469 2469 E DeviceConfigTelemetryLogger: onFailure(exception)
03-01 11:38:06.948 2469 2469 D VrGuardianUserService: DeviceConfig - onFailure - Error: exception
03-01 11:38:06.948 2469 2469 E DeviceConfigTelemetryLogger: onFailure(exception)
03-01 11:38:06.948 2469 2469 D VrGuardianUserService: DeviceConfig - onFailure - Error: exception
03-01 11:38:06.948 2469 2469 E DeviceConfigTelemetryLogger: onFailure(exception)
03-01 11:38:06.948 2469 2469 D VrGuardianUserService: DeviceConfig - onFailure - Error: exception
03-01 11:38:06.948 2469 2469 E DeviceConfigTelemetryLogger: onFailure(exception)
03-01 11:38:06.948 2469 2469 D VrGuardianUserService: DeviceConfig - onFailure - Error: exception
03-01 11:38:06.949 2469 2469 E DeviceConfigTelemetryLogger: onFailure(exception)
03-01 11:38:06.949 2469 2469 D VrGuardianUserService: DeviceConfig - onFailure - Error: exception
03-01 11:38:06.949 2469 2469 E DeviceConfigTelemetryLogger: onFailure(exception)
03-01 11:38:06.949 2469 2469 D VrGuardianUserService: DeviceConfig - onFailure - Error: exception
03-01 11:38:06.949 2469 2469 E DeviceConfigTelemetryLogger: onFailure(exception)
03-01 11:38:06.949 2469 2469 D VrGuardianUserService: DeviceConfig - onFailure - Error: exception
03-01 11:38:06.949 2469 2469 E DeviceConfigTelemetryLogger: onFailure(exception)
03-01 11:38:06.949 2469 2469 D VrGuardianUserService: DeviceConfig - onFailure - Error: exception
03-01 11:38:06.949 2469 2469 E DeviceConfigTelemetryLogger: onFailure(exception)
03-01 11:38:06.949 2469 2469 D VrGuardianUserService: DeviceConfig - onFailure - Error: exception
03-01 11:38:06.950 2469 2469 E DeviceConfigTelemetryLogger: onFailure(exception)
03-01 11:38:06.950 2469 2469 D VrGuardianUserService: DeviceConfig - onFailure - Error: exception
03-01 11:38:06.960 2469 2469 E DeviceConfigTelemetryLogger: onFailure(exception)
03-01 11:38:06.988 2469 2469 D VrGuardianUserService: DeviceConfig - onFailure - Error: exception
03-01 11:38:07.001 1062 6608 I VrApi : FPS=73/72,Prd=34ms,Tear=0,Early=0,Stale=0,Stale2/5/10/max=0/0/0/0,VSnc=1,Lat=0,Fov=0D,CPU4/GPU=1/1,940/400MHz,OC=FF,TA=0/0/0,SP=N/N/N,Mem=1353MHz,Free=2549MB,PLS=0,Temp=40.2C/0.0C,TW=5.09ms,App=0.94ms,GD=0.00ms,CPU&GPU=4.26ms,LCnt=4(DR0,LM0),GPU%=0.45,CPU%=0.05(W0.09),DSF=1.00,CFL=19.60/21.34
03-01 11:38:07.008 2469 2487 E IPCThreadState: binder thread pool (15 threads) starved for 162 ms
03-01 11:38:07.016 2469 2469 E DeviceConfigTelemetryLogger: onFailure(exception)
03-01 11:38:07.016 2469 2469 D VrGuardianUserService: DeviceConfig - onFailure - Error: exception
03-01 11:38:07.019 2469 2469 E DeviceConfigTelemetryLogger: onFailure(exception)
03-01 11:38:07.019 2469 2469 D VrGuardianUserService: DeviceConfig - onFailure - Error: exception
03-01 11:38:07.019 1968 3437 I MobileConfigFactoryImpl: Created MobileConfigFactoryImpl, unitType:8
03-01 11:38:07.032 1968 3457 I MobileConfigFactoryImpl: Created MobileConfigFactoryImpl, unitType:2
03-01 11:38:07.032 1968 3457 I MobileConfigFactoryImpl: Created MobileConfigFactoryImpl, unitType:1
03-01 11:38:07.032 1968 3457 I MobileConfigFactoryImpl: Created MobileConfigFactoryImpl, unitType:2
03-01 11:38:07.033 1968 3457 I MobileConfigFactoryImpl: Created MobileConfigFactoryImpl, unitType:1
03-01 11:38:07.036 1968 3437 E MobileConfigServiceImpl: exception while trying to subscribe
03-01 11:38:07.036 1968 3437 E MobileConfigServiceImpl: java.lang.IllegalArgumentException: account is null
03-01 11:38:07.036 1968 3437 E MobileConfigServiceImpl: at android.accounts.AccountManager.getAuthToken(AccountManager.java:1778)
03-01 11:38:07.036 1968 3437 E MobileConfigServiceImpl: at com.oculus.deviceconfigservice.FRLAuthedHttpClient.A00(:28)
03-01 11:38:07.036 1968 3437 E MobileConfigServiceImpl: at com.oculus.deviceconfigservice.MobileConfigServiceHelper.A00(:254)
03-01 11:38:07.036 1968 3437 E MobileConfigServiceImpl: at X.1mj.(:274)
03-01 11:38:07.036 1968 3437 E MobileConfigServiceImpl: at X.0qq.A00(:66554)
03-01 11:38:07.036 1968 3437 E MobileConfigServiceImpl: at X.0qs.A03(:6)
03-01 11:38:07.036 1968 3437 E MobileConfigServiceImpl: at X.0nT.A01(:51)
03-01 11:38:07.036 1968 3437 E MobileConfigServiceImpl: at X.0nT.A00(:12)
