03-01 11:38:00.682 2469 2469 D VrGuardianUserService: DeviceConfig - onFailure - Error: exception
03-01 11:38:00.682 2469 2469 E DeviceConfigTelemetryLogger: onFailure(exception)
03-01 11:38:00.682 2469 2469 D VrGuardianUserService: DeviceConfig - onFailure - Error: exception
03-01 11:38:00.687 2469 6571 D MobileConfigBaseClient: awaitService()
03-01 11:38:00.692 2911 2911 D [SUI] LibraryLogger: Library Session ID Generated: 4161cdc1-3d5d-40b4-a8f7-ddef9dcd2c52
03-01 11:38:00.696 2469 6572 D MobileConfigBaseClient: connect()
03-01 11:38:00.708 2469 2469 E DeviceConfigTelemetryLogger: onFailure(exception)
03-01 11:38:00.708 2469 2469 D VrGuardianUserService: DeviceConfig - onFailure - Error: exception
03-01 11:38:00.712 2469 2469 E DeviceConfigTelemetryLogger: onFailure(exception)
03-01 11:38:00.712 2469 2469 D VrGuardianUserService: DeviceConfig - onFailure - Error: exception
03-01 11:38:00.719 2469 2469 E DeviceConfigTelemetryLogger: onFailure(exception)
03-01 11:38:00.719 2469 2469 D VrGuardianUserService: DeviceConfig - onFailure - Error: exception
03-01 11:38:00.720 2469 2469 E DeviceConfigTelemetryLogger: onFailure(exception)
03-01 11:38:00.724 3628 5595 I GkCacheQuerierClient: Loaded GK 'oculus_trex_haptics_killsw' value = false from file cache.
03-01 11:38:00.726 2469 2469 D VrGuardianUserService: DeviceConfig - onFailure - Error: exception
03-01 11:38:00.727 2469 2469 E DeviceConfigTelemetryLogger: onFailure(exception)
03-01 11:38:00.727 2469 2469 D VrGuardianUserService: DeviceConfig - onFailure - Error: exception
03-01 11:38:00.727 2469 2469 E DeviceConfigTelemetryLogger: onFailure(exception)
03-01 11:38:00.727 2469 2469 D VrGuardianUserService: DeviceConfig - onFailure - Error: exception
03-01 11:38:00.727 2469 2469 E DeviceConfigTelemetryLogger: onFailure(exception)
03-01 11:38:00.727 2469 2469 D VrGuardianUserService: DeviceConfig - onFailure - Error: exception
03-01 11:38:00.729 2469 2469 E DeviceConfigTelemetryLogger: onFailure(exception)
03-01 11:38:00.729 2469 2469 D VrGuardianUserService: DeviceConfig - onFailure - Error: exception
03-01 11:38:00.729 2469 2469 E DeviceConfigTelemetryLogger: onFailure(exception)
03-01 11:38:00.729 2469 2469 D VrGuardianUserService: DeviceConfig - onFailure - Error: exception
03-01 11:38:00.729 2469 2469 E DeviceConfigTelemetryLogger: onFailure(exception)
03-01 11:38:00.729 2469 2469 D VrGuardianUserService: DeviceConfig - onFailure - Error: exception
03-01 11:38:00.729 2469 2469 E DeviceConfigTelemetryLogger: onFailure(exception)
03-01 11:38:00.729 2469 2469 D VrGuardianUserService: DeviceConfig - onFailure - Error: exception
03-01 11:38:00.730 2469 2469 E DeviceConfigTelemetryLogger: onFailure(exception)
03-01 11:38:00.730 2469 2469 D VrGuardianUserService: DeviceConfig - onFailure - Error: exception
03-01 11:38:00.730 2469 2469 E DeviceConfigTelemetryLogger: onFailure(exception)
03-01 11:38:00.730 2469 2469 D VrGuardianUserService: DeviceConfig - onFailure - Error: exception
03-01 11:38:00.732 2469 2469 E DeviceConfigTelemetryLogger: onFailure(exception)
03-01 11:38:00.741 2469 3140 I GuardianSystem: [GuardianSystem::GuardianSystemThread] Starting suspension
03-01 11:38:00.741 2469 3140 I GuardianSystem: [GuardianSystem::SetGuardianDialogAndDefinition] pendingDialogDefinition =
03-01 11:38:00.742 2632 3940 I [CT] : MIXEDREALITY: MrClientModelStates: setLayerPaused true layer -1 for client 3993091945.
03-01 11:38:00.742 2632 3940 I [CT] : MIXEDREALITY: MrSvc: PassthroughLayer: setPaused: Layer -1 is being paused true
03-01 11:38:00.742 2632 2760 I [CT] : MIXEDREALITY: MrServiceView: renderIteration: (every 10 seconds), screen is: ON, PT is: ON, ID is: OFF
03-01 11:38:00.742 2632 2760 I [CT] : MIXEDREALITY: MrSvc: PassthroughPresentationLayerImpl: Deallocating framebuffers for layer -1.
03-01 11:38:00.742 2632 2760 I [CT] : MIXEDREALITY: MrServiceModel: commitLayerState: PassthroughMode: kNone.
03-01 11:38:00.743 2469 3140 I GuardianRender: Suspend: Passthrough layer paused
03-01 11:38:00.743 2469 3140 I GuardianRender: Suspend: GuardianRender suspending.
03-01 11:38:00.746 2632 2760 I [CT] : MIXEDREALITY: MrServiceView: renderIteration: Nothing to render, hibernating the rendering thread since ID is off and no active PT layers.
03-01 11:38:00.746 2632 2760 I [CT] : MIXEDREALITY: MrServiceModel: Hibernating caller (most likely rendering thread) due to commandQueue being empty.
03-01 11:38:00.746 2469 6572 D MobileConfigBaseClient: awaitService()
03-01 11:38:00.747 2469 3140 I GuardianInput: GuardianInput::Suspend ... destroying hand trackers
03-01 11:38:00.747 2469 3140 I OpenXR_Hands: ------------ xrDestroyHandTrackerEXT -----------
03-01 11:38:00.747 2469 3140 I OpenXR_Hands: ------------ xrDestroyHandTrackerEXT -----------
03-01 11:38:00.748 1804 3112 I VrRuntimeService: RuntimeServiceSDKServer::SetGuardianSystemState: 3993091945
03-01 11:38:00.755 1804 3046 I CompositorVR: SetSchedFifo( tid=3140, pol=5, pri=1 ) succeeded
03-01 11:38:00.755 1804 3046 I CompositorVR: SetSchedFifo( tid=3944, pol=5, pri=1 ) succeeded
03-01 11:38:00.755 1804 3046 I CompositorVR: SetSchedFifo( tid=3999, pol=5, pri=1 ) succeeded
03-01 11:38:00.741 2469 2469 D VrGuardianUserService: DeviceConfig - onFailure - Error: exception
03-01 11:38:00.774 2469 2469 E DeviceConfigTelemetryLogger: onFailure(exception)
03-01 11:38:00.774 2469 2469 D VrGuardianUserService: DeviceConfig - onFailure - Error: exception
03-01 11:38:00.795 2469 2469 E DeviceConfigTelemetryLogger: onFailure(exception)
03-01 11:38:00.795 2469 2469 D VrGuardianUserService: DeviceConfig - onFailure - Error: exception
03-01 11:38:00.813 1062 1099 I DeviceProperties: ovrDeviceProperties::Initialize
03-01 11:38:00.816 1062 1099 I DeviceProperties: Device Region: 'US'
03-01 11:38:00.816 1062 1099 I DeviceProperties: GPU Type: 'ADRENO_650'
03-01 11:38:00.820 1062 1099 I DeviceProperties: Num Refresh Rates Supported 61
03-01 11:38:00.821 1062 1099 I DeviceProperties: Refresh Rate (0): 120.000000Hz
03-01 11:38:00.821 1062 1099 I DeviceProperties: Refresh Rate (1): 119.000000Hz
03-01 11:38:00.821 1062 1099 I DeviceProperties: Refresh Rate (2): 118.000000Hz
03-01 11:38:00.821 1062 1099 I DeviceProperties: Refresh Rate (3): 117.000000Hz
03-01 11:38:00.821 1062 1099 I DeviceProperties: Refresh Rate (4): 116.000000Hz
03-01 11:38:00.821 1062 1099 I DeviceProperties: Refresh Rate (5): 115.000000Hz
03-01 11:38:00.821 1062 1099 I DeviceProperties: Refresh Rate (6): 114.000000Hz
03-01 11:38:00.821 1062 1099 I DeviceProperties: Refresh Rate (7): 113.000000Hz
03-01 11:38:00.821 1062 1099 I DeviceProperties: Refresh Rate (8): 112.000000Hz
03-01 11:38:00.821 1062 1099 I DeviceProperties: Refresh Rate (9): 111.000000Hz
03-01 11:38:00.821 1062 1099 I DeviceProperties: Refresh Rate (10): 110.000000Hz
03-01 11:38:00.821 1062 1099 I DeviceProperties: Refresh Rate (11): 109.000000Hz
03-01 11:38:00.821 1062 1099 I DeviceProperties: Refresh Rate (12): 108.000000Hz
03-01 11:38:00.821 1062 1099 I DeviceProperties: Refresh Rate (13): 107.000000Hz
03-01 11:38:00.821 1062 1099 I DeviceProperties: Refresh Rate (14): 106.000000Hz
03-01 11:38:00.821 1062 1099 I DeviceProperties: Refresh Rate (15): 105.000000Hz
03-01 11:38:00.821 1062 1099 I DeviceProperties: Refresh Rate (16): 104.000000Hz
03-01 11:38:00.821 1062 1099 I DeviceProperties: Refresh Rate (17): 103.000000Hz
03-01 11:38:00.821 1062 1099 I DeviceProperties: Refresh Rate (18): 102.000000Hz
03-01 11:38:00.821 1062 1099 I DeviceProperties: Refresh Rate (19): 101.000000Hz
03-01 11:38:00.821 1062 1099 I DeviceProperties: Refresh Rate (20): 100.000000Hz
03-01 11:38:00.821 1062 1099 I DeviceProperties: Refresh Rate (21): 99.000000Hz
03-01 11:38:00.821 1062 1099 I DeviceProperties: Refresh Rate (22): 98.000000Hz
03-01 11:38:00.821 1062 1099 I DeviceProperties: Refresh Rate (23): 97.000000Hz
03-01 11:38:00.821 1062 1099 I DeviceProperties: Refresh Rate (24): 96.000000Hz
03-01 11:38:00.821 1062 1099 I DeviceProperties: Refresh Rate (25): 95.000000Hz
03-01 11:38:00.823 1062 1099 I DeviceProperties: Refresh Rate (26): 94.000000Hz
03-01 11:38:00.823 1062 1099 I DeviceProperties: Refresh Rate (27): 93.000000Hz
03-01 11:38:00.823 1062 1099 I DeviceProperties: Refresh Rate (28): 92.000000Hz
03-01 11:38:00.823 1062 1099 I DeviceProperties: Refresh Rate (29): 91.000000Hz
03-01 11:38:00.823 1062 1099 I DeviceProperties: Refresh Rate (30): 90.000000Hz
03-01 11:38:00.823 1062 1099 I DeviceProperties: Refresh Rate (31): 89.000000Hz
03-01 11:38:00.823 1062 1099 I DeviceProperties: Refresh Rate (32): 88.000000Hz
03-01 11:38:00.823 1062 1099 I DeviceProperties: Refresh Rate (33): 87.000000Hz
03-01 11:38:00.823 1062 1099 I DeviceProperties: Refresh Rate (34): 86.000000Hz
03-01 11:38:00.823 1062 1099 I DeviceProperties: Refresh Rate (35): 85.000000Hz
03-01 11:38:00.824 1062 1099 I DeviceProperties: Refresh Rate (36): 84.000000Hz
03-01 11:38:00.824 1062 1099 I DeviceProperties: Refresh Rate (37): 83.000000Hz
03-01 11:38:00.825 3628 5595 I GkCacheQuerierClient: Loaded GK 'oculus_trex_haptics_killsw' value = false from file cache.
03-01 11:38:00.827 1062 1099 I DeviceProperties: Refresh Rate (38): 82.000000Hz
03-01 11:38:00.827 1062 1099 I DeviceProperties: Refresh Rate (39): 81.000000Hz
03-01 11:38:00.828 1062 1099 I DeviceProperties: Refresh Rate (40): 80.000000Hz
03-01 11:38:00.828 1062 1099 I DeviceProperties: Refresh Rate (41): 79.000000Hz
03-01 11:38:00.828 1062 1099 I DeviceProperties: Refresh Rate (42): 78.000000Hz
03-01 11:38:00.828 1062 1099 I DeviceProperties: Refresh Rate (43): 77.000000Hz
03-01 11:38:00.828 1062 1099 I DeviceProperties: Refresh Rate (44): 76.000000Hz
03-01 11:38:00.828 1062 1099 I DeviceProperties: Refresh Rate (45): 75.000000Hz
03-01 11:38:00.828 1062 1099 I DeviceProperties: Refresh Rate (46): 74.000000Hz
03-01 11:38:00.828 1062 1099 I DeviceProperties: Refresh Rate (47): 73.000000Hz
03-01 11:38:00.828 1062 1099 I DeviceProperties: Refresh Rate (48): 72.000000Hz
03-01 11:38:00.828 1062 1099 I DeviceProperties: Refresh Rate (49): 71.000000Hz
03-01 11:38:00.828 1062 1099 I DeviceProperties: Refresh Rate (50): 70.000000Hz
03-01 11:38:00.828 1062 1099 I DeviceProperties: Refresh Rate (51): 69.000000Hz
03-01 11:38:00.828 1062 1099 I DeviceProperties: Refresh Rate (52): 68.000000Hz
03-01 11:38:00.828 1062 1099 I DeviceProperties: Refresh Rate (53): 67.000000Hz
03-01 11:38:00.828 1062 1099 I DeviceProperties: Refresh Rate (54): 66.000000Hz
03-01 11:38:00.828 1062 1099 I DeviceProperties: Refresh Rate (55): 65.000000Hz
03-01 11:38:00.828 1062 1099 I DeviceProperties: Refresh Rate (56): 64.000000Hz
03-01 11:38:00.828 1062 1099 I DeviceProperties: Refresh Rate (57): 63.000000Hz
03-01 11:38:00.828 1062 1099 I DeviceProperties: Refresh Rate (58): 62.000000Hz
03-01 11:38:00.828 1062 1099 I DeviceProperties: Refresh Rate (59): 61.000000Hz
03-01 11:38:00.828 1062 1099 I DeviceProperties: Refresh Rate (60): 60.000000Hz
03-01 11:38:00.829 853 1223 I [CT] : Vega:MapBuilderBase: Created keyRig with frameID 4528 and uid 99d3c365
03-01 11:38:00.840 2469 2469 E DeviceConfigTelemetryLogger: onFailure(exception)
03-01 11:38:00.840 2469 2469 D VrGuardianUserService: DeviceConfig - onFailure - Error: exception
03-01 11:38:00.841 845 845 E CalibrationProvider: loadCalibration(LDISP_SN) failed: Calibration store didn't load any info
03-01 11:38:00.841 845 845 E CalibrationProvider: loadCalibration(RDISP_SN) failed: Calibration store didn't load any info
03-01 11:38:00.845 1062 1099 I DeviceProperties: DisplayParms.ScanoutDirection = 1
03-01 11:38:00.845 1062 1099 I DeviceProperties: DisplayParms.ShutterType = 1
03-01 11:38:00.845 1062 1099 I DeviceProperties: DisplayParms.timing = 0.700000 0.700000
03-01 11:38:00.845 1062 1099 I DeviceProperties: DisplayParms.prediction = (2.000000 2.000000) (2.000000 2.000000)
03-01 11:38:00.846 1062 1099 E libc : Access denied finding property "ro.vendor.product.model_extended"
03-01 11:38:00.847 1062 1099 I DeviceProperties: getDisplayDimensions returned: 3664, 1920
03-01 11:38:00.849 1062 1099 I DeviceProperties: ovrDeviceProperties: OVR_DEVICE_CAPABILITY_POSITIONAL_TRACKING_BIT
03-01 11:38:00.850 1062 1099 I DeviceProperties: ovrDeviceProperties: OVR_DEVICE_CAPABILITY_PASSTHROUGH_CAMERA_BIT
03-01 11:38:00.850 1062 1099 I DeviceProperties: ovrDeviceProperties: OVR_DEVICE_CAPABILITY_DYNAMIC_DISPLAY_REFRESH_RATE_BIT
03-01 11:38:00.850 1062 1099 I DeviceProperties: ovrDeviceProperties: OVR_DEVICE_CAPABILITY_MEMORY_EXPORT_BIT
03-01 11:38:00.850 1062 1099 I DeviceProperties: ovrDeviceProperties: OVR_DEVICE_CAPABILITY_FIXED_FOVEATED_RENDERING_BIT
03-01 11:38:00.850 1062 1099 I DeviceProperties: ovrDeviceProperties: OVR_DEVICE_CAPABILITY_SUBSAMPLED_LAYOUT_BIT
03-01 11:38:00.850 1062 1099 I DeviceProperties: ovrDeviceProperties: OVR_DEVICE_CAPABILITY_KEYBOARD_TRACKING_BIT
03-01 11:38:00.851 1062 1099 I VrRuntimeClient: DevicesSupported : 1 devices, quest
03-01 11:38:00.852 1062 1099 I VrRuntimeClient: VrRuntimeClient: Init
03-01 11:38:00.852 1062 1099 I PTKService: PTKServiceClient Init
03-01 11:38:00.852 1062 1099 I ipcLoader [RUNTIMEIPC]: RuntimeIPC: Loader: IPC Service API Loader Version: 37 Feb 7 2023 02:15:40
03-01 11:38:00.852 1062 1099 I RuntimeIPCApi [RUNTIMEIPC]: ipc_Initialize
03-01 11:38:00.852 1062 1099 I RuntimeIPCServiceClient [RUNTIMEIPC]: Init: Already initialized: system_server, 2
03-01 11:38:00.855 1804 3046 I CompositorVR: SetSchedFifo( tid=3140, pol=2, pri=0 ) succeeded
03-01 11:38:00.855 1804 3046 I CompositorVR: SetSchedFifo( tid=3944, pol=2, pri=0 ) succeeded
03-01 11:38:00.855 1804 3046 I CompositorVR: SetSchedFifo( tid=3999, pol=2, pri=0 ) succeeded
03-01 11:38:00.859 3292 3292 I [OAO] ShellOverlayService: onStartCommand(): Intent { cmp=com.oculus.vrshell/.ShellOverlayService }
03-01 11:38:00.859 2469 3624 E IPCThreadState: binder thread pool (15 threads) starved for 108 ms
03-01 11:38:00.860 2469 2469 E DeviceConfigTelemetryLogger: onFailure(exception)
03-01 11:38:00.860 2469 2469 D VrGuardianUserService: DeviceConfig - onFailure - Error: exception
03-01 11:38:00.865 1062 1099 I ClientProcessConnector [RUNTIMEIPC]: GetProcessConnection: com.oculus.vrshell:com.oculus.vrshell:Overlay
03-01 11:38:00.866 3292 3318 D IPCDataChannelServer [RUNTIMEIPC]: Connected: 3289849980, android.uid.system:1000:system_server:1062
03-01 11:38:00.866 3292 3318 D RPCServer [RUNTIMEIPC]: ConnectClient: Client: android.uid.system:1000:system_server:1062, Server: com.oculus.vrshell:com.oculus.vrshell:Overlay (ptkserviceserver)
03-01 11:38:00.866 3292 3318 I IPCSharedMemory_Internal [RUNTIMEIPC]: CreateSharedMemory: Allocated shared memory fd 169 (ipcStateReadWrite)
03-01 11:38:00.867 3292 3318 I IPCSharedMemory_Internal [RUNTIMEIPC]: CreateSharedMemory: Allocated shared memory fd 173 (ipcReadOnlyState)
03-01 11:38:00.867 3292 3318 I RPCClientHandler [RUNTIMEIPC]: Event buffer size (server): 8192
03-01 11:38:00.868 3292 3318 I IPCSharedMemory_Internal [RUNTIMEIPC]: CreateSharedMemory: Allocated shared memory fd 174 (ipcEventBuffer)
03-01 11:38:00.868 3292 3318 I IPCSharedMemory_Internal [RUNTIMEIPC]: CreateSharedMemory: Allocated shared memory fd 183 (ipcEventBuffer_Private)
03-01 11:38:00.868 3292 3318 W RPCServer [RUNTIMEIPC]: HandleClientConnect: Failed to register client event subscription: Client: android.uid.system:1000:system_server:1062, Server: com.oculus.vrshell:com.oculus.vrshell:Overlay (ptkserviceserver)
03-01 11:38:00.869 2469 2469 E DeviceConfigTelemetryLogger: onFailure(exception)
03-01 11:38:00.869 2469 2469 D VrGuardianUserService: DeviceConfig - onFailure - Error: exception
03-01 11:38:00.870 1804 3096 I PerformanceManager_V0: SetClockLevels: Apply pending clock request change: 4,3 -> 3,3
03-01 11:38:00.870 1804 3090 I Clocks : ReleaseClocks - start
03-01 11:38:00.871 1804 3090 I Clocks : ReleaseClocks - end (1.0 ms)
03-01 11:38:00.871 1804 3090 I Clocks : LockClocks( cpu=3, gpu=3 ) - start
03-01 11:38:00.872 1804 3090 I Clocks : CPU levels [0, 7]
03-01 11:38:00.872 1804 3090 I Clocks : GPU levels [0, 5]
03-01 11:38:00.873 1804 3090 I Clocks : LockClocks( cpu=3, gpu=3 ) - end (1.9 ms)
03-01 11:38:00.882 853 1223 I [CT] : Perception:MapCleaner: After Split L1! Raw cluster size 30 pts 256; New cluster size 33 pts 192
03-01 11:38:00.885 2469 2469 E DeviceConfigTelemetryLogger: onFailure(exception)
03-01 11:38:00.885 2469 2469 D VrGuardianUserService: DeviceConfig - onFailure - Error: exception
03-01 11:38:00.885 2469 2469 E DeviceConfigTelemetryLogger: onFailure(exception)
03-01 11:38:00.885 2469 2469 D VrGuardianUserService: DeviceConfig - onFailure - Error: exception
03-01 11:38:00.885 2469 2469 E DeviceConfigTelemetryLogger: onFailure(exception)
03-01 11:38:00.885 2469 2469 D VrGuardianUserService: DeviceConfig - onFailure - Error: exception
03-01 11:38:00.888 3292 3318 I RuntimeIPCServerMgr [RUNTIMEIPC]: HandleClientConnect SUCCESS: Client: android.uid.system:1000:system_server:1062, Server: com.oculus.vrshell:com.oculus.vrshell:Overlay (ptkserviceserver)
03-01 11:38:00.895 3292 3318 I RPCServer [RUNTIMEIPC]: GetServerStatesConfig -> {MaxBufferSize=32768, MaxEntries=64}
03-01 11:38:00.896 1062 1099 I RuntimeIPCClient [RUNTIMEIPC]: GetServerStatesConfig returned maxEntries=64, maxBuffSize=32768
03-01 11:38:00.896 1062 1099 I RuntimeIPCClient [RUNTIMEIPC]: Event buffer size (client): 8192
03-01 11:38:00.896 1062 1099 I RuntimeIPCClient [RUNTIMEIPC]: TryToGetIPCResourcesFromServer: RPC_CONNECTOR_CONNECT_TO_SERVER SUCCESS: Client: android.uid.system:1000:system_server:1062, Server: com.oculus.vrshell:com.oculus.vrshell:Overlay (ptkserviceserver)
03-01 11:38:00.896 1062 1099 I RuntimeIPCClient [RUNTIMEIPC]: EnsureServerConnection: SUCCESS. Client: android.uid.system:1000:system_server:1062, Server: com.oculus.vrshell:com.oculus.vrshell:Overlay (ptkserviceserver)
03-01 11:38:00.896 1062 1099 I RuntimeIPCClient [RUNTIMEIPC]: ConnectToServer: SUCCESS: Client: android.uid.system:1000:system_server:1062, Server: com.oculus.vrshell:com.oculus.vrshell:Overlay (ptkserviceserver)
03-01 11:38:00.896 1062 1099 I RuntimeIPCClientMgr [RUNTIMEIPC]: GetClientOptions
03-01 11:38:00.898 2469 2469 E DeviceConfigTelemetryLogger: onFailure(exception)
03-01 11:38:00.898 2469 2469 D VrGuardianUserService: DeviceConfig - onFailure - Error: exception
03-01 11:38:00.898 2469 2469 E DeviceConfigTelemetryLogger: onFailure(exception)
03-01 11:38:00.898 2469 2469 D VrGuardianUserService: DeviceConfig - onFailure - Error: exception
03-01 11:38:00.900 2469 2469 E DeviceConfigTelemetryLogger: onFailure(exception)
03-01 11:38:00.900 2469 2469 D VrGuardianUserService: DeviceConfig - onFailure - Error: exception
03-01 11:38:00.900 2469 2469 E DeviceConfigTelemetryLogger: onFailure(exception)
03-01 11:38:00.900 2469 2469 D VrGuardianUserService: DeviceConfig - onFailure - Error: exception
03-01 11:38:00.900 2469 2469 E DeviceConfigTelemetryLogger: onFailure(exception)
03-01 11:38:00.900 2469 2469 D VrGuardianUserService: DeviceConfig - onFailure - Error: exception
03-01 11:38:00.900 2469 2469 E DeviceConfigTelemetryLogger: onFailure(exception)
03-01 11:38:00.900 2469 2469 D VrGuardianUserService: DeviceConfig - onFailure - Error: exception
03-01 11:38:00.901 2469 2469 E DeviceConfigTelemetryLogger: onFailure(exception)
03-01 11:38:00.901 2469 2469 D VrGuardianUserService: DeviceConfig - onFailure - Error: exception
03-01 11:38:00.901 2469 2469 E DeviceConfigTelemetryLogger: onFailure(exception)
03-01 11:38:00.901 2469 2469 D VrGuardianUserService: DeviceConfig - onFailure - Error: exception
03-01 11:38:00.901 2469 2469 E DeviceConfigTelemetryLogger: onFailure(exception)
03-01 11:38:00.901 2469 2469 D VrGuardianUserService: DeviceConfig - onFailure - Error: exception
03-01 11:38:00.901 2469 2469 E DeviceConfigTelemetryLogger: onFailure(exception)
03-01 11:38:00.901 2469 2469 D VrGuardianUserService: DeviceConfig - onFailure - Error: exception
03-01 11:38:00.901 2469 2469 E DeviceConfigTelemetryLogger: onFailure(exception)
03-01 11:38:00.901 2469 2469 D VrGuardianUserService: DeviceConfig - onFailure - Error: exception
03-01 11:38:00.903 2469 2469 E DeviceConfigTelemetryLogger: onFailure(exception)
03-01 11:38:00.903 2469 2469 D VrGuardianUserService: DeviceConfig - onFailure - Error: exception
03-01 11:38:00.903 2469 2469 E DeviceConfigTelemetryLogger: onFailure(exception)
03-01 11:38:00.903 2469 2469 D VrGuardianUserService: DeviceConfig - onFailure - Error: exception
03-01 11:38:00.905 2469 2469 E DeviceConfigTelemetryLogger: onFailure(exception)
03-01 11:38:00.905 2469 2469 D VrGuardianUserService: DeviceConfig - onFailure - Error: exception
03-01 11:38:00.905 2469 2469 E DeviceConfigTelemetryLogger: onFailure(exception)
03-01 11:38:00.905 2469 2469 D VrGuardianUserService: DeviceConfig - onFailure - Error: exception
03-01 11:38:00.905 2469 2469 E DeviceConfigTelemetryLogger: onFailure(exception)
03-01 11:38:00.905 2469 2469 D VrGuardianUserService: DeviceConfig - onFailure - Error: exception
03-01 11:38:00.905 2469 2469 E DeviceConfigTelemetryLogger: onFailure(exception)
03-01 11:38:00.905 2469 2469 D VrGuardianUserService: DeviceConfig - onFailure - Error: exception
03-01 11:38:00.906 2469 2469 E DeviceConfigTelemetryLogger: onFailure(exception)
03-01 11:38:00.906 2469 2469 D VrGuardianUserService: DeviceConfig - onFailure - Error: exception
03-01 11:38:00.906 2469 2469 E DeviceConfigTelemetryLogger: onFailure(exception)
03-01 11:38:00.906 2469 2469 D VrGuardianUserService: DeviceConfig - onFailure - Error: exception
03-01 11:38:00.907 2469 2469 E DeviceConfigTelemetryLogger: onFailure(exception)
03-01 11:38:00.907 2469 2469 D VrGuardianUserService: DeviceConfig - onFailure - Error: exception
03-01 11:38:00.907 2469 2469 E DeviceConfigTelemetryLogger: onFailure(exception)
03-01 11:38:00.907 2469 2469 D VrGuardianUserService: DeviceConfig - onFailure - Error: exception
03-01 11:38:00.908 2469 2469 E DeviceConfigTelemetryLogger: onFailure(exception)
03-01 11:38:00.908 2469 2469 D VrGuardianUserService: DeviceConfig - onFailure - Error: exception
03-01 11:38:00.908 3292 3765 I RPCServer [RUNTIMEIPC]: GetServerStatesConfig -> {MaxBufferSize=32768, MaxEntries=64}
03-01 11:38:00.909 1062 1099 I RuntimeIPCClient [RUNTIMEIPC]: GetServerStatesConfig returned maxEntries=64, maxBuffSize=32768
03-01 11:38:00.909 1062 1099 I RuntimeIPCClient [RUNTIMEIPC]: InitServerStateBuffer: SUCCESS. 0, Client: android.uid.system:1000:system_server:1062, Server: com.oculus.vrshell:com.oculus.vrshell:Overlay (ptkserviceserver)
03-01 11:38:00.911 2469 2469 E DeviceConfigTelemetryLogger: onFailure(exception)
03-01 11:38:00.911 2469 2469 D VrGuardianUserService: DeviceConfig - onFailure - Error: exception
03-01 11:38:00.911 2469 2469 E DeviceConfigTelemetryLogger: onFailure(exception)
03-01 11:38:00.911 2469 2469 D VrGuardianUserService: DeviceConfig - onFailure - Error: exception
03-01 11:38:00.913 2469 2469 E DeviceConfigTelemetryLogger: onFailure(exception)
03-01 11:38:00.913 2469 2469 D VrGuardianUserService: DeviceConfig - onFailure - Error: exception
03-01 11:38:00.913 2469 2469 E DeviceConfigTelemetryLogger: onFailure(exception)
03-01 11:38:00.913 2469 2469 D VrGuardianUserService: DeviceConfig - onFailure - Error: exception
03-01 11:38:00.913 2469 2469 E DeviceConfigTelemetryLogger: onFailure(exception)
03-01 11:38:00.913 2469 2469 D VrGuardianUserService: DeviceConfig - onFailure - Error: exception
03-01 11:38:00.917 2469 2469 E DeviceConfigTelemetryLogger: onFailure(exception)
03-01 11:38:00.917 2469 2469 D VrGuardianUserService: DeviceConfig - onFailure - Error: exception
03-01 11:38:00.918 2469 2469 E DeviceConfigTelemetryLogger: onFailure(exception)
03-01 11:38:00.918 2469 2469 D VrGuardianUserService: DeviceConfig - onFailure - Error: exception
03-01 11:38:00.918 2469 2469 D MobileConfigBaseClient: Connected to MobileConfigService
03-01 11:38:00.918 2469 2469 E DeviceConfigTelemetryLogger: onFailure(exception)
03-01 11:38:00.918 2469 2469 D VrGuardianUserService: DeviceConfig - onFailure - Error: exception
03-01 11:38:00.918 2469 2469 E DeviceConfigTelemetryLogger: onFailure(exception)
03-01 11:38:00.918 2469 2469 D VrGuardianUserService: DeviceConfig - onFailure - Error: exception
03-01 11:38:00.918 2469 2469 E DeviceConfigTelemetryLogger: onFailure(exception)
03-01 11:38:00.922 853 1223 I [CT] : KEYPOINT_CACHE: New keyrig added has 194 corners and 137 tracks to immature points that will be used to extract descriptors and insert into the index.
03-01 11:38:00.924 3628 5595 I GkCacheQuerierClient: Loaded GK 'oculus_trex_haptics_killsw' value = false from file cache.
03-01 11:38:00.929 1062 1099 E libc : Access denied finding property "debug.egl.profiler"
03-01 11:38:00.929 1062 1099 I VrRuntimeClient: OSSDKTRACKING calculating secure tracking
03-01 11:38:00.929 1062 1099 D VrRuntimeClient: getSecureTrackingRequest OSSDKTRACKING android
03-01 11:38:00.929 1062 1099 W VrRuntimeClient: OSSDKTRACKING No package metadata available for android
03-01 11:38:00.929 1062 1099 I VrRuntimeClient: OSSDKTRACKING secure tracking is 0
03-01 11:38:00.929 1062 1099 I AudioCapture: AudioCapture::Init
03-01 11:38:00.930 1062 1099 I AudioCapture: AudioCapture::Init -> Initializing audio capture using direct OS Callbacks
03-01 11:38:00.930 1062 1099 I AudioCapture: AudioCapture::Init COMPLETE
03-01 11:38:00.930 1062 1099 W Foveation: Forcing on dynamic foveation
03-01 11:38:00.931 1062 1099 D VrRuntimeClient: VrRuntimeClient: initialize. inContext: com.oculus.os.DialogContext@439299c
03-01 11:38:00.931 1062 1099 I VrGuardianClient: Disabling guardianclient for package: android
03-01 11:38:00.931 1062 1099 D VrRuntimeClient: getClient6dofEntitlementMode for android
03-01 11:38:00.935 1062 1099 W Binder : Outgoing transactions from this process must be FLAG_ONEWAY
03-01 11:38:00.935 1062 1099 W Binder : java.lang.Throwable
03-01 11:38:00.935 1062 1099 W Binder : at android.os.BinderProxy.transact(BinderProxy.java:481)
03-01 11:38:00.935 1062 1099 W Binder : at android.content.ContentProviderProxy.query(ContentProviderNative.java:421)
03-01 11:38:00.935 1062 1099 W Binder : at android.content.ContentResolver.query(ContentResolver.java:944)
03-01 11:38:00.935 1062 1099 W Binder : at android.content.ContentResolver.query(ContentResolver.java:880)
03-01 11:38:00.935 1062 1099 W Binder : at android.content.ContentResolver.query(ContentResolver.java:836)
03-01 11:38:00.935 1062 1099 W Binder : at com.oculus.vrapi.VrRuntimeClient.getClient6dofEntitlementMode(VrRuntimeClient.java:126)
03-01 11:38:00.935 1062 1099 W Binder : at oculus.internal.ui.VrBase.nativeOnCreate(Native Method)
03-01 11:38:00.935 1062 1099 W Binder : at oculus.internal.ui.VrBase.recreateInternal(VrBase.java:269)
03-01 11:38:00.935 1062 1099 W Binder : at oculus.internal.ui.VrBase.onCreate(VrBase.java:250)
03-01 11:38:00.935 1062 1099 W Binder : at oculus.internal.ui.VrUiWrapper.commonInit(VrUiWrapper.java:122)
03-01 11:38:00.935 1062 1099 W Binder : at oculus.internal.ui.VrUiWrapper.onCreate(VrUiWrapper.java:130)
03-01 11:38:00.935 1062 1099 W Binder : at oculus.internal.ui.VrUiWrapper.onCreate(VrUiWrapper.java:93)
03-01 11:38:00.935 1062 1099 W Binder : at oculus.internal.ui.VrAlertDialog.onCreate(VrAlertDialog.java:68)
03-01 11:38:00.935 1062 1099 W Binder : at oculus.internal.ui.VrAlertDialog.onCreate(VrAlertDialog.java:58)
03-01 11:38:00.935 1062 1099 W Binder : at com.android.server.am.AppNotRespondingDialog.onCreate(AppNotRespondingDialog.java:111)
03-01 11:38:00.935 1062 1099 W Binder : at android.app.Dialog.dispatchOnCreate(Dialog.java:421)
03-01 11:38:00.935 1062 1099 W Binder : at android.app.Dialog.show(Dialog.java:315)
03-01 11:38:00.935 1062 1099 W Binder : at com.android.server.am.AppErrors.handleShowAnrUi(AppErrors.java:908)
03-01 11:38:00.935 1062 1099 W Binder : at com.android.server.am.ActivityManagerService$UiHandler.handleMessage(ActivityManagerService.java:1616)
03-01 11:38:00.935 1062 1099 W Binder : at android.os.Handler.dispatchMessage(Handler.java:109)
03-01 11:38:00.935 1062 1099 W Binder : at android.os.Looper.loop(Looper.java:227)
03-01 11:38:00.935 1062 1099 W Binder : at android.os.HandlerThread.run(HandlerThread.java:67)
03-01 11:38:00.935 1062 1099 W Binder : at com.android.server.ServiceThread.run(ServiceThread.java:44)
03-01 11:38:00.935 1062 1099 W Binder : at com.android.server.UiThread.run(UiThread.java:43)
03-01 11:38:00.936 2469 2469 D VrGuardianUserService: DeviceConfig - onFailure - Error: exception
03-01 11:38:00.945 2469 2469 E DeviceConfigTelemetryLogger: onFailure(exception)
03-01 11:38:00.945 2469 2469 D VrGuardianUserService: DeviceConfig - onFailure - Error: exception
03-01 11:38:00.946 2469 2469 E DeviceConfigTelemetryLogger: onFailure(exception)
03-01 11:38:00.946 2469 2469 D VrGuardianUserService: DeviceConfig - onFailure - Error: exception
03-01 11:38:00.948 2469 2469 E DeviceConfigTelemetryLogger: onFailure(exception)
03-01 11:38:00.948 2469 2469 D VrGuardianUserService: DeviceConfig - onFailure - Error: exception
03-01 11:38:00.957 853 1225 I [CT] : VIPER:DEEP_DESCRIPTOR: Computing Deep Descriptors using gravity orientation.
03-01 11:38:00.965 2469 2469 E DeviceConfigTelemetryLogger: onFailure(exception)
03-01 11:38:00.965 2469 2469 D VrGuardianUserService: DeviceConfig - onFailure - Error: exception
03-01 11:38:00.965 853 1223 I [CT] : VegaBAOptimize: Num points adjusted: 465 fixed: 0 Num residuals in-in: 4082 in-out: 0 out-in: 0 fixed (out-out): 0 outside ROI: 0 total: 4082
03-01 11:38:00.966 2469 2469 E DeviceConfigTelemetryLogger: onFailure(exception)
03-01 11:38:00.969 2469 2469 D VrGuardianUserService: DeviceConfig - onFailure - Error: exception
03-01 11:38:00.970 2469 2469 E DeviceConfigTelemetryLogger: onFailure(exception)
03-01 11:38:00.971 2469 2469 D VrGuardianUserService: DeviceConfig - onFailure - Error: exception
03-01 11:38:00.975 2469 6233 E MobileConfigBaseClient: Timed out trying to connect to MobileConfigService.
03-01 11:38:00.975 2469 6235 E MobileConfigBaseClient: Timed out trying to connect to MobileConfigService.
03-01 11:38:00.975 2469 6233 E DeviceConfigTelemetryLogger: onFailure(Could not connect to MobileConfigService)
03-01 11:38:00.975 2469 6233 D VrGuardianUserService: DeviceConfig - onFailure - Error: Could not connect to MobileConfigService
03-01 11:38:00.975 2469 6235 E DeviceConfigTelemetryLogger: onFailure(Could not connect to MobileConfigService)
03-01 11:38:00.975 2469 6235 D VrGuardianUserService: DeviceConfig - onFailure - Error: Could not connect to MobileConfigService
03-01 11:38:00.975 2469 2469 E DeviceConfigTelemetryLogger: onFailure(exception)
03-01 11:38:00.977 2469 2469 D VrGuardianUserService: DeviceConfig - onFailure - Error: exception
03-01 11:38:00.978 2469 2469 E DeviceConfigTelemetryLogger: onFailure(exception)
03-01 11:38:00.978 2469 2469 D VrGuardianUserService: DeviceConfig - onFailure - Error: exception
03-01 11:38:00.980 853 1223 I [CT] : VegaBAOptimize: Total: neighbor 2 L1s, adjust 2 L1s. KRs 63 Points 465 Cameras 252 OutsideFixedKR 2 AdjustKR 61 Imus 35
03-01 11:38:00.981 2469 2469 E DeviceConfigTelemetryLogger: onFailure(exception)
03-01 11:38:00.981 2469 2469 D VrGuardianUserService: DeviceConfig - onFailure - Error: exception
03-01 11:38:00.983 2469 2469 E DeviceConfigTelemetryLogger: onFailure(exception)
03-01 11:38:00.983 2469 2469 D VrGuardianUserService: DeviceConfig - onFailure - Error: exception
03-01 11:38:00.986 2469 2469 E DeviceConfigTelemetryLogger: onFailure(exception)
03-01 11:38:00.987 2469 2469 D VrGuardianUserService: DeviceConfig - onFailure - Error: exception
03-01 11:38:00.987 2469 2469 E DeviceConfigTelemetryLogger: onFailure(exception)
03-01 11:38:00.987 2469 2469 D VrGuardianUserService: DeviceConfig - onFailure - Error: exception
03-01 11:38:00.996 2469 2469 E DeviceConfigTelemetryLogger: onFailure(exception)
03-01 11:38:00.996 2469 2469 D VrGuardianUserService: DeviceConfig - onFailure - Error: exception
03-01 11:38:00.997 2469 2469 E DeviceConfigTelemetryLogger: onFailure(exception)
03-01 11:38:00.997 2469 2469 D VrGuardianUserService: DeviceConfig - onFailure - Error: exception
03-01 11:38:00.997 2469 2469 E DeviceConfigTelemetryLogger: onFailure(exception)
03-01 11:38:00.997 2469 5200 D VrGuardianUserService: SubscribeTask - Attempting Subscribe
03-01 11:38:00.997 2469 2469 D VrGuardianUserService: DeviceConfig - onFailure - Error: exception
03-01 11:38:01.001 2469 2469 E DeviceConfigTelemetryLogger: onFailure(exception)
03-01 11:38:01.001 2469 2469 D VrGuardianUserService: DeviceConfig - onFailure - Error: exception
03-01 11:38:01.002 2469 2469 E DeviceConfigTelemetryLogger: onFailure(exception)
03-01 11:38:01.002 2469 2469 D VrGuardianUserService: DeviceConfig - onFailure - Error: exception
03-01 11:38:01.002 2380 2404 I PublicLibraryProvider: Using legacy entitlement framework to get App data
03-01 11:38:01.002 2469 2469 E DeviceConfigTelemetryLogger: onFailure(exception)
03-01 11:38:01.013 1062 6542 E ActivityManager: Error getting all Messages from the Main thread for ANR:
03-01 11:38:01.013 1062 6542 E ActivityManager: java.io.IOException: Timeout
03-01 11:38:01.013 1062 6542 E ActivityManager: at com.android.internal.os.TransferPipe.go(TransferPipe.java:200)
03-01 11:38:01.013 1062 6542 E ActivityManager: at com.android.server.am.ActivityManagerService.getAllMessagesFromTheMainThread(ActivityManagerService.java:9879)
03-01 11:38:01.013 1062 6542 E ActivityManager: at com.android.server.am.ActivityManagerService.access$1400(ActivityManagerService.java:403)
03-01 11:38:01.013 1062 6542 E ActivityManager: at com.android.server.am.ActivityManagerService$21.run(ActivityManagerService.java:9768)
03-01 11:38:01.002 2469 2469 D VrGuardianUserService: DeviceConfig - onFailure - Error: exception
03-01 11:38:01.015 2469 2469 E DeviceConfigTelemetryLogger: onFailure(exception)
03-01 11:38:01.015 2469 2469 D VrGuardianUserService: DeviceConfig - onFailure - Error: exception
03-01 11:38:01.021 2380 2404 W PublicLibraryProvider: Cannot find entitlement for android
03-01 11:38:01.021 1804 6562 I VrRuntimeService: RuntimeServiceSDKServer::IsExperimental120HzSupportEnabled
03-01 11:38:01.026 1062 1099 I VrRuntimeClient: Is120HzSupported: 1
03-01 11:38:01.026 1062 1099 I LogTimer: CPUTIME: VrRuntimeClient_Init took 174.9334 ms
03-01 11:38:01.027 1062 1099 I VrApi : SkipPushFinalBlack=1
03-01 11:38:01.027 1062 1099 D VrApi : isActivityFocusAware context = com.oculus.os.DialogContext@439299c
03-01 11:38:01.027 1062 1099 D VrApi : isSystemApp = true for android
03-01 11:38:01.027 1062 1099 I VrApi : isActivityFocusAware = 0
03-01 11:38:01.028 1062 1099 D SystemActivitiesReceiver: Registering Oculus System Activity receiver
03-01 11:38:01.029 2469 6576 D MobileConfigBaseClient: connect()
03-01 11:38:01.030 1062 1099 I Distortion: Initializing Mesh Decenter Correction
03-01 11:38:01.031 2469 2469 E DeviceConfigTelemetryLogger: onFailure(exception)
03-01 11:38:01.031 2469 2469 D VrGuardianUserService: DeviceConfig - onFailure - Error: exception
03-01 11:38:01.032 2469 2469 E DeviceConfigTelemetryLogger: onFailure(exception)
03-01 11:38:01.033 2469 2469 D VrGuardianUserService: DeviceConfig - onFailure - Error: exception
03-01 11:38:01.034 2469 6576 D MobileConfigBaseClient: awaitService()
03-01 11:38:01.035 2469 2469 E DeviceConfigTelemetryLogger: onFailure(exception)
03-01 11:38:01.035 2469 2469 D VrGuardianUserService: DeviceConfig - onFailure - Error: exception
03-01 11:38:01.035 2469 2469 E DeviceConfigTelemetryLogger: onFailure(exception)
03-01 11:38:01.035 2469 2469 D VrGuardianUserService: DeviceConfig - onFailure - Error: exception
03-01 11:38:01.036 3628 5595 I GkCacheQuerierClient: Loaded GK 'oculus_trex_haptics_killsw' value = false from file cache.
03-01 11:38:01.038 845 845 E CalibrationProvider: loadCalibration(LDISP_SN) failed: Calibration store didn't load any info
03-01 11:38:01.039 845 845 E CalibrationProvider: loadCalibration(RDISP_SN) failed: Calibration store didn't load any info
03-01 11:38:01.042 2469 2469 E DeviceConfigTelemetryLogger: onFailure(exception)
03-01 11:38:01.042 2469 2469 D VrGuardianUserService: DeviceConfig - onFailure - Error: exception
03-01 11:38:01.042 2469 2469 E DeviceConfigTelemetryLogger: onFailure(exception)
03-01 11:38:01.042 2469 2469 D VrGuardianUserService: DeviceConfig - onFailure - Error: exception
03-01 11:38:01.043 2469 2469 E DeviceConfigTelemetryLogger: onFailure(exception)
03-01 11:38:01.043 2469 2469 D VrGuardianUserService: DeviceConfig - onFailure - Error: exception
03-01 11:38:01.044 1062 1099 I Distortion: SetLensPositions - iad=0.06485, left offset=0.000534169,-0.00130207, right offset=-0.000914983,-0.00142257
03-01 11:38:01.044 1062 1099 I Distortion: Initializing Mesh Decenter Correction
03-01 11:38:01.045 2469 6234 E MobileConfigBaseClient: Timed out trying to connect to MobileConfigService.
03-01 11:38:01.046 2469 6234 E DeviceConfigTelemetryLogger: onFailure(Could not connect to MobileConfigService)
03-01 11:38:01.046 2469 6234 D VrGuardianUserService: DeviceConfig - onFailure - Error: Could not connect to MobileConfigService
03-01 11:38:01.050 2469 2469 E DeviceConfigTelemetryLogger: onFailure(exception)
03-01 11:38:01.050 2469 6232 E MobileConfigBaseClient: Timed out trying to connect to MobileConfigService.
03-01 11:38:01.051 2469 6232 E DeviceConfigTelemetryLogger: onFailure(Could not connect to MobileConfigService)
03-01 11:38:01.051 2469 6232 D VrGuardianUserService: DeviceConfig - onFailure - Error: Could not connect to MobileConfigService
03-01 11:38:01.051 2469 2469 D VrGuardianUserService: DeviceConfig - onFailure - Error: exception
03-01 11:38:01.049 2469 6236 E MobileConfigBaseClient: Timed out trying to connect to MobileConfigService.
03-01 11:38:01.052 2469 6236 E DeviceConfigTelemetryLogger: onFailure(Could not connect to MobileConfigService)
03-01 11:38:01.052 2469 6236 D VrGuardianUserService: DeviceConfig - onFailure - Error: Could not connect to MobileConfigService
03-01 11:38:01.052 2469 2469 E DeviceConfigTelemetryLogger: onFailure(exception)
03-01 11:38:01.053 2469 2469 D VrGuardianUserService: DeviceConfig - onFailure - Error: exception
03-01 11:38:01.055 2469 2469 E DeviceConfigTelemetryLogger: onFailure(exception)
03-01 11:38:01.055 2469 2469 D VrGuardianUserService: DeviceConfig - onFailure - Error: exception
03-01 11:38:01.060 2469 2469 E DeviceConfigTelemetryLogger: onFailure(exception)
03-01 11:38:01.060 2469 2469 D VrGuardianUserService: DeviceConfig - onFailure - Error: exception
03-01 11:38:01.062 845 845 E CalibrationProvider: loadCalibration(LDISP_SN) failed: Calibration store didn't load any info
03-01 11:38:01.063 845 845 E CalibrationProvider: loadCalibration(RDISP_SN) failed: Calibration store didn't load any info
03-01 11:38:01.064 1062 1099 I Distortion: SetLensPositions - iad=0.06485, left offset=0.000534169,-0.00130207, right offset=-0.000914983,-0.00142257
03-01 11:38:01.065 1062 1099 I Distortion: Created custom distortion mesh.
03-01 11:38:01.067 1062 1099 I ClientInputSettings: SYSTEMBUTTONSPACE GKS freeze '1'
03-01 11:38:01.067 1062 1099 I ClientInputSettings: SYSTEMBUTTONSPACE 'android' Freeze input '1' on home button down
03-01 11:38:01.067 1062 1099 I ClientInputSettings: HANDTRACKING: NO, not in the GK oculus_mobile_runtime_retire_hands1
03-01 11:38:01.067 1062 1099 I ClientInputSettings: HANDTRACKING: YES, in the GK oculus_mobile_hand2_default
03-01 11:38:01.067 1062 1099 I ClientInputSettings: Handtracking Version:
03-01 11:38:01.067 1062 1099 I ClientInputSettings: HANDTRACKING: YES, in the GK oculus_mobile_enable_hand_tracking_frequency_inter
03-01 11:38:01.067 1062 1099 I ClientInputInterface: HANDTRACKING sethandtrackingfrequency 1
03-01 11:38:01.067 1062 1099 I ClientInputSettings: HANDTRACKING: YES, in the GK oculus_mobile_30hz_handtracking_downclocking
03-01 11:38:01.067 1062 1099 I ClientInputInterface: Set30HzHandtrackingDownclockingGKFlag 1
03-01 11:38:01.067 1062 1099 I ClientInputSettings: HANDTRACKING: YES, in the GK oculus_mobile_hand_autotransition_v2
03-01 11:38:01.067 1062 1099 I ClientInputInterface: SetHandAutotransitionV2GKFlag 1
03-01 11:38:01.067 1062 1099 I ClientInputInterface: HANDTRACKING handtrackingsmallfingeropeningpinchenabled 1
03-01 11:38:01.067 1062 1099 I ClientInputSettings: HANDTRACKING: NO, not in the GK oculus_mobile_enable_hand_emulation_of_controllers
03-01 11:38:01.067 1062 1099 I ClientInputInterface: HANDTRACKING SetHandTrackingControllerEmulationGkFlag 0
03-01 11:38:01.067 1062 1099 I InputHooks: InitializeInputHooks
03-01 11:38:01.067 1062 1099 I InputHooks: InitializeInputHooks create
03-01 11:38:01.067 2469 2469 E DeviceConfigTelemetryLogger: onFailure(exception)
03-01 11:38:01.068 2469 2469 D VrGuardianUserService: DeviceConfig - onFailure - Error: exception
03-01 11:38:01.068 2469 5425 D VrGuardianUserService: SubscribeTask - Attempting Subscribe
03-01 11:38:01.069 2469 2469 E DeviceConfigTelemetryLogger: onFailure(exception)
03-01 11:38:01.069 2469 2469 D VrGuardianUserService: DeviceConfig - onFailure - Error: exception
03-01 11:38:01.069 2469 2469 E DeviceConfigTelemetryLogger: onFailure(exception)
03-01 11:38:01.069 2469 2469 D VrGuardianUserService: DeviceConfig - onFailure - Error: exception
03-01 11:38:01.069 2469 2469 E DeviceConfigTelemetryLogger: onFailure(exception)
03-01 11:38:01.069 2469 2469 D VrGuardianUserService: DeviceConfig - onFailure - Error: exception
03-01 11:38:01.075 1062 1099 D UserSwitchedReceiver: Registering UserSwitchedReceiver
03-01 11:38:01.078 1062 1099 I TREX : Initializing TREX for client 377c1d8bd4c8c90...
03-01 11:38:01.078 1062 1099 I TREX : Initializing system...
03-01 11:38:01.078 1062 1099 I GkCacheQuerierClient: Loaded GK 'oculus_trex_bodyapi_killsw' value = false from file cache.
03-01 11:38:01.078 1062 1099 I GkCacheQuerierClient: Loaded GK 'oculus_trex_spatialpersistence_killsw' value = false from file cache.
03-01 11:38:01.078 1062 1099 I GkCacheQuerierClient: Loaded GK 'oculus_trex_render_model_killsw' value = false from file cache.
03-01 11:38:01.078 1062 1099 I GkCacheQuerierClient: Loaded GK 'oculus_trex_keyboard_tracking_killsw' value = false from file cache.
03-01 11:38:01.078 1062 1099 I GkCacheQuerierClient: Loaded GK 'oculus_trex_virtual_keyboard_killsw' value = false from file cache.
03-01 11:38:01.078 1062 1099 I GkCacheQuerierClient: Loaded GK 'oculus_trex_insightsdk_killsw' value = false from file cache.
03-01 11:38:01.078 1062 1099 I GkCacheQuerierClient: Loaded GK 'oculus_trex_haptics_killsw' value = false from file cache.
03-01 11:38:01.078 1062 1099 W GkHelper: GkHelper: query failed
03-01 11:38:01.078 1062 1099 W GkHelper: GkHelper: query failed
03-01 11:38:01.079 1062 1099 I TREX : Loading plugin com.oculus.systemdriver:libtrex_haptics_plugin.so
03-01 11:38:01.084 1062 1099 D TREX : PackageVerifier.isPackageAllowed
03-01 11:38:01.085 1062 6542 I DropBoxManagerService: add tag=system_app_anr isTagEnabled=true flags=0x2
03-01 11:38:01.091 1062 1099 D TREX : Package 'com.oculus.systemdriver' signature is android.content.pm.Signature@727a19a0
03-01 11:38:01.095 1062 1099 D TREX : sha1 hash = 331660b6dd3bd582f3dfd3cbae4546724668a021
03-01 11:38:01.095 1062 1099 D TREX : sha256 hash = dc2f834e3c1942378b14f076c82cd1ab59ea6566bff4730b2047e98efc9f9daf
03-01 11:38:01.096 2469 2469 E DeviceConfigTelemetryLogger: onFailure(exception)
03-01 11:38:01.096 2469 2469 D VrGuardianUserService: DeviceConfig - onFailure - Error: exception
03-01 11:38:01.096 1062 1099 D TREX : Verifying release signature...
03-01 11:38:01.096 1062 1099 D TREX : Release signature verified!
03-01 11:38:01.096 1062 1099 D AndroidLibraryResolver: Loading 'libtrex_haptics_plugin.so' from package 'com.oculus.systemdriver'
03-01 11:38:01.096 2469 2469 E DeviceConfigTelemetryLogger: onFailure(exception)
03-01 11:38:01.096 2469 2469 D VrGuardianUserService: DeviceConfig - onFailure - Error: exception
03-01 11:38:01.096 2469 2469 E DeviceConfigTelemetryLogger: onFailure(exception)
03-01 11:38:01.096 2469 2469 D VrGuardianUserService: DeviceConfig - onFailure - Error: exception
03-01 11:38:01.097 2469 2469 E DeviceConfigTelemetryLogger: onFailure(exception)
03-01 11:38:01.097 2469 2469 D VrGuardianUserService: DeviceConfig - onFailure - Error: exception
03-01 11:38:01.097 2469 2469 E DeviceConfigTelemetryLogger: onFailure(exception)
03-01 11:38:01.097 2469 2469 D VrGuardianUserService: DeviceConfig - onFailure - Error: exception
03-01 11:38:01.097 2469 2469 E DeviceConfigTelemetryLogger: onFailure(exception)
03-01 11:38:01.097 2469 2469 D VrGuardianUserService: DeviceConfig - onFailure - Error: exception
03-01 11:38:01.097 2469 2469 E DeviceConfigTelemetryLogger: onFailure(exception)
03-01 11:38:01.097 2469 2469 D VrGuardianUserService: DeviceConfig - onFailure - Error: exception
03-01 11:38:01.097 1062 1099 I AndroidLibraryResolver: Attempting to find getAPIFunction64
03-01 11:38:01.098 2469 2469 E DeviceConfigTelemetryLogger: onFailure(exception)
03-01 11:38:01.098 2469 2469 D VrGuardianUserService: DeviceConfig - onFailure - Error: exception
03-01 11:38:01.098 2469 2469 E DeviceConfigTelemetryLogger: onFailure(exception)
03-01 11:38:01.098 2469 2469 D VrGuardianUserService: DeviceConfig - onFailure - Error: exception
03-01 11:38:01.098 1062 1099 V LibLoaderImpl: Loading 64-bit LibLoaderImpl.
03-01 11:38:01.098 1062 1099 V LibLoaderImpl: internalGetAPIFunction: loadLibrary 'loaderimpl'
03-01 11:38:01.098 1062 1099 V LibLoaderImpl: Using System.loadLibrary
03-01 11:38:01.100 2469 2469 E DeviceConfigTelemetryLogger: onFailure(exception)
03-01 11:38:01.101 1968 3437 I MobileConfigFactoryImpl: Created MobileConfigFactoryImpl, unitType:8
03-01 11:38:01.101 2469 2469 D VrGuardianUserService: DeviceConfig - onFailure - Error: exception
03-01 11:38:01.103 1062 1099 I libloaderimpl: nativeSetClassLoader:0xb8b6
03-01 11:38:01.103 1062 1099 V LibLoaderImpl: internalGetAPIFunction: calling nativeGetAPIFunction
03-01 11:38:01.103 1062 1099 I libloaderimpl: LibLoaderImpl nativeGetAPIFunction.
03-01 11:38:01.106 1062 1099 I libloaderimpl: LibLoaderHandle SUCCESS
03-01 11:38:01.106 1062 1099 I libloaderimpl: LibLoaderImpl GetAPIFunction. libName: libtrex_haptics_plugin.so, funcName: trex_GetPluginInfo
03-01 11:38:01.113 1062 1099 I libloaderimpl: LibLoaderImpl GetAPIFunction. libName: libtrex_haptics_plugin.so, funcName: trex_Initialize
03-01 11:38:01.113 1062 1099 I libloaderimpl: LibLoaderImpl GetAPIFunction. libName: libtrex_haptics_plugin.so, funcName: trex_Shutdown
03-01 11:38:01.115 1062 1099 I TREX : Created plugin package context for com.oculus.systemdriver
03-01 11:38:01.116 1062 1099 I ipcLoader [RUNTIMEIPC]: RuntimeIPC: Loader: IPC Service API Loader Version: 37 Feb 7 2023 02:15:40
03-01 11:38:01.118 1062 1099 I ipcLoader [RUNTIMEIPC]: RuntimeIPC: Using android_get_exported_namespace: libripcclient.oculus.so
03-01 11:38:01.119 1062 1099 I ipcLoader [RUNTIMEIPC]: RuntimeIPC: android_get_exported_namespace SUCCESS: libripcclient.oculus.so
03-01 11:38:01.125 1062 1099 I RuntimeIPCApi [RUNTIMEIPC]: ipc_Initialize
03-01 11:38:01.125 1062 1099 I RuntimeIPCServiceClient [RUNTIMEIPC]: Init: Already initialized: system_server, 3
03-01 11:38:01.129 1804 1804 D VrRuntimeService: onStartCommand
03-01 11:38:01.130 2469 2469 E DeviceConfigTelemetryLogger: onFailure(exception)
03-01 11:38:01.130 2469 2469 D VrGuardianUserService: DeviceConfig - onFailure - Error: exception
03-01 11:38:01.130 2469 2469 E DeviceConfigTelemetryLogger: onFailure(exception)
03-01 11:38:01.130 2469 2469 D VrGuardianUserService: DeviceConfig - onFailure - Error: exception
03-01 11:38:01.130 2469 2469 E DeviceConfigTelemetryLogger: onFailure(exception)
03-01 11:38:01.130 2469 2469 D VrGuardianUserService: DeviceConfig - onFailure - Error: exception
03-01 11:38:01.130 2469 2469 E DeviceConfigTelemetryLogger: onFailure(exception)
03-01 11:38:01.131 2469 2469 D VrGuardianUserService: DeviceConfig - onFailure - Error: exception
03-01 11:38:01.131 1804 1820 D RPCServer [RUNTIMEIPC]: ConnectClient: Client: android.uid.system:1000:system_server:1062, Server: com.oculus.systemdriver:com.oculus.vrruntimeservice (HapticsServer)
03-01 11:38:01.132 1804 1820 I IPCSharedMemory_Internal [RUNTIMEIPC]: CreateSharedMemory: Allocated shared memory fd 161 (ipcStateReadWrite)
03-01 11:38:01.133 1804 1820 I IPCSharedMemory_Internal [RUNTIMEIPC]: CreateSharedMemory: Allocated shared memory fd 144 (ipcReadOnlyState)
03-01 11:38:01.133 1804 1820 I RPCClientHandler [RUNTIMEIPC]: Event buffer size (server): 8192
03-01 11:38:01.133 1804 1820 I IPCSharedMemory_Internal [RUNTIMEIPC]: CreateSharedMemory: Allocated shared memory fd 351 (ipcEventBuffer)
03-01 11:38:01.133 1804 1820 I IPCSharedMemory_Internal [RUNTIMEIPC]: CreateSharedMemory: Allocated shared memory fd 352 (ipcEventBuffer_Private)
03-01 11:38:01.133 1804 1820 W RPCServer [RUNTIMEIPC]: HandleClientConnect: Failed to register client event subscription: Client: android.uid.system:1000:system_server:1062, Server: com.oculus.systemdriver:com.oculus.vrruntimeservice (HapticsServer)
03-01 11:38:01.133 1804 1820 I RuntimeIPCServerMgr [RUNTIMEIPC]: HandleClientConnect SUCCESS: Client: android.uid.system:1000:system_server:1062, Server: com.oculus.systemdriver:com.oculus.vrruntimeservice (HapticsServer)
03-01 11:38:01.134 1804 1820 I RPCServer [RUNTIMEIPC]: GetServerStatesConfig -> {MaxBufferSize=32768, MaxEntries=64}
03-01 11:38:01.134 1062 1099 I RuntimeIPCClient [RUNTIMEIPC]: GetServerStatesConfig returned maxEntries=64, maxBuffSize=32768
03-01 11:38:01.134 1062 1099 I RuntimeIPCClient [RUNTIMEIPC]: Event buffer size (client): 8192
03-01 11:38:01.134 1062 1099 I RuntimeIPCClient [RUNTIMEIPC]: TryToGetIPCResourcesFromServer: RPC_CONNECTOR_CONNECT_TO_SERVER SUCCESS: Client: android.uid.system:1000:system_server:1062, Server: com.oculus.systemdriver:com.oculus.vrruntimeservice (HapticsServer)
