03-01 11:38:05.063 2469 2469 E DeviceConfigTelemetryLogger: onFailure(exception)
03-01 11:38:05.063 2469 2469 D VrGuardianUserService: DeviceConfig - onFailure - Error: exception
03-01 11:38:05.063 2469 2469 E DeviceConfigTelemetryLogger: onFailure(exception)
03-01 11:38:05.063 2469 2469 E DeviceConfigTelemetryLogger: onFailure(exception)
03-01 11:38:05.063 2469 2469 D VrGuardianUserService: DeviceConfig - onFailure - Error: exception
03-01 11:38:05.078 2469 2469 E DeviceConfigTelemetryLogger: onFailure(exception)
03-01 11:38:05.078 2911 2911 D [SUI] HorizonContentProviderHelper: fetchAppsScoreboardsInfo - complete
03-01 11:38:05.078 2469 2469 D VrGuardianUserService: DeviceConfig - onFailure - Error: exception
03-01 11:38:05.103 2469 6667 D MobileConfigBaseClient: connect()
03-01 11:38:05.109 2469 6667 D MobileConfigBaseClient: awaitService()
03-01 11:38:05.118 2469 6298 E MobileConfigBaseClient: Timed out trying to connect to MobileConfigService.
03-01 11:38:05.118 2469 6298 E DeviceConfigTelemetryLogger: onFailure(Could not connect to MobileConfigService)
03-01 11:38:05.119 2469 6298 D VrGuardianUserService: DeviceConfig - onFailure - Error: Could not connect to MobileConfigService
03-01 11:38:05.122 2469 5028 D VrGuardianUserService: SubscribeTask - Attempting Subscribe
03-01 11:38:05.135 2469 6669 D MobileConfigBaseClient: connect()
03-01 11:38:05.136 2469 6299 E MobileConfigBaseClient: Timed out trying to connect to MobileConfigService.
03-01 11:38:05.136 2469 6299 E DeviceConfigTelemetryLogger: onFailure(Could not connect to MobileConfigService)
03-01 11:38:05.136 2469 6299 D VrGuardianUserService: DeviceConfig - onFailure - Error: Could not connect to MobileConfigService
03-01 11:38:05.145 2469 6669 D MobileConfigBaseClient: awaitService()
03-01 11:38:05.145 2469 6668 D MobileConfigBaseClient: connect()
03-01 11:38:05.146 3628 3685 E DeviceConfigClient: Did not get a successful subscribe in time, Trying again.
03-01 11:38:05.146 3628 3685 E DeviceConfigTelemetryLogger: onFailure(Retry subscribe)
03-01 11:38:05.167 2469 2469 E DeviceConfigTelemetryLogger: onFailure(exception)
03-01 11:38:05.167 2469 2469 D VrGuardianUserService: DeviceConfig - onFailure - Error: exception
03-01 11:38:05.175 2469 2469 E DeviceConfigTelemetryLogger: onFailure(exception)
03-01 11:38:05.175 2469 2469 D VrGuardianUserService: DeviceConfig - onFailure - Error: exception
03-01 11:38:05.181 2981 2981 V MIGHTY_LOG: [trace] ForegroundAppProvider: Current Foreground Package - com.oculus.os.clearactivity, Class: com.oculus.os.clearactivity.ClearActivity
03-01 11:38:05.197 2469 6668 D MobileConfigBaseClient: awaitService()
03-01 11:38:05.197 2469 2469 E DeviceConfigTelemetryLogger: onFailure(exception)
03-01 11:38:05.197 2469 2469 D VrGuardianUserService: DeviceConfig - onFailure - Error: exception
03-01 11:38:05.198 2469 2469 E DeviceConfigTelemetryLogger: onFailure(exception)
03-01 11:38:05.198 2469 2469 D VrGuardianUserService: DeviceConfig - onFailure - Error: exception
03-01 11:38:05.230 2469 2469 E DeviceConfigTelemetryLogger: onFailure(exception)
03-01 11:38:05.232 2469 2469 D VrGuardianUserService: DeviceConfig - onFailure - Error: exception
03-01 11:38:05.266 2469 2469 E DeviceConfigTelemetryLogger: onFailure(exception)
03-01 11:38:05.266 2469 2469 D VrGuardianUserService: DeviceConfig - onFailure - Error: exception
03-01 11:38:05.266 2469 2469 E DeviceConfigTelemetryLogger: onFailure(exception)
03-01 11:38:05.266 2469 2469 D VrGuardianUserService: DeviceConfig - onFailure - Error: exception
03-01 11:38:05.269 2469 2469 E DeviceConfigTelemetryLogger: onFailure(exception)
03-01 11:38:05.269 2469 2469 D VrGuardianUserService: DeviceConfig - onFailure - Error: exception
03-01 11:38:05.269 2469 2469 E DeviceConfigTelemetryLogger: onFailure(exception)
03-01 11:38:05.269 2469 2469 D VrGuardianUserService: DeviceConfig - onFailure - Error: exception
03-01 11:38:05.269 2469 2469 E DeviceConfigTelemetryLogger: onFailure(exception)
03-01 11:38:05.272 2469 2469 D VrGuardianUserService: DeviceConfig - onFailure - Error: exception
03-01 11:38:05.275 2469 2469 E DeviceConfigTelemetryLogger: onFailure(exception)
03-01 11:38:05.275 2469 2469 D VrGuardianUserService: DeviceConfig - onFailure - Error: exception
03-01 11:38:05.275 2469 2469 E DeviceConfigTelemetryLogger: onFailure(exception)
03-01 11:38:05.275 2469 2469 D VrGuardianUserService: DeviceConfig - onFailure - Error: exception
03-01 11:38:05.275 2469 2469 E DeviceConfigTelemetryLogger: onFailure(exception)
03-01 11:38:05.275 2469 2469 D VrGuardianUserService: DeviceConfig - onFailure - Error: exception
03-01 11:38:05.275 2469 2469 E DeviceConfigTelemetryLogger: onFailure(exception)
03-01 11:38:05.275 2469 2469 D VrGuardianUserService: DeviceConfig - onFailure - Error: exception
03-01 11:38:05.275 2469 2469 E DeviceConfigTelemetryLogger: onFailure(exception)
03-01 11:38:05.275 2469 2469 D VrGuardianUserService: DeviceConfig - onFailure - Error: exception
03-01 11:38:05.278 2469 2469 E DeviceConfigTelemetryLogger: onFailure(exception)
03-01 11:38:05.278 2469 2469 D VrGuardianUserService: DeviceConfig - onFailure - Error: exception
03-01 11:38:05.278 2469 2469 E DeviceConfigTelemetryLogger: onFailure(exception)
03-01 11:38:05.278 2469 2469 D VrGuardianUserService: DeviceConfig - onFailure - Error: exception
03-01 11:38:05.278 2469 2469 E DeviceConfigTelemetryLogger: onFailure(exception)
03-01 11:38:05.278 2469 2469 D VrGuardianUserService: DeviceConfig - onFailure - Error: exception
03-01 11:38:05.278 2469 2469 E DeviceConfigTelemetryLogger: onFailure(exception)
03-01 11:38:05.278 2469 2469 D VrGuardianUserService: DeviceConfig - onFailure - Error: exception
03-01 11:38:05.278 2469 2469 E DeviceConfigTelemetryLogger: onFailure(exception)
03-01 11:38:05.278 2469 2469 D VrGuardianUserService: DeviceConfig - onFailure - Error: exception
03-01 11:38:05.278 2469 2469 E DeviceConfigTelemetryLogger: onFailure(exception)
03-01 11:38:05.278 2469 2469 D VrGuardianUserService: DeviceConfig - onFailure - Error: exception
03-01 11:38:05.284 2469 2469 E DeviceConfigTelemetryLogger: onFailure(exception)
03-01 11:38:05.284 2469 2469 D VrGuardianUserService: DeviceConfig - onFailure - Error: exception
03-01 11:38:05.285 2469 2469 E DeviceConfigTelemetryLogger: onFailure(exception)
03-01 11:38:05.285 2469 2469 D VrGuardianUserService: DeviceConfig - onFailure - Error: exception
03-01 11:38:05.285 2469 2469 E DeviceConfigTelemetryLogger: onFailure(exception)
03-01 11:38:05.285 2469 2469 D VrGuardianUserService: DeviceConfig - onFailure - Error: exception
03-01 11:38:05.285 2469 2469 E DeviceConfigTelemetryLogger: onFailure(exception)
03-01 11:38:05.285 2469 2469 D VrGuardianUserService: DeviceConfig - onFailure - Error: exception
03-01 11:38:05.285 2469 2469 E DeviceConfigTelemetryLogger: onFailure(exception)
03-01 11:38:05.285 2469 2469 D VrGuardianUserService: DeviceConfig - onFailure - Error: exception
03-01 11:38:05.286 2469 2469 E DeviceConfigTelemetryLogger: onFailure(exception)
03-01 11:38:05.286 2469 2469 D VrGuardianUserService: DeviceConfig - onFailure - Error: exception
03-01 11:38:05.286 2469 2469 E DeviceConfigTelemetryLogger: onFailure(exception)
03-01 11:38:05.286 2469 2469 D VrGuardianUserService: DeviceConfig - onFailure - Error: exception
03-01 11:38:05.286 2469 2469 E DeviceConfigTelemetryLogger: onFailure(exception)
03-01 11:38:05.286 2469 2469 D VrGuardianUserService: DeviceConfig - onFailure - Error: exception
03-01 11:38:05.286 2469 2469 E DeviceConfigTelemetryLogger: onFailure(exception)
03-01 11:38:05.293 2469 2469 D VrGuardianUserService: DeviceConfig - onFailure - Error: exception
03-01 11:38:05.293 2469 2469 E DeviceConfigTelemetryLogger: onFailure(exception)
03-01 11:38:05.294 2469 2469 D VrGuardianUserService: DeviceConfig - onFailure - Error: exception
03-01 11:38:05.294 2469 2469 E DeviceConfigTelemetryLogger: onFailure(exception)
03-01 11:38:05.294 2469 2469 D VrGuardianUserService: DeviceConfig - onFailure - Error: exception
03-01 11:38:05.294 2469 2469 E DeviceConfigTelemetryLogger: onFailure(exception)
03-01 11:38:05.294 2469 2469 D VrGuardianUserService: DeviceConfig - onFailure - Error: exception
03-01 11:38:05.294 2469 2469 E DeviceConfigTelemetryLogger: onFailure(exception)
03-01 11:38:05.294 2469 2469 D VrGuardianUserService: DeviceConfig - onFailure - Error: exception
03-01 11:38:05.294 2469 2469 E DeviceConfigTelemetryLogger: onFailure(exception)
03-01 11:38:05.294 2469 2469 D VrGuardianUserService: DeviceConfig - onFailure - Error: exception
03-01 11:38:05.294 2469 2469 E DeviceConfigTelemetryLogger: onFailure(exception)
03-01 11:38:05.294 2469 2469 D VrGuardianUserService: DeviceConfig - onFailure - Error: exception
03-01 11:38:05.294 2469 2469 E DeviceConfigTelemetryLogger: onFailure(exception)
03-01 11:38:05.294 2469 2469 D VrGuardianUserService: DeviceConfig - onFailure - Error: exception
03-01 11:38:05.294 2469 2469 E DeviceConfigTelemetryLogger: onFailure(exception)
03-01 11:38:05.294 2469 2469 D VrGuardianUserService: DeviceConfig - onFailure - Error: exception
03-01 11:38:05.295 2469 2469 E DeviceConfigTelemetryLogger: onFailure(exception)
03-01 11:38:05.295 2469 2469 D VrGuardianUserService: DeviceConfig - onFailure - Error: exception
03-01 11:38:05.295 2469 2469 E DeviceConfigTelemetryLogger: onFailure(exception)
03-01 11:38:05.295 2469 2469 D VrGuardianUserService: DeviceConfig - onFailure - Error: exception
03-01 11:38:05.295 2469 2469 E DeviceConfigTelemetryLogger: onFailure(exception)
03-01 11:38:05.295 2469 2469 D VrGuardianUserService: DeviceConfig - onFailure - Error: exception
03-01 11:38:05.295 2469 2469 E DeviceConfigTelemetryLogger: onFailure(exception)
03-01 11:38:05.295 2469 2469 D VrGuardianUserService: DeviceConfig - onFailure - Error: exception
03-01 11:38:05.295 2469 2469 E DeviceConfigTelemetryLogger: onFailure(exception)
03-01 11:38:05.295 2469 2469 D VrGuardianUserService: DeviceConfig - onFailure - Error: exception
03-01 11:38:05.306 3628 6670 D MobileConfigBaseClient: connect()
03-01 11:38:05.311 2469 2469 E DeviceConfigTelemetryLogger: onFailure(exception)
03-01 11:38:05.311 2469 2469 D VrGuardianUserService: DeviceConfig - onFailure - Error: exception
03-01 11:38:05.312 2469 2469 E DeviceConfigTelemetryLogger: onFailure(exception)
03-01 11:38:05.312 2469 2469 D VrGuardianUserService: DeviceConfig - onFailure - Error: exception
03-01 11:38:05.312 2469 2469 E DeviceConfigTelemetryLogger: onFailure(exception)
03-01 11:38:05.312 2469 2469 D VrGuardianUserService: DeviceConfig - onFailure - Error: exception
03-01 11:38:05.312 2469 2469 E DeviceConfigTelemetryLogger: onFailure(exception)
03-01 11:38:05.312 2469 2469 D VrGuardianUserService: DeviceConfig - onFailure - Error: exception
03-01 11:38:05.313 3628 3628 D MobileConfigBaseClient: Connected to MobileConfigService
03-01 11:38:05.312 2469 2469 E DeviceConfigTelemetryLogger: onFailure(exception)
03-01 11:38:05.321 2469 2469 D VrGuardianUserService: DeviceConfig - onFailure - Error: exception
03-01 11:38:05.323 2469 2469 E DeviceConfigTelemetryLogger: onFailure(exception)
03-01 11:38:05.323 2469 2469 D VrGuardianUserService: DeviceConfig - onFailure - Error: exception
03-01 11:38:05.323 2469 2469 E DeviceConfigTelemetryLogger: onFailure(exception)
03-01 11:38:05.323 2469 2469 D VrGuardianUserService: DeviceConfig - onFailure - Error: exception
03-01 11:38:05.323 2469 2469 E DeviceConfigTelemetryLogger: onFailure(exception)
03-01 11:38:05.323 2469 2469 D VrGuardianUserService: DeviceConfig - onFailure - Error: exception
03-01 11:38:05.323 2469 2469 E DeviceConfigTelemetryLogger: onFailure(exception)
03-01 11:38:05.323 2469 2469 D VrGuardianUserService: DeviceConfig - onFailure - Error: exception
03-01 11:38:05.327 2469 2469 E DeviceConfigTelemetryLogger: onFailure(exception)
03-01 11:38:05.327 2469 2469 D VrGuardianUserService: DeviceConfig - onFailure - Error: exception
03-01 11:38:05.327 2469 2469 E DeviceConfigTelemetryLogger: onFailure(exception)
03-01 11:38:05.327 2469 2469 D VrGuardianUserService: DeviceConfig - onFailure - Error: exception
03-01 11:38:05.329 2469 2469 E DeviceConfigTelemetryLogger: onFailure(exception)
03-01 11:38:05.329 2469 2469 D VrGuardianUserService: DeviceConfig - onFailure - Error: exception
03-01 11:38:05.329 2469 2469 E DeviceConfigTelemetryLogger: onFailure(exception)
03-01 11:38:05.329 2469 2469 D VrGuardianUserService: DeviceConfig - onFailure - Error: exception
03-01 11:38:05.330 2469 2469 E DeviceConfigTelemetryLogger: onFailure(exception)
03-01 11:38:05.330 2469 2469 D VrGuardianUserService: DeviceConfig - onFailure - Error: exception
03-01 11:38:05.330 2469 2469 E DeviceConfigTelemetryLogger: onFailure(exception)
03-01 11:38:05.330 2469 2469 D VrGuardianUserService: DeviceConfig - onFailure - Error: exception
03-01 11:38:05.330 2469 2469 E DeviceConfigTelemetryLogger: onFailure(exception)
03-01 11:38:05.330 2469 2469 D VrGuardianUserService: DeviceConfig - onFailure - Error: exception
03-01 11:38:05.330 2469 2469 E DeviceConfigTelemetryLogger: onFailure(exception)
03-01 11:38:05.330 2469 2469 D VrGuardianUserService: DeviceConfig - onFailure - Error: exception
03-01 11:38:05.330 2469 2469 E DeviceConfigTelemetryLogger: onFailure(exception)
03-01 11:38:05.330 2469 2469 D VrGuardianUserService: DeviceConfig - onFailure - Error: exception
03-01 11:38:05.330 2469 2469 E DeviceConfigTelemetryLogger: onFailure(exception)
03-01 11:38:05.330 2469 2469 D VrGuardianUserService: DeviceConfig - onFailure - Error: exception
03-01 11:38:05.330 2469 2469 E DeviceConfigTelemetryLogger: onFailure(exception)
03-01 11:38:05.330 2469 2469 D VrGuardianUserService: DeviceConfig - onFailure - Error: exception
03-01 11:38:05.330 2469 2469 E DeviceConfigTelemetryLogger: onFailure(exception)
03-01 11:38:05.330 2469 2469 D VrGuardianUserService: DeviceConfig - onFailure - Error: exception
03-01 11:38:05.331 2469 2469 E DeviceConfigTelemetryLogger: onFailure(exception)
03-01 11:38:05.331 2469 2469 D VrGuardianUserService: DeviceConfig - onFailure - Error: exception
03-01 11:38:05.331 2469 2469 E DeviceConfigTelemetryLogger: onFailure(exception)
03-01 11:38:05.331 2469 2469 D VrGuardianUserService: DeviceConfig - onFailure - Error: exception
03-01 11:38:05.331 2469 2469 E DeviceConfigTelemetryLogger: onFailure(exception)
03-01 11:38:05.331 2469 2469 D VrGuardianUserService: DeviceConfig - onFailure - Error: exception
03-01 11:38:05.331 2469 2469 E DeviceConfigTelemetryLogger: onFailure(exception)
03-01 11:38:05.331 2469 2469 D VrGuardianUserService: DeviceConfig - onFailure - Error: exception
03-01 11:38:05.331 2469 2469 E DeviceConfigTelemetryLogger: onFailure(exception)
03-01 11:38:05.331 2469 2469 D VrGuardianUserService: DeviceConfig - onFailure - Error: exception
03-01 11:38:05.331 2469 2469 E DeviceConfigTelemetryLogger: onFailure(exception)
03-01 11:38:05.339 853 1331 I [CT] : boltlib: DSP utilization: 9.59 % (482 / 5026 ms)
03-01 11:38:05.340 2469 2469 D VrGuardianUserService: DeviceConfig - onFailure - Error: exception
03-01 11:38:05.344 2469 2469 E DeviceConfigTelemetryLogger: onFailure(exception)
03-01 11:38:05.344 2469 2469 D VrGuardianUserService: DeviceConfig - onFailure - Error: exception
03-01 11:38:05.348 2469 2469 E DeviceConfigTelemetryLogger: onFailure(exception)
03-01 11:38:05.348 2469 2469 D VrGuardianUserService: DeviceConfig - onFailure - Error: exception
03-01 11:38:05.348 2469 2469 E DeviceConfigTelemetryLogger: onFailure(exception)
03-01 11:38:05.348 2469 2469 D VrGuardianUserService: DeviceConfig - onFailure - Error: exception
03-01 11:38:05.348 2469 2469 E DeviceConfigTelemetryLogger: onFailure(exception)
03-01 11:38:05.348 2469 2469 D VrGuardianUserService: DeviceConfig - onFailure - Error: exception
03-01 11:38:05.349 1968 3438 I MobileConfigFactoryImpl: Registered SESSIONBASED factory change listener: ok
03-01 11:38:05.349 1968 3438 I MobileConfigFactoryImpl: Set Java EP Handler
03-01 11:38:05.349 2469 2469 E DeviceConfigTelemetryLogger: onFailure(exception)
03-01 11:38:05.349 2469 2469 D VrGuardianUserService: DeviceConfig - onFailure - Error: exception
03-01 11:38:05.349 2469 2469 E DeviceConfigTelemetryLogger: onFailure(exception)
03-01 11:38:05.349 2469 2469 D VrGuardianUserService: DeviceConfig - onFailure - Error: exception
03-01 11:38:05.349 2469 2469 E DeviceConfigTelemetryLogger: onFailure(exception)
03-01 11:38:05.350 2469 2469 D VrGuardianUserService: DeviceConfig - onFailure - Error: exception
03-01 11:38:05.350 2469 2469 E DeviceConfigTelemetryLogger: onFailure(exception)
03-01 11:38:05.350 2469 2469 D VrGuardianUserService: DeviceConfig - onFailure - Error: exception
03-01 11:38:05.350 2469 2469 E DeviceConfigTelemetryLogger: onFailure(exception)
03-01 11:38:05.350 2469 2469 D VrGuardianUserService: DeviceConfig - onFailure - Error: exception
03-01 11:38:05.350 2469 2469 E DeviceConfigTelemetryLogger: onFailure(exception)
03-01 11:38:05.350 2469 2469 D VrGuardianUserService: DeviceConfig - onFailure - Error: exception
03-01 11:38:05.350 2469 2469 E DeviceConfigTelemetryLogger: onFailure(exception)
03-01 11:38:05.350 2469 2469 D VrGuardianUserService: DeviceConfig - onFailure - Error: exception
03-01 11:38:05.352 2469 2469 E DeviceConfigTelemetryLogger: onFailure(exception)
03-01 11:38:05.352 2469 2469 D VrGuardianUserService: DeviceConfig - onFailure - Error: exception
03-01 11:38:05.352 2469 2469 E DeviceConfigTelemetryLogger: onFailure(exception)
03-01 11:38:05.352 2469 2469 D VrGuardianUserService: DeviceConfig - onFailure - Error: exception
03-01 11:38:05.352 2469 2469 E DeviceConfigTelemetryLogger: onFailure(exception)
03-01 11:38:05.352 2469 2469 D VrGuardianUserService: DeviceConfig - onFailure - Error: exception
03-01 11:38:05.352 2469 2469 E DeviceConfigTelemetryLogger: onFailure(exception)
03-01 11:38:05.352 2469 2469 D VrGuardianUserService: DeviceConfig - onFailure - Error: exception
03-01 11:38:05.352 2469 2469 E DeviceConfigTelemetryLogger: onFailure(exception)
03-01 11:38:05.353 2469 2469 D VrGuardianUserService: DeviceConfig - onFailure - Error: exception
03-01 11:38:05.354 2469 2469 E DeviceConfigTelemetryLogger: onFailure(exception)
03-01 11:38:05.354 2469 2469 D VrGuardianUserService: DeviceConfig - onFailure - Error: exception
03-01 11:38:05.354 2469 2469 E DeviceConfigTelemetryLogger: onFailure(exception)
03-01 11:38:05.354 2469 2469 D VrGuardianUserService: DeviceConfig - onFailure - Error: exception
03-01 11:38:05.355 2469 2469 E DeviceConfigTelemetryLogger: onFailure(exception)
03-01 11:38:05.355 2469 2469 D VrGuardianUserService: DeviceConfig - onFailure - Error: exception
03-01 11:38:05.355 2469 2469 E DeviceConfigTelemetryLogger: onFailure(exception)
03-01 11:38:05.355 2469 2469 D VrGuardianUserService: DeviceConfig - onFailure - Error: exception
03-01 11:38:05.355 2469 2469 E DeviceConfigTelemetryLogger: onFailure(exception)
03-01 11:38:05.355 2469 2469 D VrGuardianUserService: DeviceConfig - onFailure - Error: exception
03-01 11:38:05.355 2469 2469 E DeviceConfigTelemetryLogger: onFailure(exception)
03-01 11:38:05.355 2469 2469 D VrGuardianUserService: DeviceConfig - onFailure - Error: exception
03-01 11:38:05.358 2469 2469 E DeviceConfigTelemetryLogger: onFailure(exception)
03-01 11:38:05.358 2469 2469 D VrGuardianUserService: DeviceConfig - onFailure - Error: exception
03-01 11:38:05.358 2469 2469 E DeviceConfigTelemetryLogger: onFailure(exception)
03-01 11:38:05.358 2469 2469 D VrGuardianUserService: DeviceConfig - onFailure - Error: exception
03-01 11:38:05.358 2469 2469 E DeviceConfigTelemetryLogger: onFailure(exception)
03-01 11:38:05.358 2469 2469 D VrGuardianUserService: DeviceConfig - onFailure - Error: exception
03-01 11:38:05.358 2469 2469 E DeviceConfigTelemetryLogger: onFailure(exception)
03-01 11:38:05.358 2469 2469 D VrGuardianUserService: DeviceConfig - onFailure - Error: exception
03-01 11:38:05.358 2469 2469 E DeviceConfigTelemetryLogger: onFailure(exception)
03-01 11:38:05.358 2469 2469 D VrGuardianUserService: DeviceConfig - onFailure - Error: exception
03-01 11:38:05.358 2469 2469 E DeviceConfigTelemetryLogger: onFailure(exception)
03-01 11:38:05.358 2469 2469 D VrGuardianUserService: DeviceConfig - onFailure - Error: exception
03-01 11:38:05.360 2469 2469 E DeviceConfigTelemetryLogger: onFailure(exception)
03-01 11:38:05.360 2469 2469 D VrGuardianUserService: DeviceConfig - onFailure - Error: exception
03-01 11:38:05.360 2469 2469 E DeviceConfigTelemetryLogger: onFailure(exception)
03-01 11:38:05.360 2469 2469 D VrGuardianUserService: DeviceConfig - onFailure - Error: exception
03-01 11:38:05.360 2469 2469 E DeviceConfigTelemetryLogger: onFailure(exception)
03-01 11:38:05.360 2469 2469 D VrGuardianUserService: DeviceConfig - onFailure - Error: exception
03-01 11:38:05.360 2469 2469 E DeviceConfigTelemetryLogger: onFailure(exception)
03-01 11:38:05.360 2469 2469 D VrGuardianUserService: DeviceConfig - onFailure - Error: exception
03-01 11:38:05.360 2469 2469 E DeviceConfigTelemetryLogger: onFailure(exception)
03-01 11:38:05.360 2469 2469 D VrGuardianUserService: DeviceConfig - onFailure - Error: exception
03-01 11:38:05.361 2469 2469 E DeviceConfigTelemetryLogger: onFailure(exception)
03-01 11:38:05.361 2469 2469 D VrGuardianUserService: DeviceConfig - onFailure - Error: exception
03-01 11:38:05.361 2469 2469 E DeviceConfigTelemetryLogger: onFailure(exception)
03-01 11:38:05.361 2469 2469 D VrGuardianUserService: DeviceConfig - onFailure - Error: exception
03-01 11:38:05.361 2469 2469 E DeviceConfigTelemetryLogger: onFailure(exception)
03-01 11:38:05.361 2469 2469 D VrGuardianUserService: DeviceConfig - onFailure - Error: exception
03-01 11:38:05.361 2469 2469 E DeviceConfigTelemetryLogger: onFailure(exception)
03-01 11:38:05.361 2469 2469 D VrGuardianUserService: DeviceConfig - onFailure - Error: exception
03-01 11:38:05.361 2469 2469 E DeviceConfigTelemetryLogger: onFailure(exception)
03-01 11:38:05.361 2469 2469 D VrGuardianUserService: DeviceConfig - onFailure - Error: exception
03-01 11:38:05.361 2469 2469 E DeviceConfigTelemetryLogger: onFailure(exception)
03-01 11:38:05.361 2469 2469 D VrGuardianUserService: DeviceConfig - onFailure - Error: exception
03-01 11:38:05.361 2469 2469 E DeviceConfigTelemetryLogger: onFailure(exception)
03-01 11:38:05.362 2469 2469 D VrGuardianUserService: DeviceConfig - onFailure - Error: exception
03-01 11:38:05.362 2469 2469 E DeviceConfigTelemetryLogger: onFailure(exception)
03-01 11:38:05.362 2469 2469 D VrGuardianUserService: DeviceConfig - onFailure - Error: exception
03-01 11:38:05.362 2469 2469 E DeviceConfigTelemetryLogger: onFailure(exception)
03-01 11:38:05.362 2469 2469 D VrGuardianUserService: DeviceConfig - onFailure - Error: exception
03-01 11:38:05.362 2469 2469 E DeviceConfigTelemetryLogger: onFailure(exception)
03-01 11:38:05.362 2469 2469 D VrGuardianUserService: DeviceConfig - onFailure - Error: exception
03-01 11:38:05.362 2469 2469 E DeviceConfigTelemetryLogger: onFailure(exception)
03-01 11:38:05.362 2469 2469 D VrGuardianUserService: DeviceConfig - onFailure - Error: exception
03-01 11:38:05.362 2469 2469 E DeviceConfigTelemetryLogger: onFailure(exception)
03-01 11:38:05.362 2469 2469 D VrGuardianUserService: DeviceConfig - onFailure - Error: exception
03-01 11:38:05.362 2469 2469 E DeviceConfigTelemetryLogger: onFailure(exception)
03-01 11:38:05.362 2469 2469 D VrGuardianUserService: DeviceConfig - onFailure - Error: exception
03-01 11:38:05.363 2469 2469 E DeviceConfigTelemetryLogger: onFailure(exception)
03-01 11:38:05.363 2469 2469 D VrGuardianUserService: DeviceConfig - onFailure - Error: exception
03-01 11:38:05.363 2469 2469 E DeviceConfigTelemetryLogger: onFailure(exception)
03-01 11:38:05.363 2469 2469 D VrGuardianUserService: DeviceConfig - onFailure - Error: exception
03-01 11:38:05.363 2469 2469 E DeviceConfigTelemetryLogger: onFailure(exception)
03-01 11:38:05.363 2469 2469 D VrGuardianUserService: DeviceConfig - onFailure - Error: exception
03-01 11:38:05.363 2469 2469 E DeviceConfigTelemetryLogger: onFailure(exception)
03-01 11:38:05.363 2469 2469 D VrGuardianUserService: DeviceConfig - onFailure - Error: exception
03-01 11:38:05.363 2469 2469 E DeviceConfigTelemetryLogger: onFailure(exception)
03-01 11:38:05.363 2469 2469 D VrGuardianUserService: DeviceConfig - onFailure - Error: exception
03-01 11:38:05.369 2469 5228 D VrGuardianUserService: SubscribeTask - Attempting Subscribe
03-01 11:38:05.371 2469 2469 E DeviceConfigTelemetryLogger: onFailure(exception)
03-01 11:38:05.372 2469 2469 D VrGuardianUserService: DeviceConfig - onFailure - Error: exception
03-01 11:38:05.372 2469 2469 E DeviceConfigTelemetryLogger: onFailure(exception)
03-01 11:38:05.372 2469 2469 D VrGuardianUserService: DeviceConfig - onFailure - Error: exception
03-01 11:38:05.372 2469 2469 E DeviceConfigTelemetryLogger: onFailure(exception)
03-01 11:38:05.372 2469 2469 D VrGuardianUserService: DeviceConfig - onFailure - Error: exception
03-01 11:38:05.372 2469 2469 E DeviceConfigTelemetryLogger: onFailure(exception)
03-01 11:38:05.372 2469 2469 D VrGuardianUserService: DeviceConfig - onFailure - Error: exception
03-01 11:38:05.373 2469 2469 E DeviceConfigTelemetryLogger: onFailure(exception)
03-01 11:38:05.373 2469 2469 D VrGuardianUserService: DeviceConfig - onFailure - Error: exception
03-01 11:38:05.374 2469 2469 E DeviceConfigTelemetryLogger: onFailure(exception)
03-01 11:38:05.374 2469 2469 D VrGuardianUserService: DeviceConfig - onFailure - Error: exception
03-01 11:38:05.374 2469 2469 E DeviceConfigTelemetryLogger: onFailure(exception)
03-01 11:38:05.374 2469 2469 D VrGuardianUserService: DeviceConfig - onFailure - Error: exception
03-01 11:38:05.374 2469 2469 E DeviceConfigTelemetryLogger: onFailure(exception)
03-01 11:38:05.374 2469 2469 D VrGuardianUserService: DeviceConfig - onFailure - Error: exception
03-01 11:38:05.374 2469 2469 E DeviceConfigTelemetryLogger: onFailure(exception)
03-01 11:38:05.374 2469 2469 D VrGuardianUserService: DeviceConfig - onFailure - Error: exception
03-01 11:38:05.375 2469 2469 E DeviceConfigTelemetryLogger: onFailure(exception)
03-01 11:38:05.375 2469 2469 D VrGuardianUserService: DeviceConfig - onFailure - Error: exception
03-01 11:38:05.377 2469 2469 E DeviceConfigTelemetryLogger: onFailure(exception)
03-01 11:38:05.378 2469 2469 D VrGuardianUserService: DeviceConfig - onFailure - Error: exception
03-01 11:38:05.378 2469 2469 E DeviceConfigTelemetryLogger: onFailure(exception)
03-01 11:38:05.378 2469 2469 D VrGuardianUserService: DeviceConfig - onFailure - Error: exception
03-01 11:38:05.378 2469 2469 E DeviceConfigTelemetryLogger: onFailure(exception)
03-01 11:38:05.378 2469 2469 D VrGuardianUserService: DeviceConfig - onFailure - Error: exception
03-01 11:38:05.380 2469 2469 E DeviceConfigTelemetryLogger: onFailure(exception)
03-01 11:38:05.380 2469 2469 D VrGuardianUserService: DeviceConfig - onFailure - Error: exception
03-01 11:38:05.380 2469 2469 E DeviceConfigTelemetryLogger: onFailure(exception)
03-01 11:38:05.380 2469 2469 D VrGuardianUserService: DeviceConfig - onFailure - Error: exception
03-01 11:38:05.381 2469 2469 E DeviceConfigTelemetryLogger: onFailure(exception)
03-01 11:38:05.381 2469 2469 D VrGuardianUserService: DeviceConfig - onFailure - Error: exception
03-01 11:38:05.381 2469 2469 E DeviceConfigTelemetryLogger: onFailure(exception)
03-01 11:38:05.381 2469 2469 D VrGuardianUserService: DeviceConfig - onFailure - Error: exception
03-01 11:38:05.381 2469 2469 E DeviceConfigTelemetryLogger: onFailure(exception)
03-01 11:38:05.381 2469 2469 D VrGuardianUserService: DeviceConfig - onFailure - Error: exception
03-01 11:38:05.382 2469 2469 E DeviceConfigTelemetryLogger: onFailure(exception)
03-01 11:38:05.382 2469 2469 D VrGuardianUserService: DeviceConfig - onFailure - Error: exception
03-01 11:38:05.382 2469 2469 E DeviceConfigTelemetryLogger: onFailure(exception)
03-01 11:38:05.382 2469 2469 D VrGuardianUserService: DeviceConfig - onFailure - Error: exception
03-01 11:38:05.382 2469 2469 E DeviceConfigTelemetryLogger: onFailure(exception)
03-01 11:38:05.382 2469 2469 D VrGuardianUserService: DeviceConfig - onFailure - Error: exception
03-01 11:38:05.383 2469 2469 E DeviceConfigTelemetryLogger: onFailure(exception)
03-01 11:38:05.383 2469 2469 D VrGuardianUserService: DeviceConfig - onFailure - Error: exception
03-01 11:38:05.384 2469 2469 E DeviceConfigTelemetryLogger: onFailure(exception)
03-01 11:38:05.384 2469 2469 D VrGuardianUserService: DeviceConfig - onFailure - Error: exception
03-01 11:38:05.384 2469 2469 E DeviceConfigTelemetryLogger: onFailure(exception)
03-01 11:38:05.384 2469 2469 D VrGuardianUserService: DeviceConfig - onFailure - Error: exception
03-01 11:38:05.385 2469 2469 E DeviceConfigTelemetryLogger: onFailure(exception)
03-01 11:38:05.385 2469 2469 D VrGuardianUserService: DeviceConfig - onFailure - Error: exception
03-01 11:38:05.385 2469 2469 E DeviceConfigTelemetryLogger: onFailure(exception)
03-01 11:38:05.385 2469 2469 D VrGuardianUserService: DeviceConfig - onFailure - Error: exception
03-01 11:38:05.386 2469 2469 E DeviceConfigTelemetryLogger: onFailure(exception)
03-01 11:38:05.386 2469 2469 D VrGuardianUserService: DeviceConfig - onFailure - Error: exception
03-01 11:38:05.386 2469 2469 E DeviceConfigTelemetryLogger: onFailure(exception)
03-01 11:38:05.386 2469 2469 D VrGuardianUserService: DeviceConfig - onFailure - Error: exception
03-01 11:38:05.386 2469 2469 E DeviceConfigTelemetryLogger: onFailure(exception)
03-01 11:38:05.386 2469 2469 D VrGuardianUserService: DeviceConfig - onFailure - Error: exception
03-01 11:38:05.390 2469 2469 E DeviceConfigTelemetryLogger: onFailure(exception)
03-01 11:38:05.390 2469 2469 D VrGuardianUserService: DeviceConfig - onFailure - Error: exception
03-01 11:38:05.390 2469 2469 E DeviceConfigTelemetryLogger: onFailure(exception)
03-01 11:38:05.390 2469 2469 D VrGuardianUserService: DeviceConfig - onFailure - Error: exception
03-01 11:38:05.391 2469 2469 E DeviceConfigTelemetryLogger: onFailure(exception)
03-01 11:38:05.391 2469 2469 D VrGuardianUserService: DeviceConfig - onFailure - Error: exception
03-01 11:38:05.391 2469 2469 E DeviceConfigTelemetryLogger: onFailure(exception)
03-01 11:38:05.391 2469 2469 D VrGuardianUserService: DeviceConfig - onFailure - Error: exception
03-01 11:38:05.391 2469 2469 E DeviceConfigTelemetryLogger: onFailure(exception)
03-01 11:38:05.391 2469 2469 D VrGuardianUserService: DeviceConfig - onFailure - Error: exception
03-01 11:38:05.391 2469 2469 E DeviceConfigTelemetryLogger: onFailure(exception)
03-01 11:38:05.391 2469 2469 D VrGuardianUserService: DeviceConfig - onFailure - Error: exception
03-01 11:38:05.395 2469 2469 E DeviceConfigTelemetryLogger: onFailure(exception)
03-01 11:38:05.395 2469 2469 D VrGuardianUserService: DeviceConfig - onFailure - Error: exception
03-01 11:38:05.395 2469 2469 E DeviceConfigTelemetryLogger: onFailure(exception)
03-01 11:38:05.395 2469 2469 D VrGuardianUserService: DeviceConfig - onFailure - Error: exception
03-01 11:38:05.395 2469 2469 E DeviceConfigTelemetryLogger: onFailure(exception)
03-01 11:38:05.395 2469 2469 D VrGuardianUserService: DeviceConfig - onFailure - Error: exception
03-01 11:38:05.395 2469 2469 E DeviceConfigTelemetryLogger: onFailure(exception)
03-01 11:38:05.395 2469 2469 D VrGuardianUserService: DeviceConfig - onFailure - Error: exception
03-01 11:38:05.395 2469 2469 E DeviceConfigTelemetryLogger: onFailure(exception)
03-01 11:38:05.395 2469 2469 D VrGuardianUserService: DeviceConfig - onFailure - Error: exception
03-01 11:38:05.396 2469 2469 E DeviceConfigTelemetryLogger: onFailure(exception)
03-01 11:38:05.396 2469 2469 D VrGuardianUserService: DeviceConfig - onFailure - Error: exception
03-01 11:38:05.396 2469 2469 E DeviceConfigTelemetryLogger: onFailure(exception)
03-01 11:38:05.396 2469 2469 D VrGuardianUserService: DeviceConfig - onFailure - Error: exception
03-01 11:38:05.396 2469 2469 E DeviceConfigTelemetryLogger: onFailure(exception)
03-01 11:38:05.396 2469 2469 D VrGuardianUserService: DeviceConfig - onFailure - Error: exception
03-01 11:38:05.396 2469 2469 E DeviceConfigTelemetryLogger: onFailure(exception)
03-01 11:38:05.396 2469 2469 D VrGuardianUserService: DeviceConfig - onFailure - Error: exception
03-01 11:38:05.396 2469 2469 E DeviceConfigTelemetryLogger: onFailure(exception)
03-01 11:38:05.399 2469 2469 D VrGuardianUserService: DeviceConfig - onFailure - Error: exception
03-01 11:38:05.399 2469 2469 E DeviceConfigTelemetryLogger: onFailure(exception)
03-01 11:38:05.399 2469 2469 D VrGuardianUserService: DeviceConfig - onFailure - Error: exception
03-01 11:38:05.399 2469 2469 E DeviceConfigTelemetryLogger: onFailure(exception)
03-01 11:38:05.399 2469 2469 D VrGuardianUserService: DeviceConfig - onFailure - Error: exception
03-01 11:38:05.399 2469 2469 E DeviceConfigTelemetryLogger: onFailure(exception)
03-01 11:38:05.399 2469 2469 D VrGuardianUserService: DeviceConfig - onFailure - Error: exception
03-01 11:38:05.399 2469 2469 E DeviceConfigTelemetryLogger: onFailure(exception)
03-01 11:38:05.399 2469 2469 D VrGuardianUserService: DeviceConfig - onFailure - Error: exception
03-01 11:38:05.419 2469 2469 E DeviceConfigTelemetryLogger: onFailure(exception)
03-01 11:38:05.419 2469 2469 D VrGuardianUserService: DeviceConfig - onFailure - Error: exception
03-01 11:38:05.419 2469 2469 E DeviceConfigTelemetryLogger: onFailure(exception)
03-01 11:38:05.419 2469 2469 D VrGuardianUserService: DeviceConfig - onFailure - Error: exception
03-01 11:38:05.419 2469 2469 E DeviceConfigTelemetryLogger: onFailure(exception)
03-01 11:38:05.421 2469 2469 D VrGuardianUserService: DeviceConfig - onFailure - Error: exception
03-01 11:38:05.421 2469 2469 E DeviceConfigTelemetryLogger: onFailure(exception)
03-01 11:38:05.421 2469 2469 D VrGuardianUserService: DeviceConfig - onFailure - Error: exception
03-01 11:38:05.421 2469 2469 E DeviceConfigTelemetryLogger: onFailure(exception)
03-01 11:38:05.421 2469 2469 D VrGuardianUserService: DeviceConfig - onFailure - Error: exception
03-01 11:38:05.421 2469 2469 E DeviceConfigTelemetryLogger: onFailure(exception)
03-01 11:38:05.421 2469 2469 D VrGuardianUserService: DeviceConfig - onFailure - Error: exception
03-01 11:38:05.421 2469 2469 E DeviceConfigTelemetryLogger: onFailure(exception)
03-01 11:38:05.421 2469 2469 D VrGuardianUserService: DeviceConfig - onFailure - Error: exception
03-01 11:38:05.422 2469 2469 E DeviceConfigTelemetryLogger: onFailure(exception)
03-01 11:38:05.422 2469 2469 D VrGuardianUserService: DeviceConfig - onFailure - Error: exception
03-01 11:38:05.422 2469 2469 E DeviceConfigTelemetryLogger: onFailure(exception)
03-01 11:38:05.422 2469 2469 D VrGuardianUserService: DeviceConfig - onFailure - Error: exception
03-01 11:38:05.422 2469 2469 E DeviceConfigTelemetryLogger: onFailure(exception)
03-01 11:38:05.422 2469 2469 D VrGuardianUserService: DeviceConfig - onFailure - Error: exception
03-01 11:38:05.424 2469 2469 E DeviceConfigTelemetryLogger: onFailure(exception)
03-01 11:38:05.424 2469 2469 D VrGuardianUserService: DeviceConfig - onFailure - Error: exception
03-01 11:38:05.426 2469 2469 E DeviceConfigTelemetryLogger: onFailure(exception)
03-01 11:38:05.426 2469 2469 D VrGuardianUserService: DeviceConfig - onFailure - Error: exception
03-01 11:38:05.426 2469 2469 E DeviceConfigTelemetryLogger: onFailure(exception)
03-01 11:38:05.426 2469 2469 D VrGuardianUserService: DeviceConfig - onFailure - Error: exception
03-01 11:38:05.431 2469 6671 D MobileConfigBaseClient: connect()
03-01 11:38:05.431 2469 2469 E DeviceConfigTelemetryLogger: onFailure(exception)
03-01 11:38:05.432 2469 2469 D VrGuardianUserService: DeviceConfig - onFailure - Error: exception
03-01 11:38:05.432 2469 2469 E DeviceConfigTelemetryLogger: onFailure(exception)
03-01 11:38:05.432 2469 2469 D VrGuardianUserService: DeviceConfig - onFailure - Error: exception
03-01 11:38:05.432 2469 2469 E DeviceConfigTelemetryLogger: onFailure(exception)
03-01 11:38:05.432 2469 2469 D VrGuardianUserService: DeviceConfig - onFailure - Error: exception
03-01 11:38:05.432 2469 2469 E DeviceConfigTelemetryLogger: onFailure(exception)
03-01 11:38:05.432 2469 2469 D VrGuardianUserService: DeviceConfig - onFailure - Error: exception
03-01 11:38:05.436 2469 6671 D MobileConfigBaseClient: awaitService()
03-01 11:38:05.436 2469 2469 E DeviceConfigTelemetryLogger: onFailure(exception)
03-01 11:38:05.436 2469 2469 D VrGuardianUserService: DeviceConfig - onFailure - Error: exception
03-01 11:38:05.442 2469 2469 E DeviceConfigTelemetryLogger: onFailure(exception)
03-01 11:38:05.442 2469 2469 D VrGuardianUserService: DeviceConfig - onFailure - Error: exception
03-01 11:38:05.442 2469 2469 E DeviceConfigTelemetryLogger: onFailure(exception)
03-01 11:38:05.443 2469 2469 D VrGuardianUserService: DeviceConfig - onFailure - Error: exception
03-01 11:38:05.443 2469 2469 E DeviceConfigTelemetryLogger: onFailure(exception)
03-01 11:38:05.443 2469 2469 D VrGuardianUserService: DeviceConfig - onFailure - Error: exception
03-01 11:38:05.444 2469 2469 E DeviceConfigTelemetryLogger: onFailure(exception)
03-01 11:38:05.444 2469 2469 D VrGuardianUserService: DeviceConfig - onFailure - Error: exception
03-01 11:38:05.444 2469 2469 E DeviceConfigTelemetryLogger: onFailure(exception)
03-01 11:38:05.444 2469 2469 D VrGuardianUserService: DeviceConfig - onFailure - Error: exception
03-01 11:38:05.444 2469 2469 E DeviceConfigTelemetryLogger: onFailure(exception)
03-01 11:38:05.444 2469 2469 D VrGuardianUserService: DeviceConfig - onFailure - Error: exception
03-01 11:38:05.445 2469 2469 E DeviceConfigTelemetryLogger: onFailure(exception)
03-01 11:38:05.445 2469 2469 D VrGuardianUserService: DeviceConfig - onFailure - Error: exception
03-01 11:38:05.448 2469 2469 E DeviceConfigTelemetryLogger: onFailure(exception)
03-01 11:38:05.448 2469 2469 D VrGuardianUserService: DeviceConfig - onFailure - Error: exception
03-01 11:38:05.450 2469 2469 E DeviceConfigTelemetryLogger: onFailure(exception)
03-01 11:38:05.450 2469 2469 D VrGuardianUserService: DeviceConfig - onFailure - Error: exception
03-01 11:38:05.450 2469 2469 E DeviceConfigTelemetryLogger: onFailure(exception)
03-01 11:38:05.450 2469 2469 D VrGuardianUserService: DeviceConfig - onFailure - Error: exception
03-01 11:38:05.450 2469 2469 E DeviceConfigTelemetryLogger: onFailure(exception)
03-01 11:38:05.450 2469 2469 D VrGuardianUserService: DeviceConfig - onFailure - Error: exception
03-01 11:38:05.451 2469 2469 E DeviceConfigTelemetryLogger: onFailure(exception)
03-01 11:38:05.451 2469 2469 D VrGuardianUserService: DeviceConfig - onFailure - Error: exception
03-01 11:38:05.451 2469 2469 E DeviceConfigTelemetryLogger: onFailure(exception)
03-01 11:38:05.451 2469 2469 D VrGuardianUserService: DeviceConfig - onFailure - Error: exception
03-01 11:38:05.452 2469 2469 E DeviceConfigTelemetryLogger: onFailure(exception)
03-01 11:38:05.453 2469 2469 D VrGuardianUserService: DeviceConfig - onFailure - Error: exception
03-01 11:38:05.453 2469 2469 E DeviceConfigTelemetryLogger: onFailure(exception)
03-01 11:38:05.453 2469 2469 D VrGuardianUserService: DeviceConfig - onFailure - Error: exception
03-01 11:38:05.458 2469 2469 E DeviceConfigTelemetryLogger: onFailure(exception)
03-01 11:38:05.458 2469 2469 D VrGuardianUserService: DeviceConfig - onFailure - Error: exception
03-01 11:38:05.458 2469 2469 E DeviceConfigTelemetryLogger: onFailure(exception)
03-01 11:38:05.458 2469 2469 D VrGuardianUserService: DeviceConfig - onFailure - Error: exception
03-01 11:38:05.461 2469 2469 E DeviceConfigTelemetryLogger: onFailure(exception)
03-01 11:38:05.461 2469 2469 D VrGuardianUserService: DeviceConfig - onFailure - Error: exception
03-01 11:38:05.461 2469 2469 E DeviceConfigTelemetryLogger: onFailure(exception)
03-01 11:38:05.461 2469 2469 D VrGuardianUserService: DeviceConfig - onFailure - Error: exception
03-01 11:38:05.461 2469 2469 E DeviceConfigTelemetryLogger: onFailure(exception)
03-01 11:38:05.461 2469 2469 D VrGuardianUserService: DeviceConfig - onFailure - Error: exception
03-01 11:38:05.462 2469 2469 E DeviceConfigTelemetryLogger: onFailure(exception)
03-01 11:38:05.462 2469 2469 D VrGuardianUserService: DeviceConfig - onFailure - Error: exception
03-01 11:38:05.462 2469 2469 E DeviceConfigTelemetryLogger: onFailure(exception)
03-01 11:38:05.462 2469 2469 D VrGuardianUserService: DeviceConfig - onFailure - Error: exception
03-01 11:38:05.462 2469 2469 E DeviceConfigTelemetryLogger: onFailure(exception)
03-01 11:38:05.462 2469 2469 D VrGuardianUserService: DeviceConfig - onFailure - Error: exception
03-01 11:38:05.462 2469 2469 E DeviceConfigTelemetryLogger: onFailure(exception)
03-01 11:38:05.463 2469 2469 D VrGuardianUserService: DeviceConfig - onFailure - Error: exception
03-01 11:38:05.463 2469 2469 E DeviceConfigTelemetryLogger: onFailure(exception)
03-01 11:38:05.463 2469 2469 D VrGuardianUserService: DeviceConfig - onFailure - Error: exception
03-01 11:38:05.463 2469 2469 E DeviceConfigTelemetryLogger: onFailure(exception)
03-01 11:38:05.463 2469 2469 D VrGuardianUserService: DeviceConfig - onFailure - Error: exception
03-01 11:38:05.463 2469 2469 E DeviceConfigTelemetryLogger: onFailure(exception)
03-01 11:38:05.463 2469 2469 D VrGuardianUserService: DeviceConfig - onFailure - Error: exception
03-01 11:38:05.463 2469 2469 E DeviceConfigTelemetryLogger: onFailure(exception)
03-01 11:38:05.463 2469 2469 D VrGuardianUserService: DeviceConfig - onFailure - Error: exception
03-01 11:38:05.467 2469 2469 D MobileConfigBaseClient: Connected to MobileConfigService
03-01 11:38:05.467 2469 2469 D MobileConfigBaseClient: Connected to MobileConfigService
03-01 11:38:05.467 2469 2469 E DeviceConfigTelemetryLogger: onFailure(exception)
03-01 11:38:05.467 2469 2469 D VrGuardianUserService: DeviceConfig - onFailure - Error: exception
03-01 11:38:05.467 2469 2469 E DeviceConfigTelemetryLogger: onFailure(exception)
03-01 11:38:05.467 2469 2469 D VrGuardianUserService: DeviceConfig - onFailure - Error: exception
03-01 11:38:05.471 2469 2469 E DeviceConfigTelemetryLogger: onFailure(exception)
03-01 11:38:05.471 2469 2469 D VrGuardianUserService: DeviceConfig - onFailure - Error: exception
03-01 11:38:05.471 2469 2469 E DeviceConfigTelemetryLogger: onFailure(exception)
03-01 11:38:05.471 2469 2469 D VrGuardianUserService: DeviceConfig - onFailure - Error: exception
03-01 11:38:05.471 2469 2469 E DeviceConfigTelemetryLogger: onFailure(exception)
03-01 11:38:05.476 2469 2469 D VrGuardianUserService: DeviceConfig - onFailure - Error: exception
03-01 11:38:05.476 2469 2469 E DeviceConfigTelemetryLogger: onFailure(exception)
03-01 11:38:05.476 2469 2469 D VrGuardianUserService: DeviceConfig - onFailure - Error: exception
03-01 11:38:05.476 2469 2469 E DeviceConfigTelemetryLogger: onFailure(exception)
03-01 11:38:05.477 2469 2469 E DeviceConfigTelemetryLogger: onFailure(exception)
03-01 11:38:05.477 2469 2469 D VrGuardianUserService: DeviceConfig - onFailure - Error: exception
03-01 11:38:05.477 2469 2469 E DeviceConfigTelemetryLogger: onFailure(exception)
03-01 11:38:05.477 2469 2469 D VrGuardianUserService: DeviceConfig - onFailure - Error: exception
03-01 11:38:05.477 2469 2469 E DeviceConfigTelemetryLogger: onFailure(exception)
03-01 11:38:05.477 2469 2469 D VrGuardianUserService: DeviceConfig - onFailure - Error: exception
03-01 11:38:05.477 2469 2469 E DeviceConfigTelemetryLogger: onFailure(exception)
03-01 11:38:05.477 2469 2469 D VrGuardianUserService: DeviceConfig - onFailure - Error: exception
03-01 11:38:05.477 2469 2469 E DeviceConfigTelemetryLogger: onFailure(exception)
03-01 11:38:05.477 2469 2469 D VrGuardianUserService: DeviceConfig - onFailure - Error: exception
03-01 11:38:05.482 2469 2469 E DeviceConfigTelemetryLogger: onFailure(exception)
03-01 11:38:05.482 2469 2469 D VrGuardianUserService: DeviceConfig - onFailure - Error: exception
03-01 11:38:05.482 2469 2469 E DeviceConfigTelemetryLogger: onFailure(exception)
03-01 11:38:05.482 2469 2469 D VrGuardianUserService: DeviceConfig - onFailure - Error: exception
03-01 11:38:05.482 2469 2469 E DeviceConfigTelemetryLogger: onFailure(exception)
03-01 11:38:05.482 2469 2469 D VrGuardianUserService: DeviceConfig - onFailure - Error: exception
03-01 11:38:05.486 2469 2469 E DeviceConfigTelemetryLogger: onFailure(exception)
03-01 11:38:05.486 2469 2469 D VrGuardianUserService: DeviceConfig - onFailure - Error: exception
03-01 11:38:05.486 2469 2469 E DeviceConfigTelemetryLogger: onFailure(exception)
03-01 11:38:05.486 2469 2469 D VrGuardianUserService: DeviceConfig - onFailure - Error: exception
03-01 11:38:05.489 2469 2469 E DeviceConfigTelemetryLogger: onFailure(exception)
03-01 11:38:05.489 2469 2469 D VrGuardianUserService: DeviceConfig - onFailure - Error: exception
03-01 11:38:05.489 2469 2469 E DeviceConfigTelemetryLogger: onFailure(exception)
03-01 11:38:05.489 2469 2469 D VrGuardianUserService: DeviceConfig - onFailure - Error: exception
03-01 11:38:05.489 2469 2469 E DeviceConfigTelemetryLogger: onFailure(exception)
03-01 11:38:05.489 2469 2469 D VrGuardianUserService: DeviceConfig - onFailure - Error: exception
03-01 11:38:05.490 2469 2469 E DeviceConfigTelemetryLogger: onFailure(exception)
03-01 11:38:05.490 2469 2469 D VrGuardianUserService: DeviceConfig - onFailure - Error: exception
03-01 11:38:05.490 2469 2469 E DeviceConfigTelemetryLogger: onFailure(exception)
03-01 11:38:05.490 2469 2469 D VrGuardianUserService: DeviceConfig - onFailure - Error: exception
03-01 11:38:05.497 2469 2469 E DeviceConfigTelemetryLogger: onFailure(exception)
03-01 11:38:05.497 2469 2469 D VrGuardianUserService: DeviceConfig - onFailure - Error: exception
03-01 11:38:05.498 2469 2469 E DeviceConfigTelemetryLogger: onFailure(exception)
03-01 11:38:05.498 2469 2469 D VrGuardianUserService: DeviceConfig - onFailure - Error: exception
03-01 11:38:05.498 2469 2469 E DeviceConfigTelemetryLogger: onFailure(exception)
03-01 11:38:05.498 2469 2469 D VrGuardianUserService: DeviceConfig - onFailure - Error: exception
03-01 11:38:05.500 2469 2469 E DeviceConfigTelemetryLogger: onFailure(exception)
03-01 11:38:05.500 2469 2469 D VrGuardianUserService: DeviceConfig - onFailure - Error: exception
03-01 11:38:05.501 2469 2469 E DeviceConfigTelemetryLogger: onFailure(exception)
03-01 11:38:05.501 2469 2469 D VrGuardianUserService: DeviceConfig - onFailure - Error: exception
03-01 11:38:05.502 2469 2469 E DeviceConfigTelemetryLogger: onFailure(exception)
03-01 11:38:05.502 2469 2469 D VrGuardianUserService: DeviceConfig - onFailure - Error: exception
03-01 11:38:05.502 2469 2469 E DeviceConfigTelemetryLogger: onFailure(exception)
03-01 11:38:05.502 2469 2469 D VrGuardianUserService: DeviceConfig - onFailure - Error: exception
03-01 11:38:05.502 2469 2469 E DeviceConfigTelemetryLogger: onFailure(exception)
03-01 11:38:05.502 2469 2469 D VrGuardianUserService: DeviceConfig - onFailure - Error: exception
03-01 11:38:05.502 2469 2469 E DeviceConfigTelemetryLogger: onFailure(exception)
03-01 11:38:05.502 2469 2469 D VrGuardianUserService: DeviceConfig - onFailure - Error: exception
03-01 11:38:05.502 2469 2469 E DeviceConfigTelemetryLogger: onFailure(exception)
03-01 11:38:05.502 2469 2469 D VrGuardianUserService: DeviceConfig - onFailure - Error: exception
03-01 11:38:05.509 2469 2469 E DeviceConfigTelemetryLogger: onFailure(exception)
03-01 11:38:05.509 2469 2469 D VrGuardianUserService: DeviceConfig - onFailure - Error: exception
03-01 11:38:05.509 2469 2469 E DeviceConfigTelemetryLogger: onFailure(exception)
03-01 11:38:05.509 2469 2469 D VrGuardianUserService: DeviceConfig - onFailure - Error: exception
03-01 11:38:05.509 2469 2469 E DeviceConfigTelemetryLogger: onFailure(exception)
03-01 11:38:05.509 2469 2469 D VrGuardianUserService: DeviceConfig - onFailure - Error: exception
03-01 11:38:05.512 2469 2469 E DeviceConfigTelemetryLogger: onFailure(exception)
03-01 11:38:05.512 2469 2469 D VrGuardianUserService: DeviceConfig - onFailure - Error: exception
03-01 11:38:05.512 2469 2469 E DeviceConfigTelemetryLogger: onFailure(exception)
03-01 11:38:05.512 2469 2469 D VrGuardianUserService: DeviceConfig - onFailure - Error: exception
03-01 11:38:05.512 2469 2469 E DeviceConfigTelemetryLogger: onFailure(exception)
03-01 11:38:05.512 2469 2469 D VrGuardianUserService: DeviceConfig - onFailure - Error: exception
03-01 11:38:05.513 2469 2469 E DeviceConfigTelemetryLogger: onFailure(exception)
03-01 11:38:05.513 2469 2469 D VrGuardianUserService: DeviceConfig - onFailure - Error: exception
03-01 11:38:05.519 2469 6673 D MobileConfigBaseClient: connect()
03-01 11:38:05.521 2469 2469 E DeviceConfigTelemetryLogger: onFailure(exception)
03-01 11:38:05.521 2469 2469 D VrGuardianUserService: DeviceConfig - onFailure - Error: exception
03-01 11:38:05.522 1968 3438 I MobileConfigFactoryImpl: Created MobileConfigFactoryImpl, unitType:8
03-01 11:38:05.523 2469 2469 E DeviceConfigTelemetryLogger: onFailure(exception)
03-01 11:38:05.523 2469 2469 D VrGuardianUserService: DeviceConfig - onFailure - Error: exception
03-01 11:38:05.529 2469 2469 E DeviceConfigTelemetryLogger: onFailure(exception)
03-01 11:38:05.529 2469 2469 D VrGuardianUserService: DeviceConfig - onFailure - Error: exception
03-01 11:38:05.529 2469 2469 E DeviceConfigTelemetryLogger: onFailure(exception)
03-01 11:38:05.529 2469 2469 D VrGuardianUserService: DeviceConfig - onFailure - Error: exception
03-01 11:38:05.529 2469 2469 E DeviceConfigTelemetryLogger: onFailure(exception)
03-01 11:38:05.529 2469 2469 D VrGuardianUserService: DeviceConfig - onFailure - Error: exception
03-01 11:38:05.529 2469 2469 E DeviceConfigTelemetryLogger: onFailure(exception)
03-01 11:38:05.529 2469 2469 D VrGuardianUserService: DeviceConfig - onFailure - Error: exception
03-01 11:38:05.530 2469 2469 E DeviceConfigTelemetryLogger: onFailure(exception)
