03-01 11:37:35.545 2469 2469 E DeviceConfigTelemetryLogger: onFailure(exception)
03-01 11:37:35.546 2469 2469 D VrGuardianUserService: DeviceConfig - onFailure - Error: exception
03-01 11:37:35.546 2469 2469 E DeviceConfigTelemetryLogger: onFailure(exception)
03-01 11:37:35.546 2469 2469 D VrGuardianUserService: DeviceConfig - onFailure - Error: exception
03-01 11:37:35.547 2469 2469 E DeviceConfigTelemetryLogger: onFailure(exception)
03-01 11:37:35.547 2469 2469 D VrGuardianUserService: DeviceConfig - onFailure - Error: exception
03-01 11:37:35.547 2469 2469 E DeviceConfigTelemetryLogger: onFailure(exception)
03-01 11:37:35.547 2469 2469 D VrGuardianUserService: DeviceConfig - onFailure - Error: exception
03-01 11:37:35.547 2469 2469 E DeviceConfigTelemetryLogger: onFailure(exception)
03-01 11:37:35.547 2469 2469 D VrGuardianUserService: DeviceConfig - onFailure - Error: exception
03-01 11:37:35.547 2469 2469 E DeviceConfigTelemetryLogger: onFailure(exception)
03-01 11:37:35.548 2469 2469 D VrGuardianUserService: DeviceConfig - onFailure - Error: exception
03-01 11:37:35.548 2469 2469 E DeviceConfigTelemetryLogger: onFailure(exception)
03-01 11:37:35.548 2469 2469 D VrGuardianUserService: DeviceConfig - onFailure - Error: exception
03-01 11:37:35.548 2469 2469 E DeviceConfigTelemetryLogger: onFailure(exception)
03-01 11:37:35.548 2469 2469 D VrGuardianUserService: DeviceConfig - onFailure - Error: exception
03-01 11:37:35.549 2469 2469 E DeviceConfigTelemetryLogger: onFailure(exception)
03-01 11:37:35.549 2469 2469 D VrGuardianUserService: DeviceConfig - onFailure - Error: exception
03-01 11:37:35.550 2469 2469 E DeviceConfigTelemetryLogger: onFailure(exception)
03-01 11:37:35.550 2469 2469 D VrGuardianUserService: DeviceConfig - onFailure - Error: exception
03-01 11:37:35.550 2469 2469 E DeviceConfigTelemetryLogger: onFailure(exception)
03-01 11:37:35.551 2469 2469 D VrGuardianUserService: DeviceConfig - onFailure - Error: exception
03-01 11:37:35.551 2469 2469 E DeviceConfigTelemetryLogger: onFailure(exception)
03-01 11:37:35.551 2469 2469 D VrGuardianUserService: DeviceConfig - onFailure - Error: exception
03-01 11:37:35.551 2469 2469 E DeviceConfigTelemetryLogger: onFailure(exception)
03-01 11:37:35.551 2469 2469 D VrGuardianUserService: DeviceConfig - onFailure - Error: exception
03-01 11:37:35.552 2469 2469 E DeviceConfigTelemetryLogger: onFailure(exception)
03-01 11:37:35.552 2469 2469 D VrGuardianUserService: DeviceConfig - onFailure - Error: exception
03-01 11:37:35.554 2469 2469 E DeviceConfigTelemetryLogger: onFailure(exception)
03-01 11:37:35.556 2469 2469 D VrGuardianUserService: DeviceConfig - onFailure - Error: exception
03-01 11:37:35.558 2469 2469 E DeviceConfigTelemetryLogger: onFailure(exception)
03-01 11:37:35.558 2469 2469 D VrGuardianUserService: DeviceConfig - onFailure - Error: exception
03-01 11:37:35.559 2469 2469 E DeviceConfigTelemetryLogger: onFailure(exception)
03-01 11:37:35.559 2469 2469 D VrGuardianUserService: DeviceConfig - onFailure - Error: exception
03-01 11:37:35.561 2469 2469 E DeviceConfigTelemetryLogger: onFailure(exception)
03-01 11:37:35.561 2469 2469 D VrGuardianUserService: DeviceConfig - onFailure - Error: exception
03-01 11:37:35.561 2469 2469 E DeviceConfigTelemetryLogger: onFailure(exception)
03-01 11:37:35.561 2469 2469 D VrGuardianUserService: DeviceConfig - onFailure - Error: exception
03-01 11:37:35.562 2469 2469 E DeviceConfigTelemetryLogger: onFailure(exception)
03-01 11:37:35.562 2469 2469 D VrGuardianUserService: DeviceConfig - onFailure - Error: exception
03-01 11:37:35.562 2469 2469 E DeviceConfigTelemetryLogger: onFailure(exception)
03-01 11:37:35.562 2469 2469 D VrGuardianUserService: DeviceConfig - onFailure - Error: exception
03-01 11:37:35.562 2469 2469 E DeviceConfigTelemetryLogger: onFailure(exception)
03-01 11:37:35.562 2469 2469 D VrGuardianUserService: DeviceConfig - onFailure - Error: exception
03-01 11:37:35.563 2469 2469 E DeviceConfigTelemetryLogger: onFailure(exception)
03-01 11:37:35.563 2469 2469 D VrGuardianUserService: DeviceConfig - onFailure - Error: exception
03-01 11:37:35.563 2469 2469 E DeviceConfigTelemetryLogger: onFailure(exception)
03-01 11:37:35.563 2469 2469 D VrGuardianUserService: DeviceConfig - onFailure - Error: exception
03-01 11:37:35.564 2469 2469 E DeviceConfigTelemetryLogger: onFailure(exception)
03-01 11:37:35.564 2469 2469 D VrGuardianUserService: DeviceConfig - onFailure - Error: exception
03-01 11:37:35.564 2469 2469 E DeviceConfigTelemetryLogger: onFailure(exception)
03-01 11:37:35.564 2469 2469 D VrGuardianUserService: DeviceConfig - onFailure - Error: exception
03-01 11:37:35.565 2469 2469 E DeviceConfigTelemetryLogger: onFailure(exception)
03-01 11:37:35.565 2469 2469 D VrGuardianUserService: DeviceConfig - onFailure - Error: exception
03-01 11:37:35.566 2469 2469 E DeviceConfigTelemetryLogger: onFailure(exception)
03-01 11:37:35.566 2469 2469 D VrGuardianUserService: DeviceConfig - onFailure - Error: exception
03-01 11:37:35.566 2469 2469 E DeviceConfigTelemetryLogger: onFailure(exception)
03-01 11:37:35.566 2469 2469 D VrGuardianUserService: DeviceConfig - onFailure - Error: exception
03-01 11:37:35.566 2469 2469 E DeviceConfigTelemetryLogger: onFailure(exception)
03-01 11:37:35.566 2469 2469 D VrGuardianUserService: DeviceConfig - onFailure - Error: exception
03-01 11:37:35.567 2469 2469 E DeviceConfigTelemetryLogger: onFailure(exception)
03-01 11:37:35.567 2469 2469 D VrGuardianUserService: DeviceConfig - onFailure - Error: exception
03-01 11:37:35.567 2469 2469 E DeviceConfigTelemetryLogger: onFailure(exception)
03-01 11:37:35.567 2469 2469 D VrGuardianUserService: DeviceConfig - onFailure - Error: exception
03-01 11:37:35.568 2469 2469 E DeviceConfigTelemetryLogger: onFailure(exception)
03-01 11:37:35.568 2469 2469 D VrGuardianUserService: DeviceConfig - onFailure - Error: exception
03-01 11:37:35.568 2469 2469 E DeviceConfigTelemetryLogger: onFailure(exception)
03-01 11:37:35.568 2469 2469 D VrGuardianUserService: DeviceConfig - onFailure - Error: exception
03-01 11:37:35.568 2469 2469 E DeviceConfigTelemetryLogger: onFailure(exception)
03-01 11:37:35.568 2469 2469 D VrGuardianUserService: DeviceConfig - onFailure - Error: exception
03-01 11:37:35.569 2469 2469 E DeviceConfigTelemetryLogger: onFailure(exception)
03-01 11:37:35.569 2469 2469 D VrGuardianUserService: DeviceConfig - onFailure - Error: exception
03-01 11:37:35.570 2469 2469 E DeviceConfigTelemetryLogger: onFailure(exception)
03-01 11:37:35.570 2469 2469 D VrGuardianUserService: DeviceConfig - onFailure - Error: exception
03-01 11:37:35.571 2469 2469 E DeviceConfigTelemetryLogger: onFailure(exception)
03-01 11:37:35.571 2469 2469 D VrGuardianUserService: DeviceConfig - onFailure - Error: exception
03-01 11:37:35.583 2469 2469 E DeviceConfigTelemetryLogger: onFailure(exception)
03-01 11:37:35.584 2469 2469 D VrGuardianUserService: DeviceConfig - onFailure - Error: exception
03-01 11:37:35.584 1968 1986 I .oculus.horizo: Background concurrent copying GC freed 387842(20MB) AllocSpace objects, 138(9764KB) LOS objects, 30% free, 55MB/79MB, paused 132us total 5.654s
03-01 11:37:35.584 2469 2469 E DeviceConfigTelemetryLogger: onFailure(exception)
03-01 11:37:35.584 2469 2469 D VrGuardianUserService: DeviceConfig - onFailure - Error: exception
03-01 11:37:35.590 2469 2469 E DeviceConfigTelemetryLogger: onFailure(exception)
03-01 11:37:35.590 2469 2469 D VrGuardianUserService: DeviceConfig - onFailure - Error: exception
03-01 11:37:35.592 2469 2469 E DeviceConfigTelemetryLogger: onFailure(exception)
03-01 11:37:35.592 2469 2469 D VrGuardianUserService: DeviceConfig - onFailure - Error: exception
03-01 11:37:35.595 2469 2469 E DeviceConfigTelemetryLogger: onFailure(exception)
03-01 11:37:35.595 2469 2469 D VrGuardianUserService: DeviceConfig - onFailure - Error: exception
03-01 11:37:35.597 2469 5467 D VrGuardianUserService: SubscribeTask - Attempting Subscribe
03-01 11:37:35.597 2469 2469 E DeviceConfigTelemetryLogger: onFailure(exception)
03-01 11:37:35.597 2469 2469 D VrGuardianUserService: DeviceConfig - onFailure - Error: exception
03-01 11:37:35.599 2469 2469 E DeviceConfigTelemetryLogger: onFailure(exception)
03-01 11:37:35.599 2469 2469 D VrGuardianUserService: DeviceConfig - onFailure - Error: exception
03-01 11:37:35.603 2469 6302 D MobileConfigBaseClient: connect()
03-01 11:37:35.611 2469 2469 E DeviceConfigTelemetryLogger: onFailure(exception)
03-01 11:37:35.611 2469 2469 D VrGuardianUserService: DeviceConfig - onFailure - Error: exception
03-01 11:37:35.613 2469 2469 E DeviceConfigTelemetryLogger: onFailure(exception)
03-01 11:37:35.614 2469 2469 D VrGuardianUserService: DeviceConfig - onFailure - Error: exception
03-01 11:37:35.615 2469 2469 E DeviceConfigTelemetryLogger: onFailure(exception)
03-01 11:37:35.615 2469 2469 D VrGuardianUserService: DeviceConfig - onFailure - Error: exception
03-01 11:37:35.617 2469 2469 E DeviceConfigTelemetryLogger: onFailure(exception)
03-01 11:37:35.617 2469 2469 D VrGuardianUserService: DeviceConfig - onFailure - Error: exception
03-01 11:37:35.618 2469 2469 E DeviceConfigTelemetryLogger: onFailure(exception)
03-01 11:37:35.618 2469 2469 D VrGuardianUserService: DeviceConfig - onFailure - Error: exception
03-01 11:37:35.621 2469 2469 E DeviceConfigTelemetryLogger: onFailure(exception)
03-01 11:37:35.621 2469 2469 D VrGuardianUserService: DeviceConfig - onFailure - Error: exception
03-01 11:37:35.633 2469 2469 E DeviceConfigTelemetryLogger: onFailure(exception)
03-01 11:37:35.633 2469 2469 D VrGuardianUserService: DeviceConfig - onFailure - Error: exception
03-01 11:37:35.637 2469 2469 E DeviceConfigTelemetryLogger: onFailure(exception)
03-01 11:37:35.637 2469 2469 D VrGuardianUserService: DeviceConfig - onFailure - Error: exception
03-01 11:37:35.639 2469 2469 E DeviceConfigTelemetryLogger: onFailure(exception)
03-01 11:37:35.640 2469 2469 D VrGuardianUserService: DeviceConfig - onFailure - Error: exception
03-01 11:37:35.644 2469 6302 D MobileConfigBaseClient: awaitService()
03-01 11:37:35.647 2469 6303 D MobileConfigBaseClient: connect()
03-01 11:37:35.666 2469 6303 D MobileConfigBaseClient: awaitService()
03-01 11:37:35.666 2469 2469 E DeviceConfigTelemetryLogger: onFailure(exception)
03-01 11:37:35.667 2469 2469 D VrGuardianUserService: DeviceConfig - onFailure - Error: exception
03-01 11:37:35.671 2469 2469 E DeviceConfigTelemetryLogger: onFailure(exception)
03-01 11:37:35.671 2469 2469 D VrGuardianUserService: DeviceConfig - onFailure - Error: exception
03-01 11:37:35.677 2469 2469 E DeviceConfigTelemetryLogger: onFailure(exception)
03-01 11:37:35.677 2469 2469 D VrGuardianUserService: DeviceConfig - onFailure - Error: exception
03-01 11:37:35.682 1968 3434 I MobileConfigFactoryImpl: Created MobileConfigFactoryImpl, unitType:8
03-01 11:37:35.683 2469 2469 E DeviceConfigTelemetryLogger: onFailure(exception)
03-01 11:37:35.683 2469 2469 D VrGuardianUserService: DeviceConfig - onFailure - Error: exception
03-01 11:37:35.697 2469 2469 E DeviceConfigTelemetryLogger: onFailure(exception)
03-01 11:37:35.697 2469 2469 D VrGuardianUserService: DeviceConfig - onFailure - Error: exception
03-01 11:37:35.702 2469 2469 E DeviceConfigTelemetryLogger: onFailure(exception)
03-01 11:37:35.702 2469 2469 D VrGuardianUserService: DeviceConfig - onFailure - Error: exception
03-01 11:37:35.709 2469 2469 E DeviceConfigTelemetryLogger: onFailure(exception)
03-01 11:37:35.710 2469 2469 D VrGuardianUserService: DeviceConfig - onFailure - Error: exception
03-01 11:37:35.715 2469 2469 E DeviceConfigTelemetryLogger: onFailure(exception)
03-01 11:37:35.715 2469 2469 D VrGuardianUserService: DeviceConfig - onFailure - Error: exception
03-01 11:37:35.727 2469 2469 E DeviceConfigTelemetryLogger: onFailure(exception)
03-01 11:37:35.727 2469 2469 D VrGuardianUserService: DeviceConfig - onFailure - Error: exception
03-01 11:37:35.729 2469 2469 E DeviceConfigTelemetryLogger: onFailure(exception)
03-01 11:37:35.729 2469 2469 D VrGuardianUserService: DeviceConfig - onFailure - Error: exception
03-01 11:37:35.731 2469 2469 E DeviceConfigTelemetryLogger: onFailure(exception)
03-01 11:37:35.731 2469 2469 D VrGuardianUserService: DeviceConfig - onFailure - Error: exception
03-01 11:37:35.731 2469 2469 E DeviceConfigTelemetryLogger: onFailure(exception)
03-01 11:37:35.732 2469 2469 D VrGuardianUserService: DeviceConfig - onFailure - Error: exception
03-01 11:37:35.738 2469 2469 E DeviceConfigTelemetryLogger: onFailure(exception)
03-01 11:37:35.738 2469 2469 D VrGuardianUserService: DeviceConfig - onFailure - Error: exception
03-01 11:37:35.739 2469 2469 E DeviceConfigTelemetryLogger: onFailure(exception)
03-01 11:37:35.739 2469 2469 D VrGuardianUserService: DeviceConfig - onFailure - Error: exception
03-01 11:37:35.740 2469 2469 E DeviceConfigTelemetryLogger: onFailure(exception)
03-01 11:37:35.740 2469 2469 D VrGuardianUserService: DeviceConfig - onFailure - Error: exception
03-01 11:37:35.741 2469 2469 E DeviceConfigTelemetryLogger: onFailure(exception)
03-01 11:37:35.741 2469 2469 D VrGuardianUserService: DeviceConfig - onFailure - Error: exception
03-01 11:37:35.742 2469 2469 E DeviceConfigTelemetryLogger: onFailure(exception)
03-01 11:37:35.742 2469 2469 D VrGuardianUserService: DeviceConfig - onFailure - Error: exception
03-01 11:37:35.742 2469 2469 E DeviceConfigTelemetryLogger: onFailure(exception)
03-01 11:37:35.742 2469 2469 D VrGuardianUserService: DeviceConfig - onFailure - Error: exception
03-01 11:37:35.743 2469 2469 E DeviceConfigTelemetryLogger: onFailure(exception)
03-01 11:37:35.743 2469 2469 D VrGuardianUserService: DeviceConfig - onFailure - Error: exception
03-01 11:37:35.743 2469 2469 E DeviceConfigTelemetryLogger: onFailure(exception)
03-01 11:37:35.743 2469 2469 D VrGuardianUserService: DeviceConfig - onFailure - Error: exception
03-01 11:37:35.743 2469 2469 E DeviceConfigTelemetryLogger: onFailure(exception)
03-01 11:37:35.744 2469 2469 D VrGuardianUserService: DeviceConfig - onFailure - Error: exception
03-01 11:37:35.747 2469 2469 E DeviceConfigTelemetryLogger: onFailure(exception)
03-01 11:37:35.747 2469 2469 D VrGuardianUserService: DeviceConfig - onFailure - Error: exception
03-01 11:37:35.747 2469 2469 E DeviceConfigTelemetryLogger: onFailure(exception)
03-01 11:37:35.747 2469 2469 D VrGuardianUserService: DeviceConfig - onFailure - Error: exception
03-01 11:37:35.747 2469 2469 E DeviceConfigTelemetryLogger: onFailure(exception)
03-01 11:37:35.747 2469 2469 D VrGuardianUserService: DeviceConfig - onFailure - Error: exception
03-01 11:37:35.747 2469 2469 E DeviceConfigTelemetryLogger: onFailure(exception)
03-01 11:37:35.747 2469 2469 D VrGuardianUserService: DeviceConfig - onFailure - Error: exception
03-01 11:37:35.748 2469 2469 E DeviceConfigTelemetryLogger: onFailure(exception)
03-01 11:37:35.748 2469 2469 D VrGuardianUserService: DeviceConfig - onFailure - Error: exception
03-01 11:37:35.749 2469 2469 E DeviceConfigTelemetryLogger: onFailure(exception)
03-01 11:37:35.749 2469 2469 D VrGuardianUserService: DeviceConfig - onFailure - Error: exception
03-01 11:37:35.749 2469 2469 E DeviceConfigTelemetryLogger: onFailure(exception)
03-01 11:37:35.749 2469 2469 D VrGuardianUserService: DeviceConfig - onFailure - Error: exception
03-01 11:37:35.750 2469 2469 E DeviceConfigTelemetryLogger: onFailure(exception)
03-01 11:37:35.750 2469 2469 D VrGuardianUserService: DeviceConfig - onFailure - Error: exception
03-01 11:37:35.750 2469 2469 E DeviceConfigTelemetryLogger: onFailure(exception)
03-01 11:37:35.750 2469 2469 D VrGuardianUserService: DeviceConfig - onFailure - Error: exception
03-01 11:37:35.751 2469 2469 E DeviceConfigTelemetryLogger: onFailure(exception)
03-01 11:37:35.751 2469 2469 D VrGuardianUserService: DeviceConfig - onFailure - Error: exception
03-01 11:37:35.751 2469 2469 E DeviceConfigTelemetryLogger: onFailure(exception)
03-01 11:37:35.751 2469 2469 D VrGuardianUserService: DeviceConfig - onFailure - Error: exception
03-01 11:37:35.752 2469 2469 E DeviceConfigTelemetryLogger: onFailure(exception)
03-01 11:37:35.752 2469 2469 D VrGuardianUserService: DeviceConfig - onFailure - Error: exception
03-01 11:37:35.754 2469 2469 E DeviceConfigTelemetryLogger: onFailure(exception)
03-01 11:37:35.754 2469 2469 D VrGuardianUserService: DeviceConfig - onFailure - Error: exception
03-01 11:37:35.756 2469 2469 E DeviceConfigTelemetryLogger: onFailure(exception)
03-01 11:37:35.756 2469 2469 D VrGuardianUserService: DeviceConfig - onFailure - Error: exception
03-01 11:37:35.756 2469 2469 E DeviceConfigTelemetryLogger: onFailure(exception)
03-01 11:37:35.756 2469 2469 D VrGuardianUserService: DeviceConfig - onFailure - Error: exception
03-01 11:37:35.757 2469 2469 E DeviceConfigTelemetryLogger: onFailure(exception)
03-01 11:37:35.757 2469 2469 D VrGuardianUserService: DeviceConfig - onFailure - Error: exception
03-01 11:37:35.758 2469 2469 E DeviceConfigTelemetryLogger: onFailure(exception)
03-01 11:37:35.758 2469 2469 D VrGuardianUserService: DeviceConfig - onFailure - Error: exception
03-01 11:37:35.759 2469 2469 E DeviceConfigTelemetryLogger: onFailure(exception)
03-01 11:37:35.759 2469 2469 D VrGuardianUserService: DeviceConfig - onFailure - Error: exception
03-01 11:37:35.760 2469 2469 E DeviceConfigTelemetryLogger: onFailure(exception)
03-01 11:37:35.760 2469 2469 D VrGuardianUserService: DeviceConfig - onFailure - Error: exception
03-01 11:37:35.760 2469 2469 E DeviceConfigTelemetryLogger: onFailure(exception)
03-01 11:37:35.760 2469 2469 D VrGuardianUserService: DeviceConfig - onFailure - Error: exception
03-01 11:37:35.761 2469 2469 E DeviceConfigTelemetryLogger: onFailure(exception)
03-01 11:37:35.761 2469 2469 D VrGuardianUserService: DeviceConfig - onFailure - Error: exception
03-01 11:37:35.761 2469 2469 E DeviceConfigTelemetryLogger: onFailure(exception)
03-01 11:37:35.761 2469 2469 D VrGuardianUserService: DeviceConfig - onFailure - Error: exception
03-01 11:37:35.762 2469 2469 E DeviceConfigTelemetryLogger: onFailure(exception)
03-01 11:37:35.762 2469 2469 D VrGuardianUserService: DeviceConfig - onFailure - Error: exception
03-01 11:37:35.762 2469 2469 E DeviceConfigTelemetryLogger: onFailure(exception)
03-01 11:37:35.762 2469 2469 D VrGuardianUserService: DeviceConfig - onFailure - Error: exception
03-01 11:37:35.763 2469 2469 E DeviceConfigTelemetryLogger: onFailure(exception)
03-01 11:37:35.763 2469 2469 D VrGuardianUserService: DeviceConfig - onFailure - Error: exception
03-01 11:37:35.763 2469 2469 E DeviceConfigTelemetryLogger: onFailure(exception)
03-01 11:37:35.763 2469 2469 D VrGuardianUserService: DeviceConfig - onFailure - Error: exception
03-01 11:37:35.764 2469 2469 E DeviceConfigTelemetryLogger: onFailure(exception)
03-01 11:37:35.764 2469 2469 D VrGuardianUserService: DeviceConfig - onFailure - Error: exception
03-01 11:37:35.764 2469 2469 E DeviceConfigTelemetryLogger: onFailure(exception)
03-01 11:37:35.764 2469 2469 D VrGuardianUserService: DeviceConfig - onFailure - Error: exception
03-01 11:37:35.765 2469 2469 E DeviceConfigTelemetryLogger: onFailure(exception)
03-01 11:37:35.765 2469 2469 D VrGuardianUserService: DeviceConfig - onFailure - Error: exception
03-01 11:37:35.765 2469 2469 E DeviceConfigTelemetryLogger: onFailure(exception)
03-01 11:37:35.765 2469 2469 D VrGuardianUserService: DeviceConfig - onFailure - Error: exception
03-01 11:37:35.766 2469 2469 E DeviceConfigTelemetryLogger: onFailure(exception)
03-01 11:37:35.766 2469 2469 D VrGuardianUserService: DeviceConfig - onFailure - Error: exception
03-01 11:37:35.767 2469 2469 E DeviceConfigTelemetryLogger: onFailure(exception)
03-01 11:37:35.767 2469 2469 D VrGuardianUserService: DeviceConfig - onFailure - Error: exception
03-01 11:37:35.767 2469 2469 E DeviceConfigTelemetryLogger: onFailure(exception)
03-01 11:37:35.768 2469 2469 D VrGuardianUserService: DeviceConfig - onFailure - Error: exception
03-01 11:37:35.768 2469 2469 E DeviceConfigTelemetryLogger: onFailure(exception)
03-01 11:37:35.768 2469 2469 D VrGuardianUserService: DeviceConfig - onFailure - Error: exception
03-01 11:37:35.768 2469 2469 E DeviceConfigTelemetryLogger: onFailure(exception)
03-01 11:37:35.768 2469 2469 D VrGuardianUserService: DeviceConfig - onFailure - Error: exception
03-01 11:37:35.769 2469 2469 E DeviceConfigTelemetryLogger: onFailure(exception)
03-01 11:37:35.769 2469 2469 D VrGuardianUserService: DeviceConfig - onFailure - Error: exception
03-01 11:37:35.770 2469 2469 E DeviceConfigTelemetryLogger: onFailure(exception)
03-01 11:37:35.770 2469 2469 D VrGuardianUserService: DeviceConfig - onFailure - Error: exception
03-01 11:37:35.771 2469 2469 E DeviceConfigTelemetryLogger: onFailure(exception)
03-01 11:37:35.771 2469 2469 D VrGuardianUserService: DeviceConfig - onFailure - Error: exception
03-01 11:37:35.771 2469 2469 E DeviceConfigTelemetryLogger: onFailure(exception)
03-01 11:37:35.771 2469 2469 D VrGuardianUserService: DeviceConfig - onFailure - Error: exception
03-01 11:37:35.772 2469 2469 E DeviceConfigTelemetryLogger: onFailure(exception)
03-01 11:37:35.772 2469 2469 D VrGuardianUserService: DeviceConfig - onFailure - Error: exception
03-01 11:37:35.773 2469 2469 E DeviceConfigTelemetryLogger: onFailure(exception)
03-01 11:37:35.773 2469 2469 D VrGuardianUserService: DeviceConfig - onFailure - Error: exception
03-01 11:37:35.773 2469 2469 E DeviceConfigTelemetryLogger: onFailure(exception)
03-01 11:37:35.773 2469 2469 D VrGuardianUserService: DeviceConfig - onFailure - Error: exception
03-01 11:37:35.774 2469 2469 E DeviceConfigTelemetryLogger: onFailure(exception)
03-01 11:37:35.774 2469 2469 D VrGuardianUserService: DeviceConfig - onFailure - Error: exception
03-01 11:37:35.780 1968 3433 I MobileConfigFactoryImpl: Created MobileConfigFactoryImpl, unitType:2
03-01 11:37:35.780 2469 2469 E DeviceConfigTelemetryLogger: onFailure(exception)
03-01 11:37:35.780 2469 2469 D VrGuardianUserService: DeviceConfig - onFailure - Error: exception
03-01 11:37:35.780 1968 3433 I MobileConfigFactoryImpl: Created MobileConfigFactoryImpl, unitType:1
03-01 11:37:35.780 2469 2469 E DeviceConfigTelemetryLogger: onFailure(exception)
03-01 11:37:35.780 2469 2469 D VrGuardianUserService: DeviceConfig - onFailure - Error: exception
03-01 11:37:35.780 1968 3433 I MobileConfigFactoryImpl: Created MobileConfigFactoryImpl, unitType:2
03-01 11:37:35.780 1968 3433 I MobileConfigFactoryImpl: Created MobileConfigFactoryImpl, unitType:1
03-01 11:37:35.780 2469 2469 E DeviceConfigTelemetryLogger: onFailure(exception)
03-01 11:37:35.780 2469 2469 D VrGuardianUserService: DeviceConfig - onFailure - Error: exception
03-01 11:37:35.781 2469 2469 E DeviceConfigTelemetryLogger: onFailure(exception)
03-01 11:37:35.781 2469 2469 D VrGuardianUserService: DeviceConfig - onFailure - Error: exception
03-01 11:37:35.781 2469 2469 E DeviceConfigTelemetryLogger: onFailure(exception)
03-01 11:37:35.781 2469 2469 D VrGuardianUserService: DeviceConfig - onFailure - Error: exception
03-01 11:37:35.783 2469 2469 E DeviceConfigTelemetryLogger: onFailure(exception)
03-01 11:37:35.784 2469 2469 D VrGuardianUserService: DeviceConfig - onFailure - Error: exception
03-01 11:37:35.784 2469 2469 E DeviceConfigTelemetryLogger: onFailure(exception)
03-01 11:37:35.784 2469 2469 D VrGuardianUserService: DeviceConfig - onFailure - Error: exception
03-01 11:37:35.784 2469 2469 E DeviceConfigTelemetryLogger: onFailure(exception)
03-01 11:37:35.784 2469 2469 D VrGuardianUserService: DeviceConfig - onFailure - Error: exception
03-01 11:37:35.785 2469 2469 E DeviceConfigTelemetryLogger: onFailure(exception)
03-01 11:37:35.785 2469 2469 D VrGuardianUserService: DeviceConfig - onFailure - Error: exception
03-01 11:37:35.785 2469 2469 E DeviceConfigTelemetryLogger: onFailure(exception)
03-01 11:37:35.785 2469 2469 D VrGuardianUserService: DeviceConfig - onFailure - Error: exception
03-01 11:37:35.789 2469 2469 E DeviceConfigTelemetryLogger: onFailure(exception)
03-01 11:37:35.789 2469 2469 D VrGuardianUserService: DeviceConfig - onFailure - Error: exception
03-01 11:37:35.790 2469 2469 E DeviceConfigTelemetryLogger: onFailure(exception)
03-01 11:37:35.790 2469 2469 D VrGuardianUserService: DeviceConfig - onFailure - Error: exception
03-01 11:37:35.792 2469 2469 E DeviceConfigTelemetryLogger: onFailure(exception)
03-01 11:37:35.792 2469 2469 D VrGuardianUserService: DeviceConfig - onFailure - Error: exception
03-01 11:37:35.792 2469 2469 E DeviceConfigTelemetryLogger: onFailure(exception)
03-01 11:37:35.792 2469 2469 D VrGuardianUserService: DeviceConfig - onFailure - Error: exception
03-01 11:37:35.792 2469 2469 E DeviceConfigTelemetryLogger: onFailure(exception)
03-01 11:37:35.793 2469 2469 D VrGuardianUserService: DeviceConfig - onFailure - Error: exception
03-01 11:37:35.794 2469 2469 E DeviceConfigTelemetryLogger: onFailure(exception)
03-01 11:37:35.794 2469 2469 D VrGuardianUserService: DeviceConfig - onFailure - Error: exception
03-01 11:37:35.795 2469 2469 E DeviceConfigTelemetryLogger: onFailure(exception)
03-01 11:37:35.795 2469 2469 D VrGuardianUserService: DeviceConfig - onFailure - Error: exception
03-01 11:37:35.795 2469 2469 E DeviceConfigTelemetryLogger: onFailure(exception)
03-01 11:37:35.795 2469 2469 D VrGuardianUserService: DeviceConfig - onFailure - Error: exception
03-01 11:37:35.796 2469 2469 E DeviceConfigTelemetryLogger: onFailure(exception)
03-01 11:37:35.796 2469 2469 D VrGuardianUserService: DeviceConfig - onFailure - Error: exception
03-01 11:37:35.796 2469 2469 E DeviceConfigTelemetryLogger: onFailure(exception)
03-01 11:37:35.796 2469 2469 D VrGuardianUserService: DeviceConfig - onFailure - Error: exception
03-01 11:37:35.798 2469 2469 E DeviceConfigTelemetryLogger: onFailure(exception)
03-01 11:37:35.798 2469 2469 D VrGuardianUserService: DeviceConfig - onFailure - Error: exception
03-01 11:37:35.799 2469 5475 E MobileConfigBaseClient: Timed out trying to connect to MobileConfigService.
03-01 11:37:35.799 2469 5475 E DeviceConfigTelemetryLogger: onFailure(Could not connect to MobileConfigService)
03-01 11:37:35.799 2469 5475 D VrGuardianUserService: DeviceConfig - onFailure - Error: Could not connect to MobileConfigService
03-01 11:37:35.801 2469 2469 E DeviceConfigTelemetryLogger: onFailure(exception)
03-01 11:37:35.801 2469 2469 D VrGuardianUserService: DeviceConfig - onFailure - Error: exception
03-01 11:37:35.800 1968 3434 E MobileConfigServiceImpl: exception while trying to subscribe
03-01 11:37:35.800 1968 3434 E MobileConfigServiceImpl: java.lang.IllegalArgumentException: account is null
03-01 11:37:35.800 1968 3434 E MobileConfigServiceImpl: at android.accounts.AccountManager.getAuthToken(AccountManager.java:1778)
03-01 11:37:35.800 1968 3434 E MobileConfigServiceImpl: at com.oculus.deviceconfigservice.FRLAuthedHttpClient.A00(:28)
03-01 11:37:35.800 1968 3434 E MobileConfigServiceImpl: at com.oculus.deviceconfigservice.MobileConfigServiceHelper.A00(:254)
03-01 11:37:35.800 1968 3434 E MobileConfigServiceImpl: at X.1mj.(:274)
03-01 11:37:35.800 1968 3434 E MobileConfigServiceImpl: at X.0qq.A00(:66554)
03-01 11:37:35.800 1968 3434 E MobileConfigServiceImpl: at X.0qs.A03(:6)
03-01 11:37:35.800 1968 3434 E MobileConfigServiceImpl: at X.0nT.A01(:51)
03-01 11:37:35.800 1968 3434 E MobileConfigServiceImpl: at X.0nT.A00(:12)
03-01 11:37:35.800 1968 3434 E MobileConfigServiceImpl: at com.oculus.deviceconfigservice.MobileConfigInitModule.A00(:5)
03-01 11:37:35.800 1968 3434 E MobileConfigServiceImpl: at X.0qq.A00(:66751)
03-01 11:37:35.800 1968 3434 E MobileConfigServiceImpl: at X.0qs.A03(:6)
03-01 11:37:35.800 1968 3434 E MobileConfigServiceImpl: at X.0UX.A01(:51)
03-01 11:37:35.800 1968 3434 E MobileConfigServiceImpl: at X.08I.get(:38)
03-01 11:37:35.800 1968 3434 E MobileConfigServiceImpl: at X.1el.run(:4)
03-01 11:37:35.800 1968 3434 E MobileConfigServiceImpl: at com.oculus.deviceconfigservice.MobileConfigServiceHelper$4.call(:2)
03-01 11:37:35.800 1968 3434 E MobileConfigServiceImpl: at X.1NJ.run(:4)
03-01 11:37:35.800 1968 3434 E MobileConfigServiceImpl: at java.util.concurrent.ThreadPoolExecutor.runWorker(ThreadPoolExecutor.java:1167)
03-01 11:37:35.800 1968 3434 E MobileConfigServiceImpl: at java.util.concurrent.ThreadPoolExecutor$Worker.run(ThreadPoolExecutor.java:641)
03-01 11:37:35.800 1968 3434 E MobileConfigServiceImpl: at java.lang.Thread.run(Thread.java:919)
03-01 11:37:35.801 2469 2469 E DeviceConfigTelemetryLogger: onFailure(exception)
03-01 11:37:35.801 2469 2469 D VrGuardianUserService: DeviceConfig - onFailure - Error: exception
03-01 11:37:35.801 2469 2469 E DeviceConfigTelemetryLogger: onFailure(exception)
03-01 11:37:35.801 2469 2469 D VrGuardianUserService: DeviceConfig - onFailure - Error: exception
03-01 11:37:35.802 2469 2469 E DeviceConfigTelemetryLogger: onFailure(exception)
03-01 11:37:35.802 2469 2469 D VrGuardianUserService: DeviceConfig - onFailure - Error: exception
03-01 11:37:35.892 853 3285 I [CT] : VIPER: Mode=SuperVega,Status=6DoF,TRACKING,Inl=34,Mem=89.7,Jit=0.1mm,Issues(Cam/min=0.0,IMU/min=0.0),Exp=(6.1ms,g=5.0,I=75,Ir=2472.0)(4.5ms,g=4.0,I=104,Ir=5776.8)(4.5ms,g=4.0,I=124,Ir=6834.9)(4.0ms,g=2.0,I=74,Ir=9374.4)
03-01 11:37:35.966 2469 2469 E DeviceConfigTelemetryLogger: onFailure(exception)
03-01 11:37:35.967 2469 2469 D VrGuardianUserService: DeviceConfig - onFailure - Error: exception
03-01 11:37:36.056 2469 2469 E DeviceConfigTelemetryLogger: onFailure(exception)
03-01 11:37:36.056 2469 2469 D VrGuardianUserService: DeviceConfig - onFailure - Error: exception
03-01 11:37:36.067 2469 2469 E DeviceConfigTelemetryLogger: onFailure(exception)
03-01 11:37:36.067 2469 2469 D VrGuardianUserService: DeviceConfig - onFailure - Error: exception
03-01 11:37:36.067 2469 2469 E DeviceConfigTelemetryLogger: onFailure(exception)
03-01 11:37:36.067 2469 2469 D VrGuardianUserService: DeviceConfig - onFailure - Error: exception
03-01 11:37:36.068 2469 2469 E DeviceConfigTelemetryLogger: onFailure(exception)
03-01 11:37:36.068 2469 2469 D VrGuardianUserService: DeviceConfig - onFailure - Error: exception
03-01 11:37:36.101 2469 2469 E DeviceConfigTelemetryLogger: onFailure(exception)
03-01 11:37:36.102 2469 2469 D VrGuardianUserService: DeviceConfig - onFailure - Error: exception
03-01 11:37:36.138 2981 2981 V MIGHTY_LOG: [trace] ForegroundAppProvider: Current Foreground Package - com.oculus.systemux, Class: com.oculus.panelapp.library.LibraryPanelService
03-01 11:37:36.146 2469 2469 E DeviceConfigTelemetryLogger: onFailure(exception)
03-01 11:37:36.146 2469 2469 D VrGuardianUserService: DeviceConfig - onFailure - Error: exception
03-01 11:37:36.164 2469 2469 E DeviceConfigTelemetryLogger: onFailure(exception)
03-01 11:37:36.165 2469 2469 D VrGuardianUserService: DeviceConfig - onFailure - Error: exception
03-01 11:37:36.167 2469 2469 E DeviceConfigTelemetryLogger: onFailure(exception)
03-01 11:37:36.167 2469 2469 D VrGuardianUserService: DeviceConfig - onFailure - Error: exception
03-01 11:37:36.168 2469 2469 E DeviceConfigTelemetryLogger: onFailure(exception)
03-01 11:37:36.168 2469 2469 D VrGuardianUserService: DeviceConfig - onFailure - Error: exception
03-01 11:37:36.171 2469 2469 E DeviceConfigTelemetryLogger: onFailure(exception)
03-01 11:37:36.171 2469 2469 D VrGuardianUserService: DeviceConfig - onFailure - Error: exception
03-01 11:37:36.174 2469 2469 E DeviceConfigTelemetryLogger: onFailure(exception)
03-01 11:37:36.174 2469 2469 D VrGuardianUserService: DeviceConfig - onFailure - Error: exception
03-01 11:37:36.174 2469 2469 E DeviceConfigTelemetryLogger: onFailure(exception)
03-01 11:37:36.174 2469 2469 D VrGuardianUserService: DeviceConfig - onFailure - Error: exception
03-01 11:37:36.177 2469 2469 E DeviceConfigTelemetryLogger: onFailure(exception)
03-01 11:37:36.177 2469 2469 D VrGuardianUserService: DeviceConfig - onFailure - Error: exception
03-01 11:37:36.179 2469 2469 E DeviceConfigTelemetryLogger: onFailure(exception)
03-01 11:37:36.179 2469 2469 D VrGuardianUserService: DeviceConfig - onFailure - Error: exception
03-01 11:37:36.180 2469 2469 E DeviceConfigTelemetryLogger: onFailure(exception)
03-01 11:37:36.180 2469 2469 D VrGuardianUserService: DeviceConfig - onFailure - Error: exception
03-01 11:37:36.180 2469 2469 E DeviceConfigTelemetryLogger: onFailure(exception)
03-01 11:37:36.180 2469 2469 D VrGuardianUserService: DeviceConfig - onFailure - Error: exception
03-01 11:37:36.182 2469 2469 E DeviceConfigTelemetryLogger: onFailure(exception)
03-01 11:37:36.182 2469 2469 D VrGuardianUserService: DeviceConfig - onFailure - Error: exception
03-01 11:37:36.182 2469 2469 E DeviceConfigTelemetryLogger: onFailure(exception)
03-01 11:37:36.182 2469 2469 D VrGuardianUserService: DeviceConfig - onFailure - Error: exception
03-01 11:37:36.182 2469 2469 E DeviceConfigTelemetryLogger: onFailure(exception)
03-01 11:37:36.182 2469 2469 D VrGuardianUserService: DeviceConfig - onFailure - Error: exception
03-01 11:37:36.182 2469 2469 E DeviceConfigTelemetryLogger: onFailure(exception)
03-01 11:37:36.182 2469 2469 D VrGuardianUserService: DeviceConfig - onFailure - Error: exception
03-01 11:37:36.182 2469 2469 E DeviceConfigTelemetryLogger: onFailure(exception)
03-01 11:37:36.182 2469 2469 D VrGuardianUserService: DeviceConfig - onFailure - Error: exception
03-01 11:37:36.207 2469 2469 E DeviceConfigTelemetryLogger: onFailure(exception)
03-01 11:37:36.208 2469 2469 D VrGuardianUserService: DeviceConfig - onFailure - Error: exception
03-01 11:37:36.211 2469 3833 E IPCThreadState: binder thread pool (15 threads) starved for 115 ms
03-01 11:37:36.240 1968 3433 I MobileConfigFactoryImpl: Registered SESSIONLESS factory change listener: ok
03-01 11:37:36.241 1968 3433 I MobileConfigFactoryImpl: Set Java EP Handler
03-01 11:37:36.208 2469 2469 E DeviceConfigTelemetryLogger: onFailure(exception)
03-01 11:37:36.325 2469 2469 D VrGuardianUserService: DeviceConfig - onFailure - Error: exception
03-01 11:37:36.361 2738 3301 W DeviceConfigUtil: Try to get config param "oculus_presence_service:party_service_in_presence_service" before Device Config has subscribed to the service.
03-01 11:37:36.373 1062 1110 I ActivityManager: Skipping next CPU consuming process, not a java proc: 853
03-01 11:37:36.373 1062 1110 I ActivityManager: Skipping next CPU consuming process, not a java proc: 831
03-01 11:37:36.373 1062 1110 I ActivityManager: Skipping next CPU consuming process, not a java proc: 2469
03-01 11:37:36.373 1062 1110 I ActivityManager: Skipping next CPU consuming process, not a java proc: 1062
03-01 11:37:36.373 1062 1110 I ActivityManager: Skipping next CPU consuming process, not a java proc: 739
03-01 11:37:36.373 1062 1110 I ActivityManager: Skipping next CPU consuming process, not a java proc: 843
03-01 11:37:36.373 1062 1110 I ActivityManager: Skipping next CPU consuming process, not a java proc: 747
03-01 11:37:36.374 1062 1110 I ActivityManager: Skipping next CPU consuming process, not a java proc: 861
03-01 11:37:36.374 1062 1110 I ActivityManager: Skipping next CPU consuming process, not a java proc: 720
03-01 11:37:36.374 1062 1110 I ActivityManager: Skipping next CPU consuming process, not a java proc: 1617
03-01 11:37:36.374 1062 1110 I ActivityManager: Skipping next CPU consuming process, not a java proc: 262
03-01 11:37:36.383 2469 2469 E DeviceConfigTelemetryLogger: onFailure(exception)
03-01 11:37:36.383 2469 2469 D VrGuardianUserService: DeviceConfig - onFailure - Error: exception
03-01 11:37:36.386 1062 1110 I ActivityManager: Dumping to /data/anr/anr_2023-03-01-11-37-36-385
03-01 11:37:36.387 1062 1110 I ActivityManager: Collecting stacks for pid 2469
03-01 11:37:36.388 1062 1110 I system_server: libdebuggerd_client: started dumping process 2469
03-01 11:37:36.394 852 852 I /system/bin/tombstoned: registered intercept for pid 2469 and type kDebuggerdJavaBacktrace
03-01 11:37:36.395 2469 2481 I guardianservic: Thread[6,tid=2481,WaitingInMainSignalCatcherLoop,Thread*=0x772caee800,peer=0x155404d8,"Signal Catcher"]: reacting to signal 3
03-01 11:37:36.395 2469 2481 I guardianservic:
03-01 11:37:36.399 2469 2469 E DeviceConfigTelemetryLogger: onFailure(exception)
03-01 11:37:36.399 2469 2469 D VrGuardianUserService: DeviceConfig - onFailure - Error: exception
03-01 11:37:36.399 2469 2469 E DeviceConfigTelemetryLogger: onFailure(exception)
03-01 11:37:36.399 2469 2469 D VrGuardianUserService: DeviceConfig - onFailure - Error: exception
03-01 11:37:36.399 2469 2469 E DeviceConfigTelemetryLogger: onFailure(exception)
03-01 11:37:36.399 2469 2469 D VrGuardianUserService: DeviceConfig - onFailure - Error: exception
03-01 11:37:36.399 2469 2469 E DeviceConfigTelemetryLogger: onFailure(exception)
03-01 11:37:36.399 2469 2469 D VrGuardianUserService: DeviceConfig - onFailure - Error: exception
03-01 11:37:36.400 2469 2469 E DeviceConfigTelemetryLogger: onFailure(exception)
03-01 11:37:36.400 2469 2469 D VrGuardianUserService: DeviceConfig - onFailure - Error: exception
03-01 11:37:36.400 2469 2469 E DeviceConfigTelemetryLogger: onFailure(exception)
03-01 11:37:36.400 2469 2469 D VrGuardianUserService: DeviceConfig - onFailure - Error: exception
03-01 11:37:36.400 2469 2469 E DeviceConfigTelemetryLogger: onFailure(exception)
03-01 11:37:36.400 2469 2469 D VrGuardianUserService: DeviceConfig - onFailure - Error: exception
03-01 11:37:36.402 2469 2469 E DeviceConfigTelemetryLogger: onFailure(exception)
03-01 11:37:36.402 2469 2469 D VrGuardianUserService: DeviceConfig - onFailure - Error: exception
03-01 11:37:36.402 2469 2469 E DeviceConfigTelemetryLogger: onFailure(exception)
03-01 11:37:36.402 2469 2469 D VrGuardianUserService: DeviceConfig - onFailure - Error: exception
03-01 11:37:36.402 2469 2469 E DeviceConfigTelemetryLogger: onFailure(exception)
03-01 11:37:36.402 2469 2469 D VrGuardianUserService: DeviceConfig - onFailure - Error: exception
03-01 11:37:36.402 2469 2469 E DeviceConfigTelemetryLogger: onFailure(exception)
03-01 11:37:36.402 2469 2469 D VrGuardianUserService: DeviceConfig - onFailure - Error: exception
03-01 11:37:36.402 2469 2469 E DeviceConfigTelemetryLogger: onFailure(exception)
03-01 11:37:36.402 2469 2469 D VrGuardianUserService: DeviceConfig - onFailure - Error: exception
03-01 11:37:36.402 2469 2469 E DeviceConfigTelemetryLogger: onFailure(exception)
03-01 11:37:36.402 2469 2469 D VrGuardianUserService: DeviceConfig - onFailure - Error: exception
03-01 11:37:36.403 2469 2469 E DeviceConfigTelemetryLogger: onFailure(exception)
03-01 11:37:36.403 2469 2469 D VrGuardianUserService: DeviceConfig - onFailure - Error: exception
03-01 11:37:36.403 2469 2469 E DeviceConfigTelemetryLogger: onFailure(exception)
03-01 11:37:36.406 2469 2469 D VrGuardianUserService: DeviceConfig - onFailure - Error: exception
03-01 11:37:36.407 2469 2469 E DeviceConfigTelemetryLogger: onFailure(exception)
03-01 11:37:36.407 2469 2469 D VrGuardianUserService: DeviceConfig - onFailure - Error: exception
03-01 11:37:36.407 2469 2469 E DeviceConfigTelemetryLogger: onFailure(exception)
03-01 11:37:36.407 2469 2469 D VrGuardianUserService: DeviceConfig - onFailure - Error: exception
03-01 11:37:36.407 2469 2469 E DeviceConfigTelemetryLogger: onFailure(exception)
03-01 11:37:36.407 2469 2469 D VrGuardianUserService: DeviceConfig - onFailure - Error: exception
03-01 11:37:36.409 2469 2469 E DeviceConfigTelemetryLogger: onFailure(exception)
03-01 11:37:36.409 2469 2469 D VrGuardianUserService: DeviceConfig - onFailure - Error: exception
03-01 11:37:36.409 2469 2469 E DeviceConfigTelemetryLogger: onFailure(exception)
03-01 11:37:36.409 2469 2469 D VrGuardianUserService: DeviceConfig - onFailure - Error: exception
03-01 11:37:36.409 2469 2469 E DeviceConfigTelemetryLogger: onFailure(exception)
03-01 11:37:36.409 2469 2469 D VrGuardianUserService: DeviceConfig - onFailure - Error: exception
03-01 11:37:36.410 2469 2469 E DeviceConfigTelemetryLogger: onFailure(exception)
03-01 11:37:36.411 2469 2469 D VrGuardianUserService: DeviceConfig - onFailure - Error: exception
03-01 11:37:36.411 2469 2469 E DeviceConfigTelemetryLogger: onFailure(exception)
03-01 11:37:36.411 2469 2469 D VrGuardianUserService: DeviceConfig - onFailure - Error: exception
03-01 11:37:36.411 2469 2469 E DeviceConfigTelemetryLogger: onFailure(exception)
03-01 11:37:36.411 2469 2469 D VrGuardianUserService: DeviceConfig - onFailure - Error: exception
03-01 11:37:36.411 2469 2469 E DeviceConfigTelemetryLogger: onFailure(exception)
03-01 11:37:36.411 2469 2469 D VrGuardianUserService: DeviceConfig - onFailure - Error: exception
03-01 11:37:36.411 2469 2469 E DeviceConfigTelemetryLogger: onFailure(exception)
03-01 11:37:36.411 2469 2469 D VrGuardianUserService: DeviceConfig - onFailure - Error: exception
03-01 11:37:36.411 2469 2469 E DeviceConfigTelemetryLogger: onFailure(exception)
03-01 11:37:36.416 2469 2469 D VrGuardianUserService: DeviceConfig - onFailure - Error: exception
03-01 11:37:36.417 2469 2469 E DeviceConfigTelemetryLogger: onFailure(exception)
03-01 11:37:36.417 2469 2469 D VrGuardianUserService: DeviceConfig - onFailure - Error: exception
03-01 11:37:36.417 2469 2469 E DeviceConfigTelemetryLogger: onFailure(exception)
03-01 11:37:36.417 2469 2469 D VrGuardianUserService: DeviceConfig - onFailure - Error: exception
03-01 11:37:36.417 2469 2469 E DeviceConfigTelemetryLogger: onFailure(exception)
03-01 11:37:36.417 2469 2469 D VrGuardianUserService: DeviceConfig - onFailure - Error: exception
03-01 11:37:36.417 2469 2469 E DeviceConfigTelemetryLogger: onFailure(exception)
03-01 11:37:36.417 2469 2469 D VrGuardianUserService: DeviceConfig - onFailure - Error: exception
03-01 11:37:36.418 2469 2469 E DeviceConfigTelemetryLogger: onFailure(exception)
03-01 11:37:36.418 2469 2469 D VrGuardianUserService: DeviceConfig - onFailure - Error: exception
03-01 11:37:36.426 2469 2481 W guardianservic: Suspending all threads took: 7.592ms
03-01 11:37:36.430 2469 2469 E DeviceConfigTelemetryLogger: onFailure(exception)
03-01 11:37:36.430 2469 2469 D VrGuardianUserService: DeviceConfig - onFailure - Error: exception
03-01 11:37:36.431 2469 2469 E DeviceConfigTelemetryLogger: onFailure(exception)
03-01 11:37:36.431 2469 2469 D VrGuardianUserService: DeviceConfig - onFailure - Error: exception
03-01 11:37:36.431 2469 2469 E DeviceConfigTelemetryLogger: onFailure(exception)
03-01 11:37:36.431 2469 2469 D VrGuardianUserService: DeviceConfig - onFailure - Error: exception
03-01 11:37:36.431 2469 2469 E DeviceConfigTelemetryLogger: onFailure(exception)
03-01 11:37:36.431 2469 2469 D VrGuardianUserService: DeviceConfig - onFailure - Error: exception
03-01 11:37:36.434 2469 2469 E DeviceConfigTelemetryLogger: onFailure(exception)
03-01 11:37:36.434 2469 2469 D VrGuardianUserService: DeviceConfig - onFailure - Error: exception
03-01 11:37:36.435 2469 2469 E DeviceConfigTelemetryLogger: onFailure(exception)
03-01 11:37:36.435 2469 2469 D VrGuardianUserService: DeviceConfig - onFailure - Error: exception
03-01 11:37:36.435 2469 2469 E DeviceConfigTelemetryLogger: onFailure(exception)
03-01 11:37:36.435 2469 2469 D VrGuardianUserService: DeviceConfig - onFailure - Error: exception
03-01 11:37:36.435 2469 2469 E DeviceConfigTelemetryLogger: onFailure(exception)
03-01 11:37:36.435 2469 2469 D VrGuardianUserService: DeviceConfig - onFailure - Error: exception
03-01 11:37:36.435 2981 2981 V MIGHTY_LOG: DeviceStatusManager: Successfully sent device updating to server
03-01 11:37:36.435 2469 2469 E DeviceConfigTelemetryLogger: onFailure(exception)
03-01 11:37:36.435 2469 2469 D VrGuardianUserService: DeviceConfig - onFailure - Error: exception
03-01 11:37:36.436 2469 2469 E DeviceConfigTelemetryLogger: onFailure(exception)
03-01 11:37:36.436 2469 2469 D VrGuardianUserService: DeviceConfig - onFailure - Error: exception
03-01 11:37:36.436 2469 2469 E DeviceConfigTelemetryLogger: onFailure(exception)
03-01 11:37:36.436 2469 2469 D VrGuardianUserService: DeviceConfig - onFailure - Error: exception
03-01 11:37:36.436 2469 2469 E DeviceConfigTelemetryLogger: onFailure(exception)
03-01 11:37:36.436 2469 2469 D VrGuardianUserService: DeviceConfig - onFailure - Error: exception
03-01 11:37:36.436 2469 2469 E DeviceConfigTelemetryLogger: onFailure(exception)
03-01 11:37:36.439 2469 2469 E DeviceConfigTelemetryLogger: onFailure(exception)
03-01 11:37:36.439 2469 2469 D VrGuardianUserService: DeviceConfig - onFailure - Error: exception
03-01 11:37:36.439 2469 2469 E DeviceConfigTelemetryLogger: onFailure(exception)
03-01 11:37:36.439 2469 2469 D VrGuardianUserService: DeviceConfig - onFailure - Error: exception
03-01 11:37:36.439 2469 2469 E DeviceConfigTelemetryLogger: onFailure(exception)
03-01 11:37:36.439 2469 2469 D VrGuardianUserService: DeviceConfig - onFailure - Error: exception
03-01 11:37:36.441 2469 2469 E DeviceConfigTelemetryLogger: onFailure(exception)
03-01 11:37:36.441 2469 2469 D VrGuardianUserService: DeviceConfig - onFailure - Error: exception
03-01 11:37:36.441 2469 2469 E DeviceConfigTelemetryLogger: onFailure(exception)
03-01 11:37:36.441 2469 2469 D VrGuardianUserService: DeviceConfig - onFailure - Error: exception
03-01 11:37:36.441 2469 2469 E DeviceConfigTelemetryLogger: onFailure(exception)
03-01 11:37:36.441 2469 2469 D VrGuardianUserService: DeviceConfig - onFailure - Error: exception
03-01 11:37:36.444 2469 2469 E DeviceConfigTelemetryLogger: onFailure(exception)
03-01 11:37:36.445 2469 2469 D VrGuardianUserService: DeviceConfig - onFailure - Error: exception
03-01 11:37:36.445 2469 2469 E DeviceConfigTelemetryLogger: onFailure(exception)
03-01 11:37:36.445 2469 2469 D VrGuardianUserService: DeviceConfig - onFailure - Error: exception
03-01 11:37:36.449 2469 2469 E DeviceConfigTelemetryLogger: onFailure(exception)
03-01 11:37:36.450 2469 2469 D VrGuardianUserService: DeviceConfig - onFailure - Error: exception
03-01 11:37:36.450 2469 2469 E DeviceConfigTelemetryLogger: onFailure(exception)
03-01 11:37:36.451 2469 2469 D VrGuardianUserService: DeviceConfig - onFailure - Error: exception
03-01 11:37:36.452 2469 2469 E DeviceConfigTelemetryLogger: onFailure(exception)
03-01 11:37:36.452 2469 2469 D VrGuardianUserService: DeviceConfig - onFailure - Error: exception
03-01 11:37:36.452 2469 2469 E DeviceConfigTelemetryLogger: onFailure(exception)
03-01 11:37:36.459 2469 2469 D VrGuardianUserService: DeviceConfig - onFailure - Error: exception
03-01 11:37:36.460 2469 2469 E DeviceConfigTelemetryLogger: onFailure(exception)
03-01 11:37:36.460 2469 2469 D VrGuardianUserService: DeviceConfig - onFailure - Error: exception
03-01 11:37:36.462 2469 2469 E DeviceConfigTelemetryLogger: onFailure(exception)
03-01 11:37:36.462 2469 2469 D VrGuardianUserService: DeviceConfig - onFailure - Error: exception
03-01 11:37:36.462 2469 2469 E DeviceConfigTelemetryLogger: onFailure(exception)
03-01 11:37:36.472 2469 2469 E DeviceConfigTelemetryLogger: onFailure(exception)
03-01 11:37:36.477 2469 2469 D VrGuardianUserService: DeviceConfig - onFailure - Error: exception
03-01 11:37:36.478 2469 2469 E DeviceConfigTelemetryLogger: onFailure(exception)
03-01 11:37:36.478 2469 2469 D VrGuardianUserService: DeviceConfig - onFailure - Error: exception
03-01 11:37:36.478 2469 2469 E DeviceConfigTelemetryLogger: onFailure(exception)
03-01 11:37:36.478 2469 2469 D VrGuardianUserService: DeviceConfig - onFailure - Error: exception
03-01 11:37:36.478 2469 2469 E DeviceConfigTelemetryLogger: onFailure(exception)
03-01 11:37:36.502 5489 5707 I VrApi : FPS=90/90,Prd=32ms,Tear=0,Early=0,Stale=1,Stale2/5/10/max=0/0/0/1,VSnc=0,Lat=-1,Fov=0,CPU4/GPU=2/3,1171/490MHz,OC=FF,TA=0/70/0,SP=N/F/N,Mem=1804MHz,Free=2790MB,PLS=0,Temp=40.5C/0.0C,TW=2.68ms,App=7.57ms,GD=0.00ms,CPU&GPU=11.92ms,LCnt=4(DR0,LM0),GPU%=0.94,CPU%=0.31(W0.32),DSF=1.00,CFL=14.62/19.92
03-01 11:37:36.516 2469 2469 E DeviceConfigTelemetryLogger: onFailure(exception)
03-01 11:37:36.516 2469 2469 D VrGuardianUserService: DeviceConfig - onFailure - Error: exception
03-01 11:37:36.516 2469 2469 E DeviceConfigTelemetryLogger: onFailure(exception)
03-01 11:37:36.528 2469 2469 E DeviceConfigTelemetryLogger: onFailure(exception)
03-01 11:37:36.530 2469 5477 E MobileConfigBaseClient: Timed out trying to connect to MobileConfigService.
03-01 11:37:36.531 2469 5477 E DeviceConfigTelemetryLogger: onFailure(Could not connect to MobileConfigService)
03-01 11:37:36.531 2469 5477 D VrGuardianUserService: DeviceConfig - onFailure - Error: Could not connect to MobileConfigService
03-01 11:37:36.541 2469 2469 E DeviceConfigTelemetryLogger: onFailure(exception)
03-01 11:37:36.542 2469 2469 D VrGuardianUserService: DeviceConfig - onFailure - Error: exception
03-01 11:37:36.542 2469 2469 E DeviceConfigTelemetryLogger: onFailure(exception)
03-01 11:37:36.542 2469 2469 D VrGuardianUserService: DeviceConfig - onFailure - Error: exception
03-01 11:37:36.542 2469 2469 E DeviceConfigTelemetryLogger: onFailure(exception)
03-01 11:37:36.542 2469 2469 D VrGuardianUserService: DeviceConfig - onFailure - Error: exception
03-01 11:37:36.564 2469 2469 D VrGuardianUserService: DeviceConfig - onFailure - Error: exception
03-01 11:37:36.574 2469 6312 D MobileConfigBaseClient: awaitService()
03-01 11:37:36.584 2469 2469 E DeviceConfigTelemetryLogger: onFailure(exception)
03-01 11:37:36.584 2469 2469 D VrGuardianUserService: DeviceConfig - onFailure - Error: exception
03-01 11:37:36.584 2469 2469 E DeviceConfigTelemetryLogger: onFailure(exception)
03-01 11:37:36.585 2469 2469 D VrGuardianUserService: DeviceConfig - onFailure - Error: exception
03-01 11:37:36.585 2469 2469 E DeviceConfigTelemetryLogger: onFailure(exception)
03-01 11:37:36.594 2469 2469 E DeviceConfigTelemetryLogger: onFailure(exception)
03-01 11:37:36.597 2469 2469 D VrGuardianUserService: DeviceConfig - onFailure - Error: exception
03-01 11:37:36.598 2469 2469 E DeviceConfigTelemetryLogger: onFailure(exception)
