03-01 11:37:50.015 2469 2469 E DeviceConfigTelemetryLogger: onFailure(exception)
03-01 11:37:50.015 2469 2469 D VrGuardianUserService: DeviceConfig - onFailure - Error: exception
03-01 11:37:50.017 2469 2469 E DeviceConfigTelemetryLogger: onFailure(exception)
03-01 11:37:50.017 2469 2469 D VrGuardianUserService: DeviceConfig - onFailure - Error: exception
03-01 11:37:50.017 2469 2469 E DeviceConfigTelemetryLogger: onFailure(exception)
03-01 11:37:50.017 2469 2469 D VrGuardianUserService: DeviceConfig - onFailure - Error: exception
03-01 11:37:50.017 2469 2469 E DeviceConfigTelemetryLogger: onFailure(exception)
03-01 11:37:50.025 2911 2911 W [SUI] DeviceConfigHelper: Try to get config param oculus_systemux:oculus_sysux_library_filter_view before Device Config has subscribed to the service.
03-01 11:37:50.030 2738 3168 W DeviceConfigUtil: Try to get config param "oculus_presence_service:party_service_in_presence_service" before Device Config has subscribed to the service.
03-01 11:37:50.032 2981 2981 V MIGHTY_LOG: DeviceDataManager: successfully sent device data to server {"currentForegroundApp":{"className":"com.oculus.explore.PanelService","hmdOnUser":false,"lastUpdated":{"nanoseconds":244000000,"seconds":1677699469},"packageName":"com.oculus.explore","title":"Explore"}}
03-01 11:37:50.032 2469 2469 D VrGuardianUserService: DeviceConfig - onFailure - Error: exception
03-01 11:37:50.035 2469 2469 E DeviceConfigTelemetryLogger: onFailure(exception)
03-01 11:37:50.036 2469 2469 D VrGuardianUserService: DeviceConfig - onFailure - Error: exception
03-01 11:37:50.036 2469 2469 E DeviceConfigTelemetryLogger: onFailure(exception)
03-01 11:37:50.036 2469 2469 D VrGuardianUserService: DeviceConfig - onFailure - Error: exception
03-01 11:37:50.036 2469 2469 D MobileConfigBaseClient: Connected to MobileConfigService
03-01 11:37:50.039 2469 2469 E DeviceConfigTelemetryLogger: onFailure(exception)
03-01 11:37:50.039 2469 2469 D VrGuardianUserService: DeviceConfig - onFailure - Error: exception
03-01 11:37:50.039 2469 2469 E DeviceConfigTelemetryLogger: onFailure(exception)
03-01 11:37:50.039 2469 2469 D VrGuardianUserService: DeviceConfig - onFailure - Error: exception
03-01 11:37:50.040 2469 2469 E DeviceConfigTelemetryLogger: onFailure(exception)
03-01 11:37:50.040 2469 2469 D VrGuardianUserService: DeviceConfig - onFailure - Error: exception
03-01 11:37:50.040 2469 2469 E DeviceConfigTelemetryLogger: onFailure(exception)
03-01 11:37:50.040 2469 2469 D VrGuardianUserService: DeviceConfig - onFailure - Error: exception
03-01 11:37:50.040 2469 2469 E DeviceConfigTelemetryLogger: onFailure(exception)
03-01 11:37:50.040 2469 2469 D VrGuardianUserService: DeviceConfig - onFailure - Error: exception
03-01 11:37:50.047 2469 2469 E DeviceConfigTelemetryLogger: onFailure(exception)
03-01 11:37:50.047 2469 2469 D VrGuardianUserService: DeviceConfig - onFailure - Error: exception
03-01 11:37:50.056 2469 2469 E DeviceConfigTelemetryLogger: onFailure(exception)
03-01 11:37:50.056 2469 2469 D VrGuardianUserService: DeviceConfig - onFailure - Error: exception
03-01 11:37:50.064 2469 2469 E DeviceConfigTelemetryLogger: onFailure(exception)
03-01 11:37:50.064 2469 2469 D VrGuardianUserService: DeviceConfig - onFailure - Error: exception
03-01 11:37:50.066 2469 2469 E DeviceConfigTelemetryLogger: onFailure(exception)
03-01 11:37:50.066 2469 2469 D VrGuardianUserService: DeviceConfig - onFailure - Error: exception
03-01 11:37:50.068 2469 2469 E DeviceConfigTelemetryLogger: onFailure(exception)
03-01 11:37:50.068 2469 2469 D VrGuardianUserService: DeviceConfig - onFailure - Error: exception
03-01 11:37:50.069 5815 5857 I RCTAudio: RCTAudioModule::PlayOneShot src:'sfx_hover'
03-01 11:37:50.075 2469 2469 E DeviceConfigTelemetryLogger: onFailure(exception)
03-01 11:37:50.075 2469 2469 D VrGuardianUserService: DeviceConfig - onFailure - Error: exception
03-01 11:37:50.079 3628 5595 I GkCacheQuerierClient: Loaded GK 'oculus_trex_haptics_killsw' value = false from file cache.
03-01 11:37:50.079 2469 2469 E DeviceConfigTelemetryLogger: onFailure(exception)
03-01 11:37:50.079 2469 2469 D VrGuardianUserService: DeviceConfig - onFailure - Error: exception
03-01 11:37:50.087 5489 5521 I Clay : OpenXRSystem - notifyFaceTrackingRequestStop, 0
03-01 11:37:50.087 5489 5521 I Clay : OpenXRSystem - notifyEyeTrackingRequestStop, 0
03-01 11:37:50.090 3628 5595 I [SEO] PanelAppHost: Setting panel layer visibility of layer "controlbar4" to visible, panel 4 (com.oculus.systemux/com.oculus.panelapp.controlbar.ControlBarPanelService)
03-01 11:37:50.094 2469 2469 E DeviceConfigTelemetryLogger: onFailure(exception)
03-01 11:37:50.094 2469 2469 D VrGuardianUserService: DeviceConfig - onFailure - Error: exception
03-01 11:37:50.095 2469 2469 E DeviceConfigTelemetryLogger: onFailure(exception)
03-01 11:37:50.095 2469 2469 D VrGuardianUserService: DeviceConfig - onFailure - Error: exception
03-01 11:37:50.097 2469 2469 E DeviceConfigTelemetryLogger: onFailure(exception)
03-01 11:37:50.110 2469 2469 E DeviceConfigTelemetryLogger: onFailure(exception)
03-01 11:37:50.110 2469 2469 D VrGuardianUserService: DeviceConfig - onFailure - Error: exception
03-01 11:37:50.111 2469 2469 E DeviceConfigTelemetryLogger: onFailure(exception)
03-01 11:37:50.111 2469 2469 D VrGuardianUserService: DeviceConfig - onFailure - Error: exception
03-01 11:37:50.113 2469 2469 E DeviceConfigTelemetryLogger: onFailure(exception)
03-01 11:37:50.113 2469 2469 D VrGuardianUserService: DeviceConfig - onFailure - Error: exception
03-01 11:37:50.129 2469 2469 E DeviceConfigTelemetryLogger: onFailure(exception)
03-01 11:37:50.129 2469 2469 D VrGuardianUserService: DeviceConfig - onFailure - Error: exception
03-01 11:37:50.129 2469 2469 E DeviceConfigTelemetryLogger: onFailure(exception)
03-01 11:37:50.129 2469 2469 D VrGuardianUserService: DeviceConfig - onFailure - Error: exception
03-01 11:37:50.132 2469 2469 E DeviceConfigTelemetryLogger: onFailure(exception)
03-01 11:37:50.132 2469 2469 D VrGuardianUserService: DeviceConfig - onFailure - Error: exception
03-01 11:37:50.132 2469 2469 E DeviceConfigTelemetryLogger: onFailure(exception)
03-01 11:37:50.132 2469 2469 D VrGuardianUserService: DeviceConfig - onFailure - Error: exception
03-01 11:37:50.132 2469 2469 E DeviceConfigTelemetryLogger: onFailure(exception)
03-01 11:37:50.133 2469 2469 D VrGuardianUserService: DeviceConfig - onFailure - Error: exception
03-01 11:37:50.134 2469 2469 E DeviceConfigTelemetryLogger: onFailure(exception)
03-01 11:37:50.134 2469 2469 D VrGuardianUserService: DeviceConfig - onFailure - Error: exception
03-01 11:37:50.134 2469 2469 E DeviceConfigTelemetryLogger: onFailure(exception)
03-01 11:37:50.134 2469 2469 D VrGuardianUserService: DeviceConfig - onFailure - Error: exception
03-01 11:37:50.136 2469 2469 E DeviceConfigTelemetryLogger: onFailure(exception)
03-01 11:37:50.136 2469 2469 D VrGuardianUserService: DeviceConfig - onFailure - Error: exception
03-01 11:37:50.136 2469 2469 E DeviceConfigTelemetryLogger: onFailure(exception)
03-01 11:37:50.155 2469 2469 E DeviceConfigTelemetryLogger: onFailure(exception)
03-01 11:37:50.155 2469 2469 D VrGuardianUserService: DeviceConfig - onFailure - Error: exception
03-01 11:37:50.157 2469 2469 E DeviceConfigTelemetryLogger: onFailure(exception)
03-01 11:37:50.177 2469 2469 E DeviceConfigTelemetryLogger: onFailure(exception)
03-01 11:37:50.177 2469 2469 D VrGuardianUserService: DeviceConfig - onFailure - Error: exception
03-01 11:37:50.198 2469 2469 E DeviceConfigTelemetryLogger: onFailure(exception)
03-01 11:37:50.198 2469 2469 D VrGuardianUserService: DeviceConfig - onFailure - Error: exception
03-01 11:37:50.198 2469 2469 E DeviceConfigTelemetryLogger: onFailure(exception)
03-01 11:37:50.198 2469 2469 D VrGuardianUserService: DeviceConfig - onFailure - Error: exception
03-01 11:37:50.199 2469 2469 E DeviceConfigTelemetryLogger: onFailure(exception)
03-01 11:37:50.199 2469 2469 D VrGuardianUserService: DeviceConfig - onFailure - Error: exception
03-01 11:37:50.199 2469 2469 E DeviceConfigTelemetryLogger: onFailure(exception)
03-01 11:37:50.199 2469 2469 D VrGuardianUserService: DeviceConfig - onFailure - Error: exception
03-01 11:37:50.199 2469 2469 E DeviceConfigTelemetryLogger: onFailure(exception)
03-01 11:37:50.199 2469 2469 D VrGuardianUserService: DeviceConfig - onFailure - Error: exception
03-01 11:37:50.199 2469 2469 E DeviceConfigTelemetryLogger: onFailure(exception)
03-01 11:37:50.199 2469 2469 D VrGuardianUserService: DeviceConfig - onFailure - Error: exception
03-01 11:37:50.208 5815 5857 I RCTAudio: RCTAudioModule::PlayOneShot src:'sfx_hover'
03-01 11:37:50.218 3628 5595 I GkCacheQuerierClient: Loaded GK 'oculus_trex_haptics_killsw' value = false from file cache.
03-01 11:37:50.237 2469 2469 E DeviceConfigTelemetryLogger: onFailure(exception)
03-01 11:37:50.237 2469 2469 D VrGuardianUserService: DeviceConfig - onFailure - Error: exception
03-01 11:37:50.239 2469 2469 E DeviceConfigTelemetryLogger: onFailure(exception)
03-01 11:37:50.239 2469 2469 D VrGuardianUserService: DeviceConfig - onFailure - Error: exception
03-01 11:37:50.252 5815 5857 I RCTAudio: RCTAudioModule::PlayOneShot src:'sfx_hover'
03-01 11:37:50.255 3628 5710 I InputDevice_TrackedRemote: Using new float conversion.
03-01 11:37:50.256 2469 3985 I InputDevice_TrackedRemote: Using new float conversion.
03-01 11:37:50.265 2469 2469 E DeviceConfigTelemetryLogger: onFailure(exception)
03-01 11:37:50.265 2469 2469 D VrGuardianUserService: DeviceConfig - onFailure - Error: exception
03-01 11:37:50.271 2469 5944 E MobileConfigBaseClient: Timed out trying to connect to MobileConfigService.
03-01 11:37:50.280 2469 5944 E DeviceConfigTelemetryLogger: onFailure(Could not connect to MobileConfigService)
03-01 11:37:50.280 2469 5944 D VrGuardianUserService: DeviceConfig - onFailure - Error: Could not connect to MobileConfigService
03-01 11:37:50.292 2469 2469 E DeviceConfigTelemetryLogger: onFailure(exception)
03-01 11:37:50.292 2469 2469 D VrGuardianUserService: DeviceConfig - onFailure - Error: exception
03-01 11:37:50.296 1968 3433 I MobileConfigFactoryImpl: Registered SESSIONLESS factory change listener: ok
03-01 11:37:50.299 2469 2469 E DeviceConfigTelemetryLogger: onFailure(exception)
03-01 11:37:50.299 2469 2469 D VrGuardianUserService: DeviceConfig - onFailure - Error: exception
03-01 11:37:50.303 2469 2469 E DeviceConfigTelemetryLogger: onFailure(exception)
03-01 11:37:50.303 2469 2469 D VrGuardianUserService: DeviceConfig - onFailure - Error: exception
03-01 11:37:50.303 2469 2469 E DeviceConfigTelemetryLogger: onFailure(exception)
03-01 11:37:50.303 2469 2469 D VrGuardianUserService: DeviceConfig - onFailure - Error: exception
03-01 11:37:50.303 2469 2469 E DeviceConfigTelemetryLogger: onFailure(exception)
03-01 11:37:50.303 2469 2469 D VrGuardianUserService: DeviceConfig - onFailure - Error: exception
03-01 11:37:50.304 2469 2469 E DeviceConfigTelemetryLogger: onFailure(exception)
03-01 11:37:50.304 2469 2469 D VrGuardianUserService: DeviceConfig - onFailure - Error: exception
03-01 11:37:50.307 853 1331 I [CT] : boltlib: DSP utilization: 10.48 % (523 / 5000 ms)
03-01 11:37:50.308 2469 2469 E DeviceConfigTelemetryLogger: onFailure(exception)
03-01 11:37:50.308 2469 2469 D VrGuardianUserService: DeviceConfig - onFailure - Error: exception
03-01 11:37:50.309 2469 2469 E DeviceConfigTelemetryLogger: onFailure(exception)
03-01 11:37:50.309 2469 2469 D VrGuardianUserService: DeviceConfig - onFailure - Error: exception
03-01 11:37:50.309 2469 2469 E DeviceConfigTelemetryLogger: onFailure(exception)
03-01 11:37:50.309 2469 2469 D VrGuardianUserService: DeviceConfig - onFailure - Error: exception
03-01 11:37:50.311 1968 3433 I MobileConfigFactoryImpl: Set Java EP Handler
03-01 11:37:50.311 2469 2469 E DeviceConfigTelemetryLogger: onFailure(exception)
03-01 11:37:50.311 2469 2469 D VrGuardianUserService: DeviceConfig - onFailure - Error: exception
03-01 11:37:50.311 2469 2469 E DeviceConfigTelemetryLogger: onFailure(exception)
03-01 11:37:50.312 2469 2469 D VrGuardianUserService: DeviceConfig - onFailure - Error: exception
03-01 11:37:50.312 2469 2469 E DeviceConfigTelemetryLogger: onFailure(exception)
03-01 11:37:50.312 2469 2469 D VrGuardianUserService: DeviceConfig - onFailure - Error: exception
03-01 11:37:50.313 5815 5857 I RCTAudio: RCTAudioModule::PlayOneShot src:'sfx_hover'
03-01 11:37:50.315 2469 2469 E DeviceConfigTelemetryLogger: onFailure(exception)
03-01 11:37:50.315 2469 2469 D VrGuardianUserService: DeviceConfig - onFailure - Error: exception
03-01 11:37:50.316 2469 2469 E DeviceConfigTelemetryLogger: onFailure(exception)
03-01 11:37:50.316 2469 2469 D VrGuardianUserService: DeviceConfig - onFailure - Error: exception
03-01 11:37:50.316 2469 2469 E DeviceConfigTelemetryLogger: onFailure(exception)
03-01 11:37:50.316 2469 2469 D VrGuardianUserService: DeviceConfig - onFailure - Error: exception
03-01 11:37:50.328 2469 2469 E DeviceConfigTelemetryLogger: onFailure(exception)
03-01 11:37:50.328 2469 2469 D VrGuardianUserService: DeviceConfig - onFailure - Error: exception
03-01 11:37:50.328 2469 2469 E DeviceConfigTelemetryLogger: onFailure(exception)
03-01 11:37:50.328 2469 2469 D VrGuardianUserService: DeviceConfig - onFailure - Error: exception
03-01 11:37:50.329 853 1223 I [CT] : Vega:SubmapPublisher: Tracking parent changed from 293f4375-a7dd-9123-7b40-00d038161d4f to 60b01db4-57b6-990d-ecbd-e022c6cb378f -> Publish
03-01 11:37:50.329 853 1223 I [CT] : Vega:SubmapPublisher: Start to publish submaps, found candidates: 2
03-01 11:37:50.329 853 1223 E [CT] : SubmapRecords: findSubmapId found 2 submap records hold the same query krHandle
03-01 11:37:50.332 2469 2469 E DeviceConfigTelemetryLogger: onFailure(exception)
03-01 11:37:50.332 2469 2469 D VrGuardianUserService: DeviceConfig - onFailure - Error: exception
03-01 11:37:50.333 2469 2469 E DeviceConfigTelemetryLogger: onFailure(exception)
03-01 11:37:50.333 2469 2469 D VrGuardianUserService: DeviceConfig - onFailure - Error: exception
03-01 11:37:50.333 2469 2469 E DeviceConfigTelemetryLogger: onFailure(exception)
03-01 11:37:50.333 2469 2469 D VrGuardianUserService: DeviceConfig - onFailure - Error: exception
03-01 11:37:50.333 2469 2469 E DeviceConfigTelemetryLogger: onFailure(exception)
03-01 11:37:50.333 2469 2469 D VrGuardianUserService: DeviceConfig - onFailure - Error: exception
03-01 11:37:50.334 2469 2469 E DeviceConfigTelemetryLogger: onFailure(exception)
03-01 11:37:50.334 2469 2469 D VrGuardianUserService: DeviceConfig - onFailure - Error: exception
03-01 11:37:50.334 2469 2469 E DeviceConfigTelemetryLogger: onFailure(exception)
03-01 11:37:50.334 2469 2469 D VrGuardianUserService: DeviceConfig - onFailure - Error: exception
03-01 11:37:50.334 3628 5595 I GkCacheQuerierClient: Loaded GK 'oculus_trex_haptics_killsw' value = false from file cache.
03-01 11:37:50.334 2469 2469 E DeviceConfigTelemetryLogger: onFailure(exception)
03-01 11:37:50.334 2469 2469 D VrGuardianUserService: DeviceConfig - onFailure - Error: exception
03-01 11:37:50.337 2469 2469 E DeviceConfigTelemetryLogger: onFailure(exception)
03-01 11:37:50.337 2469 2469 D VrGuardianUserService: DeviceConfig - onFailure - Error: exception
03-01 11:37:50.338 2469 2469 E DeviceConfigTelemetryLogger: onFailure(exception)
03-01 11:37:50.339 2469 2469 D VrGuardianUserService: DeviceConfig - onFailure - Error: exception
03-01 11:37:50.343 2469 2469 E DeviceConfigTelemetryLogger: onFailure(exception)
03-01 11:37:50.343 2469 2469 D VrGuardianUserService: DeviceConfig - onFailure - Error: exception
03-01 11:37:50.343 2469 2469 E DeviceConfigTelemetryLogger: onFailure(exception)
03-01 11:37:50.343 2469 2469 D VrGuardianUserService: DeviceConfig - onFailure - Error: exception
03-01 11:37:50.344 2469 2469 E DeviceConfigTelemetryLogger: onFailure(exception)
03-01 11:37:50.344 2469 2469 D VrGuardianUserService: DeviceConfig - onFailure - Error: exception
03-01 11:37:50.344 2469 2469 E DeviceConfigTelemetryLogger: onFailure(exception)
03-01 11:37:50.344 2469 2469 D VrGuardianUserService: DeviceConfig - onFailure - Error: exception
03-01 11:37:50.349 2469 2469 E DeviceConfigTelemetryLogger: onFailure(exception)
03-01 11:37:50.349 2469 2469 D VrGuardianUserService: DeviceConfig - onFailure - Error: exception
03-01 11:37:50.354 2469 2469 E DeviceConfigTelemetryLogger: onFailure(exception)
03-01 11:37:50.354 2469 2469 D VrGuardianUserService: DeviceConfig - onFailure - Error: exception
03-01 11:37:50.358 2469 2469 E DeviceConfigTelemetryLogger: onFailure(exception)
03-01 11:37:50.358 2469 2469 D VrGuardianUserService: DeviceConfig - onFailure - Error: exception
03-01 11:37:50.361 2469 2469 E DeviceConfigTelemetryLogger: onFailure(exception)
03-01 11:37:50.361 853 3291 I [CT] : CONSTELLATION:VISION_STATUS: de088e026ac4e527 (R): BlobDetection:[#BlobsDetected=(12.58, 2.47)]Matching:[MatchSuccess=1.000, MatchCost=(0.00296, 0.00000), #MatchedBlobs=(9.09, 1.27), #MatchedLeds=(5.86, 0.34), RematchM=0.000, SkipRefine=0.000] MatchMethod:[Prox=1.000, ConstBrute=0.000, UnconstBrute=0.000] MatchResets[AnomBlobSize=0.000, SharedMatch=0.000, DenseReacq=0.000] | Fusion:[FusionError=0.000, ImuFromCamMs=(10.240, 0.916), RematchF=0.020] FusionUpdates:[Successful=1.000, Reliable=0.997, TightFusion=1.000, FullPose=0.000, StaticPrior=0.000, StaticForHandTrans=0.007, PoseUpdateMD=(0.0000, 0.0000)] FusionResets[6DoFReset=0.000, ResetSuccess=0.000] FusionStatus[HasPosition=1.000, HasVelocity=1.000]
03-01 11:37:50.361 2469 2469 D VrGuardianUserService: DeviceConfig - onFailure - Error: exception
03-01 11:37:50.361 2469 2469 E DeviceConfigTelemetryLogger: onFailure(exception)
03-01 11:37:50.361 2469 2469 D VrGuardianUserService: DeviceConfig - onFailure - Error: exception
03-01 11:37:50.361 2469 2469 E DeviceConfigTelemetryLogger: onFailure(exception)
03-01 11:37:50.362 2469 2469 D VrGuardianUserService: DeviceConfig - onFailure - Error: exception
03-01 11:37:50.362 2469 2469 E DeviceConfigTelemetryLogger: onFailure(exception)
03-01 11:37:50.362 2469 2469 D VrGuardianUserService: DeviceConfig - onFailure - Error: exception
03-01 11:37:50.362 2469 2469 E DeviceConfigTelemetryLogger: onFailure(exception)
03-01 11:37:50.362 2469 2469 D VrGuardianUserService: DeviceConfig - onFailure - Error: exception
03-01 11:37:50.362 2469 2469 E DeviceConfigTelemetryLogger: onFailure(exception)
03-01 11:37:50.362 2469 2469 D VrGuardianUserService: DeviceConfig - onFailure - Error: exception
03-01 11:37:50.362 2469 2469 E DeviceConfigTelemetryLogger: onFailure(exception)
03-01 11:37:50.362 2469 2469 D VrGuardianUserService: DeviceConfig - onFailure - Error: exception
03-01 11:37:50.363 2469 2469 E DeviceConfigTelemetryLogger: onFailure(exception)
03-01 11:37:50.363 2469 2469 D VrGuardianUserService: DeviceConfig - onFailure - Error: exception
03-01 11:37:50.363 2469 2469 E DeviceConfigTelemetryLogger: onFailure(exception)
03-01 11:37:50.363 2469 2469 D VrGuardianUserService: DeviceConfig - onFailure - Error: exception
03-01 11:37:50.363 2469 2469 E DeviceConfigTelemetryLogger: onFailure(exception)
03-01 11:37:50.363 2469 2469 D VrGuardianUserService: DeviceConfig - onFailure - Error: exception
03-01 11:37:50.363 2469 2469 E DeviceConfigTelemetryLogger: onFailure(exception)
03-01 11:37:50.363 2469 2469 D VrGuardianUserService: DeviceConfig - onFailure - Error: exception
03-01 11:37:50.364 2469 2469 E DeviceConfigTelemetryLogger: onFailure(exception)
03-01 11:37:50.364 2469 2469 D VrGuardianUserService: DeviceConfig - onFailure - Error: exception
03-01 11:37:50.364 2469 2469 E DeviceConfigTelemetryLogger: onFailure(exception)
03-01 11:37:50.364 2469 2469 D VrGuardianUserService: DeviceConfig - onFailure - Error: exception
03-01 11:37:50.364 2469 2469 E DeviceConfigTelemetryLogger: onFailure(exception)
03-01 11:37:50.364 2469 2469 D VrGuardianUserService: DeviceConfig - onFailure - Error: exception
03-01 11:37:50.367 2469 2469 E DeviceConfigTelemetryLogger: onFailure(exception)
03-01 11:37:50.367 2469 2469 D VrGuardianUserService: DeviceConfig - onFailure - Error: exception
03-01 11:37:50.367 2469 2469 E DeviceConfigTelemetryLogger: onFailure(exception)
03-01 11:37:50.367 2469 2469 D VrGuardianUserService: DeviceConfig - onFailure - Error: exception
03-01 11:37:50.368 2469 2469 E DeviceConfigTelemetryLogger: onFailure(exception)
03-01 11:37:50.368 2469 2469 D VrGuardianUserService: DeviceConfig - onFailure - Error: exception
03-01 11:37:50.368 2469 2469 E DeviceConfigTelemetryLogger: onFailure(exception)
03-01 11:37:50.368 2469 2469 D VrGuardianUserService: DeviceConfig - onFailure - Error: exception
03-01 11:37:50.369 2469 2469 E DeviceConfigTelemetryLogger: onFailure(exception)
03-01 11:37:50.369 2469 2469 D VrGuardianUserService: DeviceConfig - onFailure - Error: exception
03-01 11:37:50.370 2469 2469 E DeviceConfigTelemetryLogger: onFailure(exception)
03-01 11:37:50.370 2469 2469 D VrGuardianUserService: DeviceConfig - onFailure - Error: exception
03-01 11:37:50.370 2469 2469 E DeviceConfigTelemetryLogger: onFailure(exception)
03-01 11:37:50.370 2469 2469 D VrGuardianUserService: DeviceConfig - onFailure - Error: exception
03-01 11:37:50.371 2469 2469 E DeviceConfigTelemetryLogger: onFailure(exception)
03-01 11:37:50.371 2469 2469 D VrGuardianUserService: DeviceConfig - onFailure - Error: exception
03-01 11:37:50.372 2469 2469 E DeviceConfigTelemetryLogger: onFailure(exception)
03-01 11:37:50.374 2469 2469 D VrGuardianUserService: DeviceConfig - onFailure - Error: exception
03-01 11:37:50.374 2469 2469 E DeviceConfigTelemetryLogger: onFailure(exception)
03-01 11:37:50.374 2469 2469 D VrGuardianUserService: DeviceConfig - onFailure - Error: exception
03-01 11:37:50.374 2469 2469 E DeviceConfigTelemetryLogger: onFailure(exception)
03-01 11:37:50.376 2469 2469 D VrGuardianUserService: DeviceConfig - onFailure - Error: exception
03-01 11:37:50.377 2469 2469 E DeviceConfigTelemetryLogger: onFailure(exception)
03-01 11:37:50.379 2981 2981 V MIGHTY_LOG: VRSessionManager: VR SESSION THRESHOLD HIT
03-01 11:37:50.380 2981 2981 V MIGHTY_LOG: VRSessionManager: START NEW SESSION
03-01 11:37:50.382 2407 6224 E FetchContextualTipsQueryCallback: Failed to fetch contextual tips from server
03-01 11:37:50.382 2407 6224 E FetchContextualTipsQueryCallback: java.net.SocketTimeoutException: failed to connect to graph.oculus.com/157.240.22.49 (port 443) from /10.0.0.45 (port 59284) after 10000ms
03-01 11:37:50.382 2407 6224 E FetchContextualTipsQueryCallback: at libcore.io.IoBridge.connectErrno(IoBridge.java:191)
03-01 11:37:50.382 2407 6224 E FetchContextualTipsQueryCallback: at libcore.io.IoBridge.connect(IoBridge.java:135)
03-01 11:37:50.382 2407 6224 E FetchContextualTipsQueryCallback: at java.net.PlainSocketImpl.socketConnect(PlainSocketImpl.java:142)
03-01 11:37:50.382 2407 6224 E FetchContextualTipsQueryCallback: at java.net.AbstractPlainSocketImpl.doConnect(AbstractPlainSocketImpl.java:390)
03-01 11:37:50.382 2407 6224 E FetchContextualTipsQueryCallback: at java.net.AbstractPlainSocketImpl.connectToAddress(AbstractPlainSocketImpl.java:230)
03-01 11:37:50.382 2407 6224 E FetchContextualTipsQueryCallback: at java.net.AbstractPlainSocketImpl.connect(AbstractPlainSocketImpl.java:212)
03-01 11:37:50.382 2407 6224 E FetchContextualTipsQueryCallback: at java.net.SocksSocketImpl.connect(SocksSocketImpl.java:436)
03-01 11:37:50.382 2407 6224 E FetchContextualTipsQueryCallback: at java.net.Socket.connect(Socket.java:621)
03-01 11:37:50.382 2407 6224 E FetchContextualTipsQueryCallback: at X.14E.A00(:50)
03-01 11:37:50.382 2407 6224 E FetchContextualTipsQueryCallback: at X.149.A3f(:669)
03-01 11:37:50.382 2407 6224 E FetchContextualTipsQueryCallback: at X.14c.A00(:96)
03-01 11:37:50.382 2407 6224 E FetchContextualTipsQueryCallback: at X.14P.A3f(:453)
03-01 11:37:50.382 2407 6224 E FetchContextualTipsQueryCallback: at X.14c.A00(:96)
03-01 11:37:50.382 2407 6224 E FetchContextualTipsQueryCallback: at X.14B.A3f(:219)
03-01 11:37:50.382 2407 6224 E FetchContextualTipsQueryCallback: at X.14c.A00(:96)
03-01 11:37:50.382 2407 6224 E FetchContextualTipsQueryCallback: at X.146.A3f(:36)
03-01 11:37:50.382 2407 6224 E FetchContextualTipsQueryCallback: at X.14c.A00(:96)
03-01 11:37:50.382 2407 6224 E FetchContextualTipsQueryCallback: at X.11B.run(:602)
03-01 11:37:50.382 2407 6224 E FetchContextualTipsQueryCallback: at java.util.concurrent.ThreadPoolExecutor.runWorker(ThreadPoolExecutor.java:1167)
03-01 11:37:50.382 2407 6224 E FetchContextualTipsQueryCallback: at java.util.concurrent.ThreadPoolExecutor$Worker.run(ThreadPoolExecutor.java:641)
03-01 11:37:50.382 2407 6224 E FetchContextualTipsQueryCallback: at java.lang.Thread.run(Thread.java:919)
03-01 11:37:50.383 2407 6217 D ContextualTipsFetcher: Fetched all tips: null
03-01 11:37:50.384 2407 6217 E ContextualTipsCadence: A toast can not be shown right now for action: APP_LIBRARY_OPENED
03-01 11:37:50.390 2981 2981 V MIGHTY_LOG: [trace] ForegroundAppProvider: Current Foreground Package - com.oculus.explore, Class: com.oculus.explore.PanelService
03-01 11:37:50.398 2469 2469 E DeviceConfigTelemetryLogger: onFailure(exception)
03-01 11:37:50.398 2469 2469 D VrGuardianUserService: DeviceConfig - onFailure - Error: exception
03-01 11:37:50.399 2469 2469 E DeviceConfigTelemetryLogger: onFailure(exception)
03-01 11:37:50.399 2469 2469 D VrGuardianUserService: DeviceConfig - onFailure - Error: exception
03-01 11:37:50.399 2469 2469 E DeviceConfigTelemetryLogger: onFailure(exception)
03-01 11:37:50.399 2469 2469 D VrGuardianUserService: DeviceConfig - onFailure - Error: exception
03-01 11:37:50.399 2469 2469 E DeviceConfigTelemetryLogger: onFailure(exception)
03-01 11:37:50.399 2469 2469 D VrGuardianUserService: DeviceConfig - onFailure - Error: exception
03-01 11:37:50.400 2469 2469 E DeviceConfigTelemetryLogger: onFailure(exception)
03-01 11:37:50.400 2469 2469 D VrGuardianUserService: DeviceConfig - onFailure - Error: exception
03-01 11:37:50.400 2469 2469 E DeviceConfigTelemetryLogger: onFailure(exception)
03-01 11:37:50.400 2469 2469 D VrGuardianUserService: DeviceConfig - onFailure - Error: exception
03-01 11:37:50.400 2469 2469 E DeviceConfigTelemetryLogger: onFailure(exception)
03-01 11:37:50.400 2469 2469 D VrGuardianUserService: DeviceConfig - onFailure - Error: exception
03-01 11:37:50.401 2469 2469 E DeviceConfigTelemetryLogger: onFailure(exception)
03-01 11:37:50.401 2469 2469 D VrGuardianUserService: DeviceConfig - onFailure - Error: exception
03-01 11:37:50.401 2469 2469 E DeviceConfigTelemetryLogger: onFailure(exception)
03-01 11:37:50.401 2469 2469 D VrGuardianUserService: DeviceConfig - onFailure - Error: exception
03-01 11:37:50.401 2469 2469 E DeviceConfigTelemetryLogger: onFailure(exception)
03-01 11:37:50.401 2469 2469 D VrGuardianUserService: DeviceConfig - onFailure - Error: exception
03-01 11:37:50.402 2469 2469 E DeviceConfigTelemetryLogger: onFailure(exception)
03-01 11:37:50.402 2469 2469 D VrGuardianUserService: DeviceConfig - onFailure - Error: exception
03-01 11:37:50.402 2469 2469 E DeviceConfigTelemetryLogger: onFailure(exception)
03-01 11:37:50.402 2469 2469 D VrGuardianUserService: DeviceConfig - onFailure - Error: exception
03-01 11:37:50.403 2469 2469 E DeviceConfigTelemetryLogger: onFailure(exception)
03-01 11:37:50.403 2469 2469 D VrGuardianUserService: DeviceConfig - onFailure - Error: exception
03-01 11:37:50.403 2469 2469 E DeviceConfigTelemetryLogger: onFailure(exception)
03-01 11:37:50.403 2469 2469 D VrGuardianUserService: DeviceConfig - onFailure - Error: exception
03-01 11:37:50.404 2469 2469 E DeviceConfigTelemetryLogger: onFailure(exception)
03-01 11:37:50.404 2469 2469 D VrGuardianUserService: DeviceConfig - onFailure - Error: exception
03-01 11:37:50.404 2469 2469 E DeviceConfigTelemetryLogger: onFailure(exception)
03-01 11:37:50.404 2469 2469 D VrGuardianUserService: DeviceConfig - onFailure - Error: exception
03-01 11:37:50.406 2469 2469 E DeviceConfigTelemetryLogger: onFailure(exception)
03-01 11:37:50.407 2469 2469 D VrGuardianUserService: DeviceConfig - onFailure - Error: exception
03-01 11:37:50.407 2469 2469 E DeviceConfigTelemetryLogger: onFailure(exception)
03-01 11:37:50.408 2469 2469 D VrGuardianUserService: DeviceConfig - onFailure - Error: exception
03-01 11:37:50.409 2469 2469 E DeviceConfigTelemetryLogger: onFailure(exception)
03-01 11:37:50.409 2469 2469 D VrGuardianUserService: DeviceConfig - onFailure - Error: exception
03-01 11:37:50.409 2469 2469 E DeviceConfigTelemetryLogger: onFailure(exception)
03-01 11:37:50.409 2469 2469 D VrGuardianUserService: DeviceConfig - onFailure - Error: exception
03-01 11:37:50.410 2469 2469 E DeviceConfigTelemetryLogger: onFailure(exception)
03-01 11:37:50.410 2469 2469 D VrGuardianUserService: DeviceConfig - onFailure - Error: exception
03-01 11:37:50.410 2469 2469 E DeviceConfigTelemetryLogger: onFailure(exception)
03-01 11:37:50.410 2469 2469 D VrGuardianUserService: DeviceConfig - onFailure - Error: exception
03-01 11:37:50.451 852 852 I /system/bin/tombstoned: received crash request for pid 1903
03-01 11:37:50.451 852 852 I /system/bin/tombstoned: found intercept fd 512 for pid 1903 and type kDebuggerdJavaBacktrace
03-01 11:37:50.452 1062 1110 I system_server: libdebuggerd_client: done dumping process 1903
03-01 11:37:50.461 1062 1110 I ActivityManager: Collecting stacks for pid 1679
03-01 11:37:50.461 1062 1110 I system_server: libdebuggerd_client: started dumping process 1679
03-01 11:37:50.463 852 852 I /system/bin/tombstoned: registered intercept for pid 1679 and type kDebuggerdJavaBacktrace
03-01 11:37:50.463 1679 1698 I s.os.dialoghos: Thread[6,tid=1698,WaitingInMainSignalCatcherLoop,Thread*=0x772caee800,peer=0x13680128,"Signal Catcher"]: reacting to signal 3
03-01 11:37:50.463 1679 1698 I s.os.dialoghos:
03-01 11:37:50.488 1903 1916 I istence_servic: Wrote stack traces to tombstoned
03-01 11:37:50.504 5489 5707 I VrApi : FPS=79/90,Prd=35ms,Tear=0,Early=3,Stale=21,Stale2/5/10/max=4/1/0/5,VSnc=0,Lat=-1,Fov=0,CPU4/GPU=4/3,1478/490MHz,OC=FF,TA=0/70/0,SP=N/F/N,Mem=2092MHz,Free=2790MB,PLS=0,Temp=40.5C/0.0C,TW=2.32ms,App=6.94ms,GD=0.00ms,CPU&GPU=13.20ms,LCnt=3(DR0,LM0),GPU%=0.86,CPU%=0.25(W0.32),DSF=1.00,CFL=14.62/19.70
03-01 11:37:50.523 3628 5595 E TREX : Interface version 1 was not found. Check debug build for more information.
03-01 11:37:50.575 5815 5964 I OVR_MemBuffer: Couldn't open assets/libraries/ocicon/assets/oc_icon_chat_filled_24_d2d2d2@1.25x.png: No such file or directory
03-01 11:37:50.579 2469 2469 E DeviceConfigTelemetryLogger: onFailure(exception)
03-01 11:37:50.579 2469 2469 D VrGuardianUserService: DeviceConfig - onFailure - Error: exception
03-01 11:37:50.579 2469 2469 E DeviceConfigTelemetryLogger: onFailure(exception)
03-01 11:37:50.579 2469 2469 D VrGuardianUserService: DeviceConfig - onFailure - Error: exception
03-01 11:37:50.589 2469 5959 E MobileConfigBaseClient: Timed out trying to connect to MobileConfigService.
03-01 11:37:50.595 2469 5959 E DeviceConfigTelemetryLogger: onFailure(Could not connect to MobileConfigService)
03-01 11:37:50.595 2469 5959 D VrGuardianUserService: DeviceConfig - onFailure - Error: Could not connect to MobileConfigService
03-01 11:37:50.602 2469 2469 E DeviceConfigTelemetryLogger: onFailure(exception)
03-01 11:37:50.602 2469 2469 D VrGuardianUserService: DeviceConfig - onFailure - Error: exception
03-01 11:37:50.602 2469 2469 E DeviceConfigTelemetryLogger: onFailure(exception)
03-01 11:37:50.602 2469 2469 D VrGuardianUserService: DeviceConfig - onFailure - Error: exception
03-01 11:37:50.605 2469 2469 E DeviceConfigTelemetryLogger: onFailure(exception)
03-01 11:37:50.605 2469 2469 D VrGuardianUserService: DeviceConfig - onFailure - Error: exception
03-01 11:37:50.607 2469 5948 E MobileConfigBaseClient: Timed out trying to connect to MobileConfigService.
03-01 11:37:50.610 2469 2469 E DeviceConfigTelemetryLogger: onFailure(exception)
03-01 11:37:50.610 2469 2469 D VrGuardianUserService: DeviceConfig - onFailure - Error: exception
03-01 11:37:50.612 2469 5948 E DeviceConfigTelemetryLogger: onFailure(Could not connect to MobileConfigService)
03-01 11:37:50.612 2469 5948 D VrGuardianUserService: DeviceConfig - onFailure - Error: Could not connect to MobileConfigService
03-01 11:37:50.614 2469 4322 D VrGuardianUserService: SubscribeTask - Attempting Subscribe
03-01 11:37:50.626 2469 2469 E DeviceConfigTelemetryLogger: onFailure(exception)
03-01 11:37:50.626 2469 2469 D VrGuardianUserService: DeviceConfig - onFailure - Error: exception
03-01 11:37:50.627 2469 2469 E DeviceConfigTelemetryLogger: onFailure(exception)
03-01 11:37:50.627 2469 2469 D VrGuardianUserService: DeviceConfig - onFailure - Error: exception
03-01 11:37:50.627 5815 5857 I RCTAudio: RCTAudioModule::PlayOneShot src:'sfx_hover'
03-01 11:37:50.628 2469 5958 E MobileConfigBaseClient: Timed out trying to connect to MobileConfigService.
03-01 11:37:50.630 2469 5958 E DeviceConfigTelemetryLogger: onFailure(Could not connect to MobileConfigService)
03-01 11:37:50.630 2469 5958 D VrGuardianUserService: DeviceConfig - onFailure - Error: Could not connect to MobileConfigService
03-01 11:37:50.631 2469 2469 E DeviceConfigTelemetryLogger: onFailure(exception)
03-01 11:37:50.631 2469 2469 D VrGuardianUserService: DeviceConfig - onFailure - Error: exception
03-01 11:37:50.632 2469 2469 E DeviceConfigTelemetryLogger: onFailure(exception)
03-01 11:37:50.632 2469 2469 D VrGuardianUserService: DeviceConfig - onFailure - Error: exception
03-01 11:37:50.636 2469 2469 E DeviceConfigTelemetryLogger: onFailure(exception)
03-01 11:37:50.636 2469 2469 D VrGuardianUserService: DeviceConfig - onFailure - Error: exception
03-01 11:37:50.636 2469 2469 E DeviceConfigTelemetryLogger: onFailure(exception)
03-01 11:37:50.636 2469 2469 D VrGuardianUserService: DeviceConfig - onFailure - Error: exception
03-01 11:37:50.637 3628 5595 I GkCacheQuerierClient: Loaded GK 'oculus_trex_haptics_killsw' value = false from file cache.
03-01 11:37:50.637 2469 2469 E DeviceConfigTelemetryLogger: onFailure(exception)
03-01 11:37:50.637 2469 2469 D VrGuardianUserService: DeviceConfig - onFailure - Error: exception
03-01 11:37:50.642 2380 2398 I com.oculus.ocm: Background concurrent copying GC freed 43896(4370KB) AllocSpace objects, 22(440KB) LOS objects, 49% free, 7207KB/14MB, paused 7.961ms total 1.487s
03-01 11:37:50.644 2469 6385 D MobileConfigBaseClient: connect()
03-01 11:37:50.661 2469 6385 D MobileConfigBaseClient: awaitService()
03-01 11:37:50.666 2469 2469 E DeviceConfigTelemetryLogger: onFailure(exception)
03-01 11:37:50.666 2469 2469 D VrGuardianUserService: DeviceConfig - onFailure - Error: exception
03-01 11:37:50.666 2469 2469 E DeviceConfigTelemetryLogger: onFailure(exception)
03-01 11:37:50.667 2469 6386 D MobileConfigBaseClient: connect()
03-01 11:37:50.666 2469 2469 D VrGuardianUserService: DeviceConfig - onFailure - Error: exception
03-01 11:37:50.674 2469 6386 D MobileConfigBaseClient: awaitService()
03-01 11:37:50.670 2469 2469 E DeviceConfigTelemetryLogger: onFailure(exception)
03-01 11:37:50.675 2469 2469 D VrGuardianUserService: DeviceConfig - onFailure - Error: exception
03-01 11:37:50.689 2469 2469 E DeviceConfigTelemetryLogger: onFailure(exception)
03-01 11:37:50.689 2469 2469 D VrGuardianUserService: DeviceConfig - onFailure - Error: exception
03-01 11:37:50.689 2469 2469 E DeviceConfigTelemetryLogger: onFailure(exception)
03-01 11:37:50.689 2469 2469 D VrGuardianUserService: DeviceConfig - onFailure - Error: exception
03-01 11:37:50.690 2469 2469 E DeviceConfigTelemetryLogger: onFailure(exception)
03-01 11:37:50.690 2469 2469 D VrGuardianUserService: DeviceConfig - onFailure - Error: exception
03-01 11:37:50.696 2469 2469 E DeviceConfigTelemetryLogger: onFailure(exception)
03-01 11:37:50.696 2469 2469 D VrGuardianUserService: DeviceConfig - onFailure - Error: exception
03-01 11:37:50.701 2469 2469 E DeviceConfigTelemetryLogger: onFailure(exception)
03-01 11:37:50.701 2469 2469 D VrGuardianUserService: DeviceConfig - onFailure - Error: exception
03-01 11:37:50.702 2469 2469 E DeviceConfigTelemetryLogger: onFailure(exception)
03-01 11:37:50.702 2469 2469 D VrGuardianUserService: DeviceConfig - onFailure - Error: exception
03-01 11:37:50.702 2469 2469 E DeviceConfigTelemetryLogger: onFailure(exception)
03-01 11:37:50.702 2469 2469 D VrGuardianUserService: DeviceConfig - onFailure - Error: exception
03-01 11:37:50.730 2469 2469 E DeviceConfigTelemetryLogger: onFailure(exception)
03-01 11:37:50.730 2469 2469 D VrGuardianUserService: DeviceConfig - onFailure - Error: exception
03-01 11:37:50.742 2469 2469 E DeviceConfigTelemetryLogger: onFailure(exception)
03-01 11:37:50.742 2469 2469 D VrGuardianUserService: DeviceConfig - onFailure - Error: exception
03-01 11:37:50.742 2469 2469 E DeviceConfigTelemetryLogger: onFailure(exception)
03-01 11:37:50.742 2469 2469 D VrGuardianUserService: DeviceConfig - onFailure - Error: exception
03-01 11:37:50.780 2469 5950 E MobileConfigBaseClient: Timed out trying to connect to MobileConfigService.
03-01 11:37:50.780 2469 5956 E MobileConfigBaseClient: Timed out trying to connect to MobileConfigService.
03-01 11:37:50.794 2469 5954 E MobileConfigBaseClient: Timed out trying to connect to MobileConfigService.
03-01 11:37:50.802 2469 5953 E MobileConfigBaseClient: Timed out trying to connect to MobileConfigService.
03-01 11:37:50.807 2469 5960 E MobileConfigBaseClient: Timed out trying to connect to MobileConfigService.
03-01 11:37:50.832 2469 5955 E MobileConfigBaseClient: Timed out trying to connect to MobileConfigService.
03-01 11:37:50.841 2469 5950 E DeviceConfigTelemetryLogger: onFailure(Could not connect to MobileConfigService)
03-01 11:37:50.841 2469 5950 D VrGuardianUserService: DeviceConfig - onFailure - Error: Could not connect to MobileConfigService
03-01 11:37:50.841 2469 5956 E DeviceConfigTelemetryLogger: onFailure(Could not connect to MobileConfigService)
03-01 11:37:50.841 2469 5956 D VrGuardianUserService: DeviceConfig - onFailure - Error: Could not connect to MobileConfigService
03-01 11:37:50.842 2469 5954 E DeviceConfigTelemetryLogger: onFailure(Could not connect to MobileConfigService)
03-01 11:37:50.842 2469 5954 D VrGuardianUserService: DeviceConfig - onFailure - Error: Could not connect to MobileConfigService
03-01 11:37:50.843 2469 5953 E DeviceConfigTelemetryLogger: onFailure(Could not connect to MobileConfigService)
03-01 11:37:50.843 2469 5953 D VrGuardianUserService: DeviceConfig - onFailure - Error: Could not connect to MobileConfigService
03-01 11:37:50.843 2469 5960 E DeviceConfigTelemetryLogger: onFailure(Could not connect to MobileConfigService)
03-01 11:37:50.843 2469 5960 D VrGuardianUserService: DeviceConfig - onFailure - Error: Could not connect to MobileConfigService
03-01 11:37:50.843 2469 5955 E DeviceConfigTelemetryLogger: onFailure(Could not connect to MobileConfigService)
03-01 11:37:50.843 2469 5955 D VrGuardianUserService: DeviceConfig - onFailure - Error: Could not connect to MobileConfigService
03-01 11:37:50.850 2469 6021 E MobileConfigBaseClient: Timed out trying to connect to MobileConfigService.
03-01 11:37:50.850 2469 6021 E DeviceConfigTelemetryLogger: onFailure(Could not connect to MobileConfigService)
03-01 11:37:50.850 2469 6021 D VrGuardianUserService: DeviceConfig - onFailure - Error: Could not connect to MobileConfigService
03-01 11:37:50.858 2738 2754 I .socialplatfor: Background concurrent copying GC freed 37516(3471KB) AllocSpace objects, 19(380KB) LOS objects, 49% free, 3399KB/6798KB, paused 44us total 689.305ms
03-01 11:37:50.860 2469 2469 D MobileConfigBaseClient: Connected to MobileConfigService
03-01 11:37:50.863 2469 2469 E DeviceConfigTelemetryLogger: onFailure(exception)
03-01 11:37:50.863 2469 2469 D VrGuardianUserService: DeviceConfig - onFailure - Error: exception
03-01 11:37:50.863 2469 2469 E DeviceConfigTelemetryLogger: onFailure(exception)
03-01 11:37:50.870 2469 6017 E MobileConfigBaseClient: Timed out trying to connect to MobileConfigService.
03-01 11:37:50.873 2469 6017 E DeviceConfigTelemetryLogger: onFailure(Could not connect to MobileConfigService)
03-01 11:37:50.873 2469 6017 D VrGuardianUserService: DeviceConfig - onFailure - Error: Could not connect to MobileConfigService
03-01 11:37:50.881 2469 4554 D VrGuardianUserService: SubscribeTask - Attempting Subscribe
03-01 11:37:50.884 2469 2469 D VrGuardianUserService: DeviceConfig - onFailure - Error: exception
03-01 11:37:50.889 2469 3991 D VrGuardianUserService: SubscribeTask - Attempting Subscribe
03-01 11:37:50.889 2469 2469 E DeviceConfigTelemetryLogger: onFailure(exception)
03-01 11:37:50.890 2469 2469 D VrGuardianUserService: DeviceConfig - onFailure - Error: exception
03-01 11:37:50.891 853 3285 I [CT] : VIPER: Mode=SuperVega,Status=6DoF,TRACKING,Inl=28,Mem=90.8,Jit=0.5mm,Issues(Cam/min=0.0,IMU/min=0.0),Exp=(4.0ms,g=2.0,I=75,Ir=9545.4)(6.0ms,g=4.0,I=109,Ir=4539.0)(6.0ms,g=4.0,I=120,Ir=5019.7)(4.0ms,g=3.0,I=75,Ir=6406.3)
03-01 11:37:50.893 2469 6018 E MobileConfigBaseClient: Timed out trying to connect to MobileConfigService.
03-01 11:37:50.895 2469 6018 E DeviceConfigTelemetryLogger: onFailure(Could not connect to MobileConfigService)
03-01 11:37:50.895 2469 6018 D VrGuardianUserService: DeviceConfig - onFailure - Error: Could not connect to MobileConfigService
03-01 11:37:50.902 2469 3752 D VrGuardianUserService: SubscribeTask - Attempting Subscribe
03-01 11:37:50.903 2469 4392 D VrGuardianUserService: SubscribeTask - Attempting Subscribe
03-01 11:37:50.923 2469 6387 D MobileConfigBaseClient: connect()
03-01 11:37:50.927 2469 3854 D VrGuardianUserService: SubscribeTask - Attempting Subscribe
03-01 11:37:50.933 2469 2469 E DeviceConfigTelemetryLogger: onFailure(exception)
03-01 11:37:50.933 2469 2469 D VrGuardianUserService: DeviceConfig - onFailure - Error: exception
03-01 11:37:50.935 2469 6387 D MobileConfigBaseClient: awaitService()
03-01 11:37:50.938 5815 5857 I RCTAudio: RCTAudioModule::PlayOneShot src:'sfx_hover'
03-01 11:37:50.941 2469 3679 D VrGuardianUserService: SubscribeTask - Attempting Subscribe
03-01 11:37:50.950 3628 5595 I GkCacheQuerierClient: Loaded GK 'oculus_trex_haptics_killsw' value = false from file cache.
03-01 11:37:50.961 2469 3326 D VrGuardianUserService: SubscribeTask - Attempting Subscribe
03-01 11:37:50.962 2469 3185 D VrGuardianUserService: SubscribeTask - Attempting Subscribe
03-01 11:37:50.967 2469 6016 E MobileConfigBaseClient: Timed out trying to connect to MobileConfigService.
03-01 11:37:50.967 2469 6016 E DeviceConfigTelemetryLogger: onFailure(Could not connect to MobileConfigService)
03-01 11:37:50.967 2469 6016 D VrGuardianUserService: DeviceConfig - onFailure - Error: Could not connect to MobileConfigService
03-01 11:37:50.986 2469 6390 D MobileConfigBaseClient: connect()
03-01 11:37:50.996 2469 2469 E DeviceConfigTelemetryLogger: onFailure(exception)
03-01 11:37:51.001 2469 2469 D VrGuardianUserService: DeviceConfig - onFailure - Error: exception
03-01 11:37:51.001 2469 6390 D MobileConfigBaseClient: awaitService()
03-01 11:37:51.002 2469 2469 E DeviceConfigTelemetryLogger: onFailure(exception)
03-01 11:37:51.002 2469 2469 D VrGuardianUserService: DeviceConfig - onFailure - Error: exception
03-01 11:37:51.002 2469 2469 E DeviceConfigTelemetryLogger: onFailure(exception)
03-01 11:37:51.002 2469 2469 D VrGuardianUserService: DeviceConfig - onFailure - Error: exception
03-01 11:37:51.024 2469 2469 E DeviceConfigTelemetryLogger: onFailure(exception)
03-01 11:37:51.025 2469 2469 D VrGuardianUserService: DeviceConfig - onFailure - Error: exception
03-01 11:37:51.028 2469 3517 D VrGuardianUserService: SubscribeTask - Attempting Subscribe
03-01 11:37:51.032 2469 2469 E DeviceConfigTelemetryLogger: onFailure(exception)
03-01 11:37:51.032 2469 2469 D VrGuardianUserService: DeviceConfig - onFailure - Error: exception
03-01 11:37:51.037 2469 2469 E DeviceConfigTelemetryLogger: onFailure(exception)
03-01 11:37:51.037 2469 2469 D VrGuardianUserService: DeviceConfig - onFailure - Error: exception
03-01 11:37:51.037 2469 4243 D VrGuardianUserService: SubscribeTask - Attempting Subscribe
03-01 11:37:51.038 2469 2469 E DeviceConfigTelemetryLogger: onFailure(exception)
03-01 11:37:51.038 2469 2469 D VrGuardianUserService: DeviceConfig - onFailure - Error: exception
03-01 11:37:51.045 2469 6392 D MobileConfigBaseClient: connect()
03-01 11:37:51.049 2469 6394 D MobileConfigBaseClient: connect()
03-01 11:37:51.049 2469 6395 D MobileConfigBaseClient: connect()
03-01 11:37:51.051 2469 6388 D MobileConfigBaseClient: connect()
03-01 11:37:51.051 2469 6393 D MobileConfigBaseClient: connect()
03-01 11:37:51.051 2469 6389 D MobileConfigBaseClient: connect()
03-01 11:37:51.059 2469 3576 D VrGuardianUserService: SubscribeTask - Attempting Subscribe
03-01 11:37:51.061 2469 6393 D MobileConfigBaseClient: awaitService()
03-01 11:37:51.065 2469 6394 D MobileConfigBaseClient: awaitService()
03-01 11:37:51.067 2469 6389 D MobileConfigBaseClient: awaitService()
03-01 11:37:51.068 2469 6023 E MobileConfigBaseClient: Timed out trying to connect to MobileConfigService.
03-01 11:37:51.068 2469 6023 E DeviceConfigTelemetryLogger: onFailure(Could not connect to MobileConfigService)
03-01 11:37:51.068 2469 6023 D VrGuardianUserService: DeviceConfig - onFailure - Error: Could not connect to MobileConfigService
03-01 11:37:51.079 2469 3613 D VrGuardianUserService: SubscribeTask - Attempting Subscribe
03-01 11:37:51.079 2469 6388 D MobileConfigBaseClient: awaitService()
03-01 11:37:51.080 2632 3208 I Telemetry: App memory usage: PSS=22 MiB, PrivateDirty=13 MiB, PrivateClean=2 MiB, GPU=4.8/4.9 MiB (97% allocated)
03-01 11:37:51.081 2469 6392 D MobileConfigBaseClient: awaitService()
03-01 11:37:51.081 2469 6395 D MobileConfigBaseClient: awaitService()
03-01 11:37:51.094 2469 2469 E DeviceConfigTelemetryLogger: onFailure(exception)
03-01 11:37:51.094 2469 2469 D VrGuardianUserService: DeviceConfig - onFailure - Error: exception
03-01 11:37:51.095 2469 2469 E DeviceConfigTelemetryLogger: onFailure(exception)
03-01 11:37:51.095 2469 2469 D VrGuardianUserService: DeviceConfig - onFailure - Error: exception
03-01 11:37:51.095 2469 2469 E DeviceConfigTelemetryLogger: onFailure(exception)
03-01 11:37:51.095 2469 2469 D VrGuardianUserService: DeviceConfig - onFailure - Error: exception
03-01 11:37:51.095 2469 2469 E DeviceConfigTelemetryLogger: onFailure(exception)
03-01 11:37:51.095 2469 2469 D VrGuardianUserService: DeviceConfig - onFailure - Error: exception
03-01 11:37:51.096 2469 3454 D VrGuardianUserService: SubscribeTask - Attempting Subscribe
03-01 11:37:51.110 2469 6022 E MobileConfigBaseClient: Timed out trying to connect to MobileConfigService.
03-01 11:37:51.111 2469 6022 E DeviceConfigTelemetryLogger: onFailure(Could not connect to MobileConfigService)
03-01 11:37:51.111 2469 6022 D VrGuardianUserService: DeviceConfig - onFailure - Error: Could not connect to MobileConfigService
03-01 11:37:51.113 2469 6396 D MobileConfigBaseClient: connect()
03-01 11:37:51.117 2469 6397 D MobileConfigBaseClient: connect()
03-01 11:37:51.132 2469 6397 D MobileConfigBaseClient: awaitService()
03-01 11:37:51.132 2469 5067 D VrGuardianUserService: SubscribeTask - Attempting Subscribe
03-01 11:37:51.136 2469 2469 E DeviceConfigTelemetryLogger: onFailure(exception)
03-01 11:37:51.136 2469 2469 D VrGuardianUserService: DeviceConfig - onFailure - Error: exception
03-01 11:37:51.137 2469 2469 E DeviceConfigTelemetryLogger: onFailure(exception)
03-01 11:37:51.137 2469 2469 D VrGuardianUserService: DeviceConfig - onFailure - Error: exception
03-01 11:37:51.138 2469 4146 D VrGuardianUserService: SubscribeTask - Attempting Subscribe
03-01 11:37:51.148 2469 2469 E DeviceConfigTelemetryLogger: onFailure(exception)
03-01 11:37:51.148 2469 2469 D VrGuardianUserService: DeviceConfig - onFailure - Error: exception
03-01 11:37:51.150 2469 2469 E DeviceConfigTelemetryLogger: onFailure(exception)
03-01 11:37:51.150 2469 2469 D VrGuardianUserService: DeviceConfig - onFailure - Error: exception
03-01 11:37:51.152 2469 6398 D MobileConfigBaseClient: connect()
03-01 11:37:51.157 2469 2469 E DeviceConfigTelemetryLogger: onFailure(exception)
03-01 11:37:51.157 2469 2469 D VrGuardianUserService: DeviceConfig - onFailure - Error: exception
03-01 11:37:51.158 2469 6399 D MobileConfigBaseClient: connect()
03-01 11:37:51.159 2469 6401 D MobileConfigBaseClient: connect()
03-01 11:37:51.161 2469 6400 D MobileConfigBaseClient: connect()
03-01 11:37:51.164 2469 6401 D MobileConfigBaseClient: awaitService()
03-01 11:37:51.165 2469 2469 E DeviceConfigTelemetryLogger: onFailure(exception)
03-01 11:37:51.165 2469 2469 D VrGuardianUserService: DeviceConfig - onFailure - Error: exception
03-01 11:37:51.166 2469 6400 D MobileConfigBaseClient: awaitService()
03-01 11:37:51.168 2469 2469 E DeviceConfigTelemetryLogger: onFailure(exception)
03-01 11:37:51.168 2469 2469 D VrGuardianUserService: DeviceConfig - onFailure - Error: exception
03-01 11:37:51.170 2469 6396 D MobileConfigBaseClient: awaitService()
03-01 11:37:51.174 2469 2469 E DeviceConfigTelemetryLogger: onFailure(exception)
03-01 11:37:51.174 2469 2469 D VrGuardianUserService: DeviceConfig - onFailure - Error: exception
03-01 11:37:51.191 2469 6398 D MobileConfigBaseClient: awaitService()
03-01 11:37:51.191 2469 6399 D MobileConfigBaseClient: awaitService()
03-01 11:37:51.199 2469 2469 E DeviceConfigTelemetryLogger: onFailure(exception)
03-01 11:37:51.199 2469 2469 D VrGuardianUserService: DeviceConfig - onFailure - Error: exception
03-01 11:37:51.199 2469 2469 E DeviceConfigTelemetryLogger: onFailure(exception)
03-01 11:37:51.199 2469 2469 D VrGuardianUserService: DeviceConfig - onFailure - Error: exception
03-01 11:37:51.200 2469 2469 E DeviceConfigTelemetryLogger: onFailure(exception)
