03-01 11:37:34.841 2469 2469 D VrGuardianUserService: DeviceConfig - onFailure - Error: exception
03-01 11:37:34.856 2469 2469 E DeviceConfigTelemetryLogger: onFailure(exception)
03-01 11:37:34.857 2469 2469 D VrGuardianUserService: DeviceConfig - onFailure - Error: exception
03-01 11:37:34.859 2469 2469 E DeviceConfigTelemetryLogger: onFailure(exception)
03-01 11:37:34.859 2469 2469 D VrGuardianUserService: DeviceConfig - onFailure - Error: exception
03-01 11:37:34.859 2469 2469 E DeviceConfigTelemetryLogger: onFailure(exception)
03-01 11:37:34.859 2469 2469 D VrGuardianUserService: DeviceConfig - onFailure - Error: exception
03-01 11:37:34.859 2469 2469 E DeviceConfigTelemetryLogger: onFailure(exception)
03-01 11:37:34.867 2469 2469 D VrGuardianUserService: DeviceConfig - onFailure - Error: exception
03-01 11:37:34.868 2469 2469 E DeviceConfigTelemetryLogger: onFailure(exception)
03-01 11:37:34.868 2469 2469 D VrGuardianUserService: DeviceConfig - onFailure - Error: exception
03-01 11:37:34.869 2469 2469 E DeviceConfigTelemetryLogger: onFailure(exception)
03-01 11:37:34.869 2469 2469 D VrGuardianUserService: DeviceConfig - onFailure - Error: exception
03-01 11:37:34.869 2469 2469 E DeviceConfigTelemetryLogger: onFailure(exception)
03-01 11:37:34.869 2469 2469 D VrGuardianUserService: DeviceConfig - onFailure - Error: exception
03-01 11:37:34.885 2469 2469 E DeviceConfigTelemetryLogger: onFailure(exception)
03-01 11:37:34.885 2469 2469 D VrGuardianUserService: DeviceConfig - onFailure - Error: exception
03-01 11:37:34.895 2469 2469 E DeviceConfigTelemetryLogger: onFailure(exception)
03-01 11:37:34.895 2469 2469 D VrGuardianUserService: DeviceConfig - onFailure - Error: exception
03-01 11:37:34.898 2469 2469 E DeviceConfigTelemetryLogger: onFailure(exception)
03-01 11:37:34.898 2469 2469 D VrGuardianUserService: DeviceConfig - onFailure - Error: exception
03-01 11:37:34.909 2469 2469 E DeviceConfigTelemetryLogger: onFailure(exception)
03-01 11:37:34.910 2469 2469 D VrGuardianUserService: DeviceConfig - onFailure - Error: exception
03-01 11:37:34.914 2469 2469 E DeviceConfigTelemetryLogger: onFailure(exception)
03-01 11:37:34.914 2469 2469 D VrGuardianUserService: DeviceConfig - onFailure - Error: exception
03-01 11:37:34.915 2469 2469 E DeviceConfigTelemetryLogger: onFailure(exception)
03-01 11:37:34.915 2469 2469 D VrGuardianUserService: DeviceConfig - onFailure - Error: exception
03-01 11:37:34.915 2469 2469 E DeviceConfigTelemetryLogger: onFailure(exception)
03-01 11:37:34.919 2469 2469 D VrGuardianUserService: DeviceConfig - onFailure - Error: exception
03-01 11:37:34.933 2469 2469 E DeviceConfigTelemetryLogger: onFailure(exception)
03-01 11:37:34.933 2469 2469 D VrGuardianUserService: DeviceConfig - onFailure - Error: exception
03-01 11:37:34.939 2469 2469 E DeviceConfigTelemetryLogger: onFailure(exception)
03-01 11:37:34.939 2469 2469 D VrGuardianUserService: DeviceConfig - onFailure - Error: exception
03-01 11:37:34.944 2469 2469 E DeviceConfigTelemetryLogger: onFailure(exception)
03-01 11:37:34.944 2469 2469 D VrGuardianUserService: DeviceConfig - onFailure - Error: exception
03-01 11:37:34.945 2469 2469 E DeviceConfigTelemetryLogger: onFailure(exception)
03-01 11:37:34.945 2469 2469 D VrGuardianUserService: DeviceConfig - onFailure - Error: exception
03-01 11:37:34.949 2469 2469 E DeviceConfigTelemetryLogger: onFailure(exception)
03-01 11:37:34.949 2469 2469 D VrGuardianUserService: DeviceConfig - onFailure - Error: exception
03-01 11:37:34.949 2469 2469 E DeviceConfigTelemetryLogger: onFailure(exception)
03-01 11:37:34.949 2469 2469 D VrGuardianUserService: DeviceConfig - onFailure - Error: exception
03-01 11:37:34.949 2469 2469 E DeviceConfigTelemetryLogger: onFailure(exception)
03-01 11:37:34.956 2469 2469 D VrGuardianUserService: DeviceConfig - onFailure - Error: exception
03-01 11:37:34.959 2469 2469 E DeviceConfigTelemetryLogger: onFailure(exception)
03-01 11:37:34.959 2469 2469 D VrGuardianUserService: DeviceConfig - onFailure - Error: exception
03-01 11:37:34.967 2469 2469 E DeviceConfigTelemetryLogger: onFailure(exception)
03-01 11:37:34.968 2469 2469 D VrGuardianUserService: DeviceConfig - onFailure - Error: exception
03-01 11:37:34.968 2469 2469 E DeviceConfigTelemetryLogger: onFailure(exception)
03-01 11:37:34.968 2469 2469 D VrGuardianUserService: DeviceConfig - onFailure - Error: exception
03-01 11:37:34.972 2469 2469 E DeviceConfigTelemetryLogger: onFailure(exception)
03-01 11:37:34.973 2469 2469 D VrGuardianUserService: DeviceConfig - onFailure - Error: exception
03-01 11:37:34.983 2469 2469 E DeviceConfigTelemetryLogger: onFailure(exception)
03-01 11:37:34.990 2469 2469 E DeviceConfigTelemetryLogger: onFailure(exception)
03-01 11:37:34.990 2469 2469 D VrGuardianUserService: DeviceConfig - onFailure - Error: exception
03-01 11:37:34.992 2469 2469 E DeviceConfigTelemetryLogger: onFailure(exception)
03-01 11:37:34.992 2469 2469 D VrGuardianUserService: DeviceConfig - onFailure - Error: exception
03-01 11:37:34.996 2469 5465 D VrGuardianUserService: SubscribeTask - Attempting Subscribe
03-01 11:37:35.000 2469 2469 E DeviceConfigTelemetryLogger: onFailure(exception)
03-01 11:37:35.000 2469 2469 D VrGuardianUserService: DeviceConfig - onFailure - Error: exception
03-01 11:37:35.000 2469 2469 E DeviceConfigTelemetryLogger: onFailure(exception)
03-01 11:37:35.000 2469 2469 D VrGuardianUserService: DeviceConfig - onFailure - Error: exception
03-01 11:37:35.013 2469 2469 E DeviceConfigTelemetryLogger: onFailure(exception)
03-01 11:37:35.013 2469 2469 D VrGuardianUserService: DeviceConfig - onFailure - Error: exception
03-01 11:37:35.013 2469 2469 E DeviceConfigTelemetryLogger: onFailure(exception)
03-01 11:37:35.013 2469 2469 D VrGuardianUserService: DeviceConfig - onFailure - Error: exception
03-01 11:37:35.014 2469 2469 E DeviceConfigTelemetryLogger: onFailure(exception)
03-01 11:37:35.014 2469 2469 D VrGuardianUserService: DeviceConfig - onFailure - Error: exception
03-01 11:37:35.015 2469 2469 E DeviceConfigTelemetryLogger: onFailure(exception)
03-01 11:37:35.015 2469 2469 D VrGuardianUserService: DeviceConfig - onFailure - Error: exception
03-01 11:37:35.028 2469 2469 E DeviceConfigTelemetryLogger: onFailure(exception)
03-01 11:37:35.028 2469 2469 D VrGuardianUserService: DeviceConfig - onFailure - Error: exception
03-01 11:37:35.029 2469 2469 E DeviceConfigTelemetryLogger: onFailure(exception)
03-01 11:37:35.029 2469 2469 D VrGuardianUserService: DeviceConfig - onFailure - Error: exception
03-01 11:37:35.029 2469 2469 E DeviceConfigTelemetryLogger: onFailure(exception)
03-01 11:37:35.029 2469 2469 D VrGuardianUserService: DeviceConfig - onFailure - Error: exception
03-01 11:37:35.029 2469 2469 E DeviceConfigTelemetryLogger: onFailure(exception)
03-01 11:37:35.029 2469 2469 D VrGuardianUserService: DeviceConfig - onFailure - Error: exception
03-01 11:37:35.030 2469 2469 E DeviceConfigTelemetryLogger: onFailure(exception)
03-01 11:37:35.030 2469 2469 D VrGuardianUserService: DeviceConfig - onFailure - Error: exception
03-01 11:37:35.030 2469 2469 E DeviceConfigTelemetryLogger: onFailure(exception)
03-01 11:37:35.030 2469 2469 D VrGuardianUserService: DeviceConfig - onFailure - Error: exception
03-01 11:37:35.030 2469 2469 E DeviceConfigTelemetryLogger: onFailure(exception)
03-01 11:37:35.030 2469 2469 D VrGuardianUserService: DeviceConfig - onFailure - Error: exception
03-01 11:37:35.030 2469 2469 E DeviceConfigTelemetryLogger: onFailure(exception)
03-01 11:37:35.031 2469 2469 D VrGuardianUserService: DeviceConfig - onFailure - Error: exception
03-01 11:37:35.031 2469 2469 E DeviceConfigTelemetryLogger: onFailure(exception)
03-01 11:37:35.031 2469 2469 D VrGuardianUserService: DeviceConfig - onFailure - Error: exception
03-01 11:37:35.031 2469 2469 E DeviceConfigTelemetryLogger: onFailure(exception)
03-01 11:37:35.031 2469 2469 D VrGuardianUserService: DeviceConfig - onFailure - Error: exception
03-01 11:37:35.031 2469 2469 E DeviceConfigTelemetryLogger: onFailure(exception)
03-01 11:37:35.031 2469 2469 D VrGuardianUserService: DeviceConfig - onFailure - Error: exception
03-01 11:37:35.032 2469 2469 E DeviceConfigTelemetryLogger: onFailure(exception)
03-01 11:37:35.032 2469 2469 D VrGuardianUserService: DeviceConfig - onFailure - Error: exception
03-01 11:37:35.032 2469 2469 E DeviceConfigTelemetryLogger: onFailure(exception)
03-01 11:37:35.032 2469 2469 D VrGuardianUserService: DeviceConfig - onFailure - Error: exception
03-01 11:37:35.032 2469 2469 E DeviceConfigTelemetryLogger: onFailure(exception)
03-01 11:37:35.032 2469 2469 D VrGuardianUserService: DeviceConfig - onFailure - Error: exception
03-01 11:37:35.033 2469 2469 E DeviceConfigTelemetryLogger: onFailure(exception)
03-01 11:37:35.033 2469 2469 D VrGuardianUserService: DeviceConfig - onFailure - Error: exception
03-01 11:37:35.033 2469 2469 E DeviceConfigTelemetryLogger: onFailure(exception)
03-01 11:37:35.033 2469 2469 D VrGuardianUserService: DeviceConfig - onFailure - Error: exception
03-01 11:37:35.033 2469 2469 E DeviceConfigTelemetryLogger: onFailure(exception)
03-01 11:37:35.033 2469 2469 D VrGuardianUserService: DeviceConfig - onFailure - Error: exception
03-01 11:37:35.059 2469 2469 E DeviceConfigTelemetryLogger: onFailure(exception)
03-01 11:37:35.059 2469 2469 D VrGuardianUserService: DeviceConfig - onFailure - Error: exception
03-01 11:37:35.060 2469 2469 E DeviceConfigTelemetryLogger: onFailure(exception)
03-01 11:37:35.060 2469 2469 D VrGuardianUserService: DeviceConfig - onFailure - Error: exception
03-01 11:37:35.061 2469 2469 E DeviceConfigTelemetryLogger: onFailure(exception)
03-01 11:37:35.064 2469 2469 D VrGuardianUserService: DeviceConfig - onFailure - Error: exception
03-01 11:37:35.065 2469 2469 E DeviceConfigTelemetryLogger: onFailure(exception)
03-01 11:37:35.065 2469 2469 D VrGuardianUserService: DeviceConfig - onFailure - Error: exception
03-01 11:37:35.085 2469 6298 D MobileConfigBaseClient: connect()
03-01 11:37:35.086 2469 2469 E DeviceConfigTelemetryLogger: onFailure(exception)
03-01 11:37:35.086 2469 2469 D VrGuardianUserService: DeviceConfig - onFailure - Error: exception
03-01 11:37:35.101 2981 2981 V MIGHTY_LOG: [trace] ForegroundAppProvider: Current Foreground Package - com.oculus.systemux, Class: com.oculus.panelapp.library.LibraryPanelService
03-01 11:37:35.118 2469 6298 D MobileConfigBaseClient: awaitService()
03-01 11:37:35.127 2469 2469 E DeviceConfigTelemetryLogger: onFailure(exception)
03-01 11:37:35.128 2469 2469 D VrGuardianUserService: DeviceConfig - onFailure - Error: exception
03-01 11:37:35.130 2469 6299 D MobileConfigBaseClient: connect()
03-01 11:37:35.133 2469 2469 E DeviceConfigTelemetryLogger: onFailure(exception)
03-01 11:37:35.133 2469 2469 D VrGuardianUserService: DeviceConfig - onFailure - Error: exception
03-01 11:37:35.135 2469 6299 D MobileConfigBaseClient: awaitService()
03-01 11:37:35.139 1968 3434 I MobileConfigFactoryImpl: Registered SESSIONBASED factory change listener: ok
03-01 11:37:35.139 1968 3434 I MobileConfigFactoryImpl: Set Java EP Handler
03-01 11:37:35.145 2469 2469 E DeviceConfigTelemetryLogger: onFailure(exception)
03-01 11:37:35.145 2469 2469 D VrGuardianUserService: DeviceConfig - onFailure - Error: exception
03-01 11:37:35.145 3628 3685 E DeviceConfigClient: Did not get a successful subscribe in time, Trying again.
03-01 11:37:35.146 3628 3685 E DeviceConfigTelemetryLogger: onFailure(Retry subscribe)
03-01 11:37:35.150 3628 6300 D MobileConfigBaseClient: connect()
03-01 11:37:35.156 2469 2469 E DeviceConfigTelemetryLogger: onFailure(exception)
03-01 11:37:35.156 2469 2469 D VrGuardianUserService: DeviceConfig - onFailure - Error: exception
03-01 11:37:35.159 2469 2469 E DeviceConfigTelemetryLogger: onFailure(exception)
03-01 11:37:35.159 2469 2469 D VrGuardianUserService: DeviceConfig - onFailure - Error: exception
03-01 11:37:35.160 2469 2469 E DeviceConfigTelemetryLogger: onFailure(exception)
03-01 11:37:35.160 2469 2469 D VrGuardianUserService: DeviceConfig - onFailure - Error: exception
03-01 11:37:35.162 2469 2469 E DeviceConfigTelemetryLogger: onFailure(exception)
03-01 11:37:35.162 2469 2469 D VrGuardianUserService: DeviceConfig - onFailure - Error: exception
03-01 11:37:35.173 2469 2469 E DeviceConfigTelemetryLogger: onFailure(exception)
03-01 11:37:35.173 3628 6300 D MobileConfigBaseClient: awaitService()
03-01 11:37:35.173 3628 3628 D MobileConfigBaseClient: Connected to MobileConfigService
03-01 11:37:35.173 2469 2469 D VrGuardianUserService: DeviceConfig - onFailure - Error: exception
03-01 11:37:35.178 2469 2469 E DeviceConfigTelemetryLogger: onFailure(exception)
03-01 11:37:35.178 2469 2469 D VrGuardianUserService: DeviceConfig - onFailure - Error: exception
03-01 11:37:35.184 2469 2469 E DeviceConfigTelemetryLogger: onFailure(exception)
03-01 11:37:35.184 2469 2469 D VrGuardianUserService: DeviceConfig - onFailure - Error: exception
03-01 11:37:35.186 2469 2469 E DeviceConfigTelemetryLogger: onFailure(exception)
03-01 11:37:35.187 2469 2469 D VrGuardianUserService: DeviceConfig - onFailure - Error: exception
03-01 11:37:35.192 2469 2469 E DeviceConfigTelemetryLogger: onFailure(exception)
03-01 11:37:35.192 2469 2469 D VrGuardianUserService: DeviceConfig - onFailure - Error: exception
03-01 11:37:35.194 2469 2469 E DeviceConfigTelemetryLogger: onFailure(exception)
03-01 11:37:35.194 2469 2469 D VrGuardianUserService: DeviceConfig - onFailure - Error: exception
03-01 11:37:35.194 2469 2469 E DeviceConfigTelemetryLogger: onFailure(exception)
03-01 11:37:35.194 2469 2469 D VrGuardianUserService: DeviceConfig - onFailure - Error: exception
03-01 11:37:35.196 2469 2469 E DeviceConfigTelemetryLogger: onFailure(exception)
03-01 11:37:35.196 2469 2469 D VrGuardianUserService: DeviceConfig - onFailure - Error: exception
03-01 11:37:35.197 2469 2469 E DeviceConfigTelemetryLogger: onFailure(exception)
03-01 11:37:35.197 2469 2469 D VrGuardianUserService: DeviceConfig - onFailure - Error: exception
03-01 11:37:35.197 2469 2469 E DeviceConfigTelemetryLogger: onFailure(exception)
03-01 11:37:35.197 2469 2469 D VrGuardianUserService: DeviceConfig - onFailure - Error: exception
03-01 11:37:35.197 2469 2469 E DeviceConfigTelemetryLogger: onFailure(exception)
03-01 11:37:35.197 2469 2469 D VrGuardianUserService: DeviceConfig - onFailure - Error: exception
03-01 11:37:35.199 2469 2469 E DeviceConfigTelemetryLogger: onFailure(exception)
03-01 11:37:35.199 2469 2469 D VrGuardianUserService: DeviceConfig - onFailure - Error: exception
03-01 11:37:35.200 2469 2469 E DeviceConfigTelemetryLogger: onFailure(exception)
03-01 11:37:35.200 2469 2469 D VrGuardianUserService: DeviceConfig - onFailure - Error: exception
03-01 11:37:35.200 2469 2469 E DeviceConfigTelemetryLogger: onFailure(exception)
03-01 11:37:35.200 2469 2469 D VrGuardianUserService: DeviceConfig - onFailure - Error: exception
03-01 11:37:35.202 2469 2469 E DeviceConfigTelemetryLogger: onFailure(exception)
03-01 11:37:35.202 2469 2469 D VrGuardianUserService: DeviceConfig - onFailure - Error: exception
03-01 11:37:35.202 2469 2469 E DeviceConfigTelemetryLogger: onFailure(exception)
03-01 11:37:35.202 2469 2469 D VrGuardianUserService: DeviceConfig - onFailure - Error: exception
03-01 11:37:35.202 2469 2469 E DeviceConfigTelemetryLogger: onFailure(exception)
03-01 11:37:35.203 2469 2469 D VrGuardianUserService: DeviceConfig - onFailure - Error: exception
03-01 11:37:35.206 2469 2469 E DeviceConfigTelemetryLogger: onFailure(exception)
03-01 11:37:35.206 2469 2469 D VrGuardianUserService: DeviceConfig - onFailure - Error: exception
03-01 11:37:35.211 2469 2469 E DeviceConfigTelemetryLogger: onFailure(exception)
03-01 11:37:35.211 2469 2469 D VrGuardianUserService: DeviceConfig - onFailure - Error: exception
03-01 11:37:35.212 2469 2469 E DeviceConfigTelemetryLogger: onFailure(exception)
03-01 11:37:35.213 2469 2469 D VrGuardianUserService: DeviceConfig - onFailure - Error: exception
03-01 11:37:35.214 2469 2469 E DeviceConfigTelemetryLogger: onFailure(exception)
03-01 11:37:35.214 2469 2469 D VrGuardianUserService: DeviceConfig - onFailure - Error: exception
03-01 11:37:35.218 2469 2469 E DeviceConfigTelemetryLogger: onFailure(exception)
03-01 11:37:35.218 2469 2469 D VrGuardianUserService: DeviceConfig - onFailure - Error: exception
03-01 11:37:35.224 2469 2469 E DeviceConfigTelemetryLogger: onFailure(exception)
03-01 11:37:35.224 2469 2469 D VrGuardianUserService: DeviceConfig - onFailure - Error: exception
03-01 11:37:35.226 2469 2469 E DeviceConfigTelemetryLogger: onFailure(exception)
03-01 11:37:35.228 2469 2469 D VrGuardianUserService: DeviceConfig - onFailure - Error: exception
03-01 11:37:35.228 2469 2469 E DeviceConfigTelemetryLogger: onFailure(exception)
03-01 11:37:35.228 2469 2469 D VrGuardianUserService: DeviceConfig - onFailure - Error: exception
03-01 11:37:35.228 2469 2469 E DeviceConfigTelemetryLogger: onFailure(exception)
03-01 11:37:35.228 2469 2469 D VrGuardianUserService: DeviceConfig - onFailure - Error: exception
03-01 11:37:35.230 2469 2469 E DeviceConfigTelemetryLogger: onFailure(exception)
03-01 11:37:35.230 2469 2469 D VrGuardianUserService: DeviceConfig - onFailure - Error: exception
03-01 11:37:35.231 2469 2469 E DeviceConfigTelemetryLogger: onFailure(exception)
03-01 11:37:35.231 2469 2469 D VrGuardianUserService: DeviceConfig - onFailure - Error: exception
03-01 11:37:35.231 2469 2469 E DeviceConfigTelemetryLogger: onFailure(exception)
03-01 11:37:35.231 2469 2469 D VrGuardianUserService: DeviceConfig - onFailure - Error: exception
03-01 11:37:35.232 2469 2469 E DeviceConfigTelemetryLogger: onFailure(exception)
03-01 11:37:35.232 2469 2469 D VrGuardianUserService: DeviceConfig - onFailure - Error: exception
03-01 11:37:35.232 2469 2469 E DeviceConfigTelemetryLogger: onFailure(exception)
03-01 11:37:35.232 2469 2469 D VrGuardianUserService: DeviceConfig - onFailure - Error: exception
03-01 11:37:35.232 2469 2469 E DeviceConfigTelemetryLogger: onFailure(exception)
03-01 11:37:35.233 2469 2469 D VrGuardianUserService: DeviceConfig - onFailure - Error: exception
03-01 11:37:35.233 2469 2469 E DeviceConfigTelemetryLogger: onFailure(exception)
03-01 11:37:35.233 2469 2469 D VrGuardianUserService: DeviceConfig - onFailure - Error: exception
03-01 11:37:35.240 2469 2469 E DeviceConfigTelemetryLogger: onFailure(exception)
03-01 11:37:35.246 2469 2469 D VrGuardianUserService: DeviceConfig - onFailure - Error: exception
03-01 11:37:35.247 2469 2469 E DeviceConfigTelemetryLogger: onFailure(exception)
03-01 11:37:35.247 2469 2469 D VrGuardianUserService: DeviceConfig - onFailure - Error: exception
03-01 11:37:35.247 2469 2469 E DeviceConfigTelemetryLogger: onFailure(exception)
03-01 11:37:35.247 2469 2469 D VrGuardianUserService: DeviceConfig - onFailure - Error: exception
03-01 11:37:35.248 2469 2469 E DeviceConfigTelemetryLogger: onFailure(exception)
03-01 11:37:35.248 2469 2469 D VrGuardianUserService: DeviceConfig - onFailure - Error: exception
03-01 11:37:35.248 2469 2469 E DeviceConfigTelemetryLogger: onFailure(exception)
03-01 11:37:35.248 2469 2469 D VrGuardianUserService: DeviceConfig - onFailure - Error: exception
03-01 11:37:35.248 2469 2469 E DeviceConfigTelemetryLogger: onFailure(exception)
03-01 11:37:35.248 2469 2469 D VrGuardianUserService: DeviceConfig - onFailure - Error: exception
03-01 11:37:35.249 2469 2469 E DeviceConfigTelemetryLogger: onFailure(exception)
03-01 11:37:35.249 2469 2469 D VrGuardianUserService: DeviceConfig - onFailure - Error: exception
03-01 11:37:35.250 2469 2469 E DeviceConfigTelemetryLogger: onFailure(exception)
03-01 11:37:35.250 2469 2469 D VrGuardianUserService: DeviceConfig - onFailure - Error: exception
03-01 11:37:35.250 2469 2469 E DeviceConfigTelemetryLogger: onFailure(exception)
03-01 11:37:35.250 2469 2469 D VrGuardianUserService: DeviceConfig - onFailure - Error: exception
03-01 11:37:35.250 2469 2469 E DeviceConfigTelemetryLogger: onFailure(exception)
03-01 11:37:35.250 2469 2469 D VrGuardianUserService: DeviceConfig - onFailure - Error: exception
03-01 11:37:35.251 2469 2469 E DeviceConfigTelemetryLogger: onFailure(exception)
03-01 11:37:35.251 2469 2469 D VrGuardianUserService: DeviceConfig - onFailure - Error: exception
03-01 11:37:35.251 2469 2469 E DeviceConfigTelemetryLogger: onFailure(exception)
03-01 11:37:35.251 2469 2469 D VrGuardianUserService: DeviceConfig - onFailure - Error: exception
03-01 11:37:35.252 2469 2469 E DeviceConfigTelemetryLogger: onFailure(exception)
03-01 11:37:35.252 2469 2469 D VrGuardianUserService: DeviceConfig - onFailure - Error: exception
03-01 11:37:35.255 2469 2469 E DeviceConfigTelemetryLogger: onFailure(exception)
03-01 11:37:35.255 2469 2469 D VrGuardianUserService: DeviceConfig - onFailure - Error: exception
03-01 11:37:35.259 2469 2469 E DeviceConfigTelemetryLogger: onFailure(exception)
03-01 11:37:35.259 2469 2469 D VrGuardianUserService: DeviceConfig - onFailure - Error: exception
03-01 11:37:35.260 2469 2469 E DeviceConfigTelemetryLogger: onFailure(exception)
03-01 11:37:35.260 2469 2469 D VrGuardianUserService: DeviceConfig - onFailure - Error: exception
03-01 11:37:35.260 2469 2469 E DeviceConfigTelemetryLogger: onFailure(exception)
03-01 11:37:35.260 2469 2469 D VrGuardianUserService: DeviceConfig - onFailure - Error: exception
03-01 11:37:35.260 2469 2469 E DeviceConfigTelemetryLogger: onFailure(exception)
03-01 11:37:35.260 2469 2469 D VrGuardianUserService: DeviceConfig - onFailure - Error: exception
03-01 11:37:35.261 2469 2469 E DeviceConfigTelemetryLogger: onFailure(exception)
03-01 11:37:35.261 2469 2469 D VrGuardianUserService: DeviceConfig - onFailure - Error: exception
03-01 11:37:35.261 2469 2469 E DeviceConfigTelemetryLogger: onFailure(exception)
03-01 11:37:35.261 2469 2469 D VrGuardianUserService: DeviceConfig - onFailure - Error: exception
03-01 11:37:35.261 2469 2469 E DeviceConfigTelemetryLogger: onFailure(exception)
03-01 11:37:35.261 2469 2469 D VrGuardianUserService: DeviceConfig - onFailure - Error: exception
03-01 11:37:35.262 2469 2469 E DeviceConfigTelemetryLogger: onFailure(exception)
03-01 11:37:35.262 2469 2469 D VrGuardianUserService: DeviceConfig - onFailure - Error: exception
03-01 11:37:35.262 2469 2469 E DeviceConfigTelemetryLogger: onFailure(exception)
03-01 11:37:35.262 2469 2469 D VrGuardianUserService: DeviceConfig - onFailure - Error: exception
03-01 11:37:35.262 2469 2469 E DeviceConfigTelemetryLogger: onFailure(exception)
03-01 11:37:35.262 2469 2469 D VrGuardianUserService: DeviceConfig - onFailure - Error: exception
03-01 11:37:35.263 2469 2469 E DeviceConfigTelemetryLogger: onFailure(exception)
03-01 11:37:35.263 2469 2469 D VrGuardianUserService: DeviceConfig - onFailure - Error: exception
03-01 11:37:35.263 2469 2469 E DeviceConfigTelemetryLogger: onFailure(exception)
03-01 11:37:35.263 2469 2469 D VrGuardianUserService: DeviceConfig - onFailure - Error: exception
03-01 11:37:35.263 2469 2469 E DeviceConfigTelemetryLogger: onFailure(exception)
03-01 11:37:35.263 2469 2469 D VrGuardianUserService: DeviceConfig - onFailure - Error: exception
03-01 11:37:35.264 2469 2469 E DeviceConfigTelemetryLogger: onFailure(exception)
03-01 11:37:35.264 2469 2469 D VrGuardianUserService: DeviceConfig - onFailure - Error: exception
03-01 11:37:35.264 2469 2469 E DeviceConfigTelemetryLogger: onFailure(exception)
03-01 11:37:35.264 2469 2469 D VrGuardianUserService: DeviceConfig - onFailure - Error: exception
03-01 11:37:35.265 2469 2469 E DeviceConfigTelemetryLogger: onFailure(exception)
03-01 11:37:35.265 2469 2469 D VrGuardianUserService: DeviceConfig - onFailure - Error: exception
03-01 11:37:35.265 2469 2469 E DeviceConfigTelemetryLogger: onFailure(exception)
03-01 11:37:35.265 2469 2469 D VrGuardianUserService: DeviceConfig - onFailure - Error: exception
03-01 11:37:35.265 2469 2469 E DeviceConfigTelemetryLogger: onFailure(exception)
03-01 11:37:35.266 2469 2469 D VrGuardianUserService: DeviceConfig - onFailure - Error: exception
03-01 11:37:35.266 2469 2469 E DeviceConfigTelemetryLogger: onFailure(exception)
03-01 11:37:35.266 2469 2469 D VrGuardianUserService: DeviceConfig - onFailure - Error: exception
03-01 11:37:35.267 2469 2469 E DeviceConfigTelemetryLogger: onFailure(exception)
03-01 11:37:35.267 2469 2469 D VrGuardianUserService: DeviceConfig - onFailure - Error: exception
03-01 11:37:35.267 2469 2469 E DeviceConfigTelemetryLogger: onFailure(exception)
03-01 11:37:35.267 2469 2469 D VrGuardianUserService: DeviceConfig - onFailure - Error: exception
03-01 11:37:35.267 2469 2469 E DeviceConfigTelemetryLogger: onFailure(exception)
03-01 11:37:35.267 2469 2469 D VrGuardianUserService: DeviceConfig - onFailure - Error: exception
03-01 11:37:35.268 2469 2469 E DeviceConfigTelemetryLogger: onFailure(exception)
03-01 11:37:35.268 2469 2469 D VrGuardianUserService: DeviceConfig - onFailure - Error: exception
03-01 11:37:35.268 2469 2469 E DeviceConfigTelemetryLogger: onFailure(exception)
03-01 11:37:35.268 2469 2469 D VrGuardianUserService: DeviceConfig - onFailure - Error: exception
03-01 11:37:35.269 2469 2469 E DeviceConfigTelemetryLogger: onFailure(exception)
03-01 11:37:35.269 2469 2469 D VrGuardianUserService: DeviceConfig - onFailure - Error: exception
03-01 11:37:35.269 2469 2469 E DeviceConfigTelemetryLogger: onFailure(exception)
03-01 11:37:35.269 2469 2469 D VrGuardianUserService: DeviceConfig - onFailure - Error: exception
03-01 11:37:35.269 2469 2469 E DeviceConfigTelemetryLogger: onFailure(exception)
03-01 11:37:35.269 2469 2469 D VrGuardianUserService: DeviceConfig - onFailure - Error: exception
03-01 11:37:35.270 2469 2469 E DeviceConfigTelemetryLogger: onFailure(exception)
03-01 11:37:35.270 2469 2469 D VrGuardianUserService: DeviceConfig - onFailure - Error: exception
03-01 11:37:35.270 2469 2469 E DeviceConfigTelemetryLogger: onFailure(exception)
03-01 11:37:35.270 2469 2469 D VrGuardianUserService: DeviceConfig - onFailure - Error: exception
03-01 11:37:35.273 2469 2469 E DeviceConfigTelemetryLogger: onFailure(exception)
03-01 11:37:35.273 2469 2469 D VrGuardianUserService: DeviceConfig - onFailure - Error: exception
03-01 11:37:35.273 2469 2469 E DeviceConfigTelemetryLogger: onFailure(exception)
03-01 11:37:35.273 2469 2469 D VrGuardianUserService: DeviceConfig - onFailure - Error: exception
03-01 11:37:35.274 2469 2469 E DeviceConfigTelemetryLogger: onFailure(exception)
03-01 11:37:35.274 2469 2469 D VrGuardianUserService: DeviceConfig - onFailure - Error: exception
03-01 11:37:35.275 2469 2469 E DeviceConfigTelemetryLogger: onFailure(exception)
03-01 11:37:35.275 2469 2469 D VrGuardianUserService: DeviceConfig - onFailure - Error: exception
03-01 11:37:35.275 2469 2469 E DeviceConfigTelemetryLogger: onFailure(exception)
03-01 11:37:35.275 2469 2469 D VrGuardianUserService: DeviceConfig - onFailure - Error: exception
03-01 11:37:35.276 2469 2469 E DeviceConfigTelemetryLogger: onFailure(exception)
03-01 11:37:35.276 2469 2469 D VrGuardianUserService: DeviceConfig - onFailure - Error: exception
03-01 11:37:35.276 2469 2469 E DeviceConfigTelemetryLogger: onFailure(exception)
03-01 11:37:35.276 2469 2469 D VrGuardianUserService: DeviceConfig - onFailure - Error: exception
03-01 11:37:35.277 2469 2469 E DeviceConfigTelemetryLogger: onFailure(exception)
03-01 11:37:35.277 2469 2469 D VrGuardianUserService: DeviceConfig - onFailure - Error: exception
03-01 11:37:35.277 2469 2469 E DeviceConfigTelemetryLogger: onFailure(exception)
03-01 11:37:35.278 2469 2469 D VrGuardianUserService: DeviceConfig - onFailure - Error: exception
03-01 11:37:35.278 2469 2469 E DeviceConfigTelemetryLogger: onFailure(exception)
03-01 11:37:35.278 2469 2469 D VrGuardianUserService: DeviceConfig - onFailure - Error: exception
03-01 11:37:35.278 853 3285 I [CT] : boltlib: DSP utilization: 9.18 % (458 / 5000 ms)
03-01 11:37:35.278 2469 2469 E DeviceConfigTelemetryLogger: onFailure(exception)
03-01 11:37:35.278 2469 2469 D VrGuardianUserService: DeviceConfig - onFailure - Error: exception
03-01 11:37:35.279 2469 2469 E DeviceConfigTelemetryLogger: onFailure(exception)
03-01 11:37:35.279 2469 2469 D VrGuardianUserService: DeviceConfig - onFailure - Error: exception
03-01 11:37:35.279 2469 2469 E DeviceConfigTelemetryLogger: onFailure(exception)
03-01 11:37:35.279 2469 2469 D VrGuardianUserService: DeviceConfig - onFailure - Error: exception
03-01 11:37:35.279 2469 2469 E DeviceConfigTelemetryLogger: onFailure(exception)
03-01 11:37:35.279 2469 2469 D VrGuardianUserService: DeviceConfig - onFailure - Error: exception
03-01 11:37:35.280 2469 2469 E DeviceConfigTelemetryLogger: onFailure(exception)
03-01 11:37:35.280 2469 2469 D VrGuardianUserService: DeviceConfig - onFailure - Error: exception
03-01 11:37:35.280 2469 2469 E DeviceConfigTelemetryLogger: onFailure(exception)
03-01 11:37:35.280 2469 2469 D VrGuardianUserService: DeviceConfig - onFailure - Error: exception
03-01 11:37:35.281 2469 2469 E DeviceConfigTelemetryLogger: onFailure(exception)
03-01 11:37:35.281 2469 2469 D VrGuardianUserService: DeviceConfig - onFailure - Error: exception
03-01 11:37:35.281 2469 2469 E DeviceConfigTelemetryLogger: onFailure(exception)
03-01 11:37:35.281 2469 2469 D VrGuardianUserService: DeviceConfig - onFailure - Error: exception
03-01 11:37:35.282 2469 2469 E DeviceConfigTelemetryLogger: onFailure(exception)
03-01 11:37:35.282 2469 2469 D VrGuardianUserService: DeviceConfig - onFailure - Error: exception
03-01 11:37:35.282 2469 2469 E DeviceConfigTelemetryLogger: onFailure(exception)
03-01 11:37:35.283 2469 2469 D VrGuardianUserService: DeviceConfig - onFailure - Error: exception
03-01 11:37:35.284 2469 2469 E DeviceConfigTelemetryLogger: onFailure(exception)
03-01 11:37:35.284 2469 2469 D VrGuardianUserService: DeviceConfig - onFailure - Error: exception
03-01 11:37:35.285 2469 2469 E DeviceConfigTelemetryLogger: onFailure(exception)
03-01 11:37:35.285 2469 2469 D VrGuardianUserService: DeviceConfig - onFailure - Error: exception
03-01 11:37:35.291 2469 2469 E DeviceConfigTelemetryLogger: onFailure(exception)
03-01 11:37:35.291 2469 2469 D VrGuardianUserService: DeviceConfig - onFailure - Error: exception
03-01 11:37:35.291 2469 2469 E DeviceConfigTelemetryLogger: onFailure(exception)
03-01 11:37:35.291 2469 2469 D VrGuardianUserService: DeviceConfig - onFailure - Error: exception
03-01 11:37:35.294 2469 2469 E DeviceConfigTelemetryLogger: onFailure(exception)
03-01 11:37:35.294 2469 2469 D VrGuardianUserService: DeviceConfig - onFailure - Error: exception
03-01 11:37:35.295 2469 2469 E DeviceConfigTelemetryLogger: onFailure(exception)
03-01 11:37:35.295 2469 2469 D VrGuardianUserService: DeviceConfig - onFailure - Error: exception
03-01 11:37:35.295 2469 2469 E DeviceConfigTelemetryLogger: onFailure(exception)
03-01 11:37:35.295 2469 2469 D VrGuardianUserService: DeviceConfig - onFailure - Error: exception
03-01 11:37:35.295 2469 2469 E DeviceConfigTelemetryLogger: onFailure(exception)
03-01 11:37:35.295 2469 2469 D VrGuardianUserService: DeviceConfig - onFailure - Error: exception
03-01 11:37:35.296 2469 2469 E DeviceConfigTelemetryLogger: onFailure(exception)
03-01 11:37:35.296 2469 2469 D VrGuardianUserService: DeviceConfig - onFailure - Error: exception
03-01 11:37:35.296 2469 2469 E DeviceConfigTelemetryLogger: onFailure(exception)
03-01 11:37:35.296 2469 2469 D VrGuardianUserService: DeviceConfig - onFailure - Error: exception
03-01 11:37:35.297 2469 2469 E DeviceConfigTelemetryLogger: onFailure(exception)
03-01 11:37:35.297 2469 2469 D VrGuardianUserService: DeviceConfig - onFailure - Error: exception
03-01 11:37:35.297 2469 2469 E DeviceConfigTelemetryLogger: onFailure(exception)
03-01 11:37:35.297 2469 2469 D VrGuardianUserService: DeviceConfig - onFailure - Error: exception
03-01 11:37:35.298 2469 2469 E DeviceConfigTelemetryLogger: onFailure(exception)
03-01 11:37:35.298 2469 2469 D VrGuardianUserService: DeviceConfig - onFailure - Error: exception
03-01 11:37:35.298 2469 2469 E DeviceConfigTelemetryLogger: onFailure(exception)
03-01 11:37:35.298 2469 2469 D VrGuardianUserService: DeviceConfig - onFailure - Error: exception
03-01 11:37:35.301 2469 2469 E DeviceConfigTelemetryLogger: onFailure(exception)
03-01 11:37:35.302 2469 2469 D VrGuardianUserService: DeviceConfig - onFailure - Error: exception
03-01 11:37:35.302 2469 2469 E DeviceConfigTelemetryLogger: onFailure(exception)
03-01 11:37:35.302 2469 2469 D VrGuardianUserService: DeviceConfig - onFailure - Error: exception
03-01 11:37:35.302 2469 2469 E DeviceConfigTelemetryLogger: onFailure(exception)
03-01 11:37:35.302 2469 2469 D VrGuardianUserService: DeviceConfig - onFailure - Error: exception
03-01 11:37:35.303 2469 2469 E DeviceConfigTelemetryLogger: onFailure(exception)
03-01 11:37:35.303 2469 2469 D VrGuardianUserService: DeviceConfig - onFailure - Error: exception
03-01 11:37:35.304 2469 2469 E DeviceConfigTelemetryLogger: onFailure(exception)
03-01 11:37:35.304 2469 2469 D VrGuardianUserService: DeviceConfig - onFailure - Error: exception
03-01 11:37:35.368 2469 2469 E DeviceConfigTelemetryLogger: onFailure(exception)
03-01 11:37:35.368 2469 2469 D VrGuardianUserService: DeviceConfig - onFailure - Error: exception
03-01 11:37:35.368 2469 2469 E DeviceConfigTelemetryLogger: onFailure(exception)
03-01 11:37:35.368 2469 2469 D VrGuardianUserService: DeviceConfig - onFailure - Error: exception
03-01 11:37:35.370 2469 2469 E DeviceConfigTelemetryLogger: onFailure(exception)
03-01 11:37:35.370 2469 2469 D VrGuardianUserService: DeviceConfig - onFailure - Error: exception
03-01 11:37:35.371 2469 2469 E DeviceConfigTelemetryLogger: onFailure(exception)
03-01 11:37:35.371 2469 2469 D VrGuardianUserService: DeviceConfig - onFailure - Error: exception
03-01 11:37:35.384 2469 2469 E DeviceConfigTelemetryLogger: onFailure(exception)
03-01 11:37:35.392 2469 2469 D VrGuardianUserService: DeviceConfig - onFailure - Error: exception
03-01 11:37:35.394 2469 2469 E DeviceConfigTelemetryLogger: onFailure(exception)
03-01 11:37:35.394 2469 2469 D VrGuardianUserService: DeviceConfig - onFailure - Error: exception
03-01 11:37:35.394 2469 2469 E DeviceConfigTelemetryLogger: onFailure(exception)
03-01 11:37:35.394 2469 2469 D VrGuardianUserService: DeviceConfig - onFailure - Error: exception
03-01 11:37:35.394 2469 2469 E DeviceConfigTelemetryLogger: onFailure(exception)
03-01 11:37:35.394 2469 2469 D VrGuardianUserService: DeviceConfig - onFailure - Error: exception
03-01 11:37:35.395 2469 2469 E DeviceConfigTelemetryLogger: onFailure(exception)
03-01 11:37:35.395 2469 2469 D VrGuardianUserService: DeviceConfig - onFailure - Error: exception
03-01 11:37:35.396 2469 2469 E DeviceConfigTelemetryLogger: onFailure(exception)
03-01 11:37:35.396 2469 2469 D VrGuardianUserService: DeviceConfig - onFailure - Error: exception
03-01 11:37:35.396 2469 2469 E DeviceConfigTelemetryLogger: onFailure(exception)
03-01 11:37:35.396 2469 2469 D VrGuardianUserService: DeviceConfig - onFailure - Error: exception
03-01 11:37:35.398 2469 2469 E DeviceConfigTelemetryLogger: onFailure(exception)
03-01 11:37:35.398 2469 2469 D VrGuardianUserService: DeviceConfig - onFailure - Error: exception
03-01 11:37:35.398 2469 2469 E DeviceConfigTelemetryLogger: onFailure(exception)
03-01 11:37:35.398 2469 2469 D VrGuardianUserService: DeviceConfig - onFailure - Error: exception
03-01 11:37:35.398 2469 2469 E DeviceConfigTelemetryLogger: onFailure(exception)
03-01 11:37:35.398 2469 2469 D VrGuardianUserService: DeviceConfig - onFailure - Error: exception
03-01 11:37:35.399 2469 2469 E DeviceConfigTelemetryLogger: onFailure(exception)
03-01 11:37:35.399 2469 2469 D VrGuardianUserService: DeviceConfig - onFailure - Error: exception
03-01 11:37:35.399 2469 2469 E DeviceConfigTelemetryLogger: onFailure(exception)
03-01 11:37:35.399 2469 2469 D VrGuardianUserService: DeviceConfig - onFailure - Error: exception
03-01 11:37:35.400 2469 2469 E DeviceConfigTelemetryLogger: onFailure(exception)
03-01 11:37:35.400 2469 2469 D VrGuardianUserService: DeviceConfig - onFailure - Error: exception
03-01 11:37:35.400 2469 2469 E DeviceConfigTelemetryLogger: onFailure(exception)
03-01 11:37:35.400 2469 2469 D VrGuardianUserService: DeviceConfig - onFailure - Error: exception
03-01 11:37:35.400 2469 2469 E DeviceConfigTelemetryLogger: onFailure(exception)
03-01 11:37:35.400 2469 2469 D VrGuardianUserService: DeviceConfig - onFailure - Error: exception
03-01 11:37:35.401 2469 2469 E DeviceConfigTelemetryLogger: onFailure(exception)
03-01 11:37:35.401 2469 2469 D VrGuardianUserService: DeviceConfig - onFailure - Error: exception
03-01 11:37:35.402 2469 2469 E DeviceConfigTelemetryLogger: onFailure(exception)
03-01 11:37:35.402 2469 2469 D VrGuardianUserService: DeviceConfig - onFailure - Error: exception
03-01 11:37:35.402 2469 2469 E DeviceConfigTelemetryLogger: onFailure(exception)
03-01 11:37:35.402 2469 2469 D VrGuardianUserService: DeviceConfig - onFailure - Error: exception
03-01 11:37:35.402 2469 2469 E DeviceConfigTelemetryLogger: onFailure(exception)
03-01 11:37:35.402 2469 2469 D VrGuardianUserService: DeviceConfig - onFailure - Error: exception
03-01 11:37:35.403 2469 2469 E DeviceConfigTelemetryLogger: onFailure(exception)
03-01 11:37:35.403 2469 2469 D VrGuardianUserService: DeviceConfig - onFailure - Error: exception
03-01 11:37:35.403 2469 2469 E DeviceConfigTelemetryLogger: onFailure(exception)
03-01 11:37:35.403 2469 2469 D VrGuardianUserService: DeviceConfig - onFailure - Error: exception
03-01 11:37:35.403 2469 2469 E DeviceConfigTelemetryLogger: onFailure(exception)
03-01 11:37:35.404 2469 2469 D VrGuardianUserService: DeviceConfig - onFailure - Error: exception
03-01 11:37:35.425 2469 2469 E DeviceConfigTelemetryLogger: onFailure(exception)
03-01 11:37:35.426 2469 2469 D VrGuardianUserService: DeviceConfig - onFailure - Error: exception
03-01 11:37:35.440 2469 2469 E DeviceConfigTelemetryLogger: onFailure(exception)
03-01 11:37:35.440 2469 2469 D VrGuardianUserService: DeviceConfig - onFailure - Error: exception
03-01 11:37:35.479 2469 2469 E DeviceConfigTelemetryLogger: onFailure(exception)
03-01 11:37:35.479 2469 2469 D VrGuardianUserService: DeviceConfig - onFailure - Error: exception
03-01 11:37:35.479 2469 2469 E DeviceConfigTelemetryLogger: onFailure(exception)
03-01 11:37:35.479 2469 2469 D VrGuardianUserService: DeviceConfig - onFailure - Error: exception
03-01 11:37:35.480 2469 2469 E DeviceConfigTelemetryLogger: onFailure(exception)
03-01 11:37:35.480 2469 2469 D VrGuardianUserService: DeviceConfig - onFailure - Error: exception
03-01 11:37:35.480 2469 2469 E DeviceConfigTelemetryLogger: onFailure(exception)
03-01 11:37:35.480 2469 2469 D VrGuardianUserService: DeviceConfig - onFailure - Error: exception
03-01 11:37:35.480 2469 2469 E DeviceConfigTelemetryLogger: onFailure(exception)
03-01 11:37:35.480 2469 2469 D VrGuardianUserService: DeviceConfig - onFailure - Error: exception
03-01 11:37:35.481 2469 2469 E DeviceConfigTelemetryLogger: onFailure(exception)
03-01 11:37:35.481 2469 2469 D VrGuardianUserService: DeviceConfig - onFailure - Error: exception
03-01 11:37:35.481 2469 2469 E DeviceConfigTelemetryLogger: onFailure(exception)
03-01 11:37:35.481 2469 2469 D VrGuardianUserService: DeviceConfig - onFailure - Error: exception
03-01 11:37:35.482 2469 2469 E DeviceConfigTelemetryLogger: onFailure(exception)
03-01 11:37:35.482 2469 2469 D VrGuardianUserService: DeviceConfig - onFailure - Error: exception
03-01 11:37:35.482 2469 2469 E DeviceConfigTelemetryLogger: onFailure(exception)
03-01 11:37:35.482 2469 2469 D VrGuardianUserService: DeviceConfig - onFailure - Error: exception
03-01 11:37:35.483 2469 2469 E DeviceConfigTelemetryLogger: onFailure(exception)
03-01 11:37:35.483 2469 2469 D VrGuardianUserService: DeviceConfig - onFailure - Error: exception
03-01 11:37:35.483 2469 2469 E DeviceConfigTelemetryLogger: onFailure(exception)
03-01 11:37:35.484 2469 2469 D VrGuardianUserService: DeviceConfig - onFailure - Error: exception
03-01 11:37:35.484 2469 2469 E DeviceConfigTelemetryLogger: onFailure(exception)
03-01 11:37:35.484 2469 2469 D VrGuardianUserService: DeviceConfig - onFailure - Error: exception
03-01 11:37:35.484 2469 2469 E DeviceConfigTelemetryLogger: onFailure(exception)
03-01 11:37:35.484 2469 2469 D VrGuardianUserService: DeviceConfig - onFailure - Error: exception
03-01 11:37:35.485 2469 2469 E DeviceConfigTelemetryLogger: onFailure(exception)
03-01 11:37:35.485 2469 2469 D VrGuardianUserService: DeviceConfig - onFailure - Error: exception
03-01 11:37:35.486 2469 2469 E DeviceConfigTelemetryLogger: onFailure(exception)
03-01 11:37:35.489 2469 2469 D VrGuardianUserService: DeviceConfig - onFailure - Error: exception
03-01 11:37:35.491 2469 2469 E DeviceConfigTelemetryLogger: onFailure(exception)
03-01 11:37:35.491 2469 2469 D VrGuardianUserService: DeviceConfig - onFailure - Error: exception
03-01 11:37:35.493 2469 2469 E DeviceConfigTelemetryLogger: onFailure(exception)
03-01 11:37:35.493 2469 2469 D VrGuardianUserService: DeviceConfig - onFailure - Error: exception
03-01 11:37:35.493 2469 2469 E DeviceConfigTelemetryLogger: onFailure(exception)
03-01 11:37:35.493 2469 2469 D VrGuardianUserService: DeviceConfig - onFailure - Error: exception
03-01 11:37:35.494 2469 2469 E DeviceConfigTelemetryLogger: onFailure(exception)
03-01 11:37:35.494 2469 2469 D VrGuardianUserService: DeviceConfig - onFailure - Error: exception
03-01 11:37:35.494 2469 2469 E DeviceConfigTelemetryLogger: onFailure(exception)
03-01 11:37:35.494 2469 2469 D VrGuardianUserService: DeviceConfig - onFailure - Error: exception
03-01 11:37:35.494 2469 2469 E DeviceConfigTelemetryLogger: onFailure(exception)
03-01 11:37:35.495 2469 2469 D VrGuardianUserService: DeviceConfig - onFailure - Error: exception
03-01 11:37:35.495 2469 2469 E DeviceConfigTelemetryLogger: onFailure(exception)
03-01 11:37:35.495 2469 2469 D VrGuardianUserService: DeviceConfig - onFailure - Error: exception
03-01 11:37:35.495 2469 2469 E DeviceConfigTelemetryLogger: onFailure(exception)
03-01 11:37:35.495 2469 2469 D VrGuardianUserService: DeviceConfig - onFailure - Error: exception
03-01 11:37:35.496 2469 2469 E DeviceConfigTelemetryLogger: onFailure(exception)
03-01 11:37:35.496 2469 2469 D VrGuardianUserService: DeviceConfig - onFailure - Error: exception
03-01 11:37:35.496 2469 2469 E DeviceConfigTelemetryLogger: onFailure(exception)
03-01 11:37:35.496 2469 2469 D VrGuardianUserService: DeviceConfig - onFailure - Error: exception
03-01 11:37:35.497 2469 2469 E DeviceConfigTelemetryLogger: onFailure(exception)
03-01 11:37:35.497 2469 2469 D VrGuardianUserService: DeviceConfig - onFailure - Error: exception
03-01 11:37:35.497 2469 2469 E DeviceConfigTelemetryLogger: onFailure(exception)
03-01 11:37:35.497 2469 2469 D VrGuardianUserService: DeviceConfig - onFailure - Error: exception
03-01 11:37:35.498 2469 2469 E DeviceConfigTelemetryLogger: onFailure(exception)
03-01 11:37:35.498 2469 2469 D VrGuardianUserService: DeviceConfig - onFailure - Error: exception
03-01 11:37:35.498 2469 2469 E DeviceConfigTelemetryLogger: onFailure(exception)
03-01 11:37:35.498 2469 2469 D VrGuardianUserService: DeviceConfig - onFailure - Error: exception
03-01 11:37:35.499 2469 2469 E DeviceConfigTelemetryLogger: onFailure(exception)
03-01 11:37:35.499 2469 2469 D VrGuardianUserService: DeviceConfig - onFailure - Error: exception
03-01 11:37:35.499 2469 2469 E DeviceConfigTelemetryLogger: onFailure(exception)
03-01 11:37:35.499 2469 2469 D VrGuardianUserService: DeviceConfig - onFailure - Error: exception
03-01 11:37:35.499 2469 2469 E DeviceConfigTelemetryLogger: onFailure(exception)
03-01 11:37:35.499 2469 2469 D VrGuardianUserService: DeviceConfig - onFailure - Error: exception
03-01 11:37:35.500 2469 2469 E DeviceConfigTelemetryLogger: onFailure(exception)
03-01 11:37:35.500 2469 2469 D VrGuardianUserService: DeviceConfig - onFailure - Error: exception
03-01 11:37:35.500 2469 2469 E DeviceConfigTelemetryLogger: onFailure(exception)
03-01 11:37:35.500 2469 2469 D VrGuardianUserService: DeviceConfig - onFailure - Error: exception
03-01 11:37:35.501 2469 2469 E DeviceConfigTelemetryLogger: onFailure(exception)
03-01 11:37:35.502 5489 5707 I VrApi : FPS=89/90,Prd=34ms,Tear=0,Early=0,Stale=0,Stale2/5/10/max=0/0/0/0,VSnc=0,Lat=-1,Fov=0,CPU4/GPU=2/3,1171/490MHz,OC=FF,TA=0/70/0,SP=N/F/N,Mem=1804MHz,Free=2790MB,PLS=0,Temp=40.5C/0.0C,TW=2.70ms,App=7.52ms,GD=0.00ms,CPU&GPU=10.73ms,LCnt=4(DR0,LM0),GPU%=0.94,CPU%=0.27(W0.38),DSF=1.00,CFL=14.59/20.26
03-01 11:37:35.502 2469 2469 D VrGuardianUserService: DeviceConfig - onFailure - Error: exception
03-01 11:37:35.502 2469 2469 E DeviceConfigTelemetryLogger: onFailure(exception)
03-01 11:37:35.502 2469 2469 D VrGuardianUserService: DeviceConfig - onFailure - Error: exception
03-01 11:37:35.503 2469 2469 E DeviceConfigTelemetryLogger: onFailure(exception)
03-01 11:37:35.503 2469 2469 D VrGuardianUserService: DeviceConfig - onFailure - Error: exception
03-01 11:37:35.504 2469 2469 E DeviceConfigTelemetryLogger: onFailure(exception)
03-01 11:37:35.504 2469 2469 D VrGuardianUserService: DeviceConfig - onFailure - Error: exception
03-01 11:37:35.505 2469 2469 E DeviceConfigTelemetryLogger: onFailure(exception)
03-01 11:37:35.505 2469 2469 D VrGuardianUserService: DeviceConfig - onFailure - Error: exception
03-01 11:37:35.506 2469 2469 E DeviceConfigTelemetryLogger: onFailure(exception)
03-01 11:37:35.506 2469 2469 D VrGuardianUserService: DeviceConfig - onFailure - Error: exception
03-01 11:37:35.510 2469 2469 E DeviceConfigTelemetryLogger: onFailure(exception)
03-01 11:37:35.511 2469 2469 D VrGuardianUserService: DeviceConfig - onFailure - Error: exception
03-01 11:37:35.511 2469 2469 E DeviceConfigTelemetryLogger: onFailure(exception)
03-01 11:37:35.511 2469 2469 D VrGuardianUserService: DeviceConfig - onFailure - Error: exception
03-01 11:37:35.511 2469 2469 E DeviceConfigTelemetryLogger: onFailure(exception)
03-01 11:37:35.511 2469 2469 D VrGuardianUserService: DeviceConfig - onFailure - Error: exception
03-01 11:37:35.512 2469 2469 E DeviceConfigTelemetryLogger: onFailure(exception)
03-01 11:37:35.512 2469 2469 D VrGuardianUserService: DeviceConfig - onFailure - Error: exception
03-01 11:37:35.512 2469 2469 E DeviceConfigTelemetryLogger: onFailure(exception)
03-01 11:37:35.512 2469 2469 D VrGuardianUserService: DeviceConfig - onFailure - Error: exception
03-01 11:37:35.513 2469 2469 E DeviceConfigTelemetryLogger: onFailure(exception)
03-01 11:37:35.513 2469 2469 D VrGuardianUserService: DeviceConfig - onFailure - Error: exception
03-01 11:37:35.513 2469 2469 E DeviceConfigTelemetryLogger: onFailure(exception)
03-01 11:37:35.513 2469 2469 D VrGuardianUserService: DeviceConfig - onFailure - Error: exception
03-01 11:37:35.514 2469 2469 E DeviceConfigTelemetryLogger: onFailure(exception)
03-01 11:37:35.514 2469 2469 E DeviceConfigTelemetryLogger: onFailure(exception)
03-01 11:37:35.514 2469 2469 D VrGuardianUserService: DeviceConfig - onFailure - Error: exception
03-01 11:37:35.514 2469 2469 E DeviceConfigTelemetryLogger: onFailure(exception)
03-01 11:37:35.515 2469 2469 D VrGuardianUserService: DeviceConfig - onFailure - Error: exception
03-01 11:37:35.515 2469 2469 E DeviceConfigTelemetryLogger: onFailure(exception)
03-01 11:37:35.515 2469 2469 D VrGuardianUserService: DeviceConfig - onFailure - Error: exception
03-01 11:37:35.515 2469 2469 E DeviceConfigTelemetryLogger: onFailure(exception)
03-01 11:37:35.515 2469 2469 D VrGuardianUserService: DeviceConfig - onFailure - Error: exception
03-01 11:37:35.522 2469 2469 E DeviceConfigTelemetryLogger: onFailure(exception)
03-01 11:37:35.522 2469 2469 D VrGuardianUserService: DeviceConfig - onFailure - Error: exception
03-01 11:37:35.525 2469 2469 E DeviceConfigTelemetryLogger: onFailure(exception)
03-01 11:37:35.525 2469 2469 D VrGuardianUserService: DeviceConfig - onFailure - Error: exception
03-01 11:37:35.525 2469 2469 E DeviceConfigTelemetryLogger: onFailure(exception)
03-01 11:37:35.526 2469 2469 D VrGuardianUserService: DeviceConfig - onFailure - Error: exception
03-01 11:37:35.526 2469 2469 E DeviceConfigTelemetryLogger: onFailure(exception)
03-01 11:37:35.526 2469 2469 D VrGuardianUserService: DeviceConfig - onFailure - Error: exception
03-01 11:37:35.527 2469 2469 E DeviceConfigTelemetryLogger: onFailure(exception)
03-01 11:37:35.527 2469 2469 D VrGuardianUserService: DeviceConfig - onFailure - Error: exception
03-01 11:37:35.528 2469 2469 E DeviceConfigTelemetryLogger: onFailure(exception)
03-01 11:37:35.528 2469 2469 D VrGuardianUserService: DeviceConfig - onFailure - Error: exception
03-01 11:37:35.528 2469 2469 E DeviceConfigTelemetryLogger: onFailure(exception)
03-01 11:37:35.528 2469 2469 D VrGuardianUserService: DeviceConfig - onFailure - Error: exception
03-01 11:37:35.529 2469 2469 E DeviceConfigTelemetryLogger: onFailure(exception)
03-01 11:37:35.529 2469 2469 D VrGuardianUserService: DeviceConfig - onFailure - Error: exception
03-01 11:37:35.529 2469 2469 E DeviceConfigTelemetryLogger: onFailure(exception)
03-01 11:37:35.530 2469 2469 D VrGuardianUserService: DeviceConfig - onFailure - Error: exception
03-01 11:37:35.543 2469 2469 E DeviceConfigTelemetryLogger: onFailure(exception)
03-01 11:37:35.543 2469 2469 D VrGuardianUserService: DeviceConfig - onFailure - Error: exception
03-01 11:37:35.544 2469 2469 E DeviceConfigTelemetryLogger: onFailure(exception)
03-01 11:37:35.544 2469 2469 D VrGuardianUserService: DeviceConfig - onFailure - Error: exception
03-01 11:37:35.544 2469 2469 E DeviceConfigTelemetryLogger: onFailure(exception)
03-01 11:37:35.545 2469 2469 D VrGuardianUserService: DeviceConfig - onFailure - Error: exception
03-01 11:37:35.545 2469 2469 E DeviceConfigTelemetryLogger: onFailure(exception)
03-01 11:37:35.545 2469 2469 D VrGuardianUserService: DeviceConfig - onFailure - Error: exception
