03-01 11:38:07.036 1968 3437 E MobileConfigServiceImpl: at com.oculus.deviceconfigservice.MobileConfigInitModule.A00(:5)
03-01 11:38:07.036 1968 3437 E MobileConfigServiceImpl: at X.0qq.A00(:66751)
03-01 11:38:07.036 1968 3437 E MobileConfigServiceImpl: at X.0qs.A03(:6)
03-01 11:38:07.036 1968 3437 E MobileConfigServiceImpl: at X.0UX.A01(:51)
03-01 11:38:07.036 1968 3437 E MobileConfigServiceImpl: at X.08I.get(:38)
03-01 11:38:07.036 1968 3437 E MobileConfigServiceImpl: at X.1el.run(:4)
03-01 11:38:07.036 1968 3437 E MobileConfigServiceImpl: at com.oculus.deviceconfigservice.MobileConfigServiceHelper$4.call(:2)
03-01 11:38:07.036 1968 3437 E MobileConfigServiceImpl: at X.1NJ.run(:4)
03-01 11:38:07.036 1968 3437 E MobileConfigServiceImpl: at java.util.concurrent.ThreadPoolExecutor.runWorker(ThreadPoolExecutor.java:1167)
03-01 11:38:07.036 1968 3437 E MobileConfigServiceImpl: at java.util.concurrent.ThreadPoolExecutor$Worker.run(ThreadPoolExecutor.java:641)
03-01 11:38:07.036 1968 3437 E MobileConfigServiceImpl: at java.lang.Thread.run(Thread.java:919)
03-01 11:38:07.047 2469 2469 E DeviceConfigTelemetryLogger: onFailure(exception)
03-01 11:38:07.047 2469 2469 D VrGuardianUserService: DeviceConfig - onFailure - Error: exception
03-01 11:38:07.068 2469 2469 E DeviceConfigTelemetryLogger: onFailure(exception)
03-01 11:38:07.069 2469 2469 D VrGuardianUserService: DeviceConfig - onFailure - Error: exception
03-01 11:38:07.073 2469 2469 E DeviceConfigTelemetryLogger: onFailure(exception)
03-01 11:38:07.074 2469 2469 D VrGuardianUserService: DeviceConfig - onFailure - Error: exception
03-01 11:38:07.079 1968 1986 I .oculus.horizo: Background concurrent copying GC freed 363829(19MB) AllocSpace objects, 132(9480KB) LOS objects, 31% free, 51MB/75MB, paused 160us total 941.927ms
03-01 11:38:07.101 2469 2469 E DeviceConfigTelemetryLogger: onFailure(exception)
03-01 11:38:07.101 2469 2469 D VrGuardianUserService: DeviceConfig - onFailure - Error: exception
03-01 11:38:07.114 2469 2469 E DeviceConfigTelemetryLogger: onFailure(exception)
03-01 11:38:07.115 2469 2469 D VrGuardianUserService: DeviceConfig - onFailure - Error: exception
03-01 11:38:07.129 2469 2469 E DeviceConfigTelemetryLogger: onFailure(exception)
03-01 11:38:07.129 2469 2469 D VrGuardianUserService: DeviceConfig - onFailure - Error: exception
03-01 11:38:07.129 2469 2469 E DeviceConfigTelemetryLogger: onFailure(exception)
03-01 11:38:07.129 2469 2469 D VrGuardianUserService: DeviceConfig - onFailure - Error: exception
03-01 11:38:07.139 2469 2469 E DeviceConfigTelemetryLogger: onFailure(exception)
03-01 11:38:07.139 2469 2469 D VrGuardianUserService: DeviceConfig - onFailure - Error: exception
03-01 11:38:07.150 2469 2469 E DeviceConfigTelemetryLogger: onFailure(exception)
03-01 11:38:07.150 2469 2469 D VrGuardianUserService: DeviceConfig - onFailure - Error: exception
03-01 11:38:07.189 2981 2981 V MIGHTY_LOG: [trace] ForegroundAppProvider: Current Foreground Package - com.oculus.os.clearactivity, Class: com.oculus.os.clearactivity.ClearActivity
03-01 11:38:07.198 2469 2469 E DeviceConfigTelemetryLogger: onFailure(exception)
03-01 11:38:07.198 2469 2469 D VrGuardianUserService: DeviceConfig - onFailure - Error: exception
03-01 11:38:07.230 1968 3457 I MobileConfigFactoryImpl: Registered SESSIONLESS factory change listener: ok
03-01 11:38:07.231 1968 3457 I MobileConfigFactoryImpl: Set Java EP Handler
03-01 11:38:07.249 2469 2469 E DeviceConfigTelemetryLogger: onFailure(exception)
03-01 11:38:07.249 2469 2469 D VrGuardianUserService: DeviceConfig - onFailure - Error: exception
03-01 11:38:07.257 2469 6314 E MobileConfigBaseClient: Timed out trying to connect to MobileConfigService.
03-01 11:38:07.257 2469 6314 E DeviceConfigTelemetryLogger: onFailure(Could not connect to MobileConfigService)
03-01 11:38:07.257 2469 6314 D VrGuardianUserService: DeviceConfig - onFailure - Error: Could not connect to MobileConfigService
03-01 11:38:07.277 2469 2469 E DeviceConfigTelemetryLogger: onFailure(exception)
03-01 11:38:07.277 2469 2469 D VrGuardianUserService: DeviceConfig - onFailure - Error: exception
03-01 11:38:07.279 2469 2469 E DeviceConfigTelemetryLogger: onFailure(exception)
03-01 11:38:07.279 2469 2469 D VrGuardianUserService: DeviceConfig - onFailure - Error: exception
03-01 11:38:07.302 1062 1099 I ActivityManager: Killing 2469:com.oculus.vrguardianservice/u0a33 (adj -700): user request after error
03-01 11:38:07.306 739 1346 E SensorService: HMD IMU samples delayed: 4.768ms between sample arrivals (expected 1.000ms)
03-01 11:38:07.333 1804 1804 I ClientMgr: FocusedClient changed.
03-01 11:38:07.333 1804 1804 W ClientMgr: ClientMgr::SetFocusedClient: No focused client
03-01 11:38:07.333 1804 1804 I ClientMgr: Releasing clocks.
03-01 11:38:07.333 1804 1804 I ClientMgr: SetFocusedPackageName - packageName processName clientId 0 clientPid 0
03-01 11:38:07.333 1804 1820 I FocusedClientsListener: focus: onVrFocusChanged(focusType=2): 1
03-01 11:38:07.333 1804 1820 I FocusedClientsListener: focus: pid=1062
03-01 11:38:07.333 1804 3099 I FocusedClientsListener: focus: onVrFocusChanged(focusType=0): 6
03-01 11:38:07.333 1804 3099 I FocusedClientsListener: focus: pid=1062
03-01 11:38:07.333 1804 3099 I FocusedClientsListener: focus: pid=2632
03-01 11:38:07.333 1804 3099 I FocusedClientsListener: focus: pid=5489
03-01 11:38:07.333 1804 3099 I FocusedClientsListener: focus: pid=3292
03-01 11:38:07.333 1804 3099 I FocusedClientsListener: focus: pid=3628
03-01 11:38:07.333 1804 3099 I FocusedClientsListener: focus: pid=2469
03-01 11:38:07.334 1804 1822 I FocusedClientsListener: focus: onVrFocusChanged(focusType=1): 6
03-01 11:38:07.334 1804 1822 I FocusedClientsListener: focus: pid=1062
03-01 11:38:07.334 1804 1822 I FocusedClientsListener: focus: pid=2632
03-01 11:38:07.334 1804 1822 I FocusedClientsListener: focus: pid=5489
03-01 11:38:07.334 1804 1822 I FocusedClientsListener: focus: pid=3292
03-01 11:38:07.334 1804 1822 I FocusedClientsListener: focus: pid=3628
03-01 11:38:07.334 1804 1822 I FocusedClientsListener: focus: pid=2469
03-01 11:38:07.339 1804 3096 I PerformanceManager_V0: SetClockLevels: Force releasing clocks
03-01 11:38:07.339 1804 3096 I PerformanceManager_V0: SetClockLevels: Apply pending clock request change: 1,1 -> -1,-1
03-01 11:38:07.339 1804 3090 I Clocks : ReleaseClocks - start
03-01 11:38:07.340 1804 3090 I Clocks : ReleaseClocks - end (0.8 ms)
03-01 11:38:07.342 1062 6598 I VrRuntimeClient: Client has lost focus.
03-01 11:38:07.353 1804 3096 I PerformanceManager_V0: SetClockLevels: Apply pending clock request change: -1,-1 -> 1,1
03-01 11:38:07.353 1804 3090 I Clocks : LockClocks( cpu=1, gpu=1 ) - start
03-01 11:38:07.356 1804 3090 I Clocks : CPU levels [0, 7]
03-01 11:38:07.378 853 853 W Binder:853_4: type=1400 audit(0.0:79): avc: denied { read write } for path="socket:[40111]" dev="sockfs" ino=40111 scontext=u:r:system_server:s0 tcontext=u:r:trackingserver:s0 tclass=unix_stream_socket permissive=0
03-01 11:38:07.383 2632 2659 I [CT] : MIXEDREALITY: MrServiceController: VrFocusManager::Top Activity Changed, topActivity now is: 'com.oculus.shellenv', immersiveApp now is: ''.
03-01 11:38:07.384 1804 1822 I FocusedClientsListener: focus: onTopActivityChanged: com.oculus.shellenv
03-01 11:38:07.384 1062 6598 I XrRuntimeUtils: XrRuntimeUtils::EndSession
03-01 11:38:07.384 1062 6598 D VrApi : targetSDKVersion 29
03-01 11:38:07.384 1062 6598 I VrRuntimeClient: DEVICE MODEL NUMBER = Quest 2
03-01 11:38:07.384 1062 6598 I VrRuntimeClient: DEVICE BUILD NAME = user-49882890235800150
03-01 11:38:07.384 1062 6598 I VrRuntimeClient: DEVICE BUILD TYPE = user
03-01 11:38:07.384 1062 6598 I VrRuntimeClient: DEVICE OS VERSION = 10
03-01 11:38:07.384 1062 6598 I VrRuntimeClient: API LOADER VERSION = 1.56.0
03-01 11:38:07.384 1062 6598 I VrRuntimeClient: RUNTIME API VERSION = 1.66.0
03-01 11:38:07.384 1062 6598 I VrRuntimeClient: RUNTIME VERSION = 49.0.0.207.357 Feb 8 2023 14:43:26 RELEASE
03-01 11:38:07.384 1062 6598 I VrRuntimeClient: APP NAME = Android System
03-01 11:38:07.384 1062 6598 I VrRuntimeClient: APP VERSION = 10 versionCode 29 internalVersionName
03-01 11:38:07.384 1062 6598 I VrRuntimeClient: APP VR TYPE =
03-01 11:38:07.384 1062 6598 I VrRuntimeClient: APP MODE TYPE =
03-01 11:38:07.384 1062 6598 I VrRuntimeClient: APP PACKAGE NAME = android
03-01 11:38:07.385 1062 6598 I VrRuntimeClient: APP ACTIVITY CLASS = com.oculus.os.DialogContext
03-01 11:38:07.385 1062 6598 D BatteryReceiver: Unregistering battery receiver
03-01 11:38:07.385 1062 6598 I Sensor : OSSDKTRACKING Shutdown tracking
03-01 11:38:07.385 1062 6598 I LogTimer: CPUTIME: VrRuntimeClient_EndSession took 0.9187 ms
03-01 11:38:07.385 1968 2111 W OVRLibrary: null cursor received for query content://com.oculus.ocms.library/apps/com.oculus.os.clearactivity
03-01 11:38:07.385 1968 2463 W OVRLibrary: null cursor received for query content://com.oculus.ocms.library/apps/android
03-01 11:38:07.385 1968 2463 I OVRMediaServiceManager: Sending onAppStart (android) to SocialPlatform (com.oculus.socialplatform)
03-01 11:38:07.386 2632 2760 I [CT] : MIXEDREALITY: OpenXrSupport: renderIteration: Display refresh rate changed, new value: 72.
03-01 11:38:07.386 2632 2760 I [CT] : MIXEDREALITY: MrRuntimeImpl: onDisplayRefreshRateChanged: Display rate changed from 90 to 72.
03-01 11:38:07.386 2632 2760 I [CT] : MIXEDREALITY: MrRuntimeImpl: Force telemetry to be sent now.
03-01 11:38:07.386 2632 2760 I [CT] : MIXEDREALITY: MrRuntimeImpl: Reset telemetry such to start collecting data using the new refresh rate.
03-01 11:38:07.386 2632 2760 I [CT] : MIXEDREALITY: MrRuntimeImpl: setSessionInitTime: Capability 0: timer set to 175.570722639 ns, duration reset after 52.744223939 s.
03-01 11:38:07.386 2632 2760 I [CT] : MIXEDREALITY: MrRuntimeImpl: setSessionInitTime: Capability 2: timer set to 175.570749097 ns, duration reset after 56.771253416 s.
03-01 11:38:07.387 1804 3046 I ScreenCaptureBase: GlobalInhibitState changed to 0
03-01 11:38:07.387 1804 3046 I ClientSurface: ClientSurface.setSecure: vr_compositor secure=0
03-01 11:38:07.388 1062 6608 I VrApi : FPS=73/72,Prd=34ms,Tear=0,Early=0,Stale=0,Stale2/5/10/max=0/0/0/0,VSnc=1,Lat=0,Fov=0D,CPU4/GPU=1/1,940/400MHz,OC=FF,TA=0/0/0,SP=N/N/N,Mem=1353MHz,Free=2549MB,PLS=0,Temp=40.2C/0.0C,TW=5.09ms,App=0.94ms,GD=0.00ms,CPU&GPU=4.26ms,LCnt=4(DR0,LM0),GPU%=0.45,CPU%=0.05(W0.09),DSF=1.00,CFL=19.60/21.34
03-01 11:38:07.388 1062 6598 I VrApi : OVR::Stats thread stopped
03-01 11:38:07.388 1062 6598 I InputDeviceManager: ovrInputDeviceManager::~ovrInputDeviceManager
03-01 11:38:07.388 853 3269 D TrackingService: haptic socket already exists
03-01 11:38:07.389 3292 3292 I [OAO] ShellOverlayServiceJNI: NativeSendOverlayCommand
03-01 11:38:07.389 3292 3292 I [OAO] ShellOverlayServiceJNI: NativeWake
03-01 11:38:07.389 3292 3292 I [OAO] ShellOverlayMain: WakeVrThread
03-01 11:38:07.389 3292 3292 I [OAO] ShellOverlayMain: WakeVrThread - notifying vr thread
03-01 11:38:07.389 3292 3292 I [OAO] ShellOverlayServiceJNI: NativeSendOverlayCommand
03-01 11:38:07.389 3292 3292 I [OAO] ShellOverlayServiceJNI: NativeWake
03-01 11:38:07.389 3292 3292 I [OAO] ShellOverlayMain: WakeVrThread
03-01 11:38:07.389 3292 3292 I [OAO] ShellOverlayMain: WakeVrThread - notifying vr thread
03-01 11:38:07.391 853 3269 D TrackingService: getSocket: com.android.networkstack.inprocess
03-01 11:38:07.393 2632 2659 I [CT] : MIXEDREALITY: MrServiceController: VrFocusManager::Top Activity Changed, topActivity now is: 'com.oculus.shellenv', immersiveApp now is: ''.
03-01 11:38:07.393 1062 6598 E OsSdk : error getting haptic socket, failed with Status(-129, EX_TRANSACTION_FAILED): '-2147483646: '
03-01 11:38:07.393 1062 6598 I InputDevice_TrackedRemote: OSSDKTRACKING shutting down Haptics
03-01 11:38:07.393 853 3269 D TrackingService: haptic socket already exists
03-01 11:38:07.393 853 3269 D TrackingService: getSocket: com.android.networkstack.inprocess
03-01 11:38:07.394 1062 6598 E OsSdk : error getting haptic socket, failed with Status(-129, EX_TRANSACTION_FAILED): '-2147483646: '
03-01 11:38:07.394 1062 6598 I InputDevice_TrackedRemote: OSSDKTRACKING shutting down Haptics
03-01 11:38:07.394 2632 2760 I [CT] : MIXEDREALITY: MrServiceModel: Hibernating caller (most likely rendering thread) due to commandQueue being empty.
03-01 11:38:07.394 853 3269 D TrackingService: haptic socket already exists
03-01 11:38:07.394 853 3269 D TrackingService: getSocket: com.android.networkstack.inprocess
03-01 11:38:07.394 1062 6598 E OsSdk : error getting haptic socket, failed with Status(-129, EX_TRANSACTION_FAILED): '-2147483646: '
03-01 11:38:07.394 1062 6598 I InputDevice_TrackedRemote: OSSDKTRACKING shutting down Haptics
03-01 11:38:07.395 853 3269 D TrackingService: haptic socket already exists
03-01 11:38:07.395 853 3269 D TrackingService: getSocket: com.android.networkstack.inprocess
03-01 11:38:07.395 1062 6598 E OsSdk : error getting haptic socket, failed with Status(-129, EX_TRANSACTION_FAILED): '-2147483646: '
03-01 11:38:07.395 1062 6598 I InputDevice_TrackedRemote: OSSDKTRACKING shutting down Haptics
03-01 11:38:07.395 1062 6598 I OSHandDataQuerier: OSSDKTRACKING shutting down HandsTracker
03-01 11:38:07.395 1062 6598 I OSHandDataQuerier: OSSDKTRACKING shutting down HandsTracker
03-01 11:38:07.399 1062 6605 I ClientInputThread_Internal: InputThreadRun ShutdownRequest received
03-01 11:38:07.400 1062 6598 D InputHooksJava: Disabling Java Input Hooks
03-01 11:38:07.400 1062 6598 I ClientInputTrackedKeyboardManager: TRACKEDKEYBOARD ClearTrackedObjectManager called on client
03-01 11:38:07.400 1804 6562 I VrRuntimeService: RuntimeServiceSDKServer::EnableRendering: 0x0, 0, system_server
03-01 11:38:07.400 1804 6562 I ClientMgr: ClientMgr::EnableRendering 1062:android.uid.system:1000 : type 0 comp-id 7: disable
03-01 11:38:07.400 1804 6562 I VrRuntimeServer: DisableCompositorClient: 7
03-01 11:38:07.400 1804 6562 I CompositorClientMgr: Disable client 7
03-01 11:38:07.400 1804 6562 I CompositorClientMgr: DisableClient: frame flush required: 1
03-01 11:38:07.401 1804 3046 I CompositorVR: SetSchedFifo( tid=2760, pol=5, pri=1 ) succeeded
03-01 11:38:07.402 1804 3046 W CompositorClient: WarpToScreen: No completed frames to display for primary client 7. submittedFrameIndex = 379
03-01 11:38:07.405 1804 6562 I UnifiedTelemetryWrapper: Stopped UT session render:system_server
03-01 11:38:07.405 1062 6625 I FenceChecker: FenceChecker::MainLoop - ended
03-01 11:38:07.406 1062 6598 I XrRuntimeUtils: XrRuntimeUtils::DestroySession
03-01 11:38:07.406 1062 6598 I VrApi : ---------- vrapi_LeaveVrMode [end] ----------
03-01 11:38:07.406 1804 6562 I VrRuntimeService: DestroySwapChain: swapchain=158
03-01 11:38:07.406 1804 6562 I VrRuntimeServer: DestroyTextureSwapChain: result destroyswapchain 1
03-01 11:38:07.406 1804 6562 I VrRuntimeService: DestroySwapChain: swapchain=162
03-01 11:38:07.406 1804 6562 I VrRuntimeServer: DestroyTextureSwapChain: result destroyswapchain 1
03-01 11:38:07.407 1804 6562 I VrRuntimeService: DestroySwapChain: swapchain=163
03-01 11:38:07.407 1804 2962 I SwapChain: DestroyAndroidSurfaceSwapChain: 0x7603ce5800: Destroying SurfaceTexture 0x27d6 Surface 0x27e6
03-01 11:38:07.408 1804 6562 I VrRuntimeServer: DestroyTextureSwapChain: result destroyswapchain 1
03-01 11:38:07.408 1804 6562 I VrRuntimeService: DestroySwapChain: swapchain=159
03-01 11:38:07.408 1804 6562 I VrRuntimeServer: DestroyTextureSwapChain: result destroyswapchain 1
03-01 11:38:07.408 1804 3096 I ClientMgr: Non-overlay clients rendering status has changed: prev=5, curr=6, enabled=0
03-01 11:38:07.409 1804 3096 I CompositorClientMgr: Enable client 0
03-01 11:38:07.409 1804 3096 I VrRuntimeServer: EnableCompositorClient client(0): layer placement(2147483643) flags(8) sm(0x7646ad0160)
03-01 11:38:07.411 2632 2760 I [CT] : MIXEDREALITY: MrServiceModel: Hibernating caller (most likely rendering thread) due to commandQueue being empty.
03-01 11:38:07.411 1804 6562 I VrRuntimeService: DestroySwapChain: swapchain=160
03-01 11:38:07.412 1804 6562 I VrRuntimeServer: DestroyTextureSwapChain: result destroyswapchain 1
03-01 11:38:07.413 1804 6562 I VrRuntimeService: DestroySwapChain: swapchain=161
03-01 11:38:07.413 1804 6562 I VrRuntimeServer: DestroyTextureSwapChain: result destroyswapchain 1
03-01 11:38:07.415 1062 6598 D UI : RenderThread exiting
03-01 11:38:07.419 3292 3447 I [OAO] ShellOverlayApp: 0xca96ab28 msg: overlayCommand:
03-01 11:38:07.419 3292 3447 I [OAO] ShellOverlayApp: command = topActivityChanged
03-01 11:38:07.419 3292 3447 I [OAO] ShellOverlayApp: topActivity = com.oculus.shellenv
03-01 11:38:07.419 3292 3447 I [OAO] ShellOverlayApp: Process_OverlayCommand command : topActivityChanged
03-01 11:38:07.419 3292 3447 I [OAO] ShellOverlayApp: Process_OverlayCommand unknown command received: topActivityChanged
03-01 11:38:07.419 3292 3447 I [OAO] ShellOverlayApp: 0xca96ab28 msg: overlayCommand:
03-01 11:38:07.419 3292 3447 I [OAO] ShellOverlayApp: command = topActivityChanged
03-01 11:38:07.419 3292 3447 I [OAO] ShellOverlayApp: topActivity = com.oculus.shellenv
03-01 11:38:07.419 3292 3447 I [OAO] ShellOverlayApp: Process_OverlayCommand command : topActivityChanged
03-01 11:38:07.419 3292 3447 I [OAO] ShellOverlayApp: Process_OverlayCommand unknown command received: topActivityChanged
03-01 11:38:07.430 1062 1099 D OsSdk : TrackingServiceConnection dtor
03-01 11:38:07.430 853 3269 I TrackingService: Unregistering client by ITrackingService.unregisterClient
03-01 11:38:07.430 853 3269 I TrackingService: Failed to unregister client because client not found in registered list
03-01 11:38:07.430 853 3269 I chatty : uid=1000(system) Binder:853_4 identical 7 lines
03-01 11:38:07.430 853 3269 I TrackingService: Failed to unregister client because client not found in registered list
03-01 11:38:07.430 853 3269 D TrackingService: unregister: com.android.networkstack.inprocess
03-01 11:38:07.432 1062 1099 D OsSdk : TrackingServiceConnection unregistered
03-01 11:38:07.432 1062 1099 I VrApi : ------------ vrapi_Shutdown [start] -----------
03-01 11:38:07.432 1062 1099 W VrApi : IsOvrValid: ovr == nullptr. Package: android
03-01 11:38:07.432 1062 1099 D UserSwitchedReceiver: Unregistering UserSwitchedReceiver
03-01 11:38:07.432 1062 1099 I TREX : Shutting down system...
03-01 11:38:07.432 1062 1099 I RuntimeIPCClient [RUNTIMEIPC]: Shutdown: 1, Client: android.uid.system:1000:system_server:1062, Server: com.oculus.systemdriver:com.oculus.vrruntimeservice (HapticsServer)
03-01 11:38:07.432 1062 1099 I RuntimeIPCClient [RUNTIMEIPC]: ReleaseRef: Remaining refs: 0, Client: android.uid.system:1000:system_server:1062, Server: com.oculus.systemdriver:com.oculus.vrruntimeservice (HapticsServer)
03-01 11:38:07.432 1062 1099 I RuntimeIPCClient [RUNTIMEIPC]: DisconnectFromServer: 0, Client: android.uid.system:1000:system_server:1062, Server: com.oculus.systemdriver:com.oculus.vrruntimeservice (HapticsServer)
03-01 11:38:07.432 1804 1822 I RPCServer [RUNTIMEIPC]: HandleClientDisconnect: Client: android.uid.system:1000:system_server:1062, Server: com.oculus.systemdriver:com.oculus.vrruntimeservice (HapticsServer)
03-01 11:38:07.433 1062 1099 I RuntimeIPCApi [RUNTIMEIPC]: ipc_Shutdown
03-01 11:38:07.433 1062 1099 I RuntimeIPCServiceClient [RUNTIMEIPC]: Shutdown: Refs still outstanding: 3, system_server
03-01 11:38:07.433 1062 1099 I TREX : Shutting down interface manager.
03-01 11:38:07.433 1062 1099 D SystemActivitiesReceiver: Unregistering Oculus System Activity receiver
03-01 11:38:07.433 1062 1099 I AudioCapture: AudioCapture::Shutdown
03-01 11:38:07.433 1062 1099 I AudioCapture: AudioCapture::StopAudioConsumerThread
03-01 11:38:07.433 1062 1099 I AudioCapture: AudioCapture::StopAudioConsumerThread COMPLETE
03-01 11:38:07.433 1062 1099 I AudioCapture: AudioCapture::Shutdown COMPLETE
03-01 11:38:07.433 1062 1099 D VrRuntimeClient: VrRuntimeClient: shutdown.
03-01 11:38:07.433 1062 1099 I VrGuardianClient: Shutdown
03-01 11:38:07.433 1062 1099 I VulkanLoader: ovrVulkanLoader::UnloadAndDestroyVulkanObject
03-01 11:38:07.433 1062 1099 I VulkanLoaderAndroid: ovrVulkanLoader::Unload
03-01 11:38:07.434 1062 1099 I LogTimer: CPUTIME: VrRuntimeClient_Shutdown took 0.7863 ms
03-01 11:38:07.434 1062 1099 I RuntimeIPCClient [RUNTIMEIPC]: Shutdown: 1, Client: android.uid.system:1000:system_server:1062, Server: com.oculus.systemdriver:com.oculus.vrruntimeservice (RuntimeServiceServer)
03-01 11:38:07.434 1062 1099 I RuntimeIPCClient [RUNTIMEIPC]: ReleaseRef: Remaining refs: 0, Client: android.uid.system:1000:system_server:1062, Server: com.oculus.systemdriver:com.oculus.vrruntimeservice (RuntimeServiceServer)
03-01 11:38:07.434 1062 1099 I RuntimeIPCClient [RUNTIMEIPC]: DisconnectFromServer: 0, Client: android.uid.system:1000:system_server:1062, Server: com.oculus.systemdriver:com.oculus.vrruntimeservice (RuntimeServiceServer)
03-01 11:38:07.434 1804 1822 I RPCServer [RUNTIMEIPC]: HandleClientDisconnect: Client: android.uid.system:1000:system_server:1062, Server: com.oculus.systemdriver:com.oculus.vrruntimeservice (RuntimeServiceServer)
03-01 11:38:07.434 1804 6562 I VrRuntimeService: RuntimeIPC: IPC_SYSTEM_EVENT_CLIENT_DISCONNECTED_EXT: system_server
03-01 11:38:07.434 1804 6562 I ClientMgr: ClientMgr::DestroyClient: 1062:android.uid.system:1000
03-01 11:38:07.434 1804 6562 I ClientMgr: ClientMgr::DestroyClient: non-deferred ShutdownResources: 378 == 378
03-01 11:38:07.434 1804 6562 I VrRuntimeServer: UnRegisterCompositorClient client(7)
03-01 11:38:07.434 1804 6562 I ClientMgr: RemoveClient: android.uid.system:1000:system_server:1062
03-01 11:38:07.434 1804 6562 I UnifiedTelemetryWrapper: Stopped UT session render_process_unknown
03-01 11:38:07.434 1804 6562 I UnifiedTelemetryWrapper: Stopped UT session lifetime:system_server
03-01 11:38:07.435 1062 1099 I RuntimeIPCApi [RUNTIMEIPC]: ipc_Shutdown
03-01 11:38:07.435 1062 1099 I RuntimeIPCServiceClient [RUNTIMEIPC]: Shutdown: Refs still outstanding: 2, system_server
03-01 11:38:07.435 1062 1099 I RenderUtils: ovrRenderUtils::Shutdown - not initialized
03-01 11:38:07.439 1062 1099 I XrRuntimeSharedClientState: SharedClientState::destroy
03-01 11:38:07.439 1062 1099 I XrRuntimeSharedClientState: OpenXRClientState::shutdown
03-01 11:38:07.439 1062 1099 I RuntimeIPCClient [RUNTIMEIPC]: Shutdown: 1, Client: android.uid.system:1000:system_server:1062, Server: com.oculus.systemdriver:com.oculus.vrruntimeservice (gkcache)
03-01 11:38:07.439 1062 1099 I RuntimeIPCClient [RUNTIMEIPC]: ReleaseRef: Remaining refs: 0, Client: android.uid.system:1000:system_server:1062, Server: com.oculus.systemdriver:com.oculus.vrruntimeservice (gkcache)
03-01 11:38:07.439 1062 1099 I RuntimeIPCClient [RUNTIMEIPC]: DisconnectFromServer: 0, Client: android.uid.system:1000:system_server:1062, Server: com.oculus.systemdriver:com.oculus.vrruntimeservice (gkcache)
03-01 11:38:07.439 1804 1822 I RPCServer [RUNTIMEIPC]: HandleClientDisconnect: Client: android.uid.system:1000:system_server:1062, Server: com.oculus.systemdriver:com.oculus.vrruntimeservice (gkcache)
03-01 11:38:07.440 1062 1099 I RuntimeIPCApi [RUNTIMEIPC]: ipc_Shutdown
03-01 11:38:07.440 1062 1099 I RuntimeIPCServiceClient [RUNTIMEIPC]: Shutdown: Refs still outstanding: 1, system_server
03-01 11:38:07.440 1062 1099 I VrApi : ------------ vrapi_Shutdown [end] -----------
03-01 11:38:07.441 1062 1099 I ActivityTaskManager: START u0 {act=com.oculus.os.clearactivity.FINISH cmp=com.oculus.os.clearactivity/.ClearActivity (has extras)} from uid 1000
03-01 11:38:07.441 1062 1099 W ActivityTaskManager: startActivity called from non-Activity context; forcing Intent.FLAG_ACTIVITY_NEW_TASK for: Intent { act=com.oculus.os.clearactivity.FINISH flg=0x800000 cmp=com.oculus.os.clearactivity/.ClearActivity (has extras) }
03-01 11:38:07.446 1062 1099 W Looper : Slow dispatch took 145ms android.ui h=com.android.server.am.AppNotRespondingDialog$1 c=null m=1
03-01 11:38:07.454 1062 3176 W InputReader: Device has associated, but no associated display id.
03-01 11:38:07.465 1062 1101 D ActivityManager: Is background playback GK enabled: false Is background playback enabled for all apps: false
03-01 11:38:07.466 1804 1804 D VrRuntimeService: onForegroundActivitiesChanged: pid=5489, uid=10015, hasForegroundActivities=true
03-01 11:38:07.466 747 1624 D AF::TrackHandle: OpPlayAudio: track:59 uid:10015 pkg:com.oculus.shellenv usage:1 not muted
03-01 11:38:07.466 1968 3457 I MobileConfigFactoryImpl: Registered SESSIONBASED factory change listener: ok
03-01 11:38:07.466 1968 3457 I MobileConfigFactoryImpl: Set Java EP Handler
03-01 11:38:07.467 1804 1820 I FocusedClientsListener: focus: onVrFocusChanged(focusType=2): 0
03-01 11:38:07.467 1804 1822 I FocusedClientsListener: focus: onVrFocusChanged(focusType=0): 5
03-01 11:38:07.467 1804 1822 I FocusedClientsListener: focus: pid=2632
03-01 11:38:07.467 1804 1822 I FocusedClientsListener: focus: pid=5489
03-01 11:38:07.467 1804 1822 I FocusedClientsListener: focus: pid=3292
03-01 11:38:07.467 1804 1822 I FocusedClientsListener: focus: pid=3628
03-01 11:38:07.468 1804 1822 I FocusedClientsListener: focus: pid=2469
03-01 11:38:07.468 1804 3099 I FocusedClientsListener: focus: onVrFocusChanged(focusType=1): 5
03-01 11:38:07.468 1804 3099 I FocusedClientsListener: focus: pid=2632
03-01 11:38:07.468 1804 3099 I FocusedClientsListener: focus: pid=5489
03-01 11:38:07.468 1804 3099 I FocusedClientsListener: focus: pid=3292
03-01 11:38:07.468 1804 3099 I FocusedClientsListener: focus: pid=3628
03-01 11:38:07.468 1804 3099 I FocusedClientsListener: focus: pid=2469
03-01 11:38:07.468 747 1011 D AF::RecordHandle: OpRecordAudio: track:58 uid:10015 pkg:com.oculus.shellenv usage:0 not muted
03-01 11:38:07.470 747 1624 D AF::TrackHandle: OpPlayAudio: track:59 uid:10015 pkg:com.oculus.shellenv usage:1 not muted
03-01 11:38:07.471 747 1011 D AF::RecordHandle: OpRecordAudio: track:58 uid:10015 pkg:com.oculus.shellenv usage:0 not muted
03-01 11:38:07.478 747 3864 D AF::RecordHandle: OpRecordAudio: track:55 uid:10059 pkg:com.oculus.horizon usage:0 not muted
03-01 11:38:07.480 747 3864 D AF::RecordHandle: OpRecordAudio: track:55 uid:10059 pkg:com.oculus.horizon usage:0 not muted
03-01 11:38:07.481 747 1247 D AF::TrackHandle: OpPlayAudio: track:57 uid:1000 pkg:com.android.networkstack.inprocess usage:13 not muted
03-01 11:38:07.482 747 1247 D AF::TrackHandle: OpPlayAudio: track:57 uid:1000 pkg:com.android.networkstack.inprocess usage:13 not muted
03-01 11:38:07.484 2870 2870 I MediaUploader: media sync preference is enabled: true
03-01 11:38:07.494 2870 2870 I MediaUploader: Schedule periodic sync job
03-01 11:38:07.495 1968 2463 E OVRMediaServiceManager: LivestreamingManager Not initialized
03-01 11:38:07.507 2738 5567 E DeviceConfigVersionMapBuilder: Something went wrong when building version map.
03-01 11:38:07.509 2738 5567 E DeviceConfigVersionMapBuilder: Something went wrong when building version map.
03-01 11:38:07.527 1804 3046 I CompositorVR: SetSchedFifo( tid=2760, pol=2, pri=0 ) succeeded
03-01 11:38:07.529 3628 3628 D [SEO] ShellEnvOverlayService: onStartCommand() with action com.oculus.vrshell.SHELL_ENV_START_SERVICE
03-01 11:38:07.531 747 6696 D AF::RecordHandle: OpRecordAudio: track:55 uid:10059 pkg:com.oculus.horizon usage:0 not muted
03-01 11:38:07.533 3628 5595 I [SEO] ShellApp: 0xcb189b08 msg: intent
03-01 11:38:07.533 3628 5595 I [SEO] ShellApp: Ignoring empty launch intent action com.oculus.vrshell.SHELL_ENV_START_SERVICE
03-01 11:38:07.533 747 1247 D AF::RecordHandle: OpRecordAudio: track:58 uid:10015 pkg:com.oculus.shellenv usage:0 not muted
03-01 11:38:07.535 747 1247 D AF::RecordHandle: OpRecordAudio: track:58 uid:10015 pkg:com.oculus.shellenv usage:0 not muted
03-01 11:38:07.535 3628 3628 D [SEO] ShellEnvOverlayService: onBind()
03-01 11:38:07.535 5489 5489 D ActivityLifecycleListener: onActivityResumed
03-01 11:38:07.537 747 6696 D AF::RecordHandle: OpRecordAudio: track:55 uid:10059 pkg:com.oculus.horizon usage:0 not muted
03-01 11:38:07.541 5489 5648 D ActivityLifecycleListener: activity=com.oculus.shellenv.ShellEnvActivity@a63e7d5, resumed=true
03-01 11:38:07.541 5489 5648 D ActivityLifecycleListener: Activity ready after 1ms
03-01 11:38:07.541 5489 5648 I OpenXR : nativeOnActivityReady
03-01 11:38:07.545 2738 5567 E DeviceConfigVersionMapBuilder: Something went wrong when building version map.
03-01 11:38:07.549 1062 1525 D ConnectivityService: requestNetwork for uid/pid:10025/2870 NetworkRequest [ TRACK_DEFAULT id=22, [ Capabilities: INTERNET&NOT_RESTRICTED&TRUSTED Uid: 10025] ]
03-01 11:38:07.549 2738 5567 I chatty : uid=10069(com.oculus.socialplatform) OkHttp Dispatch identical 1 line
03-01 11:38:07.550 2738 5567 E DeviceConfigVersionMapBuilder: Something went wrong when building version map.
03-01 11:38:07.550 1062 1266 D Ethernet: got request NetworkRequest [ TRACK_DEFAULT id=22, [ Capabilities: INTERNET&NOT_RESTRICTED&TRUSTED Uid: 10025] ] with score 60 and serial -1
03-01 11:38:07.550 1062 1215 D WifiNetworkFactory: got request NetworkRequest [ TRACK_DEFAULT id=22, [ Capabilities: INTERNET&NOT_RESTRICTED&TRUSTED Uid: 10025] ] with score 60 and serial -1
03-01 11:38:07.550 1062 1215 D UntrustedWifiNetworkFactory: got request NetworkRequest [ TRACK_DEFAULT id=22, [ Capabilities: INTERNET&NOT_RESTRICTED&TRUSTED Uid: 10025] ] with score 60 and serial -1
03-01 11:38:07.552 1062 1265 D WIFI_AWARE_FACTORY: got request NetworkRequest [ TRACK_DEFAULT id=22, [ Capabilities: INTERNET&NOT_RESTRICTED&TRUSTED Uid: 10025] ] with score 60 and serial -1
03-01 11:38:07.555 2738 5567 E DeviceConfigVersionMapBuilder: Something went wrong when building version map.
03-01 11:38:07.558 5489 5521 I Clay : BaseApp: Hibernate transition Unhibernate
03-01 11:38:07.558 5489 5521 I Clay : copresence: microphone state transition, unpaused
03-01 11:38:07.559 5489 5521 I Clay : SoundSystem: setPaused(false), m_paused=true
03-01 11:38:07.561 1382 1382 V AvrcpMediaPlayerList: onPlaybackConfigChanged(): Configs list size=4
03-01 11:38:07.562 2738 5567 E DeviceConfigVersionMapBuilder: Something went wrong when building version map.
03-01 11:38:07.567 2738 5567 I chatty : uid=10069(com.oculus.socialplatform) OkHttp Dispatch identical 10 lines
03-01 11:38:07.568 2738 5567 E DeviceConfigVersionMapBuilder: Something went wrong when building version map.
03-01 11:38:07.569 720 1120 D msm8974_platform: platform_split_snd_device: snd_device(2) num devices(1) new_snd_devices(0)
03-01 11:38:07.569 720 1120 D ACDB-LOADER: ACDB -> send_audvoltable
03-01 11:38:07.569 720 1120 D ACDB-LOADER: ACDB -> ACDB_CMD_GET_AUDPROC_INSTANCE_GAIN_DEP_STEP_TABLE_SIZE
03-01 11:38:07.570 2738 5567 E DeviceConfigVersionMapBuilder: Something went wrong when building version map.
03-01 11:38:07.570 5489 5521 I Clay : EnvironmentSystem: computed visibility changed from Unload to Visible (reason: )
03-01 11:38:07.569 720 1120 D : Failed to fetch the lookup information of the device 0000000F
03-01 11:38:07.570 720 1120 D ACDB-LOADER: Error: ACDB_CMD_GET_AUDPROC_INSTANCE_GAIN_DEP_STEP_TABLE_SIZE Returned = -19
03-01 11:38:07.570 720 1120 D ACDB-LOADER: ACDB -> ACDB_CMD_GET_AUDPROC_INSTANCE_GAIN_DEP_STEP_TABLE, vol index 1
03-01 11:38:07.570 720 1120 D : Failed to fetch the lookup information of the device 0000000F
03-01 11:38:07.570 720 1120 D ACDB-LOADER: Error: ACDB AudProc vol returned = -19
03-01 11:38:07.570 720 1120 D ACDB-LOADER: ACDB -> AUDIO_SET_VOL_CAL cal type = 40
03-01 11:38:07.571 5489 5521 W REFLECT [RUNTIMEIPC]: ipc_PostClientEvent FAILED: setCollisionShapes
03-01 11:38:07.573 5489 5521 I OpenXR : PostSessionStateChange: XR_SESSION_STATE_IDLE -> XR_SESSION_STATE_READY
03-01 11:38:07.573 2738 5567 E DeviceConfigVersionMapBuilder: Something went wrong when building version map.
03-01 11:38:07.574 1804 3099 I FocusedClientsListener: focus: onTopActivityChanged: com.oculus.shellenv
03-01 11:38:07.574 2632 2659 I [CT] : MIXEDREALITY: MrServiceController: VrFocusManager::Top Activity Changed, topActivity now is: 'com.oculus.shellenv', immersiveApp now is: ''.
03-01 11:38:07.574 5489 5521 I Clay : xrPollEvent: SESSION_STATE_CHANGED: READY
03-01 11:38:07.574 5489 5521 I Clay : Entering VR mode: cpu=-1, gpu=-1, perf threads: main=5521, gpu=unset
03-01 11:38:07.574 5489 5521 I OpenXR : ------------ xrBeginSession [start] -----------
03-01 11:38:07.574 5489 5521 I VrRuntimeClient: Tracing is disabled
03-01 11:38:07.574 5489 5521 I VrRuntimeClient: SysProp debug mode is disabled on Client side
03-01 11:38:07.576 3292 3292 I [OAO] ShellOverlayServiceJNI: NativeSendOverlayCommand
03-01 11:38:07.576 3292 3292 I [OAO] ShellOverlayServiceJNI: NativeWake
03-01 11:38:07.576 3292 3292 I [OAO] ShellOverlayMain: WakeVrThread
03-01 11:38:07.576 3292 3292 I [OAO] ShellOverlayMain: WakeVrThread - notifying vr thread
03-01 11:38:07.578 5489 5521 D VrApi : targetSDKVersion 29
03-01 11:38:07.579 2632 2760 I [CT] : MIXEDREALITY: MrServiceModel: Hibernating caller (most likely rendering thread) due to commandQueue being empty.
03-01 11:38:07.580 720 1120 D msm8974_platform: platform_split_snd_device: snd_device(2) num devices(1) new_snd_devices(0)
03-01 11:38:07.580 720 1120 D ACDB-LOADER: ACDB -> send_audvoltable
03-01 11:38:07.580 720 1120 D ACDB-LOADER: ACDB -> ACDB_CMD_GET_AUDPROC_INSTANCE_GAIN_DEP_STEP_TABLE_SIZE
03-01 11:38:07.580 720 1120 D : Failed to fetch the lookup information of the device 0000000F
03-01 11:38:07.580 720 1120 D ACDB-LOADER: Error: ACDB_CMD_GET_AUDPROC_INSTANCE_GAIN_DEP_STEP_TABLE_SIZE Returned = -19
03-01 11:38:07.580 720 1120 D ACDB-LOADER: ACDB -> ACDB_CMD_GET_AUDPROC_INSTANCE_GAIN_DEP_STEP_TABLE, vol index 6
03-01 11:38:07.581 720 1120 D : Failed to fetch the lookup information of the device 0000000F
03-01 11:38:07.581 720 1120 D ACDB-LOADER: Error: ACDB AudProc vol returned = -19
03-01 11:38:07.581 1804 1804 W ClientMgr: ClientMgr::SetFocusedClient: No focused client
03-01 11:38:07.581 720 1120 D ACDB-LOADER: ACDB -> AUDIO_SET_VOL_CAL cal type = 40
03-01 11:38:07.581 1804 1804 I ClientMgr: Releasing clocks.
03-01 11:38:07.581 1804 1804 I ClientMgr: SetFocusedPackageName - packageName processName clientId 0 clientPid 0
03-01 11:38:07.582 1804 1820 I FocusedClientsListener: focus: onVrFocusChanged(focusType=2): 0
03-01 11:38:07.582 1804 3046 I CompositorVR: SetSchedFifo( tid=2760, pol=5, pri=1 ) succeeded
03-01 11:38:07.582 1804 3099 I FocusedClientsListener: focus: onVrFocusChanged(focusType=0): 5
03-01 11:38:07.582 1804 3099 I FocusedClientsListener: focus: pid=2632
03-01 11:38:07.582 1804 3099 I FocusedClientsListener: focus: pid=5489
03-01 11:38:07.582 1804 3099 I FocusedClientsListener: focus: pid=3292
03-01 11:38:07.582 1804 3099 I FocusedClientsListener: focus: pid=3628
03-01 11:38:07.582 1804 3099 I FocusedClientsListener: focus: pid=2469
03-01 11:38:07.583 1804 1822 I FocusedClientsListener: focus: onVrFocusChanged(focusType=1): 5
03-01 11:38:07.583 1804 1822 I FocusedClientsListener: focus: pid=2632
03-01 11:38:07.583 1804 1822 I FocusedClientsListener: focus: pid=5489
03-01 11:38:07.583 1804 1822 I FocusedClientsListener: focus: pid=3292
03-01 11:38:07.583 1804 1822 I FocusedClientsListener: focus: pid=3628
03-01 11:38:07.583 1804 1822 I FocusedClientsListener: focus: pid=2469
03-01 11:38:07.586 5489 5521 I VrRuntimeClient: DEVICE MODEL NUMBER = Quest 2
03-01 11:38:07.586 5489 5521 I VrRuntimeClient: DEVICE BUILD NAME = user-49882890235800150
03-01 11:38:07.586 5489 5521 I VrRuntimeClient: DEVICE BUILD TYPE = user
03-01 11:38:07.586 5489 5521 I VrRuntimeClient: DEVICE OS VERSION = 10
03-01 11:38:07.586 5489 5521 I VrRuntimeClient: API LOADER VERSION = 1.0.25
03-01 11:38:07.586 5489 5521 I VrRuntimeClient: RUNTIME API VERSION = 1.0.25
03-01 11:38:07.586 5489 5521 I VrRuntimeClient: RUNTIME VERSION = 49.0.0.207.357 Feb 8 2023 14:43:26 RELEASE
03-01 11:38:07.586 5489 5521 I VrRuntimeClient: APP NAME = ShellEnv
03-01 11:38:07.586 5489 5521 I VrRuntimeClient: APP VERSION = 49.0.0.207.357 versionCode 445159140 internalVersionName 49.0.0.207.357.60c601c6ae0d 2023_02_08_16_27
03-01 11:38:07.586 5489 5521 I VrRuntimeClient: APP VR TYPE = vr_only
03-01 11:38:07.586 5489 5521 I VrRuntimeClient: APP MODE TYPE = VR
03-01 11:38:07.586 5489 5521 I VrRuntimeClient: APP PACKAGE NAME = com.oculus.shellenv
03-01 11:38:07.586 5489 5521 I VrRuntimeClient: APP ACTIVITY CLASS = com.oculus.shellenv.ShellEnvActivity
03-01 11:38:07.586 5489 5521 I Sensor : OSSDKTRACKING Initializing head tracking
03-01 11:38:07.586 5489 5521 I Sensor : OSSDKTRACKING Head tracker != nullpointer 0x760b9e82f8, 1
03-01 11:38:07.586 5489 5521 I Sensor : OSSDKTRACKING Initializing controller tracking
03-01 11:38:07.586 5489 5521 I Sensor : OSSDKTRACKING Controller tracker != nullpointer 0x761b6bbe20, 1
03-01 11:38:07.586 5489 5521 D BatteryReceiver: Registering battery receiver
03-01 11:38:07.590 5489 5521 D HeadsetReceiver: getCurrentHeadsetState: false
03-01 11:38:07.590 5489 5521 I DeviceStatus: nativeHeadsetEvent(0)
03-01 11:38:07.590 2738 5567 E DeviceConfigVersionMapBuilder: Something went wrong when building version map.
03-01 11:38:07.591 2738 5567 I chatty : uid=10069(com.oculus.socialplatform) OkHttp Dispatch identical 2 lines
03-01 11:38:07.593 2738 5567 E DeviceConfigVersionMapBuilder: Something went wrong when building version map.
03-01 11:38:07.593 5489 5521 I VrRuntimeClient: SetCompositorClientFeatureFlag ClientFeatureFlag 0
03-01 11:38:07.594 5489 5521 I LogTimer: CPUTIME: VrRuntimeClient_BeginSession took 19.3876 ms
03-01 11:38:07.594 5489 5521 I ClientInputInterface: DEADRECKONING SetControllerTrackingExtendedDeadreckoning 0
03-01 11:38:07.594 5489 5521 I ClientInputSettings: HANDTRACKING package name is com.oculus.shellenv
03-01 11:38:07.595 2738 5567 E DeviceConfigVersionMapBuilder: Something went wrong when building version map.
03-01 11:38:07.596 5489 5521 I ClientInputSettings: HANDTRACKING: Manifest Permission request for com.oculus.shellenv
03-01 11:38:07.597 5489 5521 I ClientInputSettings: HANDTRACKING: 'com.oculus.shellenv' Is hands or controller.
03-01 11:38:07.598 5489 5521 I ClientInputSettings: HANDTRACKING: feature flag set to 2
03-01 11:38:07.598 5489 5521 I ClientInputInterface: HANDTRACKING sethandmanifest 2
03-01 11:38:07.598 5489 5521 I InputHooks_Internal: Enabling Native Input Hooks
03-01 11:38:07.598 5489 5521 I InputDeviceManager: ovrInputDeviceManager::Initialize
03-01 11:38:07.598 5489 5521 I Distortion: Initializing Mesh Decenter Correction
03-01 11:38:07.599 845 845 E CalibrationProvider: loadCalibration(LDISP_SN) failed: Calibration store didn't load any info
03-01 11:38:07.600 1968 2359 I VRLifecycleSessionManager: Stored session info.
03-01 11:38:07.600 845 845 E CalibrationProvider: loadCalibration(RDISP_SN) failed: Calibration store didn't load any info
03-01 11:38:07.600 2738 5567 E DeviceConfigVersionMapBuilder: Something went wrong when building version map.
03-01 11:38:07.600 2738 5567 E DeviceConfigVersionMapBuilder: Something went wrong when building version map.
03-01 11:38:07.609 5489 5521 I Distortion: SetLensPositions - iad=0.0630904, left offset=-0.000345618,-0.00130207, right offset=-3.51965e-05,-0.00142257
03-01 11:38:07.609 5489 5521 I Distortion: Initializing Mesh Decenter Correction
03-01 11:38:07.610 845 845 E CalibrationProvider: loadCalibration(LDISP_SN) failed: Calibration store didn't load any info
03-01 11:38:07.610 1968 2496 W OVRLibrary: null cursor received for query content://com.oculus.ocms.library/apps/android
03-01 11:38:07.610 1968 2496 I OVRMediaServiceManager: Sending onAppStart (android) to SocialPlatform (com.oculus.socialplatform)
03-01 11:38:07.610 845 845 E CalibrationProvider: loadCalibration(RDISP_SN) failed: Calibration store didn't load any info
03-01 11:38:07.610 5489 5521 I Distortion: SetLensPositions - iad=0.0630904, left offset=-0.000345618,-0.00130207, right offset=-3.51965e-05,-0.00142257
03-01 11:38:07.611 5489 5521 I Distortion: Created custom distortion mesh.
03-01 11:38:07.611 5489 5521 I InputDevice_TrackedRemote: Using new float conversion.
03-01 11:38:07.611 5489 5521 I InputDevice_TrackedRemote: REMOTE: Hand=2 IndexAnalog=0.00 GripAnalog=0.00 Buttons=0x00000000
03-01 11:38:07.611 5489 5521 I InputDeviceManager: HANDTRACKING Pointer filter profile changed to: 0
03-01 11:38:07.611 5489 5521 I InputDeviceManager: HANDTRACKING Pointer filter profile changed to: 0
03-01 11:38:07.611 5489 5521 I InputDeviceManager: HANDTRACKING Root pose filter profile changed for (version, freq) to (2, 1) from (1,2)
03-01 11:38:07.611 5489 5521 I PhaseSync: PhaseSync::PhaseSync PaddingLowerLimit 0.350000 StandardDeviations 2.000000 PaddingUpperLimit 0.750000 on instance 1
03-01 11:38:07.611 5489 5521 I VrRuntimeClient: PhaseSync Instance created
03-01 11:38:07.611 5489 5521 D VrRuntimeClient: pokeGuardianUserServiceForThisClient: com.oculus.shellenv:10015
03-01 11:38:07.617 2870 2937 I MediaUploader: Start queuing media for upload
03-01 11:38:07.618 2870 2937 I MediaUploader: media sync preference is enabled: true
03-01 11:38:07.624 3292 3447 I [OAO] ShellOverlayApp: 0xca96ab28 msg: overlayCommand:
03-01 11:38:07.624 3292 3447 I [OAO] ShellOverlayApp: command = topActivityChanged
03-01 11:38:07.624 3292 3447 I [OAO] ShellOverlayApp: topActivity = com.oculus.shellenv
03-01 11:38:07.624 3292 3447 I [OAO] ShellOverlayApp: Process_OverlayCommand command : topActivityChanged
03-01 11:38:07.624 3292 3447 I [OAO] ShellOverlayApp: Process_OverlayCommand unknown command received: topActivityChanged
03-01 11:38:07.625 5489 5521 D VrRuntimeClient: VrRuntimeClient: getClientWindow: activity client
03-01 11:38:07.626 1804 5569 I VrRuntimeService: RuntimeServiceSDKServer::EnableRendering: 0x7634612340, 2, com.oculus.shellenv
03-01 11:38:07.626 1804 5569 I ClientMgr: EnableRendering2: Calling SetFocusedClient: 2583401121
03-01 11:38:07.626 1804 5569 I ClientMgr: FocusedClient changed.
03-01 11:38:07.626 1804 5569 I ClientMgr: ClientMgr::SetFocusedClient: 5489:com.oculus.shellenv type 0
03-01 11:38:07.626 1804 5569 I ClientMgr: SetFocusedPackageName - packageName com.oculus.shellenv processName com.oculus.shellenv clientId 2583401121 clientPid 5489
03-01 11:38:07.626 1804 5569 I VrRuntimeService: RuntimeIPC: SendFocusChangeEventToAllClients: PostClientEvent SUCCESS: com.oculus.shellenv:com.oculus.shellenv:5489, com.oculus.shellenv, com.oculus.shellenv
03-01 11:38:07.626 1804 5569 I VrRuntimeService: RuntimeIPC: SendFocusChangeEventToAllClients: PostClientEvent SUCCESS: com.oculus.vrshell:com.oculus.vrshell:Overlay:3292, com.oculus.shellenv, com.oculus.shellenv
03-01 11:38:07.626 1804 5569 I VrRuntimeService: RuntimeIPC: SendFocusChangeEventToAllClients: PostClientEvent SUCCESS: com.oculus.mrservice:com.oculus.mrservice:2632, com.oculus.shellenv, com.oculus.shellenv
03-01 11:38:07.626 1804 5569 I VrRuntimeService: RuntimeIPC: SendFocusChangeEventToAllClients: PostClientEvent SUCCESS: com.oculus.vrshell:com.oculus.vrshell:3628, com.oculus.shellenv, com.oculus.shellenv
03-01 11:38:07.626 1804 5569 I VrRuntimeService: RuntimeIPC: SendFocusChangeEventToAllClients: PostClientEvent SUCCESS: com.oculus.guardian:com.oculus.vrguardianservice:2469, com.oculus.shellenv, com.oculus.shellenv
03-01 11:38:07.626 1804 5569 I ClientMgr: ClientMgr::EnableRendering 5489:com.oculus.shellenv : type 0 comp-id 6: enable
03-01 11:38:07.626 1804 5569 I CompositorVR: CheckDebuggerConnected: debugger 0
03-01 11:38:07.626 1804 5569 I VrRuntimeServer: SysProp debug mode is disabled on Server side
03-01 11:38:07.626 1804 5569 I UnifiedTelemetryWrapper: Started UT session render:com.oculus.shellenv
03-01 11:38:07.631 1804 3096 I ClientMgr: Non-overlay clients rendering status has changed: prev=6, curr=7, enabled=1
03-01 11:38:07.631 1804 3096 I ClientMgr: Primary Client is not valid.
03-01 11:38:07.631 1804 3096 I ClientMgr: Primary client determined to be the current enabled client -1711566175
03-01 11:38:07.631 1804 3096 I ClientMgr: ClientMgr::SetPrimaryCompositorClient: 5489:com.oculus.shellenv
03-01 11:38:07.631 1804 3096 W ClientMgr: ClientMgr::GetClientPermissionFlagsById: Client missing proper permissions: com.oculus.shellenv, 2
03-01 11:38:07.631 1804 3096 I CompositorClientMgr: Enable client 6
03-01 11:38:07.631 1804 3096 I VrRuntimeServer: EnableCompositorClient client(6): layer placement(0) flags(1) sm(0x7645ee4010)
03-01 11:38:07.631 1804 3096 I ClientMgr: SetPrimaryPackageName - packageName com.oculus.shellenv processName com.oculus.shellenv clientId 2583401121 clientPid 5489
03-01 11:38:07.631 1804 3096 I ServiceInputManager: ServiceInputManager::SetPrimaryPackageName 'com.oculus.shellenv' 'com.oculus.shellenv' updated AnytimeUI processname 0
03-01 11:38:07.631 1804 3096 I VrRuntimeService: RuntimeIPC: SendPrimaryPackageChangeEvent: PostClientEvent SUCCESS: com.oculus.shellenv:com.oculus.shellenv:5489, com.oculus.shellenv, com.oculus.shellenv
03-01 11:38:07.631 1804 3096 I VrRuntimeService: RuntimeIPC: SendPrimaryPackageChangeEvent: PostClientEvent SUCCESS: com.oculus.vrshell:com.oculus.vrshell:Overlay:3292, com.oculus.shellenv, com.oculus.shellenv
03-01 11:38:07.631 1804 3096 I VrRuntimeService: RuntimeIPC: SendPrimaryPackageChangeEvent: PostClientEvent SUCCESS: com.oculus.mrservice:com.oculus.mrservice:2632, com.oculus.shellenv, com.oculus.shellenv
03-01 11:38:07.631 1804 3096 I VrRuntimeService: RuntimeIPC: SendPrimaryPackageChangeEvent: PostClientEvent SUCCESS: com.oculus.vrshell:com.oculus.vrshell:3628, com.oculus.shellenv, com.oculus.shellenv
03-01 11:38:07.631 1804 3096 I VrRuntimeService: RuntimeIPC: SendPrimaryPackageChangeEvent: PostClientEvent SUCCESS: com.oculus.guardian:com.oculus.vrguardianservice:2469, com.oculus.shellenv, com.oculus.shellenv
03-01 11:38:07.631 1804 3096 D VrRuntimeService: sendPrimaryPackageChangeBroadcast
03-01 11:38:07.633 5489 5521 I ScreenCaptureHelper: Advertising com.oculus.shellenv as streamable
03-01 11:38:07.633 5489 5521 I VrApi : OVR::Stats thread started
03-01 11:38:07.633 5489 5521 I XrRuntimeUtils: XrRuntimeUtils::BeginSession
03-01 11:38:07.633 5489 5521 I XrRuntimeSystem_Client: BeginSession
03-01 11:38:07.633 5489 5521 I OpenXR : ------------ xrBeginSession [end] -----------
03-01 11:38:07.633 5489 5521 I Clay : Setting CPU/GPU levels= 25/75
03-01 11:38:07.633 1968 2111 I OVRMediaService: onStartCommand Received message type: set_package_name, caller package: no_app_identity, app identify: null
03-01 11:38:07.633 3292 3292 D [OAO] BaseOverlayService: screenStateReceiver Received broadcast: com.oculus.vrshell.intent.action.PRIMARY_PACKAGE_CHANGED
03-01 11:38:07.634 1968 2111 I OVRMediaService: Got package name intent (com.oculus.shellenv)
03-01 11:38:07.634 3292 3292 I [OAO] ShellOverlayServiceJNI: NativeSendOverlayCommand
03-01 11:38:07.634 3292 3292 I [OAO] ShellOverlayServiceJNI: NativeWake
03-01 11:38:07.634 3292 3292 I [OAO] ShellOverlayMain: WakeVrThread
03-01 11:38:07.634 3292 3292 I [OAO] ShellOverlayMain: WakeVrThread - notifying vr thread
03-01 11:38:07.634 3628 3628 D [SEO] BaseOverlayService: screenStateReceiver Received broadcast: com.oculus.vrshell.intent.action.PRIMARY_PACKAGE_CHANGED
03-01 11:38:07.634 1804 3096 I UnifiedTelemetryWrapper: Setting destination as com.oculus.shellenv
03-01 11:38:07.634 1804 3096 I AADT : SetAADTLutDataX: 0
03-01 11:38:07.634 1804 3096 I AADT : SetAADTLutDataY: 0
03-01 11:38:07.635 1804 3096 I ServiceInputManager: InhibitHandleHomeKey has changed on the service. New value: 1
03-01 11:38:07.635 1804 3096 I ServiceInputManager: DEADRECKONING deadReckoning mode on ClientMgr from server is 0
03-01 11:38:07.635 1804 3096 I PerformanceManager_V0: SetClockLevels: Force releasing clocks
03-01 11:38:07.635 1804 3096 I PerformanceManager_V0: SetClockLevels: Apply pending clock request change: 1,1 -> -1,-1
03-01 11:38:07.635 1804 3090 I Clocks : ReleaseClocks - start
03-01 11:38:07.636 1804 3090 I Clocks : ReleaseClocks - end (1.3 ms)
03-01 11:38:07.636 1968 2111 I OVRMediaServiceManager: Sending onAppStart (com.oculus.shellenv) to SocialPlatform (com.oculus.socialplatform)
03-01 11:38:07.638 862 5554 E VrApiService: Error set scheduler for process 1804 thread 6625 to 2 : No such process (3)
03-01 11:38:07.638 1804 3046 I CompositorVR: SetSchedFifo( tid=6625, pol=2, pri=0 ) succeeded
03-01 11:38:07.638 1804 3046 I AADT : SetAADTLutDataX. Thread. SizeX: 0
03-01 11:38:07.638 1804 3046 I AADT : SetAADTLutDataY. Thread. SizeY: 0
03-01 11:38:07.640 5489 6700 D VrApi : targetSDKVersion 29
03-01 11:38:07.645 1804 3096 I Vsync : Adjusting vsync display refresh rate 72.000000 -> 90.000000
03-01 11:38:07.645 5489 5516 E DeviceConfigClient: Did not get a successful subscribe in time, Trying again.
03-01 11:38:07.646 5489 5516 E c : onFailure(Retry subscribe)
03-01 11:38:07.646 1062 1110 W BroadcastQueue: Skipping deliver [background] BroadcastRecord{8d365d9 u-1 android.intent.action.BATTERY_CHANGED} to ReceiverList{d662e94 2469 com.oculus.vrguardianservice/10033/u0 remote:37de2e7}: process gone or crashing
03-01 11:38:07.649 5489 6702 I FenceChecker: FenceChecker::MainLoop - started
03-01 11:38:07.652 1804 3046 I CompositorVR: SetSchedFifo( tid=5521, pol=3, pri=0 ) succeeded
03-01 11:38:07.652 1804 3046 I CompositorVR: SetSchedFifo( tid=6702, pol=3, pri=0 ) succeeded
03-01 11:38:07.654 5489 5521 I OpenXR : PostSessionStateChange: XR_SESSION_STATE_READY -> XR_SESSION_STATE_SYNCHRONIZED
03-01 11:38:07.654 1804 1822 I FocusedClientsListener: focus: onTopActivityChanged: com.oculus.shellenv
03-01 11:38:07.655 5489 5521 I Clay : xrPollEvent: SESSION_STATE_CHANGED: SYNCHRONIZED
03-01 11:38:07.655 5489 5521 I OpenXR : PostSessionStateChange: XR_SESSION_STATE_SYNCHRONIZED -> XR_SESSION_STATE_VISIBLE
03-01 11:38:07.656 1804 1822 I FocusedClientsListener: focus: onTopActivityChanged: com.oculus.shellenv
