03-01 11:37:53.088 2469 2469 D VrGuardianUserService: DeviceConfig - onFailure - Error: exception
03-01 11:37:53.088 2469 2469 E DeviceConfigTelemetryLogger: onFailure(exception)
03-01 11:37:53.088 2469 2469 D VrGuardianUserService: DeviceConfig - onFailure - Error: exception
03-01 11:37:53.088 2469 2469 E DeviceConfigTelemetryLogger: onFailure(exception)
03-01 11:37:53.088 2469 2469 D VrGuardianUserService: DeviceConfig - onFailure - Error: exception
03-01 11:37:53.090 2469 2469 E DeviceConfigTelemetryLogger: onFailure(exception)
03-01 11:37:53.090 2469 2469 D VrGuardianUserService: DeviceConfig - onFailure - Error: exception
03-01 11:37:53.091 2469 2469 E DeviceConfigTelemetryLogger: onFailure(exception)
03-01 11:37:53.091 2469 2469 D VrGuardianUserService: DeviceConfig - onFailure - Error: exception
03-01 11:37:53.091 2469 2469 E DeviceConfigTelemetryLogger: onFailure(exception)
03-01 11:37:53.091 2469 2469 D VrGuardianUserService: DeviceConfig - onFailure - Error: exception
03-01 11:37:53.093 2469 2469 E DeviceConfigTelemetryLogger: onFailure(exception)
03-01 11:37:53.094 2469 2469 D VrGuardianUserService: DeviceConfig - onFailure - Error: exception
03-01 11:37:53.133 1968 3434 I MobileConfigFactoryImpl: Created MobileConfigFactoryImpl, unitType:8
03-01 11:37:53.148 1968 3436 I MobileConfigFactoryImpl: Created MobileConfigFactoryImpl, unitType:2
03-01 11:37:53.149 1968 3436 I MobileConfigFactoryImpl: Created MobileConfigFactoryImpl, unitType:1
03-01 11:37:53.150 1968 3436 I MobileConfigFactoryImpl: Created MobileConfigFactoryImpl, unitType:2
03-01 11:37:53.150 1968 3436 I MobileConfigFactoryImpl: Created MobileConfigFactoryImpl, unitType:1
03-01 11:37:53.166 1968 3434 E MobileConfigServiceImpl: exception while trying to subscribe
03-01 11:37:53.166 1968 3434 E MobileConfigServiceImpl: java.lang.IllegalArgumentException: account is null
03-01 11:37:53.166 1968 3434 E MobileConfigServiceImpl: at android.accounts.AccountManager.getAuthToken(AccountManager.java:1778)
03-01 11:37:53.166 1968 3434 E MobileConfigServiceImpl: at com.oculus.deviceconfigservice.FRLAuthedHttpClient.A00(:28)
03-01 11:37:53.166 1968 3434 E MobileConfigServiceImpl: at com.oculus.deviceconfigservice.MobileConfigServiceHelper.A00(:254)
03-01 11:37:53.166 1968 3434 E MobileConfigServiceImpl: at X.1mj.(:274)
03-01 11:37:53.166 1968 3434 E MobileConfigServiceImpl: at X.0qq.A00(:66554)
03-01 11:37:53.166 1968 3434 E MobileConfigServiceImpl: at X.0qs.A03(:6)
03-01 11:37:53.166 1968 3434 E MobileConfigServiceImpl: at X.0nT.A01(:51)
03-01 11:37:53.166 1968 3434 E MobileConfigServiceImpl: at X.0nT.A00(:12)
03-01 11:37:53.166 1968 3434 E MobileConfigServiceImpl: at com.oculus.deviceconfigservice.MobileConfigInitModule.A00(:5)
03-01 11:37:53.166 1968 3434 E MobileConfigServiceImpl: at X.0qq.A00(:66751)
03-01 11:37:53.166 1968 3434 E MobileConfigServiceImpl: at X.0qs.A03(:6)
03-01 11:37:53.166 1968 3434 E MobileConfigServiceImpl: at X.0UX.A01(:51)
03-01 11:37:53.166 1968 3434 E MobileConfigServiceImpl: at X.08I.get(:38)
03-01 11:37:53.166 1968 3434 E MobileConfigServiceImpl: at X.1el.run(:4)
03-01 11:37:53.166 1968 3434 E MobileConfigServiceImpl: at com.oculus.deviceconfigservice.MobileConfigServiceHelper$4.call(:2)
03-01 11:37:53.166 1968 3434 E MobileConfigServiceImpl: at X.1NJ.run(:4)
03-01 11:37:53.166 1968 3434 E MobileConfigServiceImpl: at java.util.concurrent.ThreadPoolExecutor.runWorker(ThreadPoolExecutor.java:1167)
03-01 11:37:53.166 1968 3434 E MobileConfigServiceImpl: at java.util.concurrent.ThreadPoolExecutor$Worker.run(ThreadPoolExecutor.java:641)
03-01 11:37:53.166 1968 3434 E MobileConfigServiceImpl: at java.lang.Thread.run(Thread.java:919)
03-01 11:37:53.270 2911 2911 W OVRLibrary: null cursor received for query content://com.oculus.ocms.library/apps/com.mightyimmersion.customlauncher.oculus.prod
03-01 11:37:53.270 2911 2911 W [SUI] DeviceConfigHelper: Try to get config param oculus_systemux:aui_show_unknown_sources_in_dynamic_app_bar before Device Config has subscribed to the service.
03-01 11:37:53.297 2469 2469 E DeviceConfigTelemetryLogger: onFailure(exception)
03-01 11:37:53.297 2469 2469 D VrGuardianUserService: DeviceConfig - onFailure - Error: exception
03-01 11:37:53.305 2469 2469 E DeviceConfigTelemetryLogger: onFailure(exception)
03-01 11:37:53.305 2469 2469 D VrGuardianUserService: DeviceConfig - onFailure - Error: exception
03-01 11:37:53.317 2469 6056 E MobileConfigBaseClient: Timed out trying to connect to MobileConfigService.
03-01 11:37:53.318 2469 6056 E DeviceConfigTelemetryLogger: onFailure(Could not connect to MobileConfigService)
03-01 11:37:53.318 2469 6056 D VrGuardianUserService: DeviceConfig - onFailure - Error: Could not connect to MobileConfigService
03-01 11:37:53.325 843 6171 D BufferPoolAccessor: bufferpool2 0x312094ba30 : 3(196608 size) total buffers - 1(65536 size) used buffers - 1048/1051 (recycle/alloc) - 3/1050 (fetch/transfer)
03-01 11:37:53.325 5489 5774 D BufferPoolAccessor: bufferpool2 0x76003ace20 : 7(229376 size) total buffers - 6(196608 size) used buffers - 2/9 (recycle/alloc) - 12/2109 (fetch/transfer)
03-01 11:37:53.326 2469 4528 D VrGuardianUserService: SubscribeTask - Attempting Subscribe
03-01 11:37:53.328 2469 4057 D VrGuardianUserService: SubscribeTask - Attempting Subscribe
03-01 11:37:53.329 2469 4614 D VrGuardianUserService: SubscribeTask - Attempting Subscribe
03-01 11:37:53.331 2469 6068 E MobileConfigBaseClient: Timed out trying to connect to MobileConfigService.
03-01 11:37:53.331 2469 6068 E DeviceConfigTelemetryLogger: onFailure(Could not connect to MobileConfigService)
03-01 11:37:53.331 2469 6068 D VrGuardianUserService: DeviceConfig - onFailure - Error: Could not connect to MobileConfigService
03-01 11:37:53.332 2469 6059 E MobileConfigBaseClient: Timed out trying to connect to MobileConfigService.
03-01 11:37:53.332 2469 6059 E DeviceConfigTelemetryLogger: onFailure(Could not connect to MobileConfigService)
03-01 11:37:53.332 2469 6059 D VrGuardianUserService: DeviceConfig - onFailure - Error: Could not connect to MobileConfigService
03-01 11:37:53.335 2469 2469 E DeviceConfigTelemetryLogger: onFailure(exception)
03-01 11:37:53.335 2469 2469 D VrGuardianUserService: DeviceConfig - onFailure - Error: exception
03-01 11:37:53.335 2469 2469 E DeviceConfigTelemetryLogger: onFailure(exception)
03-01 11:37:53.335 2469 2469 D VrGuardianUserService: DeviceConfig - onFailure - Error: exception
03-01 11:37:53.336 2469 2469 E DeviceConfigTelemetryLogger: onFailure(exception)
03-01 11:37:53.336 2469 2469 D VrGuardianUserService: DeviceConfig - onFailure - Error: exception
03-01 11:37:53.339 2469 2469 E DeviceConfigTelemetryLogger: onFailure(exception)
03-01 11:37:53.339 2469 2469 D VrGuardianUserService: DeviceConfig - onFailure - Error: exception
03-01 11:37:53.339 2469 2469 E DeviceConfigTelemetryLogger: onFailure(exception)
03-01 11:37:53.339 2469 2469 D VrGuardianUserService: DeviceConfig - onFailure - Error: exception
03-01 11:37:53.341 2469 2469 E DeviceConfigTelemetryLogger: onFailure(exception)
03-01 11:37:53.341 2469 2469 D VrGuardianUserService: DeviceConfig - onFailure - Error: exception
03-01 11:37:53.409 2981 2981 V MIGHTY_LOG: [trace] ForegroundAppProvider: Current Foreground Package - com.oculus.explore, Class: com.oculus.explore.PanelService
03-01 11:37:53.412 2911 2911 W OVRLibrary: null cursor received for query content://com.oculus.ocms.library/apps/quick_settings_app
03-01 11:37:53.412 2911 2911 W [SUI] DeviceConfigHelper: Try to get config param oculus_systemux:aui_show_unknown_sources_in_dynamic_app_bar before Device Config has subscribed to the service.
03-01 11:37:53.448 3628 5595 I [SEO] PanelAppsManager: com.oculus.explore/com.oculus.explore.PanelService:3 is now backgrounded
03-01 11:37:53.448 3628 5595 I [SEO] PanelAppHost: OnBackground panel 3 (com.oculus.explore/com.oculus.explore.PanelService)
03-01 11:37:53.448 3628 5595 I [SEO] PanelAppHost: Panel app 3 (com.oculus.explore/com.oculus.explore.PanelService) changing state from foreground to background
03-01 11:37:53.449 3628 5595 I [SEO] PanelAppHost: Panel 3 (com.oculus.explore/com.oculus.explore.PanelService) is now backgrounded due to: appSwitch
03-01 11:37:53.449 5815 5857 I RCTVR : AppState backgroundReason [appSwitch]
03-01 11:37:53.449 5815 5857 I RCTVR_Shutdown: Initiated webserver shutdown
03-01 11:37:53.449 5815 5857 I RCTVR_Shutdown: Webby shutdown
03-01 11:37:53.449 3628 5595 I [SEO] ShellEnvSwapChainApi: Destroying SwapChain:0xc576a240
03-01 11:37:53.450 5815 5857 I RCTVR_Shutdown: AppState went background
03-01 11:37:53.450 5815 5857 I RCTVR_Shutdown: Headset status changed
03-01 11:37:53.452 3628 5595 I [SEO] PanelAppOSLifecycleNotificationManager: Sending frameState isForeground:0 to OS for app com.oculus.explore/com.oculus.explore.PanelService
03-01 11:37:53.452 3628 5595 D [SEO] ShellApplication: notify OS to set com.oculus.explore/com.oculus.explore.PanelService to BACKGROUND
03-01 11:37:53.465 1804 1822 I FocusedClientsListener: focus: onVrFocusChanged(focusType=2): 1
03-01 11:37:53.465 1804 1822 I FocusedClientsListener: focus: pid=5489
03-01 11:37:53.466 1804 3099 I FocusedClientsListener: focus: onVrFocusChanged(focusType=1): 5
03-01 11:37:53.466 1804 3099 I FocusedClientsListener: focus: pid=2632
03-01 11:37:53.466 1804 3099 I FocusedClientsListener: focus: pid=5489
03-01 11:37:53.466 1804 3099 I FocusedClientsListener: focus: pid=3292
03-01 11:37:53.466 1804 3099 I FocusedClientsListener: focus: pid=3628
03-01 11:37:53.466 1804 3099 I FocusedClientsListener: focus: pid=2469
03-01 11:37:53.466 1804 1820 I FocusedClientsListener: focus: onVrFocusChanged(focusType=0): 5
03-01 11:37:53.466 1804 1820 I FocusedClientsListener: focus: pid=2632
03-01 11:37:53.466 1804 1820 I FocusedClientsListener: focus: pid=5489
03-01 11:37:53.466 1804 1820 I FocusedClientsListener: focus: pid=3292
03-01 11:37:53.466 1804 1820 I FocusedClientsListener: focus: pid=3628
03-01 11:37:53.466 1804 1820 I FocusedClientsListener: focus: pid=2469
03-01 11:37:53.472 1804 5569 I VrRuntimeService: DestroySwapChain: swapchain=153
03-01 11:37:53.475 2469 6074 E MobileConfigBaseClient: Timed out trying to connect to MobileConfigService.
03-01 11:37:53.475 2469 6074 E DeviceConfigTelemetryLogger: onFailure(Could not connect to MobileConfigService)
03-01 11:37:53.475 2469 6074 D VrGuardianUserService: DeviceConfig - onFailure - Error: Could not connect to MobileConfigService
03-01 11:37:53.476 2469 6076 E MobileConfigBaseClient: Timed out trying to connect to MobileConfigService.
03-01 11:37:53.476 2469 6076 E DeviceConfigTelemetryLogger: onFailure(Could not connect to MobileConfigService)
03-01 11:37:53.483 2469 6073 E MobileConfigBaseClient: Timed out trying to connect to MobileConfigService.
03-01 11:37:53.483 2469 6073 E DeviceConfigTelemetryLogger: onFailure(Could not connect to MobileConfigService)
03-01 11:37:53.483 2469 6073 D VrGuardianUserService: DeviceConfig - onFailure - Error: Could not connect to MobileConfigService
03-01 11:37:53.504 5815 5866 V RCTVR_HERMES: Hermes Mem: numCollections 287, allocatedBytes 13087496, heapSize 18874368, va 18874368, malloc 3018781
03-01 11:37:53.504 5815 5857 I RCTVR_Shutdown: JS synced
03-01 11:37:53.504 5815 5857 I RCTVR_Shutdown: Native modules flushed
03-01 11:37:53.504 5815 5857 I RCTVR_Shutdown: OnBackground complete
03-01 11:37:53.509 5489 5707 I VrApi : FPS=73/90,Prd=34ms,Tear=0,Early=0,Stale=29,Stale2/5/10/max=8/0/0/2,VSnc=0,Lat=-1,Fov=0,CPU4/GPU=4/3,1478/490MHz,OC=FF,TA=0/70/0,SP=N/F/N,Mem=2092MHz,Free=2688MB,PLS=0,Temp=40.5C/0.0C,TW=2.63ms,App=6.82ms,GD=0.00ms,CPU&GPU=17.96ms,LCnt=4(DR0,LM0),GPU%=0.94,CPU%=0.22(W0.29),DSF=1.00,CFL=14.50/20.05
03-01 11:37:53.513 2469 2469 E DeviceConfigTelemetryLogger: onFailure(exception)
03-01 11:37:53.514 2469 2469 D VrGuardianUserService: DeviceConfig - onFailure - Error: exception
03-01 11:37:53.528 2469 6077 E MobileConfigBaseClient: Timed out trying to connect to MobileConfigService.
03-01 11:37:53.529 2469 6077 E DeviceConfigTelemetryLogger: onFailure(Could not connect to MobileConfigService)
03-01 11:37:53.529 2469 6077 D VrGuardianUserService: DeviceConfig - onFailure - Error: Could not connect to MobileConfigService
03-01 11:37:53.531 1968 3436 I MobileConfigFactoryImpl: Registered SESSIONLESS factory change listener: ok
03-01 11:37:53.531 1968 3436 I MobileConfigFactoryImpl: Set Java EP Handler
03-01 11:37:53.533 2469 6080 E MobileConfigBaseClient: Timed out trying to connect to MobileConfigService.
03-01 11:37:53.533 2469 6080 E DeviceConfigTelemetryLogger: onFailure(Could not connect to MobileConfigService)
03-01 11:37:53.533 2469 6080 D VrGuardianUserService: DeviceConfig - onFailure - Error: Could not connect to MobileConfigService
03-01 11:37:53.556 2469 5659 I VrGuardianService: GuardianSDKServer::SetGuardianHitDialog2 1
03-01 11:37:53.577 2469 6082 E MobileConfigBaseClient: Timed out trying to connect to MobileConfigService.
03-01 11:37:53.577 2469 6082 E DeviceConfigTelemetryLogger: onFailure(Could not connect to MobileConfigService)
03-01 11:37:53.577 2469 6082 D VrGuardianUserService: DeviceConfig - onFailure - Error: Could not connect to MobileConfigService
03-01 11:37:53.578 2469 2469 E DeviceConfigTelemetryLogger: onFailure(exception)
03-01 11:37:53.578 2469 2469 D VrGuardianUserService: DeviceConfig - onFailure - Error: exception
03-01 11:37:53.583 2469 6079 E MobileConfigBaseClient: Timed out trying to connect to MobileConfigService.
03-01 11:37:53.584 2469 6079 E DeviceConfigTelemetryLogger: onFailure(Could not connect to MobileConfigService)
03-01 11:37:53.584 2469 6079 D VrGuardianUserService: DeviceConfig - onFailure - Error: Could not connect to MobileConfigService
03-01 11:37:53.593 2469 6429 D MobileConfigBaseClient: connect()
03-01 11:37:53.597 1062 2115 D ActivityManager: Is background playback GK enabled: false Is background playback enabled for all apps: false
03-01 11:37:53.599 2469 6083 E MobileConfigBaseClient: Timed out trying to connect to MobileConfigService.
03-01 11:37:53.600 2469 6083 E DeviceConfigTelemetryLogger: onFailure(Could not connect to MobileConfigService)
03-01 11:37:53.602 2469 3173 D VrGuardianUserService: SubscribeTask - Attempting Subscribe
03-01 11:37:53.602 2469 6084 E MobileConfigBaseClient: Timed out trying to connect to MobileConfigService.
03-01 11:37:53.602 2469 6084 E DeviceConfigTelemetryLogger: onFailure(Could not connect to MobileConfigService)
03-01 11:37:53.602 2469 6084 D VrGuardianUserService: DeviceConfig - onFailure - Error: Could not connect to MobileConfigService
03-01 11:37:53.605 2469 6081 E MobileConfigBaseClient: Timed out trying to connect to MobileConfigService.
03-01 11:37:53.605 852 852 I /system/bin/tombstoned: received crash request for pid 1617
03-01 11:37:53.605 852 852 I /system/bin/tombstoned: found intercept fd 512 for pid 1617 and type kDebuggerdJavaBacktrace
03-01 11:37:53.605 2469 6081 E DeviceConfigTelemetryLogger: onFailure(Could not connect to MobileConfigService)
03-01 11:37:53.605 2469 6081 D VrGuardianUserService: DeviceConfig - onFailure - Error: Could not connect to MobileConfigService
03-01 11:37:53.610 2469 6429 D MobileConfigBaseClient: awaitService()
03-01 11:37:53.612 2469 6078 E MobileConfigBaseClient: Timed out trying to connect to MobileConfigService.
03-01 11:37:53.613 2469 6078 E DeviceConfigTelemetryLogger: onFailure(Could not connect to MobileConfigService)
03-01 11:37:53.632 1062 1110 I system_server: libdebuggerd_client: done dumping process 1617
03-01 11:37:53.640 1062 1110 I ActivityManager: Collecting stacks for pid 1535
03-01 11:37:53.640 1062 1110 I system_server: libdebuggerd_client: started dumping process 1535
03-01 11:37:53.640 1617 1635 I om.oculus.os.c: Wrote stack traces to tombstoned
03-01 11:37:53.642 852 852 I /system/bin/tombstoned: registered intercept for pid 1535 and type kDebuggerdJavaBacktrace
03-01 11:37:53.643 2469 6432 D MobileConfigBaseClient: connect()
03-01 11:37:53.664 2911 2911 W OVRLibrary: null cursor received for query content://com.oculus.ocms.library/apps/com.ArthurTechnologies.Arthur
03-01 11:37:53.664 2911 2911 W [SUI] DeviceConfigHelper: Try to get config param oculus_systemux:aui_show_unknown_sources_in_dynamic_app_bar before Device Config has subscribed to the service.
03-01 11:37:53.667 2469 2469 E DeviceConfigTelemetryLogger: onFailure(exception)
03-01 11:37:53.677 1535 1546 I os.vrlockscree: Thread[6,tid=1546,WaitingInMainSignalCatcherLoop,Thread*=0x772caee800,peer=0x131400b0,"Signal Catcher"]: reacting to signal 3
03-01 11:37:53.677 1535 1546 I os.vrlockscree:
03-01 11:37:53.766 2911 2911 W OVRLibrary: null cursor received for query content://com.oculus.ocms.library/apps/com.Remio.RemioMeta
03-01 11:37:53.766 2911 2911 W [SUI] DeviceConfigHelper: Try to get config param oculus_systemux:aui_show_unknown_sources_in_dynamic_app_bar before Device Config has subscribed to the service.
03-01 11:37:53.768 2469 6431 D MobileConfigBaseClient: awaitService()
03-01 11:37:53.769 2469 6089 E MobileConfigBaseClient: Timed out trying to connect to MobileConfigService.
03-01 11:37:53.770 2469 6089 E DeviceConfigTelemetryLogger: onFailure(Could not connect to MobileConfigService)
03-01 11:37:53.770 2469 6089 D VrGuardianUserService: DeviceConfig - onFailure - Error: Could not connect to MobileConfigService
03-01 11:37:53.802 2469 6433 D MobileConfigBaseClient: connect()
03-01 11:37:53.814 2469 6091 E MobileConfigBaseClient: Timed out trying to connect to MobileConfigService.
03-01 11:37:53.814 2469 6091 E DeviceConfigTelemetryLogger: onFailure(Could not connect to MobileConfigService)
03-01 11:37:53.814 2469 6091 D VrGuardianUserService: DeviceConfig - onFailure - Error: Could not connect to MobileConfigService
03-01 11:37:53.819 2469 6433 D MobileConfigBaseClient: awaitService()
03-01 11:37:53.832 2469 6090 E MobileConfigBaseClient: Timed out trying to connect to MobileConfigService.
03-01 11:37:53.832 2469 6090 E DeviceConfigTelemetryLogger: onFailure(Could not connect to MobileConfigService)
03-01 11:37:53.832 2469 6090 D VrGuardianUserService: DeviceConfig - onFailure - Error: Could not connect to MobileConfigService
03-01 11:37:53.832 2469 5106 D VrGuardianUserService: SubscribeTask - Attempting Subscribe
03-01 11:37:53.862 2469 3516 E IPCThreadState: binder thread pool (15 threads) starved for 129 ms
03-01 11:37:53.870 2469 5319 D VrGuardianUserService: SubscribeTask - Attempting Subscribe
03-01 11:37:53.873 2911 2911 W OVRLibrary: null cursor received for query content://com.oculus.ocms.library/apps/com.Sketchbox.SketchboxDemo
03-01 11:37:53.873 2911 2911 W [SUI] DeviceConfigHelper: Try to get config param oculus_systemux:aui_show_unknown_sources_in_dynamic_app_bar before Device Config has subscribed to the service.
03-01 11:37:53.878 2469 2469 E DeviceConfigTelemetryLogger: onFailure(exception)
03-01 11:37:53.878 2469 2469 D VrGuardianUserService: DeviceConfig - onFailure - Error: exception
03-01 11:37:53.895 853 3285 I [CT] : VIPER: Mode=SuperVega,Status=6DoF,TRACKING,Inl=27,Mem=90.8,Jit=0.1mm,Issues(Cam/min=0.0,IMU/min=0.0),Exp=(3.5ms,g=2.0,I=75,Ir=10704.7)(5.5ms,g=4.0,I=106,Ir=4829.7)(5.5ms,g=4.0,I=124,Ir=5655.4)(5.4ms,g=2.0,I=75,Ir=7045.5)
03-01 11:37:53.898 2469 6435 D MobileConfigBaseClient: connect()
03-01 11:37:53.898 2469 6436 D MobileConfigBaseClient: connect()
03-01 11:37:53.899 2469 6437 D MobileConfigBaseClient: connect()
03-01 11:37:53.904 2469 6437 D MobileConfigBaseClient: awaitService()
03-01 11:37:53.906 2469 2469 E DeviceConfigTelemetryLogger: onFailure(exception)
03-01 11:37:53.908 2469 2469 D VrGuardianUserService: DeviceConfig - onFailure - Error: exception
03-01 11:37:53.911 2469 6435 D MobileConfigBaseClient: awaitService()
03-01 11:37:53.930 2469 6439 D MobileConfigBaseClient: connect()
03-01 11:37:53.933 2469 6436 D MobileConfigBaseClient: awaitService()
03-01 11:37:53.933 2469 6093 E MobileConfigBaseClient: Timed out trying to connect to MobileConfigService.
03-01 11:37:53.933 2469 6093 E DeviceConfigTelemetryLogger: onFailure(Could not connect to MobileConfigService)
03-01 11:37:53.933 2469 6093 D VrGuardianUserService: DeviceConfig - onFailure - Error: Could not connect to MobileConfigService
03-01 11:37:53.934 2469 6438 D MobileConfigBaseClient: connect()
03-01 11:37:53.940 2911 2911 W OVRLibrary: null cursor received for query content://com.oculus.ocms.library/apps/com.bodyswaps.bodyswap
03-01 11:37:53.940 2911 2911 W [SUI] DeviceConfigHelper: Try to get config param oculus_systemux:aui_show_unknown_sources_in_dynamic_app_bar before Device Config has subscribed to the service.
03-01 11:37:53.955 2469 6438 D MobileConfigBaseClient: awaitService()
03-01 11:37:53.970 2469 6441 D MobileConfigBaseClient: connect()
03-01 11:37:53.970 2469 6440 D MobileConfigBaseClient: connect()
03-01 11:37:53.975 2469 2469 E DeviceConfigTelemetryLogger: onFailure(exception)
03-01 11:37:53.976 2469 2469 E DeviceConfigTelemetryLogger: onFailure(exception)
03-01 11:37:53.979 2469 2469 D VrGuardianUserService: DeviceConfig - onFailure - Error: exception
03-01 11:37:54.012 2469 6442 D MobileConfigBaseClient: connect()
03-01 11:37:54.030 2469 6439 D MobileConfigBaseClient: awaitService()
03-01 11:37:54.034 2469 6440 D MobileConfigBaseClient: awaitService()
03-01 11:37:54.034 2469 6441 D MobileConfigBaseClient: awaitService()
03-01 11:37:54.036 2911 2911 W OVRLibrary: null cursor received for query content://com.oculus.ocms.library/apps/work.glue
03-01 11:37:54.036 2911 2911 W [SUI] DeviceConfigHelper: Try to get config param oculus_systemux:aui_show_unknown_sources_in_dynamic_app_bar before Device Config has subscribed to the service.
03-01 11:37:54.036 2469 6442 D MobileConfigBaseClient: awaitService()
03-01 11:37:54.039 2469 6434 D MobileConfigBaseClient: connect()
03-01 11:37:54.062 2469 6098 E MobileConfigBaseClient: Timed out trying to connect to MobileConfigService.
03-01 11:37:54.062 2469 6098 E DeviceConfigTelemetryLogger: onFailure(Could not connect to MobileConfigService)
03-01 11:37:54.062 2469 6098 D VrGuardianUserService: DeviceConfig - onFailure - Error: Could not connect to MobileConfigService
03-01 11:37:54.068 1950 2189 E DeviceConfigClient: Did not get a successful subscribe in time, Trying again.
03-01 11:37:54.069 1950 2189 E DeviceConfigTelemetryLogger: onFailure(Retry subscribe)
03-01 11:37:54.089 2469 2469 D VrGuardianUserService: DeviceConfig - onFailure - Error: exception
03-01 11:37:54.095 2469 5108 D VrGuardianUserService: SubscribeTask - Attempting Subscribe
03-01 11:37:54.113 2469 2469 E DeviceConfigTelemetryLogger: onFailure(exception)
03-01 11:37:54.113 2469 2469 D VrGuardianUserService: DeviceConfig - onFailure - Error: exception
03-01 11:37:54.131 2469 5131 D VrGuardianUserService: SubscribeTask - Attempting Subscribe
03-01 11:37:54.133 2911 2911 W OVRLibrary: null cursor received for query content://com.oculus.ocms.library/apps/com.mightyimmersion.mightyplatform.adminapp.dev
03-01 11:37:54.133 2911 2911 W [SUI] DeviceConfigHelper: Try to get config param oculus_systemux:oculus_sysux_aui_bar_home_dui_button before Device Config has subscribed to the service.
03-01 11:37:54.133 2911 2911 D [SUI] AppStateUtil: library_system_app is running= true
03-01 11:37:54.134 2911 2911 D [SUI] AnytimeUIAndroidPanelApp: Received appStatus from VrShell: [{"name":"com.oculus.explore\/com.oculus.explore.PanelService","panels":[{"panelId":3,"state":"Foreground"}]},{"name":"com.oculus.systemux\/com.oculus.panelapp.library.LibraryPanelService","panels":[{"panelId":6,"state":"Focused"}]}]
03-01 11:37:54.134 2911 2911 W [SUI] DeviceConfigHelper: Try to get config param oculus_systemux:aui_show_unknown_sources_in_dynamic_app_bar before Device Config has subscribed to the service.
03-01 11:37:54.177 2469 6447 D MobileConfigBaseClient: connect()
03-01 11:37:54.182 2469 6448 D MobileConfigBaseClient: connect()
03-01 11:37:54.190 1950 6444 W ContextImpl: Calling a method in the system process without a qualified user: android.app.ContextImpl.bindService:1661 android.content.ContextWrapper.bindService:705 X.l0.run:31 java.lang.Thread.run:919
03-01 11:37:54.198 2469 6447 D MobileConfigBaseClient: awaitService()
03-01 11:37:54.216 2469 6446 D MobileConfigBaseClient: connect()
03-01 11:37:54.218 2469 5323 D VrGuardianUserService: SubscribeTask - Attempting Subscribe
03-01 11:37:54.219 2911 2911 W OVRLibrary: null cursor received for query content://com.oculus.ocms.library/apps/com.oculus.os.vrusb
03-01 11:37:54.219 2911 2911 W [SUI] DeviceConfigHelper: Try to get config param oculus_systemux:aui_show_unknown_sources_in_dynamic_app_bar before Device Config has subscribed to the service.
03-01 11:37:54.221 2469 6446 D MobileConfigBaseClient: awaitService()
03-01 11:37:54.176 2469 6445 D MobileConfigBaseClient: connect()
03-01 11:37:54.233 1968 3436 I MobileConfigFactoryImpl: Registered SESSIONBASED factory change listener: ok
03-01 11:37:54.233 1968 3436 I MobileConfigFactoryImpl: Set Java EP Handler
03-01 11:37:54.235 2469 6448 D MobileConfigBaseClient: awaitService()
03-01 11:37:54.254 2469 2469 E DeviceConfigTelemetryLogger: onFailure(exception)
03-01 11:37:54.254 2469 2469 D VrGuardianUserService: DeviceConfig - onFailure - Error: exception
03-01 11:37:54.255 2469 2469 E DeviceConfigTelemetryLogger: onFailure(exception)
03-01 11:37:54.255 2469 2469 D VrGuardianUserService: DeviceConfig - onFailure - Error: exception
03-01 11:37:54.255 2469 2469 E DeviceConfigTelemetryLogger: onFailure(exception)
03-01 11:37:54.255 2469 2469 D VrGuardianUserService: DeviceConfig - onFailure - Error: exception
03-01 11:37:54.262 2469 2469 E DeviceConfigTelemetryLogger: onFailure(exception)
03-01 11:37:54.263 2469 2469 D VrGuardianUserService: DeviceConfig - onFailure - Error: exception
03-01 11:37:54.265 2469 4961 D VrGuardianUserService: SubscribeTask - Attempting Subscribe
03-01 11:37:54.273 2469 4911 D VrGuardianUserService: SubscribeTask - Attempting Subscribe
03-01 11:37:54.274 853 1352 I [CT] : CONSTELLATION:IMU_STATUS: de088e026ac4e527 (R): [FusionTracked=1.000, OutputTracked=1.000, OutputValid=1.000] [AccelSat=0.000, GyroSat=0.000]
03-01 11:37:54.275 2469 6102 E MobileConfigBaseClient: Timed out trying to connect to MobileConfigService.
03-01 11:37:54.275 2469 6102 E DeviceConfigTelemetryLogger: onFailure(Could not connect to MobileConfigService)
03-01 11:37:54.275 2469 6102 D VrGuardianUserService: DeviceConfig - onFailure - Error: Could not connect to MobileConfigService
03-01 11:37:54.279 2469 6445 D MobileConfigBaseClient: awaitService()
03-01 11:37:54.296 2469 4947 D VrGuardianUserService: SubscribeTask - Attempting Subscribe
03-01 11:37:54.296 2911 2911 W OVRLibrary: null cursor received for query content://com.oculus.ocms.library/apps/com.mightyimmersion.customlauncher.oculus.prod
03-01 11:37:54.296 2911 2911 W [SUI] DeviceConfigHelper: Try to get config param oculus_systemux:aui_show_unknown_sources_in_dynamic_app_bar before Device Config has subscribed to the service.
03-01 11:37:54.299 2469 3184 E IPCThreadState: binder thread pool (15 threads) starved for 169 ms
03-01 11:37:54.305 2469 2469 E DeviceConfigTelemetryLogger: onFailure(exception)
03-01 11:37:54.306 2469 2469 D VrGuardianUserService: DeviceConfig - onFailure - Error: exception
03-01 11:37:54.370 2469 4365 D VrGuardianUserService: SubscribeTask - Attempting Subscribe
03-01 11:37:54.370 2469 3957 D VrGuardianUserService: SubscribeTask - Attempting Subscribe
03-01 11:37:54.371 2469 3776 D VrGuardianUserService: SubscribeTask - Attempting Subscribe
03-01 11:37:54.394 2911 2911 W OVRLibrary: null cursor received for query content://com.oculus.ocms.library/apps/quick_settings_app
03-01 11:37:54.394 2911 2911 W [SUI] DeviceConfigHelper: Try to get config param oculus_systemux:aui_show_unknown_sources_in_dynamic_app_bar before Device Config has subscribed to the service.
03-01 11:37:54.394 1968 3436 I MobileConfigFactoryImpl: Created MobileConfigFactoryImpl, unitType:8
03-01 11:37:54.395 2469 4671 D VrGuardianUserService: SubscribeTask - Attempting Subscribe
03-01 11:37:54.399 2469 2469 E DeviceConfigTelemetryLogger: onFailure(exception)
03-01 11:37:54.399 2469 2469 D VrGuardianUserService: DeviceConfig - onFailure - Error: exception
03-01 11:37:54.432 2981 2981 V MIGHTY_LOG: [trace] ForegroundAppProvider: Current Foreground Package - com.oculus.explore, Class: com.oculus.explore.PanelService
03-01 11:37:54.454 2469 3540 E IPCThreadState: binder thread pool (15 threads) starved for 152 ms
03-01 11:37:54.464 2469 3625 D VrGuardianUserService: SubscribeTask - Attempting Subscribe
03-01 11:37:54.493 2469 6109 E MobileConfigBaseClient: Timed out trying to connect to MobileConfigService.
03-01 11:37:54.495 2469 2469 E DeviceConfigTelemetryLogger: onFailure(exception)
03-01 11:37:54.495 2469 2469 D VrGuardianUserService: DeviceConfig - onFailure - Error: exception
03-01 11:37:54.497 2469 5118 D VrGuardianUserService: SubscribeTask - Attempting Subscribe
03-01 11:37:54.500 2911 2911 W OVRLibrary: null cursor received for query content://com.oculus.ocms.library/apps/com.ArthurTechnologies.Arthur
03-01 11:37:54.500 2911 2911 W [SUI] DeviceConfigHelper: Try to get config param oculus_systemux:aui_show_unknown_sources_in_dynamic_app_bar before Device Config has subscribed to the service.
03-01 11:37:54.505 2469 4858 D VrGuardianUserService: SubscribeTask - Attempting Subscribe
03-01 11:37:54.511 5489 5707 I VrApi : FPS=60/90,Prd=34ms,Tear=1,Early=0,Stale=37,Stale2/5/10/max=6/2/0/8,VSnc=0,Lat=-1,Fov=0,CPU4/GPU=4/3,1478/490MHz,OC=FF,TA=0/70/0,SP=N/F/N,Mem=2092MHz,Free=2688MB,PLS=0,Temp=40.5C/0.0C,TW=2.76ms,App=3.28ms,GD=0.00ms,CPU&GPU=14.74ms,LCnt=3(DR0,LM0),GPU%=0.99,CPU%=0.40(W0.48),DSF=1.00,CFL=14.54/19.93
03-01 11:37:54.511 2469 6109 E DeviceConfigTelemetryLogger: onFailure(Could not connect to MobileConfigService)
03-01 11:37:54.511 2469 6109 D VrGuardianUserService: DeviceConfig - onFailure - Error: Could not connect to MobileConfigService
03-01 11:37:54.542 2469 4022 D VrGuardianUserService: SubscribeTask - Attempting Subscribe
03-01 11:37:54.551 2469 4702 D VrGuardianUserService: SubscribeTask - Attempting Subscribe
03-01 11:37:54.578 2911 2911 W OVRLibrary: null cursor received for query content://com.oculus.ocms.library/apps/com.Remio.RemioMeta
03-01 11:37:54.578 2911 2911 W [SUI] DeviceConfigHelper: Try to get config param oculus_systemux:aui_show_unknown_sources_in_dynamic_app_bar before Device Config has subscribed to the service.
03-01 11:37:54.585 1968 2342 E DeviceConfigClient: Did not get a successful subscribe in time, Trying again.
03-01 11:37:54.588 2469 2469 E DeviceConfigTelemetryLogger: onFailure(exception)
03-01 11:37:54.588 2469 2469 D VrGuardianUserService: DeviceConfig - onFailure - Error: exception
03-01 11:37:54.589 1968 2342 E DeviceConfigTelemetryLogger: onFailure(Retry subscribe)
03-01 11:37:54.593 2469 3844 D VrGuardianUserService: SubscribeTask - Attempting Subscribe
03-01 11:37:54.603 2469 2469 E DeviceConfigTelemetryLogger: onFailure(exception)
03-01 11:37:54.603 2469 2469 D VrGuardianUserService: DeviceConfig - onFailure - Error: exception
03-01 11:37:54.643 2469 6087 D VrGuardianUserService: SubscribeTask - Attempting Subscribe
03-01 11:37:54.699 2981 2993 I rm.adminapp.de: Background young concurrent copying GC freed 31523(1905KB) AllocSpace objects, 8(160KB) LOS objects, 45% free, 2549KB/4676KB, paused 181us total 268.544ms
03-01 11:37:54.701 2469 6113 E MobileConfigBaseClient: Timed out trying to connect to MobileConfigService.
03-01 11:37:54.702 1968 2342 I MobileConfigBaseClient: Start thread to subscribe with paramsMapContent file descriptor from mobileconfig service
03-01 11:37:54.712 2911 2911 W OVRLibrary: null cursor received for query content://com.oculus.ocms.library/apps/com.Sketchbox.SketchboxDemo
03-01 11:37:54.712 2911 2911 W [SUI] DeviceConfigHelper: Try to get config param oculus_systemux:aui_show_unknown_sources_in_dynamic_app_bar before Device Config has subscribed to the service.
03-01 11:37:54.719 2469 3505 D VrGuardianUserService: SubscribeTask - Attempting Subscribe
03-01 11:37:54.730 2469 4636 D VrGuardianUserService: SubscribeTask - Attempting Subscribe
03-01 11:37:54.731 2469 3555 D VrGuardianUserService: SubscribeTask - Attempting Subscribe
03-01 11:37:54.746 2469 6113 E DeviceConfigTelemetryLogger: onFailure(Could not connect to MobileConfigService)
03-01 11:37:54.746 2469 6113 D VrGuardianUserService: DeviceConfig - onFailure - Error: Could not connect to MobileConfigService
03-01 11:37:54.754 2469 6117 E MobileConfigBaseClient: Timed out trying to connect to MobileConfigService.
03-01 11:37:54.754 2469 6117 E DeviceConfigTelemetryLogger: onFailure(Could not connect to MobileConfigService)
03-01 11:37:54.757 2469 6117 D VrGuardianUserService: DeviceConfig - onFailure - Error: Could not connect to MobileConfigService
03-01 11:37:54.800 2469 6454 D MobileConfigBaseClient: connect()
03-01 11:37:54.802 2469 2469 E DeviceConfigTelemetryLogger: onFailure(exception)
03-01 11:37:54.802 2469 2469 D VrGuardianUserService: DeviceConfig - onFailure - Error: exception
03-01 11:37:54.808 2469 6449 D MobileConfigBaseClient: connect()
03-01 11:37:54.815 2469 6459 D MobileConfigBaseClient: connect()
03-01 11:37:54.818 1968 3438 I MobileConfigFactoryImpl: Created MobileConfigFactoryImpl, unitType:2
03-01 11:37:54.819 2469 6449 D MobileConfigBaseClient: awaitService()
03-01 11:37:54.821 1968 3438 I MobileConfigFactoryImpl: Created MobileConfigFactoryImpl, unitType:1
03-01 11:37:54.823 1968 3438 I MobileConfigFactoryImpl: Created MobileConfigFactoryImpl, unitType:2
03-01 11:37:54.823 1968 3438 I MobileConfigFactoryImpl: Created MobileConfigFactoryImpl, unitType:1
03-01 11:37:54.825 2469 6454 D MobileConfigBaseClient: awaitService()
03-01 11:37:54.830 2469 5129 D VrGuardianUserService: SubscribeTask - Attempting Subscribe
03-01 11:37:54.831 2469 2469 E DeviceConfigTelemetryLogger: onFailure(exception)
03-01 11:37:54.831 2469 2469 D VrGuardianUserService: DeviceConfig - onFailure - Error: exception
03-01 11:37:54.831 2469 2469 E DeviceConfigTelemetryLogger: onFailure(exception)
03-01 11:37:54.831 2469 2469 D VrGuardianUserService: DeviceConfig - onFailure - Error: exception
03-01 11:37:54.831 2469 2469 E DeviceConfigTelemetryLogger: onFailure(exception)
03-01 11:37:54.831 2469 2469 D VrGuardianUserService: DeviceConfig - onFailure - Error: exception
03-01 11:37:54.832 2469 2469 E DeviceConfigTelemetryLogger: onFailure(exception)
03-01 11:37:54.832 2469 2469 D VrGuardianUserService: DeviceConfig - onFailure - Error: exception
03-01 11:37:54.833 2469 2469 E DeviceConfigTelemetryLogger: onFailure(exception)
03-01 11:37:54.833 2469 2469 D VrGuardianUserService: DeviceConfig - onFailure - Error: exception
03-01 11:37:54.834 2469 2469 E DeviceConfigTelemetryLogger: onFailure(exception)
03-01 11:37:54.834 2469 2469 D VrGuardianUserService: DeviceConfig - onFailure - Error: exception
03-01 11:37:54.834 2469 2469 E DeviceConfigTelemetryLogger: onFailure(exception)
03-01 11:37:54.834 2469 2469 D VrGuardianUserService: DeviceConfig - onFailure - Error: exception
03-01 11:37:54.834 2469 2469 E DeviceConfigTelemetryLogger: onFailure(exception)
03-01 11:37:54.834 2469 2469 D VrGuardianUserService: DeviceConfig - onFailure - Error: exception
03-01 11:37:54.834 2469 2469 E DeviceConfigTelemetryLogger: onFailure(exception)
03-01 11:37:54.834 2469 2469 D VrGuardianUserService: DeviceConfig - onFailure - Error: exception
03-01 11:37:54.834 2469 2469 E DeviceConfigTelemetryLogger: onFailure(exception)
03-01 11:37:54.834 2469 2469 D VrGuardianUserService: DeviceConfig - onFailure - Error: exception
03-01 11:37:54.849 2469 2469 E DeviceConfigTelemetryLogger: onFailure(exception)
03-01 11:37:54.849 2469 2469 D VrGuardianUserService: DeviceConfig - onFailure - Error: exception
03-01 11:37:54.849 2469 2469 E DeviceConfigTelemetryLogger: onFailure(exception)
03-01 11:37:54.849 2469 2469 D VrGuardianUserService: DeviceConfig - onFailure - Error: exception
03-01 11:37:54.849 2469 2469 E DeviceConfigTelemetryLogger: onFailure(exception)
03-01 11:37:54.849 2469 2469 D VrGuardianUserService: DeviceConfig - onFailure - Error: exception
03-01 11:37:54.850 2469 2469 E DeviceConfigTelemetryLogger: onFailure(exception)
03-01 11:37:54.850 2469 2469 D VrGuardianUserService: DeviceConfig - onFailure - Error: exception
03-01 11:37:54.851 2469 2469 E DeviceConfigTelemetryLogger: onFailure(exception)
03-01 11:37:54.851 2469 2469 D VrGuardianUserService: DeviceConfig - onFailure - Error: exception
03-01 11:37:54.851 2469 2469 E DeviceConfigTelemetryLogger: onFailure(exception)
03-01 11:37:54.851 2469 2469 D VrGuardianUserService: DeviceConfig - onFailure - Error: exception
03-01 11:37:54.864 2469 2469 E DeviceConfigTelemetryLogger: onFailure(exception)
03-01 11:37:54.864 2469 2469 D VrGuardianUserService: DeviceConfig - onFailure - Error: exception
03-01 11:37:54.864 1968 3436 E MobileConfigServiceImpl: exception while trying to subscribe
03-01 11:37:54.864 1968 3436 E MobileConfigServiceImpl: java.lang.IllegalArgumentException: account is null
03-01 11:37:54.864 1968 3436 E MobileConfigServiceImpl: at android.accounts.AccountManager.getAuthToken(AccountManager.java:1778)
03-01 11:37:54.864 1968 3436 E MobileConfigServiceImpl: at com.oculus.deviceconfigservice.FRLAuthedHttpClient.A00(:28)
03-01 11:37:54.864 1968 3436 E MobileConfigServiceImpl: at com.oculus.deviceconfigservice.MobileConfigServiceHelper.A00(:254)
03-01 11:37:54.864 1968 3436 E MobileConfigServiceImpl: at X.1mj.(:274)
03-01 11:37:54.864 1968 3436 E MobileConfigServiceImpl: at X.0qq.A00(:66554)
03-01 11:37:54.864 1968 3436 E MobileConfigServiceImpl: at X.0qs.A03(:6)
03-01 11:37:54.864 1968 3436 E MobileConfigServiceImpl: at X.0nT.A01(:51)
03-01 11:37:54.864 1968 3436 E MobileConfigServiceImpl: at X.0nT.A00(:12)
03-01 11:37:54.864 1968 3436 E MobileConfigServiceImpl: at com.oculus.deviceconfigservice.MobileConfigInitModule.A00(:5)
03-01 11:37:54.864 1968 3436 E MobileConfigServiceImpl: at X.0qq.A00(:66751)
03-01 11:37:54.864 1968 3436 E MobileConfigServiceImpl: at X.0qs.A03(:6)
03-01 11:37:54.864 1968 3436 E MobileConfigServiceImpl: at X.0UX.A01(:51)
03-01 11:37:54.864 1968 3436 E MobileConfigServiceImpl: at X.08I.get(:38)
03-01 11:37:54.864 1968 3436 E MobileConfigServiceImpl: at X.1el.run(:4)
03-01 11:37:54.864 1968 3436 E MobileConfigServiceImpl: at com.oculus.deviceconfigservice.MobileConfigServiceHelper$4.call(:2)
03-01 11:37:54.864 1968 3436 E MobileConfigServiceImpl: at X.1NJ.run(:4)
03-01 11:37:54.864 1968 3436 E MobileConfigServiceImpl: at java.util.concurrent.ThreadPoolExecutor.runWorker(ThreadPoolExecutor.java:1167)
03-01 11:37:54.864 1968 3436 E MobileConfigServiceImpl: at java.util.concurrent.ThreadPoolExecutor$Worker.run(ThreadPoolExecutor.java:641)
03-01 11:37:54.864 1968 3436 E MobileConfigServiceImpl: at java.lang.Thread.run(Thread.java:919)
03-01 11:37:54.867 2469 2469 E DeviceConfigTelemetryLogger: onFailure(exception)
03-01 11:37:54.867 2469 2469 D VrGuardianUserService: DeviceConfig - onFailure - Error: exception
03-01 11:37:54.867 2469 2469 E DeviceConfigTelemetryLogger: onFailure(exception)
03-01 11:37:54.867 2469 2469 D VrGuardianUserService: DeviceConfig - onFailure - Error: exception
03-01 11:37:54.867 2469 2469 E DeviceConfigTelemetryLogger: onFailure(exception)
03-01 11:37:54.867 2469 2469 D VrGuardianUserService: DeviceConfig - onFailure - Error: exception
03-01 11:37:54.867 2469 2469 E DeviceConfigTelemetryLogger: onFailure(exception)
03-01 11:37:54.867 2469 2469 D VrGuardianUserService: DeviceConfig - onFailure - Error: exception
03-01 11:37:54.867 2469 2469 E DeviceConfigTelemetryLogger: onFailure(exception)
03-01 11:37:54.868 2469 2469 D VrGuardianUserService: DeviceConfig - onFailure - Error: exception
03-01 11:37:54.876 2469 6460 D MobileConfigBaseClient: connect()
03-01 11:37:54.876 2469 6461 D MobileConfigBaseClient: connect()
03-01 11:37:54.877 2469 6457 D MobileConfigBaseClient: connect()
03-01 11:37:54.877 2469 6462 D MobileConfigBaseClient: connect()
03-01 11:37:54.877 2469 6463 D MobileConfigBaseClient: connect()
03-01 11:37:54.895 2469 6459 D MobileConfigBaseClient: awaitService()
03-01 11:37:54.918 2469 6458 D MobileConfigBaseClient: connect()
03-01 11:37:54.919 2469 6464 D MobileConfigBaseClient: connect()
03-01 11:37:54.919 2469 6120 E MobileConfigBaseClient: Timed out trying to connect to MobileConfigService.
03-01 11:37:54.922 2469 6455 D MobileConfigBaseClient: connect()
03-01 11:37:54.926 2469 6120 E DeviceConfigTelemetryLogger: onFailure(Could not connect to MobileConfigService)
03-01 11:37:54.926 2469 6120 D VrGuardianUserService: DeviceConfig - onFailure - Error: Could not connect to MobileConfigService
03-01 11:37:54.931 2469 6466 D MobileConfigBaseClient: connect()
03-01 11:37:54.931 2469 6122 E MobileConfigBaseClient: Timed out trying to connect to MobileConfigService.
03-01 11:37:54.932 2469 6470 D MobileConfigBaseClient: connect()
03-01 11:37:54.933 2469 6122 E DeviceConfigTelemetryLogger: onFailure(Could not connect to MobileConfigService)
03-01 11:37:54.933 2469 6122 D VrGuardianUserService: DeviceConfig - onFailure - Error: Could not connect to MobileConfigService
03-01 11:37:54.933 2469 6465 D MobileConfigBaseClient: connect()
03-01 11:37:54.934 2469 6469 D MobileConfigBaseClient: connect()
03-01 11:37:54.934 2469 6467 D MobileConfigBaseClient: connect()
03-01 11:37:54.935 2469 6471 D MobileConfigBaseClient: connect()
03-01 11:37:54.944 2469 6463 D MobileConfigBaseClient: awaitService()
03-01 11:37:54.968 2469 6465 D MobileConfigBaseClient: awaitService()
03-01 11:37:54.969 2469 6466 D MobileConfigBaseClient: awaitService()
03-01 11:37:54.969 2469 6458 D MobileConfigBaseClient: awaitService()
03-01 11:37:54.975 2469 6472 D MobileConfigBaseClient: connect()
03-01 11:37:54.979 2469 2469 E DeviceConfigTelemetryLogger: onFailure(exception)
03-01 11:37:54.980 2469 2469 D VrGuardianUserService: DeviceConfig - onFailure - Error: exception
03-01 11:37:54.998 2469 2469 E DeviceConfigTelemetryLogger: onFailure(exception)
03-01 11:37:54.998 2469 2469 D VrGuardianUserService: DeviceConfig - onFailure - Error: exception
03-01 11:37:54.998 2469 2469 E DeviceConfigTelemetryLogger: onFailure(exception)
03-01 11:37:54.998 2469 2469 D VrGuardianUserService: DeviceConfig - onFailure - Error: exception
03-01 11:37:54.999 2469 2469 E DeviceConfigTelemetryLogger: onFailure(exception)
03-01 11:37:54.999 2469 2469 D VrGuardianUserService: DeviceConfig - onFailure - Error: exception
03-01 11:37:54.999 2469 2469 E DeviceConfigTelemetryLogger: onFailure(exception)
03-01 11:37:54.999 2469 2469 D VrGuardianUserService: DeviceConfig - onFailure - Error: exception
03-01 11:37:54.999 2469 2469 E DeviceConfigTelemetryLogger: onFailure(exception)
03-01 11:37:54.999 2469 2469 D VrGuardianUserService: DeviceConfig - onFailure - Error: exception
03-01 11:37:54.999 2469 2469 E DeviceConfigTelemetryLogger: onFailure(exception)
03-01 11:37:54.999 2469 2469 D VrGuardianUserService: DeviceConfig - onFailure - Error: exception
03-01 11:37:54.999 2469 2469 E DeviceConfigTelemetryLogger: onFailure(exception)
03-01 11:37:54.999 2469 2469 D VrGuardianUserService: DeviceConfig - onFailure - Error: exception
03-01 11:37:54.999 2469 2469 E DeviceConfigTelemetryLogger: onFailure(exception)
03-01 11:37:54.999 2469 2469 D VrGuardianUserService: DeviceConfig - onFailure - Error: exception
03-01 11:37:54.999 2469 2469 E DeviceConfigTelemetryLogger: onFailure(exception)
03-01 11:37:55.000 2469 2469 D VrGuardianUserService: DeviceConfig - onFailure - Error: exception
03-01 11:37:55.011 2469 6469 D MobileConfigBaseClient: awaitService()
03-01 11:37:55.013 2469 6471 D MobileConfigBaseClient: awaitService()
03-01 11:37:55.016 2469 5348 D VrGuardianUserService: SubscribeTask - Attempting Subscribe
03-01 11:37:55.030 2469 6464 D MobileConfigBaseClient: awaitService()
03-01 11:37:55.030 2469 6470 D MobileConfigBaseClient: awaitService()
03-01 11:37:55.042 2469 6472 D MobileConfigBaseClient: awaitService()
03-01 11:37:55.046 2469 6461 D MobileConfigBaseClient: awaitService()
03-01 11:37:55.049 2469 6457 D MobileConfigBaseClient: awaitService()
03-01 11:37:55.063 2469 6462 D MobileConfigBaseClient: awaitService()
03-01 11:37:55.075 2911 2911 W OVRLibrary: null cursor received for query content://com.oculus.ocms.library/apps/com.bodyswaps.bodyswap
03-01 11:37:55.075 2911 2911 W [SUI] DeviceConfigHelper: Try to get config param oculus_systemux:aui_show_unknown_sources_in_dynamic_app_bar before Device Config has subscribed to the service.
03-01 11:37:55.076 2469 6467 D MobileConfigBaseClient: awaitService()
03-01 11:37:55.077 2469 6124 E MobileConfigBaseClient: Timed out trying to connect to MobileConfigService.
03-01 11:37:55.077 2469 6124 E DeviceConfigTelemetryLogger: onFailure(Could not connect to MobileConfigService)
03-01 11:37:55.077 2469 6124 D VrGuardianUserService: DeviceConfig - onFailure - Error: Could not connect to MobileConfigService
03-01 11:37:55.077 2469 2469 E DeviceConfigTelemetryLogger: onFailure(exception)
03-01 11:37:55.077 2469 2469 D VrGuardianUserService: DeviceConfig - onFailure - Error: exception
03-01 11:37:55.100 2469 6455 D MobileConfigBaseClient: awaitService()
03-01 11:37:55.126 853 3291 W [CT] : CONSTELLATION: R: Camera is ahead of IMU by 5.5 ms! Sleeping vision thread for 5 ms.
03-01 11:37:55.132 853 3291 W [CT] : CONSTELLATION: R: Cam ahead of IMU by 5.5 ms. Ignore this pose sample. Last IMU timestamp: 160.8595 seconds.
03-01 11:37:55.145 852 852 I /system/bin/tombstoned: received crash request for pid 1535
03-01 11:37:55.145 852 852 I /system/bin/tombstoned: found intercept fd 512 for pid 1535 and type kDebuggerdJavaBacktrace
03-01 11:37:55.151 1062 1110 I system_server: libdebuggerd_client: done dumping process 1535
03-01 11:37:55.152 1535 1546 I os.vrlockscree: Wrote stack traces to tombstoned
03-01 11:37:55.163 1062 1110 I ActivityManager: Collecting stacks for native pid 573
03-01 11:37:55.163 1062 1110 I system_server: libdebuggerd_client: started dumping process 573
03-01 11:37:55.163 2911 2911 W OVRLibrary: null cursor received for query content://com.oculus.ocms.library/apps/work.glue
03-01 11:37:55.163 2911 2911 W [SUI] DeviceConfigHelper: Try to get config param oculus_systemux:aui_show_unknown_sources_in_dynamic_app_bar before Device Config has subscribed to the service.
03-01 11:37:55.164 852 852 I /system/bin/tombstoned: registered intercept for pid 573 and type kDebuggerdNativeBacktrace
03-01 11:37:55.164 573 573 I libc : Requested dump for tid 573 (Binder:573_2)
03-01 11:37:55.166 831 1276 W TelemetryService: Event [name: oculus_mr_sporadic_event] wasn't successfully converted to json.
03-01 11:37:55.168 2469 6460 D MobileConfigBaseClient: awaitService()
03-01 11:37:55.190 2469 6468 D MobileConfigBaseClient: connect()
03-01 11:37:55.197 2469 6468 D MobileConfigBaseClient: awaitService()
03-01 11:37:55.217 2469 3184 E IPCThreadState: binder thread pool (15 threads) starved for 103 ms
03-01 11:37:55.240 2911 2911 W OVRLibrary: null cursor received for query content://com.oculus.ocms.library/apps/com.mightyimmersion.mightyplatform.adminapp.dev
03-01 11:37:55.240 2911 2911 W [SUI] DeviceConfigHelper: Try to get config param oculus_systemux:oculus_sysux_aui_bar_home_dui_button before Device Config has subscribed to the service.
03-01 11:37:55.241 2911 2911 I Choreographer: Skipped 284 frames! The application may be doing too much work on its main thread.
03-01 11:37:55.241 2911 2911 W [SUI] DeviceConfigHelper: Try to get config param oculus_systemux:oculus_duc_library_ui_notice_mobile before Device Config has subscribed to the service.
03-01 11:37:55.242 2911 2911 I chatty : uid=10041 com.oculus.systemux:SystemUX identical 10 lines
03-01 11:37:55.243 2911 2911 W [SUI] DeviceConfigHelper: Try to get config param oculus_systemux:oculus_duc_library_ui_notice_mobile before Device Config has subscribed to the service.
03-01 11:37:55.248 2911 2911 D [SUI] AnytimeUIAndroidPanelApp: Received appStatus from VrShell: [{"name":"com.oculus.explore\/com.oculus.explore.PanelService","panels":[{"panelId":3,"state":"Background"}]},{"name":"com.oculus.systemux\/com.oculus.panelapp.library.LibraryPanelService","panels":[{"panelId":6,"state":"Focused"}]}]
03-01 11:37:55.248 2911 2911 W [SUI] DeviceConfigHelper: Try to get config param oculus_systemux:aui_show_unknown_sources_in_dynamic_app_bar before Device Config has subscribed to the service.
03-01 11:37:55.257 3628 5595 I GkCacheQuerierClient: Loaded GK 'oculus_trex_haptics_killsw' value = false from file cache.
03-01 11:37:55.302 2981 2981 V MIGHTY_LOG: AnalyticsManager: successfully sent event array to server.
03-01 11:37:55.311 853 3285 I [CT] : boltlib: DSP utilization: 10.06 % (503 / 5004 ms)
03-01 11:37:55.314 2911 2911 W OVRLibrary: null cursor received for query content://com.oculus.ocms.library/apps/com.oculus.os.vrusb
03-01 11:37:55.314 2911 2911 W [SUI] DeviceConfigHelper: Try to get config param oculus_systemux:aui_show_unknown_sources_in_dynamic_app_bar before Device Config has subscribed to the service.
03-01 11:37:55.345 831 1276 W TelemetryService: Event [name: oculus_mr_sporadic_event] wasn't successfully converted to json.
03-01 11:37:55.349 831 1276 W TelemetryService: Event [name: oculus_mr_sporadic_event] wasn't successfully converted to json.
03-01 11:37:55.372 2469 2487 E IPCThreadState: binder thread pool (15 threads) starved for 155 ms
03-01 11:37:55.384 2469 4977 D VrGuardianUserService: SubscribeTask - Attempting Subscribe
03-01 11:37:55.404 2911 2911 W OVRLibrary: null cursor received for query content://com.oculus.ocms.library/apps/com.mightyimmersion.customlauncher.oculus.prod
03-01 11:37:55.404 2911 2911 W [SUI] DeviceConfigHelper: Try to get config param oculus_systemux:aui_show_unknown_sources_in_dynamic_app_bar before Device Config has subscribed to the service.
