03-01 11:35:25.338 1062 1111 D ActivityManager: Is background playback GK enabled: false Is background playback enabled for all apps: false
03-01 11:35:25.338 1062 1111 I ActivityManager: Start proc 2504:com.oculus.identitymanagement.service/u0a34 for broadcast {com.oculus.identitymanagement.service/com.oculus.identitymanagement.service.receiver.IdentityManagementServiceReceiver}
03-01 11:35:25.343 1062 1234 D ConnectivityService: Sending CONNECTED broadcast for type 1 NetworkAgentInfo [WIFI () - 100] isDefaultNetwork=true
03-01 11:35:25.382 1062 1234 D ConnectivityService: Setting DNS servers for network 100 to [/2001:558:feed::2, /2001:558:feed::1, /75.75.75.75, /75.75.76.76]
03-01 11:35:25.383 1062 1234 D DnsManager: setDnsConfigurationForNetwork(100, [2001:558:feed::2, 2001:558:feed::1, 75.75.75.75, 75.75.76.76], [], 1800, 25, 8, 64, 0, 0, , [2001:558:feed::2, 2001:558:feed::1, 75.75.75.75, 75.75.76.76])
03-01 11:35:25.396 1062 1400 D ConnectivityService: Returning BLOCKED NetworkInfo to uid=10034
03-01 11:35:25.400 1062 1111 D ActivityManager: Is background playback GK enabled: false Is background playback enabled for all apps: false
03-01 11:35:25.401 1062 1111 I ActivityManager: Start proc 2542:com.oculus.linefrequencyservice/1000 for service {com.oculus.linefrequencyservice/com.oculus.linefrequencyservice.LineFrequencyService}
03-01 11:35:25.407 1062 1516 D ConnectivityService: requestNetwork for uid/pid:10034/2504 NetworkRequest [ TRACK_DEFAULT id=12, [ Capabilities: INTERNET&NOT_RESTRICTED&TRUSTED Uid: 10034] ]
03-01 11:35:25.426 1062 1111 D ActivityManager: Is background playback GK enabled: false Is background playback enabled for all apps: false
03-01 11:35:25.427 1062 1111 I ActivityManager: Start proc 2582:com.oculus.metacam/u0a67 for broadcast {com.oculus.metacam/com.oculus.metacam.casting.DeviceBootBroadcastReceiver}
03-01 11:35:25.757 1062 1234 D ConnectivityService: NetworkAgentInfo [WIFI () - 100] validation passed
03-01 11:35:25.760 1062 1234 D ConnectivityService: Setting DNS servers for network 100 to [/2001:558:feed::2, /2001:558:feed::1, /75.75.75.75, /75.75.76.76]
03-01 11:35:25.760 1062 2607 D ConnectivityService: Returning UNBLOCKED NetworkInfo to uid=10034
03-01 11:35:25.763 1062 1234 D DnsManager: setDnsConfigurationForNetwork(100, [2001:558:feed::2, 2001:558:feed::1, 75.75.75.75, 75.75.76.76], [], 1800, 25, 8, 64, 0, 0, , [2001:558:feed::2, 2001:558:feed::1, 75.75.75.75, 75.75.76.76])
03-01 11:35:25.769 1062 1111 D ActivityManager: Is background playback GK enabled: false Is background playback enabled for all apps: false
03-01 11:35:25.770 1062 1111 I ActivityManager: Start proc 2632:com.oculus.mrservice/u0a12 for broadcast {com.oculus.mrservice/com.oculus.mrservice.MrServiceBroadcastReceiver}
03-01 11:35:25.785 1062 1234 D ConnectivityService: Blocked status changed to false for 10034(12) on netId 100
03-01 11:35:25.793 1660 2640 W ContextImpl: Calling a method in the system process without a qualified user: android.app.ContextImpl.bindService:1661 android.content.ContextWrapper.bindService:705 oculus.internal.binder.BinderServiceClient.:27 com.oculus.os.DeviceAuth$DeviceAuthServiceClient.:159 com.oculus.os.DeviceAuth.fetchToken:57
03-01 11:35:25.835 1062 1111 W ActivityManager: Slow operation: 73ms so far, now at startProcess: returned from zygote!
03-01 11:35:25.835 1062 1111 W ActivityManager: Slow operation: 73ms so far, now at startProcess: done updating battery stats
03-01 11:35:25.835 1062 1111 D ActivityManager: Is background playback GK enabled: false Is background playback enabled for all apps: false
03-01 11:35:25.836 1062 1111 W ActivityManager: Slow operation: 73ms so far, now at startProcess: building log message
03-01 11:35:25.836 1062 1111 I ActivityManager: Start proc 2664:oculus.platform/1000 for service {oculus.platform/oculus.internal.telemetry.TelemetryEventSchemaFetchJobService}
03-01 11:35:25.836 1062 1111 W ActivityManager: Slow operation: 73ms so far, now at startProcess: starting to update pids map
03-01 11:35:25.836 1062 1111 W ActivityManager: Slow operation: 73ms so far, now at startProcess: done updating pids map
03-01 11:35:25.906 1062 1111 D ActivityManager: Is background playback GK enabled: false Is background playback enabled for all apps: false
03-01 11:35:25.906 1062 1111 I ActivityManager: Start proc 2689:com.oculus.presence/u0a18 for broadcast {com.oculus.presence/com.oculus.presence.services.presence.BootCompletedReceiver}
03-01 11:35:26.059 1062 1111 D ActivityManager: Is background playback GK enabled: false Is background playback enabled for all apps: false
03-01 11:35:26.060 1062 1111 I ActivityManager: Start proc 2738:com.oculus.socialplatform/u0a69 for broadcast {com.oculus.socialplatform/com.oculus.socialplatform.partyservice.BootCompletedReceiver}
03-01 11:35:26.149 1062 1234 D ConnectivityService: releasing NetworkRequest [ TRACK_DEFAULT id=12, [ Capabilities: INTERNET&NOT_RESTRICTED&TRUSTED Uid: 10034] ] (release request)
03-01 11:35:26.380 739 1019 I CameraProvider: Utility frequency frame period updated to 33333
03-01 11:35:26.642 1062 2651 W ActivityManager: Unable to start service Intent { cmp=com.oculus.presence/.service.PresenceService } U=0: not found
03-01 11:35:26.665 1062 1516 W ActivityManager: Receiver with filter android.content.IntentFilter@dc990ad already registered for pid 1867, callerPackage is com.oculus.statscollector
03-01 11:35:26.692 1062 1111 D ActivityManager: Is background playback GK enabled: false Is background playback enabled for all apps: false
03-01 11:35:26.692 1062 1111 I ActivityManager: Start proc 2870:com.oculus.systemutilities/u0a25 for broadcast {com.oculus.systemutilities/com.oculus.systemutilities.MediaSyncJobReceiver}
03-01 11:35:26.966 1062 1111 D ActivityManager: Is background playback GK enabled: false Is background playback enabled for all apps: false
03-01 11:35:26.966 1062 1111 I ActivityManager: Start proc 2911:com.oculus.systemux:SystemUX/u0a41 for broadcast {com.oculus.systemux/com.oculus.panelapp.settings.jobs.SettingsReceiver}
03-01 11:35:26.970 1062 2891 D ConnectivityService: requestNetwork for uid/pid:10025/2870 NetworkRequest [ TRACK_DEFAULT id=15, [ Capabilities: INTERNET&NOT_RESTRICTED&TRUSTED Uid: 10025] ]
03-01 11:35:27.273 853 853 D TrackingService: getSharedMemory: com.oculus.systemdriver#1804, HeadTracker
03-01 11:35:27.322 1950 1950 W ContextImpl: Calling a method in the system process without a qualified user: android.app.ContextImpl.startService:1582 android.content.ContextWrapper.startService:669 com.oculus.authapi.OVRAuth.A01:2 com.oculus.unifiedtelemetry.credentialsmanager.UnifiedTelemetryCredentialsManager.A00:41 com.oculus.unifiedtelemetry.credentialsmanager.UnifiedTelemetryCredentialsManager.A01:49
03-01 11:35:27.394 1062 1525 I ActivityManager: Killing 1359:com.oculus.vralertservice/u0a29 (adj 985): empty #17
03-01 11:35:27.446 1062 1525 W ActivityManager: Slow operation: 69ms so far, now at startProcess: done updating battery stats
03-01 11:35:27.446 1062 1525 D ActivityManager: Is background playback GK enabled: false Is background playback enabled for all apps: false
03-01 11:35:27.446 1062 1525 W ActivityManager: Slow operation: 70ms so far, now at startProcess: building log message
03-01 11:35:27.446 1062 1525 I ActivityManager: Start proc 2981:com.mightyimmersion.mightyplatform.adminapp.dev/u0a82 for broadcast {com.mightyimmersion.mightyplatform.adminapp.dev/com.mightyimmersion.mightyplatform.receivers.OnBootReceiver}
03-01 11:35:27.446 1062 1525 W ActivityManager: Slow operation: 70ms so far, now at startProcess: starting to update pids map
03-01 11:35:27.447 1062 1525 W ActivityManager: Slow operation: 70ms so far, now at startProcess: done updating pids map
03-01 11:35:27.447 1062 1111 W ActivityManager: Slow operation: 71ms so far, now at startProcess: returned from zygote!
03-01 11:35:27.561 1062 1078 D ConnectivityService: requestNetwork for uid/pid:10034/2504 NetworkRequest [ TRACK_DEFAULT id=16, [ Capabilities: INTERNET&NOT_RESTRICTED&TRUSTED Uid: 10034] ]
03-01 11:35:27.596 1062 1234 D ConnectivityService: Blocked status changed to true for 10034(16) on netId 100
03-01 11:35:27.608 1062 1234 D ConnectivityService: releasing NetworkRequest [ TRACK_DEFAULT id=16, [ Capabilities: INTERNET&NOT_RESTRICTED&TRUSTED Uid: 10034] ] (release request)
03-01 11:35:27.647 2981 3020 E ActivityThread: Failed to find provider info for com.google.android.gms.chimera
03-01 11:35:27.731 1062 2115 I ActivityManager: Killing 1928:com.android.keychain/1000 (adj 985): empty #17
03-01 11:35:27.962 1062 1516 I ActivityManager: Finished processing BOOT_COMPLETED for u0
03-01 11:35:28.015 1062 1111 D ActivityManager: Is background playback GK enabled: false Is background playback enabled for all apps: false
03-01 11:35:28.016 1062 1111 I ActivityManager: Start proc 3063:com.mightyimmersion.mightyplatform.adminapp.dev:failsafe/u0a82 for service {com.mightyimmersion.mightyplatform.adminapp.dev/com.mightyimmersion.mightyplatform.FailsafeService}
03-01 11:35:28.030 853 1041 W TrackingService: Cannot set InsideOutBodyTracking fidelity because the tracking feature does not exist.
03-01 11:35:28.031 853 1041 I TrackingService: setFeatureFidelity: Attempt made to enable multimodal hands+controllers when not supported by app
03-01 11:35:28.040 853 1041 D TrackingService: getSharedMemory: com.oculus.systemdriver, HandTracker
03-01 11:35:28.044 853 1041 D TrackingService: getSharedMemory: com.oculus.systemdriver, Controller
03-01 11:35:28.053 1062 1516 D OculusWindowMgr: Got focus change event with null focused window?
03-01 11:35:28.169 1062 1111 D ActivityManager: Is background playback GK enabled: false Is background playback enabled for all apps: false
03-01 11:35:28.170 1062 1111 I ActivityManager: Start proc 3113:com.qualcomm.timeservice/u0a71 for broadcast {com.qualcomm.timeservice/com.qualcomm.timeservice.TimeServiceBroadcastReceiver}
03-01 11:35:28.283 1062 2651 I ActivityManager: Killing 2119:com.oculus.nux.ota/1000 (adj 985): empty #17
03-01 11:35:28.595 1062 1400 W ActivityManager: Stopping service due to app idle: u0a26 -13ms com.oculus.vrshell/.ShellOverlayService
03-01 11:35:28.939 853 853 D TrackingService: getSharedMemory: com.oculus.mrservice#2632, HeadTracker
03-01 11:35:28.940 853 853 I TrackingService: Unregistering client by ITrackingService.unregisterClient
03-01 11:35:28.940 853 853 I TrackingService: Failed to unregister client because client not found in registered list
03-01 11:35:28.940 853 853 I chatty : uid=1000(system) /system/bin/trackingservice identical 8 lines
03-01 11:35:28.940 853 853 I TrackingService: Failed to unregister client because client not found in registered list
03-01 11:35:28.940 853 853 D TrackingService: unregister: com.oculus.mrservice
03-01 11:35:29.039 853 853 D TrackingService: getSharedMemory: com.oculus.mrservice, HeadTracker
03-01 11:35:29.113 1062 2891 D ConnectivityService: requestNetwork for uid/pid:10082/2981 NetworkRequest [ TRACK_DEFAULT id=19, [ Capabilities: INTERNET&NOT_RESTRICTED&TRUSTED Uid: 10082] ]
03-01 11:35:29.135 1062 2891 D ConnectivityService: requestNetwork for uid/pid:10082/2981 NetworkRequest [ TRACK_DEFAULT id=20, [ Capabilities: INTERNET&NOT_RESTRICTED&TRUSTED Uid: 10082] ]
03-01 11:35:29.322 1062 1516 W ActivityManager: Permission Denial: Accessing service com.oculus.vrshell/.ShellOverlayService from pid=1777, uid=10021 requires com.oculus.vrshell.OVERLAY_HOST
03-01 11:35:29.468 850 1304 D SensorClientUtils: Received transition request from STANDBY to RUNNING
03-01 11:35:29.468 850 1304 D SensorClientUtils: Executing transition from STANDBY to RUNNING
03-01 11:35:29.468 850 1304 D MrSystemService: setPowerState: RUNNING
03-01 11:35:29.468 1617 1754 D SensorClientUtils: Cancelling delayed transition to SLEEP
03-01 11:35:29.468 853 853 D SensorClientUtils: Cancelling delayed transition to SLEEP
03-01 11:35:29.469 853 853 D SensorClientUtils: Received transition request from STANDBY to RUNNING
03-01 11:35:29.469 853 853 D SensorClientUtils: Executing transition from STANDBY to RUNNING
03-01 11:35:29.469 853 1050 I TrackingService: [ vision_manager] STANDBY -> RUNNING transition time: 0 ms
03-01 11:35:29.469 1617 1754 D SensorClientUtils: Received transition request from STANDBY to RUNNING
03-01 11:35:29.469 1617 1754 D SensorClientUtils: Executing transition from STANDBY to RUNNING
03-01 11:35:29.469 1617 1754 D OVRRemoteService: [controller] STANDBY -> RUNNING
03-01 11:35:29.469 853 1050 I TrackingService: [ iad] STANDBY -> RUNNING transition time: 0 ms
03-01 11:35:29.469 853 1050 I TrackingService: [ bolt] STANDBY -> RUNNING transition time: 0 ms
03-01 11:35:29.473 739 1019 I FrameSetDispatcher: [HEADSET] Client pid=853 (IOT): Client thread started
03-01 11:35:29.473 739 1019 I CameraClientManager: [HEADSET] Added client (853)(IOT) - started clients: 1
03-01 11:35:29.484 1062 1140 V DisplayPowerController: Brightness [127] reason changing to: 'temporary', previous reason: 'manual'.
03-01 11:35:29.539 1062 1520 E WindowManager: App trying to use insecure INPUT_FEATURE_NO_INPUT_CHANNEL flag. Ignoring
03-01 11:35:29.592 853 1348 D TrackingService: getSharedMemory: com.oculus.os.vrusb#1777, HeadTracker
03-01 11:35:29.633 853 1039 D TrackingService: getSharedMemory: com.oculus.mrservice, Controller
03-01 11:35:29.633 853 1041 D TrackingService: getSharedMemory: com.oculus.os.vrusb, Controller
03-01 11:35:29.713 739 1019 I HollywoodCameraProvider: [HollywoodCameraProvider] Set cameras to 10 bpp (format 0x00000007)
03-01 11:35:29.716 1950 2662 W ContextImpl: Calling a method in the system process without a qualified user: android.app.ContextImpl.sendBroadcast:1057 android.content.ContextWrapper.sendBroadcast:448 X.nq.A00:220 X.mb.A00:17 X.mb.handleMessage:80
03-01 11:35:29.717 739 904 I SyncBossHAL: [info ] pulsar_manager.c(826): Setting controller LED config to period: 33333us, on-time: 34us, delay: -9us
03-01 11:35:29.799 853 1050 I TrackingService: [ iot] STANDBY -> RUNNING transition time: 329 ms
03-01 11:35:29.802 739 1019 I FrameSetDispatcher: [CONTROLLER] Client pid=853 (Cnst): Client thread started
03-01 11:35:29.802 739 1019 I CameraClientManager: [CONTROLLER] Added client (853)(Cnst) - started clients: 1
03-01 11:35:29.804 853 1050 I TrackingService: ConstellationTrackingGlue: setEnableExtendedDeadreckoning to false
03-01 11:35:29.805 853 1050 I TrackingService: [ constellation] STANDBY -> RUNNING transition time: 5 ms
03-01 11:35:29.805 853 1050 I TrackingService: [selftracked_client] STANDBY -> RUNNING transition time: 0 ms
03-01 11:35:29.807 1062 1111 W ActivityManager: Slow operation: 1225ms so far, now at startProcess: returned from zygote!
03-01 11:35:29.807 1062 1111 W ActivityManager: Slow operation: 1225ms so far, now at startProcess: done updating battery stats
03-01 11:35:29.807 1062 1111 D ActivityManager: Is background playback GK enabled: false Is background playback enabled for all apps: false
03-01 11:35:29.808 1062 1111 W ActivityManager: Slow operation: 1225ms so far, now at startProcess: building log message
03-01 11:35:29.808 1062 1111 I ActivityManager: Start proc 3292:com.oculus.vrshell:Overlay/u0a26 for service {com.oculus.vrshell/com.oculus.vrshell.ShellOverlayService}
03-01 11:35:29.808 1062 1111 W ActivityManager: Slow operation: 1225ms so far, now at startProcess: starting to update pids map
03-01 11:35:29.808 1062 1111 W ActivityManager: Slow operation: 1226ms so far, now at startProcess: done updating pids map
03-01 11:35:29.810 853 1050 I TrackingService: [ hand] STANDBY -> RUNNING transition time: 4 ms
03-01 11:35:29.811 853 1352 D TrackingService: [HANDTRACKING] Controller de088e026ac4e527 in hand: Y, valid: Y
03-01 11:35:29.816 739 1019 I FrameSetDispatcher: [HEADSET] Client pid=853 (Obj): Client thread started
03-01 11:35:29.816 739 1019 I CameraClientManager: [HEADSET] Added client (853)(Obj) - started clients: 2
03-01 11:35:29.816 853 1050 I TrackingService: [ object] STANDBY -> RUNNING transition time: 5 ms
03-01 11:35:29.816 853 1050 I TrackingService: [ controller] STANDBY -> RUNNING transition time: 0 ms
03-01 11:35:29.816 853 1050 I TrackingService: Setting initial exposure: 0.005000, initial gain: 3.000000
03-01 11:35:29.818 739 1016 I FrameSetDispatcher: [HEADSET] Client pid=853 (ExpCtl): Client thread started
03-01 11:35:29.818 739 1016 I CameraClientManager: [HEADSET] Added client (853)(ExpCtl) - started clients: 3
03-01 11:35:29.818 853 1050 I TrackingService: [ExposureControl] STANDBY -> RUNNING transition time: 1 ms
03-01 11:35:29.818 853 853 D TrackingService: setPowerState: RUNNING
03-01 11:35:29.869 739 3283 W libsensorscommon: [HEADSET FSG] frameset capture timestamp out of spec by -15581.54ms. observed=15614873000 expected=33333000. FrameSyncPeriod is 33.33ms
03-01 11:35:30.073 739 3249 E FrameSetDispatcher: [HEADSET] Client pid=853 (IOT): Failed to read from receive FMQ for 1 packets in 5000ms.
03-01 11:35:30.073 739 3249 E FrameSetDispatcher: This probably means this client is taking more than 33 ms to process the frame.
03-01 11:35:30.073 739 3249 E FrameSetDispatcher: Retrying.
03-01 11:35:31.148 1062 1111 W ActivityManager: Slow operation: 66ms so far, now at startProcess: returned from zygote!
03-01 11:35:31.148 1062 1111 W ActivityManager: Slow operation: 66ms so far, now at startProcess: done updating battery stats
03-01 11:35:31.148 1062 1111 D ActivityManager: Is background playback GK enabled: false Is background playback enabled for all apps: false
03-01 11:35:31.149 1062 1111 W ActivityManager: Slow operation: 67ms so far, now at startProcess: building log message
03-01 11:35:31.149 1062 1111 I ActivityManager: Start proc 3458:com.oculus.fitnesstracker:FitnessServices/u0a47 for content provider {com.oculus.fitnesstracker/com.oculus.fitnesstracker.provider.FitnessDataProvider}
03-01 11:35:31.149 1062 1111 W ActivityManager: Slow operation: 67ms so far, now at startProcess: starting to update pids map
03-01 11:35:31.149 1062 1111 W ActivityManager: Slow operation: 67ms so far, now at startProcess: done updating pids map
03-01 11:35:33.011 850 2735 I MrSystemService: initGraphicBuffers() called
03-01 11:35:33.011 850 2735 D CameraMuxModeMonitor: Connecting to 'cameramuxmodeservice'
03-01 11:35:33.012 850 2735 D CameraMuxModeMonitor: Connected to 'cameramuxmodeservice'
03-01 11:35:33.013 1062 2891 W ActivityManager: Package for pid 850: no process record found
03-01 11:35:33.024 1062 1062 E NotificationService: Muting recently noisy 0|com.oculus.vrshell|10002|oc_because_you_played|10026
03-01 11:35:34.070 850 3580 D MrSystemService: Mr Engine pause.
03-01 11:35:34.578 1062 1111 D ActivityManager: Is background playback GK enabled: false Is background playback enabled for all apps: false
03-01 11:35:34.578 1062 1111 I ActivityManager: Start proc 3628:com.oculus.vrshell/u0a26 for broadcast {com.oculus.vrshell/com.oculus.vrshell.ShellControlProtectedReceiver}
03-01 11:35:34.642 853 853 D TrackingService: getSharedMemory: com.oculus.vrshell#3292, HeadTracker
03-01 11:35:34.658 853 853 D TrackingService: getSharedMemory: com.oculus.vrshell, Controller
03-01 11:35:35.075 739 3249 E FrameSetDispatcher: [HEADSET] Client pid=853 (IOT): Failed to read from receive FMQ for 97 packets in 5000ms.
03-01 11:35:35.075 739 3249 E FrameSetDispatcher: This probably means this client is taking more than 33 ms to process the frame.
03-01 11:35:35.075 739 3249 E FrameSetDispatcher: Retrying.
03-01 11:35:35.214 1062 1196 W ActivityManager: Background start not allowed: service Intent { act=com.android.providers.tv.intent.CLEAN_UP_EPG_DATA flg=0x4 cmp=com.android.providers.tv/.EpgDataCleanupService (has extras) } to com.android.providers.tv/.EpgDataCleanupService from pid=-1 uid=10001 pkg=com.android.providers.tv startFg?=false
03-01 11:35:35.512 1062 1079 I DisplayManagerService: Display device added: DisplayDeviceInfo{"com.oculus.android_panel_app.AndroidPanelLayer-#main": uniqueId="virtual:com.oculus.systemux,10041,com.oculus.android_panel_app.AndroidPanelLayer-#main,0", 999 x 1250, modeId 62, defaultModeId 62, supportedModes [{id=62, width=999, height=1250, fps=60.0}], colorMode 0, supportedColorModes [0], HdrCapabilities null, density 200, 200.0 x 200.0 dpi, appVsyncOff 0, presDeadline 16666666, touch NONE, rotation 0, type VIRTUAL, state OFF, owner com.oculus.systemux (uid 10041), FLAG_PRIVATE, FLAG_NEVER_BLANK, FLAG_OWN_CONTENT_ONLY}
03-01 11:35:35.536 1062 1101 I ActivityTaskManager: Override config changes=20005df8 {0.0 ?mcc?mnc ?localeList ?layoutDir sw799dp w799dp h1000dp 200dpi xlrg port ?uimode ?night -touch qwerty/v/v -nav/h winConfig={ mBounds=Rect(0, 0 - 999, 1250) mAppBounds=Rect(0, 0 - 999, 1250) mWindowingMode=fullscreen mDisplayWindowingMode=fullscreen mActivityType=undefined mAlwaysOnTop=undefined mRotation=ROTATION_0}} for displayId=1
03-01 11:35:35.620 1062 1079 I DisplayManagerService: Display device removed: DisplayDeviceInfo{"com.oculus.android_panel_app.AndroidPanelLayer-#main": uniqueId="virtual:com.oculus.systemux,10041,com.oculus.android_panel_app.AndroidPanelLayer-#main,0", 999 x 1250, modeId 62, defaultModeId 62, supportedModes [{id=62, width=999, height=1250, fps=60.0}], colorMode 0, supportedColorModes [0], HdrCapabilities null, density 200, 200.0 x 200.0 dpi, appVsyncOff 0, presDeadline 16666666, touch NONE, rotation 0, type VIRTUAL, state OFF, owner com.oculus.systemux (uid 10041), FLAG_PRIVATE, FLAG_NEVER_BLANK, FLAG_OWN_CONTENT_ONLY}
03-01 11:35:35.626 1062 1520 I DisplayManagerService: Display device added: DisplayDeviceInfo{"com.oculus.android_panel_app.AndroidPanelLayer-#main": uniqueId="virtual:com.oculus.systemux,10041,com.oculus.android_panel_app.AndroidPanelLayer-#main,0", 999 x 110, modeId 63, defaultModeId 63, supportedModes [{id=63, width=999, height=110, fps=60.0}], colorMode 0, supportedColorModes [0], HdrCapabilities null, density 200, 200.0 x 200.0 dpi, appVsyncOff 0, presDeadline 16666666, touch NONE, rotation 0, type VIRTUAL, state OFF, owner com.oculus.systemux (uid 10041), FLAG_PRIVATE, FLAG_NEVER_BLANK, FLAG_OWN_CONTENT_ONLY}
03-01 11:35:35.651 1062 1101 I ActivityTaskManager: Override config changes=20005df8 {0.0 ?mcc?mnc ?localeList ?layoutDir sw88dp w799dp h88dp 200dpi nrml long land ?uimode ?night -touch qwerty/v/v -nav/h winConfig={ mBounds=Rect(0, 0 - 999, 110) mAppBounds=Rect(0, 0 - 999, 110) mWindowingMode=fullscreen mDisplayWindowingMode=fullscreen mActivityType=undefined mAlwaysOnTop=undefined mRotation=ROTATION_0}} for displayId=2
03-01 11:35:35.664 1062 3176 W ActivityManager: Unable to start service Intent { cmp=com.oculus.presence/.service.PresenceService } U=0: not found
03-01 11:35:35.791 1062 1079 W ActivityManager: Unable to start service Intent { cmp=com.oculus.presence/.service.PresenceService } U=0: not found
03-01 11:35:35.798 850 3670 D MrSystemService: Mr Engine pause.
03-01 11:35:35.887 853 1352 D TrackingService: [HANDTRACKING] Controller de088e026ac4e527 in hand: N, valid: Y
03-01 11:35:36.150 1062 1101 I DisplayManagerService: Display device changed state: "com.oculus.android_panel_app.AndroidPanelLayer-#main", ON
03-01 11:35:36.165 1062 2891 E WindowManager: App trying to use insecure INPUT_FEATURE_NO_INPUT_CHANNEL flag. Ignoring
03-01 11:35:36.214 1062 2891 I DisplayManagerService: Display device removed: DisplayDeviceInfo{"com.oculus.android_panel_app.AndroidPanelLayer-#main": uniqueId="virtual:com.oculus.systemux,10041,com.oculus.android_panel_app.AndroidPanelLayer-#main,0", 999 x 110, modeId 63, defaultModeId 63, supportedModes [{id=63, width=999, height=110, fps=60.0}], colorMode 0, supportedColorModes [0], HdrCapabilities null, density 200, 200.0 x 200.0 dpi, appVsyncOff 0, presDeadline 16666666, touch NONE, rotation 0, type VIRTUAL, state ON, owner com.oculus.systemux (uid 10041), FLAG_PRIVATE, FLAG_NEVER_BLANK, FLAG_OWN_CONTENT_ONLY}
03-01 11:35:36.224 1062 3763 I DisplayManagerService: Display device added: DisplayDeviceInfo{"com.oculus.android_panel_app.AndroidPanelLayer-#main": uniqueId="virtual:com.oculus.systemux,10041,com.oculus.android_panel_app.AndroidPanelLayer-#main,0", 999 x 86, modeId 64, defaultModeId 64, supportedModes [{id=64, width=999, height=86, fps=60.0}], colorMode 0, supportedColorModes [0], HdrCapabilities null, density 200, 200.0 x 200.0 dpi, appVsyncOff 0, presDeadline 16666666, touch NONE, rotation 0, type VIRTUAL, state OFF, owner com.oculus.systemux (uid 10041), FLAG_PRIVATE, FLAG_NEVER_BLANK, FLAG_OWN_CONTENT_ONLY}
03-01 11:35:36.276 1062 1101 I ActivityTaskManager: Override config changes=20005df8 {0.0 ?mcc?mnc ?localeList ?layoutDir sw68dp w799dp h68dp 200dpi nrml long land ?uimode ?night -touch qwerty/v/v -nav/h winConfig={ mBounds=Rect(0, 0 - 999, 86) mAppBounds=Rect(0, 0 - 999, 86) mWindowingMode=fullscreen mDisplayWindowingMode=fullscreen mActivityType=undefined mAlwaysOnTop=undefined mRotation=ROTATION_0}} for displayId=3
03-01 11:35:36.288 1062 1079 W WindowManager: Failed looking up window callers=com.android.server.wm.WindowManagerService.windowForClientLocked:5339 com.android.server.wm.WindowManagerService.finishDrawingWindow:2432 com.android.server.wm.Session.finishDrawing:231
03-01 11:35:36.339 1062 1101 I DisplayManagerService: Display device changed state: "com.oculus.android_panel_app.AndroidPanelLayer-#main", ON
03-01 11:35:36.358 1062 2891 E WindowManager: App trying to use insecure INPUT_FEATURE_NO_INPUT_CHANNEL flag. Ignoring
03-01 11:35:36.371 1062 2891 W WindowManager: Failed looking up window callers=com.android.server.wm.WindowManagerService.windowForClientLocked:5339 com.android.server.wm.WindowManagerService.removeWindow:1788 com.android.server.wm.Session.remove:176
03-01 11:35:36.629 1062 1078 I DisplayManagerService: Display device added: DisplayDeviceInfo{"com.oculus.android_panel_app.AndroidPanelLayer-toast": uniqueId="virtual:com.oculus.systemux,10041,com.oculus.android_panel_app.AndroidPanelLayer-toast,0", 525 x 1250, modeId 65, defaultModeId 65, supportedModes [{id=65, width=525, height=1250, fps=60.0}], colorMode 0, supportedColorModes [0], HdrCapabilities null, density 200, 200.0 x 200.0 dpi, appVsyncOff 0, presDeadline 16666666, touch NONE, rotation 0, type VIRTUAL, state OFF, owner com.oculus.systemux (uid 10041), FLAG_PRIVATE, FLAG_NEVER_BLANK, FLAG_OWN_CONTENT_ONLY}
03-01 11:35:36.639 1062 3595 I DisplayManagerService: Display device removed: DisplayDeviceInfo{"com.oculus.android_panel_app.AndroidPanelLayer-toast": uniqueId="virtual:com.oculus.systemux,10041,com.oculus.android_panel_app.AndroidPanelLayer-toast,0", 525 x 1250, modeId 65, defaultModeId 65, supportedModes [{id=65, width=525, height=1250, fps=60.0}], colorMode 0, supportedColorModes [0], HdrCapabilities null, density 200, 200.0 x 200.0 dpi, appVsyncOff 0, presDeadline 16666666, touch NONE, rotation 0, type VIRTUAL, state OFF, owner com.oculus.systemux (uid 10041), FLAG_PRIVATE, FLAG_NEVER_BLANK, FLAG_OWN_CONTENT_ONLY}
03-01 11:35:36.640 1062 3595 I DisplayManagerService: Display device added: DisplayDeviceInfo{"com.oculus.android_panel_app.AndroidPanelLayer-toast": uniqueId="virtual:com.oculus.systemux,10041,com.oculus.android_panel_app.AndroidPanelLayer-toast,0", 525 x 1, modeId 66, defaultModeId 66, supportedModes [{id=66, width=525, height=1, fps=60.0}], colorMode 0, supportedColorModes [0], HdrCapabilities null, density 200, 200.0 x 200.0 dpi, appVsyncOff 0, presDeadline 16666666, touch NONE, rotation 0, type VIRTUAL, state OFF, owner com.oculus.systemux (uid 10041), FLAG_PRIVATE, FLAG_NEVER_BLANK, FLAG_OWN_CONTENT_ONLY}
03-01 11:35:36.663 1062 1101 I DisplayManagerService: Display device changed state: "com.oculus.android_panel_app.AndroidPanelLayer-toast", ON
03-01 11:35:36.710 1062 3595 E WindowManager: App trying to use insecure INPUT_FEATURE_NO_INPUT_CHANNEL flag. Ignoring
03-01 11:35:36.712 1062 1101 I ActivityTaskManager: Override config changes=20005df8 {0.0 ?mcc?mnc ?localeList ?layoutDir sw420dp w420dp h1000dp 200dpi nrml long port ?uimode ?night -touch qwerty/v/v -nav/h winConfig={ mBounds=Rect(0, 0 - 525, 1250) mAppBounds=Rect(0, 0 - 525, 1250) mWindowingMode=fullscreen mDisplayWindowingMode=fullscreen mActivityType=undefined mAlwaysOnTop=undefined mRotation=ROTATION_0}} for displayId=4
03-01 11:35:36.721 1062 1101 I ActivityTaskManager: Override config changes=200055f8 {0.0 ?mcc?mnc ?localeList ?layoutDir ?swdp w420dp ?hdp 200dpi smll land ?uimode ?night -touch qwerty/v/v -nav/h winConfig={ mBounds=Rect(0, 0 - 525, 1) mAppBounds=Rect(0, 0 - 525, 1) mWindowingMode=fullscreen mDisplayWindowingMode=fullscreen mActivityType=undefined mAlwaysOnTop=undefined mRotation=ROTATION_0}} for displayId=5
03-01 11:35:36.722 1062 1101 I WindowManager: Screen frozen for +35ms due to new-config
03-01 11:35:36.743 1062 2607 I DisplayManagerService: Display device removed: DisplayDeviceInfo{"com.oculus.android_panel_app.AndroidPanelLayer-toast": uniqueId="virtual:com.oculus.systemux,10041,com.oculus.android_panel_app.AndroidPanelLayer-toast,0", 525 x 1, modeId 66, defaultModeId 66, supportedModes [{id=66, width=525, height=1, fps=60.0}], colorMode 0, supportedColorModes [0], HdrCapabilities null, density 200, 200.0 x 200.0 dpi, appVsyncOff 0, presDeadline 16666666, touch NONE, rotation 0, type VIRTUAL, state ON, owner com.oculus.systemux (uid 10041), FLAG_PRIVATE, FLAG_NEVER_BLANK, FLAG_OWN_CONTENT_ONLY}
03-01 11:35:36.744 1062 3595 I DisplayManagerService: Display device added: DisplayDeviceInfo{"com.oculus.android_panel_app.AndroidPanelLayer-toast": uniqueId="virtual:com.oculus.systemux,10041,com.oculus.android_panel_app.AndroidPanelLayer-toast,0", 525 x 79, modeId 67, defaultModeId 67, supportedModes [{id=67, width=525, height=79, fps=60.0}], colorMode 0, supportedColorModes [0], HdrCapabilities null, density 200, 200.0 x 200.0 dpi, appVsyncOff 0, presDeadline 16666666, touch NONE, rotation 0, type VIRTUAL, state OFF, owner com.oculus.systemux (uid 10041), FLAG_PRIVATE, FLAG_NEVER_BLANK, FLAG_OWN_CONTENT_ONLY}
03-01 11:35:36.750 1062 1101 E DisplayModeDirector: Asked about unknown display, returning empty allowed set! (id=6)
03-01 11:35:36.801 1062 1101 I ActivityTaskManager: Override config changes=20005df8 {0.0 ?mcc?mnc ?localeList ?layoutDir sw63dp w420dp h63dp 200dpi smll land ?uimode ?night -touch qwerty/v/v -nav/h winConfig={ mBounds=Rect(0, 0 - 525, 79) mAppBounds=Rect(0, 0 - 525, 79) mWindowingMode=fullscreen mDisplayWindowingMode=fullscreen mActivityType=undefined mAlwaysOnTop=undefined mRotation=ROTATION_0}} for displayId=6
03-01 11:35:36.816 1062 1101 I DisplayManagerService: Display device changed state: "com.oculus.android_panel_app.AndroidPanelLayer-toast", ON
03-01 11:35:36.828 1062 3798 E WindowManager: App trying to use insecure INPUT_FEATURE_NO_INPUT_CHANNEL flag. Ignoring
03-01 11:35:37.575 1062 1109 W VoiceInteractionManagerService: no available voice interaction services found for user 0
03-01 11:35:38.311 853 853 D TrackingService: getSharedMemory: com.oculus.guardian#2469, HeadTracker
03-01 11:35:38.383 1062 1110 I ActivityManager: Waited long enough for: ServiceRecord{69466e5 u0 com.oculus.statscollector/.PowerStatsCollector}
03-01 11:35:38.503 1062 1110 I ActivityManager: Waited long enough for: ServiceRecord{d95fef8 u0 com.oculus.unifiedtelemetry/.unifiedtelemetryservice.UnifiedTelemetryService}
03-01 11:35:38.597 1062 1110 I ActivityManager: Waited long enough for: ServiceRecord{1233bc5 u0 com.oculus.updater/.OculusUpdaterDumpService}
03-01 11:35:38.821 853 853 D TrackingService: getSharedMemory: com.oculus.guardian, AnchorTracker
03-01 11:35:39.175 1062 1516 W ActivityManager: Permission Denial: Accessing service com.oculus.vrshell/.ShellOverlayService from pid=2469, uid=10033 requires com.oculus.vrshell.OVERLAY_HOST
03-01 11:35:39.452 850 3970 D MrSystemService: Mr Engine resume.
03-01 11:35:39.457 739 1016 I FrameSetDispatcher: [HEADSET] Client pid=850 (MrSSCamS): Client thread started
03-01 11:35:39.457 739 1016 I CameraClientManager: [HEADSET] Added client (850)(MrSSCamS) - started clients: 4
03-01 11:35:39.475 1062 1525 W ActivityManager: Package for pid 850: no process record found
03-01 11:35:39.490 1062 1525 W ActivityManager: Package for pid 850: no process record found
03-01 11:35:39.491 853 853 D TrackingService: getSharedMemory: /system/bin/mrsystemservice, HeadTracker
03-01 11:35:39.495 853 853 D TrackingService: getSharedMemory: /system/bin/mrsystemservice, Controller
03-01 11:35:39.496 853 853 D TrackingService: getSharedMemory: /system/bin/mrsystemservice, HandTracker
03-01 11:35:39.702 853 853 D TrackingService: TrackingEnvironment::getSharedMemory()
03-01 11:35:39.715 739 1016 I libsensorscommon: Activate AndroidSensors and create DoubleTapSensor
03-01 11:35:39.716 739 1016 I SensorService: Construct double tap sensor and enable HMD_DOUBLETAP
03-01 11:35:39.780 853 853 D TrackingService: getSharedMemory: com.oculus.guardian, Controller
03-01 11:35:40.127 739 3249 E FrameSetDispatcher: [HEADSET] Client pid=853 (IOT): Failed to read from receive FMQ for 94 packets in 5000ms.
03-01 11:35:40.127 739 3249 E FrameSetDispatcher: This probably means this client is taking more than 33 ms to process the frame.
03-01 11:35:40.127 739 3249 E FrameSetDispatcher: Retrying.
03-01 11:35:40.721 850 3981 D MrSystemService: Mr Engine pause.
03-01 11:35:40.722 739 3972 I FrameSetDispatcher: [HEADSET] Client pid=850 (MrSSCamS): Client thread stopping
03-01 11:35:40.722 739 1016 I FrameSetDispatcher: [HEADSET] Client pid=850 (MrSSCamS): Client thread joined
03-01 11:35:40.722 739 1016 I CameraClientManager: [HEADSET] Removed client (850)(MrSSCamS) - started clients: 3
03-01 11:35:42.248 1062 3176 I DisplayManagerService: Display device removed: DisplayDeviceInfo{"com.oculus.android_panel_app.AndroidPanelLayer-toast": uniqueId="virtual:com.oculus.systemux,10041,com.oculus.android_panel_app.AndroidPanelLayer-toast,0", 525 x 79, modeId 67, defaultModeId 67, supportedModes [{id=67, width=525, height=79, fps=60.0}], colorMode 0, supportedColorModes [0], HdrCapabilities null, density 200, 200.0 x 200.0 dpi, appVsyncOff 0, presDeadline 16666666, touch NONE, rotation 0, type VIRTUAL, state ON, owner com.oculus.systemux (uid 10041), FLAG_PRIVATE, FLAG_NEVER_BLANK, FLAG_OWN_CONTENT_ONLY}
03-01 11:35:42.327 853 853 D TrackingService: initialized haptic socket pair, keeping service 98 and giving out client 99
03-01 11:35:42.328 853 853 D TrackingService: getSocket: com.oculus.vrshell
03-01 11:35:42.336 739 1016 E SensorService: Failed to set simple multi haptics, ret: -1
03-01 11:35:43.303 850 4103 D MrSystemService: Mr Engine pause.
03-01 11:35:46.382 1062 3763 I ActivityManager: Killing 2164:com.oculus.preloader/1000 (adj 985): empty #17
03-01 11:35:46.673 739 3249 E FrameSetDispatcher: [HEADSET] Client pid=853 (IOT): Failed to read from receive FMQ for 59 packets in 5000ms.
03-01 11:35:46.673 739 3249 E FrameSetDispatcher: This probably means this client is taking more than 33 ms to process the frame.
03-01 11:35:46.673 739 3249 E FrameSetDispatcher: Retrying.
03-01 11:35:47.747 1062 1078 I ActivityManager: Killing 2203:com.android.managedprovisioning/u0a30 (adj 985): empty #17
03-01 11:35:49.824 1062 2115 I ActivityManager: Killing 2230:com.android.onetimeinitializer/u0a72 (adj 975): empty #17
03-01 11:35:51.681 739 3249 E FrameSetDispatcher: [HEADSET] Client pid=853 (IOT): Failed to read from receive FMQ for 96 packets in 5000ms.
03-01 11:35:51.681 739 3249 E FrameSetDispatcher: This probably means this client is taking more than 33 ms to process the frame.
03-01 11:35:51.681 739 3249 E FrameSetDispatcher: Retrying.
03-01 11:35:52.747 1062 3856 I ActivityManager: Killing 2252:com.android.packageinstaller/u0a11 (adj 975): empty #17
03-01 11:35:53.921 1950 4686 W ContextImpl: Calling a method in the system process without a qualified user: android.app.ContextImpl.bindService:1661 android.content.ContextWrapper.bindService:705 X.l0.run:31 java.lang.Thread.run:919
03-01 11:35:56.726 739 3249 E FrameSetDispatcher: [HEADSET] Client pid=853 (IOT): Failed to read from receive FMQ for 96 packets in 5000ms.
03-01 11:35:56.726 739 3249 E FrameSetDispatcher: This probably means this client is taking more than 33 ms to process the frame.
03-01 11:35:56.726 739 3249 E FrameSetDispatcher: Retrying.
03-01 11:35:57.829 1062 1062 I RoleManagerService: Granting default permissions...
03-01 11:35:57.858 1062 1109 W VoiceInteractionManagerService: no available voice interaction services found for user 0
03-01 11:35:58.334 1062 1109 I RoleUserState: Wrote roles.xml successfully
03-01 11:36:01.769 739 3249 E FrameSetDispatcher: [HEADSET] Client pid=853 (IOT): Failed to read from receive FMQ for 99 packets in 5000ms.
03-01 11:36:01.769 739 3249 E FrameSetDispatcher: This probably means this client is taking more than 33 ms to process the frame.
03-01 11:36:01.769 739 3249 E FrameSetDispatcher: Retrying.
03-01 11:36:04.426 1062 2651 W ActivityManager: Failure sending service com.oculus.horizon/com.facebook.mobileconfigservice.service.MobileConfigService to connection android.os.BinderProxy@e53373d (in com.oculus.vrguardianservice)
03-01 11:36:04.426 1062 2651 W ActivityManager: android.os.DeadObjectException: Transaction failed on small parcel; remote process probably died
03-01 11:36:04.426 1062 2651 W ActivityManager: at android.os.BinderProxy.transactNative(Native Method)
03-01 11:36:04.426 1062 2651 W ActivityManager: at android.os.BinderProxy.transact(BinderProxy.java:511)
03-01 11:36:04.426 1062 2651 W ActivityManager: at android.app.IServiceConnection$Stub$Proxy.connected(IServiceConnection.java:128)
03-01 11:36:04.426 1062 2651 W ActivityManager: at com.android.server.am.ActiveServices.bindServiceLocked(ActiveServices.java:1880)
03-01 11:36:04.426 1062 2651 W ActivityManager: at com.android.server.am.ActivityManagerService.bindIsolatedService(ActivityManagerService.java:14437)
03-01 11:36:04.426 1062 2651 W ActivityManager: at android.app.IActivityManager$Stub.onTransact(IActivityManager.java:2266)
03-01 11:36:04.426 1062 2651 W ActivityManager: at com.android.server.am.ActivityManagerService.onTransact(ActivityManagerService.java:2789)
03-01 11:36:04.426 1062 2651 W ActivityManager: at android.os.Binder.execTransactInternal(Binder.java:1021)
03-01 11:36:04.426 1062 2651 W ActivityManager: at android.os.Binder.execTransact(Binder.java:994)
03-01 11:36:07.640 739 3249 E FrameSetDispatcher: [HEADSET] Client pid=853 (IOT): Failed to read from receive FMQ for 46 packets in 5000ms.
03-01 11:36:07.640 739 3249 E FrameSetDispatcher: This probably means this client is taking more than 33 ms to process the frame.
03-01 11:36:07.640 739 3249 E FrameSetDispatcher: Retrying.
03-01 11:36:15.940 739 3249 E FrameSetDispatcher: [HEADSET] Client pid=853 (IOT): Failed to read from receive FMQ for 89 packets in 5000ms.
03-01 11:36:15.940 739 3249 E FrameSetDispatcher: This probably means this client is taking more than 33 ms to process the frame.
03-01 11:36:15.940 739 3249 E FrameSetDispatcher: Retrying.
03-01 11:36:16.842 1062 3176 W ActivityManager: Unable to start service Intent { cmp=com.oculus.statscollector/.StatsdManager$ReceiverIntentService (has extras) } U=0: not found
03-01 11:36:21.406 739 1346 E SyncBossHAL: [error ] syncboss_hal_jedi.c(88): Failed to send telemetry event for module jedi with error -22
03-01 11:36:22.007 739 3249 E FrameSetDispatcher: [HEADSET] Client pid=853 (IOT): Failed to read from receive FMQ for 50 packets in 5000ms.
03-01 11:36:22.007 739 3249 E FrameSetDispatcher: This probably means this client is taking more than 33 ms to process the frame.
03-01 11:36:22.007 739 3249 E FrameSetDispatcher: Retrying.
03-01 11:36:24.000 1950 5163 W ContextImpl: Calling a method in the system process without a qualified user: android.app.ContextImpl.bindService:1661 android.content.ContextWrapper.bindService:705 X.l0.run:31 java.lang.Thread.run:919
03-01 11:36:27.672 1062 1062 W Looper : Slow dispatch took 133ms main h=android.app.ActivityThread$H c=android.app.-$$Lambda$LoadedApk$ReceiverDispatcher$Args$_BumDX2UKsnxLVrE6UJsJZkotuA@b47a21c m=0
03-01 11:36:29.374 739 3249 E FrameSetDispatcher: [HEADSET] Client pid=853 (IOT): Failed to read from receive FMQ for 82 packets in 5000ms.
03-01 11:36:29.374 739 3249 E FrameSetDispatcher: This probably means this client is taking more than 33 ms to process the frame.
03-01 11:36:29.374 739 3249 E FrameSetDispatcher: Retrying.
03-01 11:36:34.399 739 3249 E FrameSetDispatcher: [HEADSET] Client pid=853 (IOT): Failed to read from receive FMQ for 37 packets in 5000ms.
03-01 11:36:34.399 739 3249 E FrameSetDispatcher: This probably means this client is taking more than 33 ms to process the frame.
03-01 11:36:34.399 739 3249 E FrameSetDispatcher: Retrying.
03-01 11:36:34.471 853 1347 I TrackingService: ActivityMonitor: Device Idle detected. Notifying VR Power Manager: controllerFlagsInHand(1) 0, areAllControllersStatic: 1, isHandDetected 0, Headset Movement 0 (max: 0.115 rad/s), idle time: 65.0s
03-01 11:36:41.141 739 3249 E FrameSetDispatcher: [HEADSET] Client pid=853 (IOT): Failed to read from receive FMQ for 77 packets in 5000ms.
03-01 11:36:41.141 739 3249 E FrameSetDispatcher: This probably means this client is taking more than 33 ms to process the frame.
03-01 11:36:41.141 739 3249 E FrameSetDispatcher: Retrying.
03-01 11:36:42.953 1062 1110 W ActivityManager: Stopping service due to app idle: u0a69 -1m13s144ms com.oculus.socialplatform/.partyservice.PartyService
03-01 11:36:42.965 1062 2891 I ActivityManager: Killing 2316:com.android.providers.tv/u0a1 (adj 985): empty #17
03-01 11:36:46.374 739 3249 E FrameSetDispatcher: [HEADSET] Client pid=853 (IOT): Failed to read from receive FMQ for 42 packets in 5000ms.
03-01 11:36:46.374 739 3249 E FrameSetDispatcher: This probably means this client is taking more than 33 ms to process the frame.
03-01 11:36:46.374 739 3249 E FrameSetDispatcher: Retrying.
03-01 11:36:51.405 739 3249 E FrameSetDispatcher: [HEADSET] Client pid=853 (IOT): Failed to read from receive FMQ for 114 packets in 5000ms.
03-01 11:36:51.405 739 3249 E FrameSetDispatcher: This probably means this client is taking more than 33 ms to process the frame.
03-01 11:36:51.405 739 3249 E FrameSetDispatcher: Retrying.
03-01 11:36:54.010 1950 5360 W ContextImpl: Calling a method in the system process without a qualified user: android.app.ContextImpl.bindService:1661 android.content.ContextWrapper.bindService:705 X.l0.run:31 java.lang.Thread.run:919
03-01 11:36:56.423 739 3249 E FrameSetDispatcher: [HEADSET] Client pid=853 (IOT): Failed to read from receive FMQ for 35 packets in 5000ms.
03-01 11:36:56.423 739 3249 E FrameSetDispatcher: This probably means this client is taking more than 33 ms to process the frame.
03-01 11:36:56.423 739 3249 E FrameSetDispatcher: Retrying.
03-01 11:36:59.411 739 914 I SyncBossHAL: [info ] syncboss_hal_powerstate.c(50): Reporting powerstate event: PROX_ON
03-01 11:36:59.755 853 1352 D TrackingService: [HANDTRACKING] Controller de088e026ac4e527 in hand: Y, valid: Y
03-01 11:37:00.076 739 914 I SyncBossHAL: [info ] syncboss_hal_powerstate.c(50): Reporting powerstate event: PROX_OFF
03-01 11:37:00.561 739 914 I SyncBossHAL: [info ] syncboss_hal_powerstate.c(50): Reporting powerstate event: PROX_ON
03-01 11:37:06.896 1062 1098 I UsbDeviceManager: Setting USB config to mtp
03-01 11:37:06.896 1062 1098 D UsbDeviceManager: getAppliedFunctions will return 4294967301
03-01 11:37:06.896 1062 1098 D UsbDeviceManager: setUsbConfig(4294967301) request:1
03-01 11:37:06.896 1062 1098 D UsbDeviceManager: starting daemon xrspd
03-01 11:37:06.909 1062 1098 D UsbDeviceManager: stopping daemon uac_service
03-01 11:37:06.909 1062 1098 D UsbDeviceManager: stopping daemon uvc_service
03-01 11:37:06.917 1062 1110 D ActivityManager: Is background playback GK enabled: false Is background playback enabled for all apps: false
03-01 11:37:06.963 853 853 D TrackingService: haptic socket already exists
03-01 11:37:06.963 853 853 D TrackingService: getSocket: com.oculus.os.vrusb
03-01 11:37:06.964 739 1016 E SensorService: Failed to set simple multi haptics, ret: -1
03-01 11:37:07.017 1062 3176 I ActivityTaskManager: START u0 {act=android.intent.action.MAIN cat=[android.intent.category.HOME] flg=0x10000100 cmp=com.oculus.shellenv/.ShellEnvActivity} from uid 0
03-01 11:37:07.144 853 853 I TrackingService: Unregistering client by ITrackingService.unregisterClient
03-01 11:37:07.144 853 853 I TrackingService: Failed to unregister client because client not found in registered list
03-01 11:37:07.144 853 853 I chatty : uid=1000(system) /system/bin/trackingservice identical 7 lines
03-01 11:37:07.144 853 853 I TrackingService: Failed to unregister client because client not found in registered list
03-01 11:37:07.144 853 853 D TrackingService: unregister: com.oculus.os.vrusb
03-01 11:37:07.190 853 853 D TrackingService: haptic socket already exists
03-01 11:37:07.190 853 853 D TrackingService: getSocket: com.oculus.mrservice
03-01 11:37:07.227 1062 1111 W ActivityManager: Slow operation: 190ms so far, now at startProcess: returned from zygote!
03-01 11:37:07.227 1062 1111 W ActivityManager: Slow operation: 191ms so far, now at startProcess: done updating battery stats
03-01 11:37:07.227 1062 1111 D ActivityManager: Is background playback GK enabled: false Is background playback enabled for all apps: false
03-01 11:37:07.228 1062 1111 W ActivityManager: Slow operation: 191ms so far, now at startProcess: building log message
03-01 11:37:07.228 1062 1111 I ActivityManager: Start proc 5489:com.oculus.shellenv/u0a15 for activity {com.oculus.shellenv/com.oculus.shellenv.ShellEnvActivity}
03-01 11:37:07.228 1062 1111 W ActivityManager: Slow operation: 192ms so far, now at startProcess: starting to update pids map
03-01 11:37:07.228 1062 1111 W ActivityManager: Slow operation: 192ms so far, now at startProcess: done updating pids map
03-01 11:37:07.384 1062 1101 I ActivityManager: Killing 2542:com.oculus.linefrequencyservice/1000 (adj 985): empty #17
03-01 11:37:07.587 1062 3719 E UsbDeviceManager: notifyCurrentFunction request:1 status:0
03-01 11:37:07.600 1062 1098 D UsbDeviceManager: Clear notification
03-01 11:37:07.601 1062 1098 D UsbDeviceManager: push notification:USB file transfer turned on
03-01 11:37:07.752 1062 3856 E WindowManager: App trying to use insecure INPUT_FEATURE_NO_INPUT_CHANNEL flag. Ignoring
03-01 11:37:07.855 1062 1098 D UsbDeviceManager: getAppliedFunctions will return 4294967301
03-01 11:37:09.277 850 5663 D MrSystemService: Mr Engine resume.
03-01 11:37:09.282 739 1016 I FrameSetDispatcher: [HEADSET] Client pid=850 (MrSSCamS): Client thread started
03-01 11:37:09.282 739 1016 I CameraClientManager: [HEADSET] Added client (850)(MrSSCamS) - started clients: 4
03-01 11:37:09.502 1062 2607 W ActivityManager: Unable to start service Intent { cmp=com.oculus.presence/.service.PresenceService } U=0: not found
03-01 11:37:09.541 1062 3763 W ActivityManager: Unable to start service Intent { cmp=com.oculus.presence/.service.PresenceService } U=0: not found
03-01 11:37:11.385 1062 2115 I DisplayManagerService: Display device added: DisplayDeviceInfo{"com.oculus.android_panel_app.AndroidPanelLayer-#main": uniqueId="virtual:com.oculus.systemux,10041,com.oculus.android_panel_app.AndroidPanelLayer-#main,0", 999 x 1250, modeId 68, defaultModeId 68, supportedModes [{id=68, width=999, height=1250, fps=60.0}], colorMode 0, supportedColorModes [0], HdrCapabilities null, density 200, 200.0 x 200.0 dpi, appVsyncOff 0, presDeadline 16666666, touch NONE, rotation 0, type VIRTUAL, state OFF, owner com.oculus.systemux (uid 10041), FLAG_PRIVATE, FLAG_NEVER_BLANK, FLAG_OWN_CONTENT_ONLY}
03-01 11:37:11.482 1062 1101 I ActivityTaskManager: Override config changes=20005df8 {0.0 ?mcc?mnc ?localeList ?layoutDir sw799dp w799dp h1000dp 200dpi xlrg port ?uimode ?night -touch qwerty/v/v -nav/h winConfig={ mBounds=Rect(0, 0 - 999, 1250) mAppBounds=Rect(0, 0 - 999, 1250) mWindowingMode=fullscreen mDisplayWindowingMode=fullscreen mActivityType=undefined mAlwaysOnTop=undefined mRotation=ROTATION_0}} for displayId=7
03-01 11:37:11.546 1062 4125 W ActivityManager: Unable to start service Intent { cmp=com.oculus.presence/.service.PresenceService } U=0: not found
03-01 11:37:11.566 1062 1099 W Looper : Slow dispatch took 108ms android.ui h=android.hardware.display.DisplayManagerGlobal$DisplayListenerDelegate c=null m=1
03-01 11:37:11.630 1062 3552 I DisplayManagerService: Display device removed: DisplayDeviceInfo{"com.oculus.android_panel_app.AndroidPanelLayer-#main": uniqueId="virtual:com.oculus.systemux,10041,com.oculus.android_panel_app.AndroidPanelLayer-#main,0", 999 x 1250, modeId 68, defaultModeId 68, supportedModes [{id=68, width=999, height=1250, fps=60.0}], colorMode 0, supportedColorModes [0], HdrCapabilities null, density 200, 200.0 x 200.0 dpi, appVsyncOff 0, presDeadline 16666666, touch NONE, rotation 0, type VIRTUAL, state OFF, owner com.oculus.systemux (uid 10041), FLAG_PRIVATE, FLAG_NEVER_BLANK, FLAG_OWN_CONTENT_ONLY}
03-01 11:37:11.636 1062 3811 I DisplayManagerService: Display device added: DisplayDeviceInfo{"com.oculus.android_panel_app.AndroidPanelLayer-#main": uniqueId="virtual:com.oculus.systemux,10041,com.oculus.android_panel_app.AndroidPanelLayer-#main,0", 999 x 110, modeId 69, defaultModeId 69, supportedModes [{id=69, width=999, height=110, fps=60.0}], colorMode 0, supportedColorModes [0], HdrCapabilities null, density 200, 200.0 x 200.0 dpi, appVsyncOff 0, presDeadline 16666666, touch NONE, rotation 0, type VIRTUAL, state OFF, owner com.oculus.systemux (uid 10041), FLAG_PRIVATE, FLAG_NEVER_BLANK, FLAG_OWN_CONTENT_ONLY}
03-01 11:37:11.668 1062 3595 W ActivityManager: Unable to start service Intent { cmp=com.oculus.presence/.service.PresenceService } U=0: not found
