03-01 11:37:59.407 1968 3437 I MobileConfigFactoryImpl: Created MobileConfigFactoryImpl, unitType:1
03-01 11:37:59.411 1968 3440 E MobileConfigServiceImpl: exception while trying to subscribe
03-01 11:37:59.411 1968 3440 E MobileConfigServiceImpl: java.lang.IllegalArgumentException: account is null
03-01 11:37:59.411 1968 3440 E MobileConfigServiceImpl: at android.accounts.AccountManager.getAuthToken(AccountManager.java:1778)
03-01 11:37:59.411 1968 3440 E MobileConfigServiceImpl: at com.oculus.deviceconfigservice.FRLAuthedHttpClient.A00(:28)
03-01 11:37:59.411 1968 3440 E MobileConfigServiceImpl: at com.oculus.deviceconfigservice.MobileConfigServiceHelper.A00(:254)
03-01 11:37:59.411 1968 3440 E MobileConfigServiceImpl: at X.1mj.(:274)
03-01 11:37:59.411 1968 3440 E MobileConfigServiceImpl: at X.0qq.A00(:66554)
03-01 11:37:59.411 1968 3440 E MobileConfigServiceImpl: at X.0qs.A03(:6)
03-01 11:37:59.411 1968 3440 E MobileConfigServiceImpl: at X.0nT.A01(:51)
03-01 11:37:59.411 1968 3440 E MobileConfigServiceImpl: at X.0nT.A00(:12)
03-01 11:37:59.411 1968 3440 E MobileConfigServiceImpl: at com.oculus.deviceconfigservice.MobileConfigInitModule.A00(:5)
03-01 11:37:59.411 1968 3440 E MobileConfigServiceImpl: at X.0qq.A00(:66751)
03-01 11:37:59.411 1968 3440 E MobileConfigServiceImpl: at X.0qs.A03(:6)
03-01 11:37:59.411 1968 3440 E MobileConfigServiceImpl: at X.0UX.A01(:51)
03-01 11:37:59.411 1968 3440 E MobileConfigServiceImpl: at X.08I.get(:38)
03-01 11:37:59.411 1968 3440 E MobileConfigServiceImpl: at X.1el.run(:4)
03-01 11:37:59.411 1968 3440 E MobileConfigServiceImpl: at com.oculus.deviceconfigservice.MobileConfigServiceHelper$4.call(:2)
03-01 11:37:59.411 1968 3440 E MobileConfigServiceImpl: at X.1NJ.run(:4)
03-01 11:37:59.411 1968 3440 E MobileConfigServiceImpl: at java.util.concurrent.ThreadPoolExecutor.runWorker(ThreadPoolExecutor.java:1167)
03-01 11:37:59.411 1968 3440 E MobileConfigServiceImpl: at java.util.concurrent.ThreadPoolExecutor$Worker.run(ThreadPoolExecutor.java:641)
03-01 11:37:59.411 1968 3440 E MobileConfigServiceImpl: at java.lang.Thread.run(Thread.java:919)
03-01 11:37:59.425 2469 6213 E MobileConfigBaseClient: Timed out trying to connect to MobileConfigService.
03-01 11:37:59.425 2469 6213 E DeviceConfigTelemetryLogger: onFailure(Could not connect to MobileConfigService)
03-01 11:37:59.425 2469 6213 D VrGuardianUserService: DeviceConfig - onFailure - Error: Could not connect to MobileConfigService
03-01 11:37:59.428 2469 6554 D MobileConfigBaseClient: awaitService()
03-01 11:37:59.440 2469 2469 E DeviceConfigTelemetryLogger: onFailure(exception)
03-01 11:37:59.440 2469 2469 D VrGuardianUserService: DeviceConfig - onFailure - Error: exception
03-01 11:37:59.500 2981 2981 V MIGHTY_LOG: [trace] ForegroundAppProvider: Current Foreground Package - com.oculus.explore, Class: com.oculus.explore.PanelService
03-01 11:37:59.501 1062 1074 I system_server: Background concurrent copying GC freed 199932(8517KB) AllocSpace objects, 26(520KB) LOS objects, 42% free, 16MB/28MB, paused 8.336ms total 4.693s
03-01 11:37:59.501 1062 1099 I system_server: WaitForGcToComplete blocked ClassLinker on ObjectsAllocated for 436.452ms
03-01 11:37:59.506 5489 5707 I VrApi : FPS=89/90,Prd=33ms,Tear=0,Early=0,Stale=1,Stale2/5/10/max=0/0/0/1,VSnc=0,Lat=-1,Fov=0,CPU4/GPU=4/3,1478/490MHz,OC=FF,TA=0/70/0,SP=N/F/N,Mem=2092MHz,Free=2688MB,PLS=0,Temp=40.2C/0.0C,TW=2.84ms,App=5.98ms,GD=0.00ms,CPU&GPU=13.94ms,LCnt=4(DR0,LM0),GPU%=0.99,CPU%=0.56(W0.61),DSF=1.00,CFL=14.46/19.69
03-01 11:37:59.505 1062 1099 V VrDriver: Loading 64-bit VrDriver.
03-01 11:37:59.544 2469 3487 E IPCThreadState: binder thread pool (15 threads) starved for 129 ms
03-01 11:37:59.549 2469 2469 E DeviceConfigTelemetryLogger: onFailure(exception)
03-01 11:37:59.549 2469 2469 D VrGuardianUserService: DeviceConfig - onFailure - Error: exception
03-01 11:37:59.550 2469 2469 E DeviceConfigTelemetryLogger: onFailure(exception)
03-01 11:37:59.550 2469 2469 D VrGuardianUserService: DeviceConfig - onFailure - Error: exception
03-01 11:37:59.559 2469 2469 E DeviceConfigTelemetryLogger: onFailure(exception)
03-01 11:37:59.559 2469 2469 D VrGuardianUserService: DeviceConfig - onFailure - Error: exception
03-01 11:37:59.603 2469 2469 E DeviceConfigTelemetryLogger: onFailure(exception)
03-01 11:37:59.603 2469 2469 D VrGuardianUserService: DeviceConfig - onFailure - Error: exception
03-01 11:37:59.619 2469 2469 E DeviceConfigTelemetryLogger: onFailure(exception)
03-01 11:37:59.622 2469 2469 D VrGuardianUserService: DeviceConfig - onFailure - Error: exception
03-01 11:37:59.624 2469 2469 E DeviceConfigTelemetryLogger: onFailure(exception)
03-01 11:37:59.624 2469 2469 D VrGuardianUserService: DeviceConfig - onFailure - Error: exception
03-01 11:37:59.646 2469 2469 E DeviceConfigTelemetryLogger: onFailure(exception)
03-01 11:37:59.651 2469 2469 D VrGuardianUserService: DeviceConfig - onFailure - Error: exception
03-01 11:37:59.668 2469 2469 E DeviceConfigTelemetryLogger: onFailure(exception)
03-01 11:37:59.668 2469 2469 D VrGuardianUserService: DeviceConfig - onFailure - Error: exception
03-01 11:37:59.670 2469 2469 E DeviceConfigTelemetryLogger: onFailure(exception)
03-01 11:37:59.670 2469 2469 D VrGuardianUserService: DeviceConfig - onFailure - Error: exception
03-01 11:37:59.702 2469 2469 E DeviceConfigTelemetryLogger: onFailure(exception)
03-01 11:37:59.702 2469 2469 D VrGuardianUserService: DeviceConfig - onFailure - Error: exception
03-01 11:37:59.706 2469 2469 E DeviceConfigTelemetryLogger: onFailure(exception)
03-01 11:37:59.706 2469 2469 D VrGuardianUserService: DeviceConfig - onFailure - Error: exception
03-01 11:37:59.748 2469 5418 D VrGuardianUserService: SubscribeTask - Attempting Subscribe
03-01 11:37:59.767 2469 2469 E DeviceConfigTelemetryLogger: onFailure(exception)
03-01 11:37:59.767 2469 2469 D VrGuardianUserService: DeviceConfig - onFailure - Error: exception
03-01 11:37:59.767 2469 2469 E DeviceConfigTelemetryLogger: onFailure(exception)
03-01 11:37:59.767 2469 2469 D VrGuardianUserService: DeviceConfig - onFailure - Error: exception
03-01 11:37:59.767 2469 2469 E DeviceConfigTelemetryLogger: onFailure(exception)
03-01 11:37:59.781 3628 5595 I GkCacheQuerierClient: Loaded GK 'oculus_trex_haptics_killsw' value = false from file cache.
03-01 11:37:59.793 2469 2469 D VrGuardianUserService: DeviceConfig - onFailure - Error: exception
03-01 11:37:59.801 1968 3437 I MobileConfigFactoryImpl: Registered SESSIONLESS factory change listener: ok
03-01 11:37:59.801 1968 3437 I MobileConfigFactoryImpl: Set Java EP Handler
03-01 11:37:59.835 1062 1099 I VrApi_DriverLoader: nativeSetClassLoader:0xb79a
03-01 11:37:59.837 1062 1099 I VrApi : ----------- vrapi_Initialize [start] ----------
03-01 11:37:59.838 1062 1099 I XrRuntimeSharedClientState: SharedClientState::create called from 'vrapi_Initialize'
03-01 11:37:59.840 1062 1099 I ipcLoader [RUNTIMEIPC]: RuntimeIPC: Loader: IPC Service API Loader Version: 37 Feb 7 2023 02:15:40
03-01 11:37:59.840 1062 1099 I ipcLoader [RUNTIMEIPC]: RuntimeIPC: Using android_get_exported_namespace: libripcclient.oculus.so
03-01 11:37:59.842 2469 2469 E DeviceConfigTelemetryLogger: onFailure(exception)
03-01 11:37:59.842 2469 2469 D VrGuardianUserService: DeviceConfig - onFailure - Error: exception
03-01 11:37:59.842 2469 2469 E DeviceConfigTelemetryLogger: onFailure(exception)
03-01 11:37:59.842 2469 2469 D VrGuardianUserService: DeviceConfig - onFailure - Error: exception
03-01 11:37:59.842 2469 2469 E DeviceConfigTelemetryLogger: onFailure(exception)
03-01 11:37:59.842 2469 2469 D VrGuardianUserService: DeviceConfig - onFailure - Error: exception
03-01 11:37:59.843 2469 2469 E DeviceConfigTelemetryLogger: onFailure(exception)
03-01 11:37:59.843 2469 2469 D VrGuardianUserService: DeviceConfig - onFailure - Error: exception
03-01 11:37:59.843 2469 2469 E DeviceConfigTelemetryLogger: onFailure(exception)
03-01 11:37:59.843 2469 2469 D VrGuardianUserService: DeviceConfig - onFailure - Error: exception
03-01 11:37:59.894 853 3285 I [CT] : VIPER: Mode=SuperVega,Status=6DoF,TRACKING,Inl=26,Mem=91.1,Jit=0.0mm,Issues(Cam/min=0.0,IMU/min=0.0),Exp=(3.8ms,g=2.0,I=75,Ir=9889.0)(5.8ms,g=4.0,I=108,Ir=4643.8)(5.8ms,g=4.0,I=121,Ir=5226.0)(5.2ms,g=2.0,I=74,Ir=7173.9)
03-01 11:37:59.912 2469 2469 E DeviceConfigTelemetryLogger: onFailure(exception)
03-01 11:37:59.913 2469 2469 D VrGuardianUserService: DeviceConfig - onFailure - Error: exception
03-01 11:37:59.943 2469 2469 E DeviceConfigTelemetryLogger: onFailure(exception)
03-01 11:37:59.943 2469 2469 D VrGuardianUserService: DeviceConfig - onFailure - Error: exception
03-01 11:37:59.943 2469 2469 E DeviceConfigTelemetryLogger: onFailure(exception)
03-01 11:37:59.944 2469 2469 D VrGuardianUserService: DeviceConfig - onFailure - Error: exception
03-01 11:37:59.944 2469 2469 E DeviceConfigTelemetryLogger: onFailure(exception)
03-01 11:37:59.944 2469 2469 D VrGuardianUserService: DeviceConfig - onFailure - Error: exception
03-01 11:37:59.944 2469 2469 E DeviceConfigTelemetryLogger: onFailure(exception)
03-01 11:37:59.945 2469 2469 D VrGuardianUserService: DeviceConfig - onFailure - Error: exception
03-01 11:37:59.945 2469 2469 E DeviceConfigTelemetryLogger: onFailure(exception)
03-01 11:37:59.945 2469 2469 D VrGuardianUserService: DeviceConfig - onFailure - Error: exception
03-01 11:37:59.946 2469 2469 E DeviceConfigTelemetryLogger: onFailure(exception)
03-01 11:37:59.946 2469 2469 D VrGuardianUserService: DeviceConfig - onFailure - Error: exception
03-01 11:37:59.946 2469 2469 E DeviceConfigTelemetryLogger: onFailure(exception)
03-01 11:37:59.946 2469 2469 D VrGuardianUserService: DeviceConfig - onFailure - Error: exception
03-01 11:37:59.946 2469 2469 E DeviceConfigTelemetryLogger: onFailure(exception)
03-01 11:37:59.946 2469 2469 D VrGuardianUserService: DeviceConfig - onFailure - Error: exception
03-01 11:37:59.947 2469 2469 E DeviceConfigTelemetryLogger: onFailure(exception)
03-01 11:37:59.947 2469 2469 D VrGuardianUserService: DeviceConfig - onFailure - Error: exception
03-01 11:37:59.947 2469 2469 E DeviceConfigTelemetryLogger: onFailure(exception)
03-01 11:37:59.949 2469 2469 D VrGuardianUserService: DeviceConfig - onFailure - Error: exception
03-01 11:37:59.949 2469 2469 E DeviceConfigTelemetryLogger: onFailure(exception)
03-01 11:37:59.950 2469 2469 D VrGuardianUserService: DeviceConfig - onFailure - Error: exception
03-01 11:37:59.950 2469 2469 E DeviceConfigTelemetryLogger: onFailure(exception)
03-01 11:37:59.950 2469 2469 D VrGuardianUserService: DeviceConfig - onFailure - Error: exception
03-01 11:37:59.950 2469 2469 E DeviceConfigTelemetryLogger: onFailure(exception)
03-01 11:37:59.950 2469 2469 D VrGuardianUserService: DeviceConfig - onFailure - Error: exception
03-01 11:37:59.965 2469 2469 E DeviceConfigTelemetryLogger: onFailure(exception)
03-01 11:37:59.965 2469 2469 D VrGuardianUserService: DeviceConfig - onFailure - Error: exception
03-01 11:37:59.981 1804 3096 E TREX : Interface version 1 was not found. Check debug build for more information.
03-01 11:38:00.036 2469 6557 D MobileConfigBaseClient: connect()
03-01 11:38:00.041 2469 6223 E MobileConfigBaseClient: Timed out trying to connect to MobileConfigService.
03-01 11:38:00.042 2469 6223 E DeviceConfigTelemetryLogger: onFailure(Could not connect to MobileConfigService)
03-01 11:38:00.042 2469 6223 D VrGuardianUserService: DeviceConfig - onFailure - Error: Could not connect to MobileConfigService
03-01 11:38:00.042 2469 2469 E DeviceConfigTelemetryLogger: onFailure(exception)
03-01 11:38:00.043 2469 2469 D VrGuardianUserService: DeviceConfig - onFailure - Error: exception
03-01 11:38:00.050 1062 1099 I ipcLoader [RUNTIMEIPC]: RuntimeIPC: android_get_exported_namespace SUCCESS: libripcclient.oculus.so
03-01 11:38:00.055 2469 6557 D MobileConfigBaseClient: awaitService()
03-01 11:38:00.058 1062 1099 I RuntimeIPCApi [RUNTIMEIPC]: ipc_Initialize
03-01 11:38:00.075 2469 2469 E DeviceConfigTelemetryLogger: onFailure(exception)
03-01 11:38:00.075 2469 2469 D VrGuardianUserService: DeviceConfig - onFailure - Error: exception
03-01 11:38:00.095 2469 2469 E DeviceConfigTelemetryLogger: onFailure(exception)
03-01 11:38:00.095 2469 2469 D VrGuardianUserService: DeviceConfig - onFailure - Error: exception
03-01 11:38:00.096 853 1352 I [CT] : INPUT_TRACKING:ControllerMotionModel: not initialized: waiting for reliable pose
03-01 11:38:00.129 2469 6222 E MobileConfigBaseClient: Timed out trying to connect to MobileConfigService.
03-01 11:38:00.129 2469 6222 E DeviceConfigTelemetryLogger: onFailure(Could not connect to MobileConfigService)
03-01 11:38:00.129 2469 6222 D VrGuardianUserService: DeviceConfig - onFailure - Error: Could not connect to MobileConfigService
03-01 11:38:00.139 853 3285 I [CT] : BrightnessPredictor: [Throttled count=450] Current irradiance: 3645.075927734375 (samples: 2).
03-01 11:38:00.142 1062 6558 I DeadlockObserver [RUNTIMEIPC]: MainLoop starting
03-01 11:38:00.142 1062 1099 I DeadlockObserver [RUNTIMEIPC]: Init SUCCESS
03-01 11:38:00.143 2469 2469 E DeviceConfigTelemetryLogger: onFailure(exception)
03-01 11:38:00.143 2469 2469 D VrGuardianUserService: DeviceConfig - onFailure - Error: exception
03-01 11:38:00.143 1062 1099 I ServerStateMgr [RUNTIMEIPC]: Init
03-01 11:38:00.143 1062 1099 I ServerStateMgr [RUNTIMEIPC]: Init
03-01 11:38:00.143 1062 1099 I RuntimeIPCServiceClientRPC [RUNTIMEIPC]: InitRPCToServiceInternal: Calling Methods->GetConnectInfo
03-01 11:38:00.143 2469 2469 E DeviceConfigTelemetryLogger: onFailure(exception)
03-01 11:38:00.143 2469 2469 D VrGuardianUserService: DeviceConfig - onFailure - Error: exception
03-01 11:38:00.176 2981 2981 V MIGHTY_LOG: [trace] WifiNetworkProvider: broadcastLatestConnectionInfo: {"capabilities":"[WPA2-PSK-CCMP][RSN-PSK-CCMP][ESS][WPS]","connectedSsid":"woofwoof","connectionQuality":100,"dnsAddresses":["2001:558:feed::2","2001:558:feed::1","75.75.75.75","75.75.76.76"],"frequency":5220,"frequencyString":"5 GHz","gateway":"10.0.0.1","hasInternetAccess":true,"ipAddress":"10.0.0.45","ipv6Addresses":["fe80::19d5:5c3e:50bd:199f","2601:646:400:c780:13b8:6e43:57da:239e","2601:646:400:c780:18a4:74af:2797:39b1"],"linkSpeed":866,"macAddress":"B417A8391F0A","networkSecurityType":"WPA","requiresCaptivePortal":false,"signalStrength":100,"ssid":"woofwoof","state":"CONNECTED","subnetMask":"0.0.0.0","wifiIsEnabled":true}
03-01 11:38:00.181 2981 2981 V MIGHTY_LOG: [trace] ServiceMessengerManager: Send message of type 3000 to 0 clients
03-01 11:38:00.197 2469 2469 E DeviceConfigTelemetryLogger: onFailure(exception)
03-01 11:38:00.197 851 3264 I RuntimeIPCService [RUNTIMEIPC]: CreateBrokerConnection: 1062:android.uid.system:1000:system_server
03-01 11:38:00.197 2469 2469 D VrGuardianUserService: DeviceConfig - onFailure - Error: exception
03-01 11:38:00.216 1062 1099 I RuntimeIPCServiceClientRPC [RUNTIMEIPC]: InitRPCToServiceInternal: Calling Helper.Init
03-01 11:38:00.217 2469 2469 E DeviceConfigTelemetryLogger: onFailure(exception)
03-01 11:38:00.217 2469 2469 D VrGuardianUserService: DeviceConfig - onFailure - Error: exception
03-01 11:38:00.217 1062 1099 I RuntimeIPCServiceClientRPC [RUNTIMEIPC]: InitRPCToServiceInternal: Calling InitBrokerHandler
03-01 11:38:00.243 851 3264 D IPCDataChannelServer [RUNTIMEIPC]: Connected: 3289849980, android.uid.system:1000:system_server:1062
03-01 11:38:00.243 1062 6559 D IPCDataChannelServer [RUNTIMEIPC]: Connected: 1, broker_package:broker_process:0
03-01 11:38:00.264 1062 1099 I RuntimeIPCServiceClientRPC [RUNTIMEIPC]: InitRPCToServiceInternal: Success
03-01 11:38:00.266 2469 2469 E DeviceConfigTelemetryLogger: onFailure(exception)
03-01 11:38:00.268 2469 2469 D VrGuardianUserService: DeviceConfig - onFailure - Error: exception
03-01 11:38:00.276 1062 1099 I RuntimeIPCServiceClient [RUNTIMEIPC]: IPCMainLoopHandler: Init SUCCESS
03-01 11:38:00.281 1804 1804 D VrRuntimeService: onStartCommand
03-01 11:38:00.282 2469 2469 E DeviceConfigTelemetryLogger: onFailure(exception)
03-01 11:38:00.282 2469 2469 D VrGuardianUserService: DeviceConfig - onFailure - Error: exception
03-01 11:38:00.285 1062 1099 I ClientProcessConnector [RUNTIMEIPC]: GetProcessConnection: com.oculus.systemdriver:com.oculus.vrruntimeservice
03-01 11:38:00.286 1804 1820 D IPCDataChannelServer [RUNTIMEIPC]: Connected: 3289849980, android.uid.system:1000:system_server:1062
03-01 11:38:00.286 1804 1820 D RPCServer [RUNTIMEIPC]: ConnectClient: Client: android.uid.system:1000:system_server:1062, Server: com.oculus.systemdriver:com.oculus.vrruntimeservice (gkcache)
03-01 11:38:00.286 1804 1820 I IPCSharedMemory_Internal [RUNTIMEIPC]: CreateSharedMemory: Allocated shared memory fd 152 (ipcStateReadWrite)
03-01 11:38:00.286 1804 1820 I IPCSharedMemory_Internal [RUNTIMEIPC]: CreateSharedMemory: Allocated shared memory fd 305 (ipcReadOnlyState)
03-01 11:38:00.286 1804 1820 I RPCClientHandler [RUNTIMEIPC]: Event buffer size (server): 8192
03-01 11:38:00.287 1804 1820 I IPCSharedMemory_Internal [RUNTIMEIPC]: CreateSharedMemory: Allocated shared memory fd 328 (ipcEventBuffer)
03-01 11:38:00.287 1804 1820 I IPCSharedMemory_Internal [RUNTIMEIPC]: CreateSharedMemory: Allocated shared memory fd 337 (ipcEventBuffer_Private)
03-01 11:38:00.287 1804 1820 W RPCServer [RUNTIMEIPC]: HandleClientConnect: Failed to register client event subscription: Client: android.uid.system:1000:system_server:1062, Server: com.oculus.systemdriver:com.oculus.vrruntimeservice (gkcache)
03-01 11:38:00.287 1804 1820 I RuntimeIPCServerMgr [RUNTIMEIPC]: HandleClientConnect SUCCESS: Client: android.uid.system:1000:system_server:1062, Server: com.oculus.systemdriver:com.oculus.vrruntimeservice (gkcache)
03-01 11:38:00.287 1804 6561 I GkCacheQuerierServer: Client 3289849980 from system_server:1062 connected.
03-01 11:38:00.289 1804 1820 I RPCServer [RUNTIMEIPC]: GetServerStatesConfig -> {MaxBufferSize=32768, MaxEntries=64}
03-01 11:38:00.292 1062 1099 I RuntimeIPCClient [RUNTIMEIPC]: GetServerStatesConfig returned maxEntries=64, maxBuffSize=32768
03-01 11:38:00.295 1062 1099 I RuntimeIPCClient [RUNTIMEIPC]: Event buffer size (client): 8192
03-01 11:38:00.295 1062 1099 I RuntimeIPCClient [RUNTIMEIPC]: TryToGetIPCResourcesFromServer: RPC_CONNECTOR_CONNECT_TO_SERVER SUCCESS: Client: android.uid.system:1000:system_server:1062, Server: com.oculus.systemdriver:com.oculus.vrruntimeservice (gkcache)
03-01 11:38:00.295 1062 1099 I RuntimeIPCClient [RUNTIMEIPC]: EnsureServerConnection: SUCCESS. Client: android.uid.system:1000:system_server:1062, Server: com.oculus.systemdriver:com.oculus.vrruntimeservice (gkcache)
03-01 11:38:00.295 1062 1099 I RuntimeIPCClient [RUNTIMEIPC]: ConnectToServer: SUCCESS: Client: android.uid.system:1000:system_server:1062, Server: com.oculus.systemdriver:com.oculus.vrruntimeservice (gkcache)
03-01 11:38:00.298 1804 1820 I RPCServer [RUNTIMEIPC]: GetServerStatesConfig -> {MaxBufferSize=32768, MaxEntries=64}
03-01 11:38:00.298 1062 1099 I RuntimeIPCClient [RUNTIMEIPC]: GetServerStatesConfig returned maxEntries=64, maxBuffSize=32768
03-01 11:38:00.298 1062 1099 I RuntimeIPCClient [RUNTIMEIPC]: InitServerStateBuffer: SUCCESS. 0, Client: android.uid.system:1000:system_server:1062, Server: com.oculus.systemdriver:com.oculus.vrruntimeservice (gkcache)
03-01 11:38:00.301 1062 1099 I VrApi : Client type: 0 flags: 0x0 placement: 0
03-01 11:38:00.301 1062 1099 I ipcLoader [RUNTIMEIPC]: RuntimeIPC: Loader: IPC Service API Loader Version: 37 Feb 7 2023 02:15:40
03-01 11:38:00.301 1062 1099 I RuntimeIPCApi [RUNTIMEIPC]: ipc_Initialize
03-01 11:38:00.301 1062 1099 I RuntimeIPCServiceClient [RUNTIMEIPC]: Init: Already initialized: system_server, 1
03-01 11:38:00.313 853 3285 I [CT] : boltlib: DSP utilization: 10.44 % (522 / 5001 ms)
03-01 11:38:00.343 2469 2469 E DeviceConfigTelemetryLogger: onFailure(exception)
03-01 11:38:00.343 2469 2469 D VrGuardianUserService: DeviceConfig - onFailure - Error: exception
03-01 11:38:00.346 2469 2469 E DeviceConfigTelemetryLogger: onFailure(exception)
03-01 11:38:00.346 2469 2469 D VrGuardianUserService: DeviceConfig - onFailure - Error: exception
03-01 11:38:00.349 2469 2469 E DeviceConfigTelemetryLogger: onFailure(exception)
03-01 11:38:00.349 2469 2469 D VrGuardianUserService: DeviceConfig - onFailure - Error: exception
03-01 11:38:00.349 2469 2469 E DeviceConfigTelemetryLogger: onFailure(exception)
03-01 11:38:00.349 2469 2469 D VrGuardianUserService: DeviceConfig - onFailure - Error: exception
03-01 11:38:00.352 2469 2469 E DeviceConfigTelemetryLogger: onFailure(exception)
03-01 11:38:00.352 2469 2469 D VrGuardianUserService: DeviceConfig - onFailure - Error: exception
03-01 11:38:00.354 2469 2469 E DeviceConfigTelemetryLogger: onFailure(exception)
03-01 11:38:00.354 2469 2469 D VrGuardianUserService: DeviceConfig - onFailure - Error: exception
03-01 11:38:00.354 2469 5420 D VrGuardianUserService: SubscribeTask - Attempting Subscribe
03-01 11:38:00.354 2469 2469 E DeviceConfigTelemetryLogger: onFailure(exception)
03-01 11:38:00.354 2469 2469 D VrGuardianUserService: DeviceConfig - onFailure - Error: exception
03-01 11:38:00.354 2469 2469 E DeviceConfigTelemetryLogger: onFailure(exception)
03-01 11:38:00.354 2469 2469 D VrGuardianUserService: DeviceConfig - onFailure - Error: exception
03-01 11:38:00.361 3292 3389 E DeviceConfigClient: Did not get a successful subscribe in time, Trying again.
03-01 11:38:00.362 3292 3389 E DeviceConfigTelemetryLogger: onFailure(Retry subscribe)
03-01 11:38:00.354 2469 2469 E DeviceConfigTelemetryLogger: onFailure(exception)
03-01 11:38:00.368 2469 2469 D VrGuardianUserService: DeviceConfig - onFailure - Error: exception
03-01 11:38:00.380 3628 5595 I GkCacheQuerierClient: Loaded GK 'oculus_trex_haptics_killsw' value = false from file cache.
03-01 11:38:00.383 2469 2469 E DeviceConfigTelemetryLogger: onFailure(exception)
03-01 11:38:00.383 2469 2469 D VrGuardianUserService: DeviceConfig - onFailure - Error: exception
03-01 11:38:00.383 2469 2469 E DeviceConfigTelemetryLogger: onFailure(exception)
03-01 11:38:00.383 2469 2469 D VrGuardianUserService: DeviceConfig - onFailure - Error: exception
03-01 11:38:00.383 2469 2469 E DeviceConfigTelemetryLogger: onFailure(exception)
03-01 11:38:00.383 2469 2469 D VrGuardianUserService: DeviceConfig - onFailure - Error: exception
03-01 11:38:00.394 853 3291 I [CT] : CONSTELLATION:VISION_STATUS: de088e026ac4e527 (R): BlobDetection:[#BlobsDetected=(14.37, 0.68)]Matching:[MatchSuccess=1.000, MatchCost=(0.00430, 0.00000), #MatchedBlobs=(11.20, 0.51), #MatchedLeds=(6.89, 0.10), RematchM=0.000, SkipRefine=0.000] MatchMethod:[Prox=1.000, ConstBrute=0.000, UnconstBrute=0.000] MatchResets[AnomBlobSize=0.000, SharedMatch=0.000, DenseReacq=0.000] | Fusion:[FusionError=0.003, ImuFromCamMs=(10.503, 1.687), RematchF=0.000] FusionUpdates:[Successful=0.997, Reliable=0.997, TightFusion=0.997, FullPose=0.000, StaticPrior=0.000, StaticForHandTrans=0.000, PoseUpdateMD=(0.0000, 0.0000)] FusionResets[6DoFReset=0.000, ResetSuccess=0.000] FusionStatus[HasPosition=1.000, HasVelocity=1.000]
03-01 11:38:00.395 2469 2469 E DeviceConfigTelemetryLogger: onFailure(exception)
03-01 11:38:00.395 2469 2469 D VrGuardianUserService: DeviceConfig - onFailure - Error: exception
03-01 11:38:00.397 1804 1804 D VrRuntimeService: onStartCommand
03-01 11:38:00.398 2469 2469 E DeviceConfigTelemetryLogger: onFailure(exception)
03-01 11:38:00.398 2469 2469 D VrGuardianUserService: DeviceConfig - onFailure - Error: exception
03-01 11:38:00.398 2469 2469 E DeviceConfigTelemetryLogger: onFailure(exception)
03-01 11:38:00.398 2469 2469 D VrGuardianUserService: DeviceConfig - onFailure - Error: exception
03-01 11:38:00.399 2469 2469 E DeviceConfigTelemetryLogger: onFailure(exception)
03-01 11:38:00.399 2469 2469 D VrGuardianUserService: DeviceConfig - onFailure - Error: exception
03-01 11:38:00.399 2469 2469 E DeviceConfigTelemetryLogger: onFailure(exception)
03-01 11:38:00.399 2469 2469 D VrGuardianUserService: DeviceConfig - onFailure - Error: exception
03-01 11:38:00.401 2469 2469 E DeviceConfigTelemetryLogger: onFailure(exception)
03-01 11:38:00.401 2469 2469 D VrGuardianUserService: DeviceConfig - onFailure - Error: exception
03-01 11:38:00.415 2469 2469 E DeviceConfigTelemetryLogger: onFailure(exception)
03-01 11:38:00.415 2469 2469 D VrGuardianUserService: DeviceConfig - onFailure - Error: exception
03-01 11:38:00.415 2469 2469 E DeviceConfigTelemetryLogger: onFailure(exception)
03-01 11:38:00.415 2469 2469 D VrGuardianUserService: DeviceConfig - onFailure - Error: exception
03-01 11:38:00.415 2469 2469 E DeviceConfigTelemetryLogger: onFailure(exception)
03-01 11:38:00.415 2469 2469 D VrGuardianUserService: DeviceConfig - onFailure - Error: exception
03-01 11:38:00.417 1804 1820 D RPCServer [RUNTIMEIPC]: ConnectClient: Client: android.uid.system:1000:system_server:1062, Server: com.oculus.systemdriver:com.oculus.vrruntimeservice (RuntimeServiceServer)
03-01 11:38:00.498 1062 1062 W android.ui: type=1400 audit(0.0:75): avc: denied { read } for name="u:object_r:qcom_pil_prop:s0" dev="tmpfs" ino=14946 scontext=u:r:system_server:s0 tcontext=u:object_r:qcom_pil_prop:s0 tclass=file permissive=0
03-01 11:38:00.418 1804 1820 I IPCSharedMemory_Internal [RUNTIMEIPC]: CreateSharedMemory: Allocated shared memory fd 153 (ipcStateReadWrite)
03-01 11:38:00.418 1804 1820 I IPCSharedMemory_Internal [RUNTIMEIPC]: CreateSharedMemory: Allocated shared memory fd 340 (ipcReadOnlyState)
03-01 11:38:00.418 1804 1820 I RPCClientHandler [RUNTIMEIPC]: Event buffer size (server): 8192
03-01 11:38:00.418 1804 1820 I IPCSharedMemory_Internal [RUNTIMEIPC]: CreateSharedMemory: Allocated shared memory fd 343 (ipcEventBuffer)
03-01 11:38:00.418 1804 1820 I IPCSharedMemory_Internal [RUNTIMEIPC]: CreateSharedMemory: Allocated shared memory fd 344 (ipcEventBuffer_Private)
03-01 11:38:00.418 1804 1820 W RPCServer [RUNTIMEIPC]: HandleClientConnect: Failed to register client event subscription: Client: android.uid.system:1000:system_server:1062, Server: com.oculus.systemdriver:com.oculus.vrruntimeservice (RuntimeServiceServer)
03-01 11:38:00.418 1804 1820 I RuntimeIPCServerMgr [RUNTIMEIPC]: HandleClientConnect SUCCESS: Client: android.uid.system:1000:system_server:1062, Server: com.oculus.systemdriver:com.oculus.vrruntimeservice (RuntimeServiceServer)
03-01 11:38:00.419 1804 6562 I VrRuntimeService: RuntimeIPC: IPC_SYSTEM_EVENT_CLIENT_CONNECTED_EXT: system_server:1062, Version: 4.0, Custom: 1.0
03-01 11:38:00.419 1804 6562 I VrRuntimeService: RuntimeIPC: SendPrimaryPackageChangeEvent: PostClientEvent SUCCESS: android.uid.system:1000:system_server:1062, com.oculus.shellenv, com.oculus.shellenv
03-01 11:38:00.419 1804 6562 I VrRuntimeService: RuntimeIPC: SendFocusChangeEvent: PostClientEvent SUCCESS: android.uid.system:1000:system_server:1062, com.oculus.vrshell, com.oculus.vrshell
03-01 11:38:00.419 1804 1820 I RPCServer [RUNTIMEIPC]: GetServerStatesConfig -> {MaxBufferSize=32768, MaxEntries=64}
03-01 11:38:00.420 1062 1099 I RuntimeIPCClient [RUNTIMEIPC]: GetServerStatesConfig returned maxEntries=64, maxBuffSize=32768
03-01 11:38:00.423 1062 1099 I RuntimeIPCClient [RUNTIMEIPC]: Event buffer size (client): 8192
03-01 11:38:00.425 1062 1099 I RuntimeIPCClient [RUNTIMEIPC]: TryToGetIPCResourcesFromServer: RPC_CONNECTOR_CONNECT_TO_SERVER SUCCESS: Client: android.uid.system:1000:system_server:1062, Server: com.oculus.systemdriver:com.oculus.vrruntimeservice (RuntimeServiceServer)
03-01 11:38:00.425 1062 1099 I RuntimeIPCClient [RUNTIMEIPC]: EnsureServerConnection: SUCCESS. Client: android.uid.system:1000:system_server:1062, Server: com.oculus.systemdriver:com.oculus.vrruntimeservice (RuntimeServiceServer)
03-01 11:38:00.425 1062 1099 I RuntimeIPCClient [RUNTIMEIPC]: ConnectToServer: SUCCESS: Client: android.uid.system:1000:system_server:1062, Server: com.oculus.systemdriver:com.oculus.vrruntimeservice (RuntimeServiceServer)
03-01 11:38:00.425 1062 1099 I VrRuntimeClient: g_RuntimeServiceSDKClient.Connected: com.oculus.systemdriver:com.oculus.vrruntimeservice
03-01 11:38:00.426 1804 6562 I VrRuntimeService: RuntimeServiceSDKServer::RegisterClient: system_server
03-01 11:38:00.428 1804 6562 I ClientMgr@: IsTrustedClient( android.uid.system:1000 )= false
03-01 11:38:00.428 1804 6562 I JniUtils: JNI exception before DeleteLocalRef!
03-01 11:38:00.428 1804 6562 I ClientMgr: ClientMgr::CreateClient: 1062:android.uid.system:1000
03-01 11:38:00.428 1804 6562 I ClientMgr: CliengMgr: Client session placement = 0
03-01 11:38:00.428 1804 6562 I CompositorClientMgr: Register client 7
03-01 11:38:00.428 1804 6562 I VrRuntimeServer: RegisterCompositorClient client(7)
03-01 11:38:00.429 2469 2469 E DeviceConfigTelemetryLogger: onFailure(exception)
03-01 11:38:00.429 2469 2469 D VrGuardianUserService: DeviceConfig - onFailure - Error: exception
03-01 11:38:00.434 1804 6562 W ActivityManagerUtils: The package name doesn't match for the given uid and pid
03-01 11:38:00.434 1804 6562 I ClientMgr: ClientMgr: Client:android.uid.system:1000 isOsApp=false
03-01 11:38:00.434 1804 6562 W GkCache : GK 'oculus_miramar_gpu_4_unlock' is defaulted.
03-01 11:38:00.434 1804 6562 I GkCacheQuerierServer: Loaded GK 'oculus_miramar_gpu_4_unlock' value = false from file cache.
03-01 11:38:00.434 1804 6562 W GkCache : GK 'oculus_miramar_cpu_5_unlock' is defaulted.
03-01 11:38:00.434 1804 6562 I GkCacheQuerierServer: Loaded GK 'oculus_miramar_cpu_5_unlock' value = false from file cache.
03-01 11:38:00.434 1804 6562 I ClientMgr: SharedMemoryDebug: InitResources MapMemory (VrRuntimeService_PrivateReadWrite_android.uid.system:1000) size = 35408 ; flags = 3
03-01 11:38:00.434 1804 6562 I SharedMemoryServer: SharedMemoryServer::MapMemory: SharedMemoryDebug: Allocated shared memory fd 339 (VrRuntimeService_PrivateReadWrite_android.uid.system:1000) (size: 35408)
03-01 11:38:00.434 1804 6562 I ServiceInputManager: HANDTRACKING Initial input state override: 0
03-01 11:38:00.434 1804 6562 I PTKService: PTKServiceClient Init
03-01 11:38:00.434 1804 6562 I ipcLoader [RUNTIMEIPC]: RuntimeIPC: Loader: IPC Service API Loader Version: 37 Feb 7 2023 02:15:40
03-01 11:38:00.434 1804 6562 I RuntimeIPCApi [RUNTIMEIPC]: ipc_Initialize
03-01 11:38:00.434 1804 6562 I RuntimeIPCServiceClient [RUNTIMEIPC]: Init: Already initialized: com.oculus.vrruntimeservice, 6
03-01 11:38:00.439 3292 3292 I [OAO] ShellOverlayService: onStartCommand(): Intent { cmp=com.oculus.vrshell/.ShellOverlayService }
03-01 11:38:00.442 3292 3318 D RPCServer [RUNTIMEIPC]: ConnectClient: Client: com.oculus.systemdriver:com.oculus.vrruntimeservice:1804, Server: com.oculus.vrshell:com.oculus.vrshell:Overlay (ptkserviceserver)
03-01 11:38:00.442 2469 6228 E MobileConfigBaseClient: Timed out trying to connect to MobileConfigService.
03-01 11:38:00.443 3292 3318 I IPCSharedMemory_Internal [RUNTIMEIPC]: CreateSharedMemory: Allocated shared memory fd 169 (ipcStateReadWrite)
03-01 11:38:00.447 3292 3318 I IPCSharedMemory_Internal [RUNTIMEIPC]: CreateSharedMemory: Allocated shared memory fd 173 (ipcReadOnlyState)
03-01 11:38:00.448 3292 3318 I RPCClientHandler [RUNTIMEIPC]: Event buffer size (server): 8192
03-01 11:38:00.449 3292 3318 I IPCSharedMemory_Internal [RUNTIMEIPC]: CreateSharedMemory: Allocated shared memory fd 174 (ipcEventBuffer)
03-01 11:38:00.449 3292 3318 I IPCSharedMemory_Internal [RUNTIMEIPC]: CreateSharedMemory: Allocated shared memory fd 183 (ipcEventBuffer_Private)
03-01 11:38:00.449 3292 3318 W RPCServer [RUNTIMEIPC]: HandleClientConnect: Failed to register client event subscription: Client: com.oculus.systemdriver:com.oculus.vrruntimeservice:1804, Server: com.oculus.vrshell:com.oculus.vrshell:Overlay (ptkserviceserver)
03-01 11:38:00.460 3292 3318 I RuntimeIPCServerMgr [RUNTIMEIPC]: HandleClientConnect SUCCESS: Client: com.oculus.systemdriver:com.oculus.vrruntimeservice:1804, Server: com.oculus.vrshell:com.oculus.vrshell:Overlay (ptkserviceserver)
03-01 11:38:00.462 3292 3318 I RPCServer [RUNTIMEIPC]: GetServerStatesConfig -> {MaxBufferSize=32768, MaxEntries=64}
03-01 11:38:00.462 1804 6562 I RuntimeIPCClient [RUNTIMEIPC]: GetServerStatesConfig returned maxEntries=64, maxBuffSize=32768
03-01 11:38:00.462 1804 6562 I RuntimeIPCClient [RUNTIMEIPC]: Event buffer size (client): 8192
03-01 11:38:00.462 1804 6562 I RuntimeIPCClient [RUNTIMEIPC]: TryToGetIPCResourcesFromServer: RPC_CONNECTOR_CONNECT_TO_SERVER SUCCESS: Client: com.oculus.systemdriver:com.oculus.vrruntimeservice:1804, Server: com.oculus.vrshell:com.oculus.vrshell:Overlay (ptkserviceserver)
03-01 11:38:00.462 1804 6562 I RuntimeIPCClient [RUNTIMEIPC]: EnsureServerConnection: SUCCESS. Client: com.oculus.systemdriver:com.oculus.vrruntimeservice:1804, Server: com.oculus.vrshell:com.oculus.vrshell:Overlay (ptkserviceserver)
03-01 11:38:00.462 1804 6562 I RuntimeIPCClient [RUNTIMEIPC]: ConnectToServer: SUCCESS: Client: com.oculus.systemdriver:com.oculus.vrruntimeservice:1804, Server: com.oculus.vrshell:com.oculus.vrshell:Overlay (ptkserviceserver)
03-01 11:38:00.462 1804 6562 I RuntimeIPCClientMgr [RUNTIMEIPC]: GetClientOptions
03-01 11:38:00.463 2469 6228 E DeviceConfigTelemetryLogger: onFailure(Could not connect to MobileConfigService)
03-01 11:38:00.463 2469 6228 D VrGuardianUserService: DeviceConfig - onFailure - Error: Could not connect to MobileConfigService
03-01 11:38:00.464 2469 2469 E DeviceConfigTelemetryLogger: onFailure(exception)
03-01 11:38:00.464 2469 2469 D VrGuardianUserService: DeviceConfig - onFailure - Error: exception
03-01 11:38:00.466 2469 2469 E DeviceConfigTelemetryLogger: onFailure(exception)
03-01 11:38:00.466 2469 2469 D VrGuardianUserService: DeviceConfig - onFailure - Error: exception
03-01 11:38:00.466 2469 2469 E DeviceConfigTelemetryLogger: onFailure(exception)
03-01 11:38:00.466 2469 2469 D VrGuardianUserService: DeviceConfig - onFailure - Error: exception
03-01 11:38:00.467 2469 2469 E DeviceConfigTelemetryLogger: onFailure(exception)
03-01 11:38:00.467 2469 2469 D VrGuardianUserService: DeviceConfig - onFailure - Error: exception
03-01 11:38:00.467 2469 2469 E DeviceConfigTelemetryLogger: onFailure(exception)
03-01 11:38:00.467 2469 2469 D VrGuardianUserService: DeviceConfig - onFailure - Error: exception
03-01 11:38:00.467 3292 6563 D MobileConfigBaseClient: connect()
03-01 11:38:00.467 2469 2469 E DeviceConfigTelemetryLogger: onFailure(exception)
03-01 11:38:00.467 2469 2469 D VrGuardianUserService: DeviceConfig - onFailure - Error: exception
03-01 11:38:00.467 2469 2469 E DeviceConfigTelemetryLogger: onFailure(exception)
03-01 11:38:00.467 2469 2469 D VrGuardianUserService: DeviceConfig - onFailure - Error: exception
03-01 11:38:00.473 1968 3437 I MobileConfigFactoryImpl: Registered SESSIONBASED factory change listener: ok
03-01 11:38:00.473 1968 3437 I MobileConfigFactoryImpl: Set Java EP Handler
03-01 11:38:00.477 3292 3292 D MobileConfigBaseClient: Connected to MobileConfigService
03-01 11:38:00.467 2469 2469 E DeviceConfigTelemetryLogger: onFailure(exception)
03-01 11:38:00.485 2469 2469 D VrGuardianUserService: DeviceConfig - onFailure - Error: exception
03-01 11:38:00.485 2469 2469 D MobileConfigBaseClient: Connected to MobileConfigService
03-01 11:38:00.838 1062 1062 W android.ui: type=1400 audit(0.0:77): avc: denied { read } for name="u:object_r:vendor_board_init_prop:s0" dev="tmpfs" ino=14969 scontext=u:r:system_server:s0 tcontext=u:object_r:vendor_board_init_prop:s0 tclass=file permissive=0
03-01 11:38:00.485 2469 2469 D MobileConfigBaseClient: Connected to MobileConfigService
03-01 11:38:00.486 2469 2469 I chatty : uid=10033(com.oculus.guardian) com.oculus.vrguardianservice identical 11 lines
03-01 11:38:00.486 2469 2469 D MobileConfigBaseClient: Connected to MobileConfigService
03-01 11:38:00.489 3292 3318 I RPCServer [RUNTIMEIPC]: GetServerStatesConfig -> {MaxBufferSize=32768, MaxEntries=64}
03-01 11:38:00.489 1804 6562 I RuntimeIPCClient [RUNTIMEIPC]: GetServerStatesConfig returned maxEntries=64, maxBuffSize=32768
03-01 11:38:00.489 1804 6562 I RuntimeIPCClient [RUNTIMEIPC]: InitServerStateBuffer: SUCCESS. 0, Client: com.oculus.systemdriver:com.oculus.vrruntimeservice:1804, Server: com.oculus.vrshell:com.oculus.vrshell:Overlay (ptkserviceserver)
03-01 11:38:00.489 1804 6562 I RuntimeIPCClient [RUNTIMEIPC]: Shutdown: 1, Client: com.oculus.systemdriver:com.oculus.vrruntimeservice:1804, Server: com.oculus.vrshell:com.oculus.vrshell:Overlay (ptkserviceserver)
03-01 11:38:00.489 1804 6562 I RuntimeIPCClient [RUNTIMEIPC]: ReleaseRef: Remaining refs: 0, Client: com.oculus.systemdriver:com.oculus.vrruntimeservice:1804, Server: com.oculus.vrshell:com.oculus.vrshell:Overlay (ptkserviceserver)
03-01 11:38:00.489 1804 6562 I RuntimeIPCClient [RUNTIMEIPC]: DisconnectFromServer: 0, Client: com.oculus.systemdriver:com.oculus.vrruntimeservice:1804, Server: com.oculus.vrshell:com.oculus.vrshell:Overlay (ptkserviceserver)
03-01 11:38:00.490 3292 3765 I RPCServer [RUNTIMEIPC]: HandleClientDisconnect: Client: com.oculus.systemdriver:com.oculus.vrruntimeservice:1804, Server: com.oculus.vrshell:com.oculus.vrshell:Overlay (ptkserviceserver)
03-01 11:38:00.490 1804 6562 I RuntimeIPCApi [RUNTIMEIPC]: ipc_Shutdown
03-01 11:38:00.490 1804 6562 I RuntimeIPCServiceClient [RUNTIMEIPC]: Shutdown: Refs still outstanding: 6, com.oculus.vrruntimeservice
03-01 11:38:00.490 1804 6562 I ClientMgr: AddClient: android.uid.system:1000:system_server:1062
03-01 11:38:00.490 1804 6562 I ClientMgr: CreateClient: Sending PrimaryPackageChangeEvent outside of normal operation for Guardian.
03-01 11:38:00.490 1804 6562 I VrRuntimeService: RuntimeIPC: SendPrimaryPackageChangeEvent: PostClientEvent SUCCESS: com.oculus.guardian:com.oculus.vrguardianservice:2469, android.uid.system:1000, system_server
03-01 11:38:00.490 1804 6562 I UnifiedTelemetryWrapper: Started UT session lifetime:system_server
03-01 11:38:00.492 1804 6562 W GkCache : GK 'oculus_single_threaded_boost_cpu_5' is defaulted.
03-01 11:38:00.492 1804 6562 I GkCacheQuerierServer: Loaded GK 'oculus_single_threaded_boost_cpu_5' value = false from file cache.
03-01 11:38:00.492 1804 6562 W GkCache : GK 'oculus_single_threaded_boost_cpu_7' is defaulted.
03-01 11:38:00.492 1804 6562 I GkCacheQuerierServer: Loaded GK 'oculus_single_threaded_boost_cpu_7' value = false from file cache.
03-01 11:38:00.492 1804 6562 I ClientMgr: ClientMgr::CreateClient: Value of isCPUSingleThreadedBoost is 0 / 0
03-01 11:38:00.492 1804 3096 D RPCClientHandler [RUNTIMEIPC]: FinalizeClientState. Client: Client: android.uid.system:1000:system_server:1062, Server: com.oculus.systemdriver:com.oculus.vrruntimeservice (RuntimeServiceServer)
03-01 11:38:00.495 1804 6562 I VrRuntimeService: RuntimeServiceSDKServer::GetSharedMemoryFileDescriptor: SharedMemoryDebug: 3289849980
03-01 11:38:00.495 1804 6562 I VrRuntimeService: GetSharedMemoryFileDescriptor: SharedMemoryDebug: SharedMemoryType_PublicReadOnly: 57 (7048)
03-01 11:38:00.496 1062 1099 I VrRuntimeClient: RuntimeIPC: ServiceConnected: SharedMemoryDebug: publicReadOnly SharedMemorySize=7048 () sizeof(sharedMemoryPublicReadOnly)=7072
03-01 11:38:00.496 1804 6562 I VrRuntimeService: RuntimeServiceSDKServer::GetSharedMemoryFileDescriptor: SharedMemoryDebug: 3289849980
03-01 11:38:00.497 1804 6562 I VrRuntimeService: GetSharedMemoryFileDescriptor: SharedMemoryDebug: SharedMemoryType_PrivateReadWrite: 339 (35408)
03-01 11:38:00.497 1062 1099 I VrRuntimeClient: RuntimeIPC: ServiceConnected: SharedMemoryDebug: privateReadWrite SharedMemorySize=35408 () sizeof(privateSharedMemorySize)=8
03-01 11:38:00.497 1062 1099 I VrRuntimeClient: nativeRuntimeServiceConnected: SharedMemoryDebug: publicReadOnlyFd=228, privateReadWriteFd=230 ()
03-01 11:38:00.507 1062 1099 I VrRuntimeClient: g_RuntimeServiceSDKClient.InitClient SUCCESS. Version: 4.0, Custom: 1.0
03-01 11:38:00.507 1062 1099 I RuntimeIPCClientMgr [RUNTIMEIPC]: GetClientOptions
03-01 11:38:00.507 1062 1099 I VrRuntimeDeviceConfigClient: OnConnectedToService
03-01 11:38:00.507 1062 1099 I VrApi : vrapi_Initialize: Connected to VrRuntimeService after 0.206498s
03-01 11:38:00.486 2469 2469 D MobileConfigBaseClient: Connected to MobileConfigService
03-01 11:38:00.508 2981 2981 V MIGHTY_LOG: [trace] ForegroundAppProvider: Current Foreground Package - com.oculus.explore, Class: com.oculus.explore.PanelService
03-01 11:38:00.510 5489 5707 I VrApi : FPS=90/90,Prd=34ms,Tear=2,Early=0,Stale=5,Stale2/5/10/max=0/1/0/5,VSnc=0,Lat=-1,Fov=0,CPU4/GPU=4/3,1478/490MHz,OC=FF,TA=0/70/0,SP=N/F/N,Mem=2092MHz,Free=2688MB,PLS=0,Temp=40.2C/0.0C,TW=2.80ms,App=6.72ms,GD=0.00ms,CPU&GPU=10.13ms,LCnt=4(DR0,LM0),GPU%=0.88,CPU%=0.26(W0.30),DSF=1.00,CFL=14.51/19.77
03-01 11:38:00.512 1062 1099 E libc : Access denied finding property "debug.egl.profiler"
03-01 11:38:00.514 1062 1099 E libc : Access denied finding property "debug.egl.profiler.perfetto"
03-01 11:38:00.525 3628 5595 E TREX : Interface version 1 was not found. Check debug build for more information.
03-01 11:38:00.529 2469 2469 D MobileConfigBaseClient: Connected to MobileConfigService
03-01 11:38:00.531 2469 2469 I chatty : uid=10033(com.oculus.guardian) com.oculus.vrguardianservice identical 1 line
03-01 11:38:00.531 2469 2469 D MobileConfigBaseClient: Connected to MobileConfigService
03-01 11:38:00.531 1062 1099 I AdrenoGLES-0: QUALCOMM build : 59a14ebd51, I5463b91de8
03-01 11:38:00.531 1062 1099 I AdrenoGLES-0: Build Date : 08/29/22
03-01 11:38:00.531 1062 1099 I AdrenoGLES-0: OpenGL ES Shader Compiler Version: E031.40.18.00
03-01 11:38:00.531 1062 1099 I AdrenoGLES-0: Local Branch :
03-01 11:38:00.531 1062 1099 I AdrenoGLES-0: Remote Branch : refs/tags/AU_LINUX_ANDROID_LA.UM.8.12.C3.10.00.00.670.284
03-01 11:38:00.531 1062 1099 I AdrenoGLES-0: Remote Branch : NONE
03-01 11:38:00.531 1062 1099 I AdrenoGLES-0: Reconstruct Branch : NOTHING
03-01 11:38:00.531 1062 1099 I AdrenoGLES-0: Build Config : S P 8.0.12 AArch64
03-01 11:38:00.531 1062 1099 I AdrenoGLES-0: Driver Path : /vendor/lib64/egl/libGLESv2_adreno.so
03-01 11:38:00.918 1062 1062 W android.ui: type=1400 audit(0.0:78): avc: denied { read } for name="u:object_r:qcom_pil_prop:s0" dev="tmpfs" ino=14946 scontext=u:r:system_server:s0 tcontext=u:object_r:qcom_pil_prop:s0 tclass=file permissive=0
03-01 11:38:00.531 1062 1099 I AdrenoGLES-0: Driver Version : 0667.0
03-01 11:38:00.531 2469 2469 E DeviceConfigTelemetryLogger: onFailure(exception)
03-01 11:38:00.531 2469 2469 D VrGuardianUserService: DeviceConfig - onFailure - Error: exception
03-01 11:38:00.531 2469 3140 I GuardianSystem: [GuardianSystem::InitializeRuntimeEventHandlers] runtimeServiceSDKClient_.PackageChangeEvent: package=[android.uid.system:1000], process=[system_server]
03-01 11:38:00.531 2469 3140 I GuardianSystem: SetCurrentProcessName: system_server, previous ProcessName: com.oculus.shellenv
03-01 11:38:00.532 2469 2469 E DeviceConfigTelemetryLogger: onFailure(exception)
03-01 11:38:00.539 2469 2469 E DeviceConfigTelemetryLogger: onFailure(exception)
03-01 11:38:00.539 2469 2469 D VrGuardianUserService: DeviceConfig - onFailure - Error: exception
03-01 11:38:00.541 2469 2469 E DeviceConfigTelemetryLogger: onFailure(exception)
03-01 11:38:00.541 2469 2469 D VrGuardianUserService: DeviceConfig - onFailure - Error: exception
03-01 11:38:00.543 2469 2469 E DeviceConfigTelemetryLogger: onFailure(exception)
03-01 11:38:00.543 2469 2469 D VrGuardianUserService: DeviceConfig - onFailure - Error: exception
03-01 11:38:00.545 2469 2469 E DeviceConfigTelemetryLogger: onFailure(exception)
03-01 11:38:00.547 2469 2469 D VrGuardianUserService: DeviceConfig - onFailure - Error: exception
03-01 11:38:00.549 2469 2469 E DeviceConfigTelemetryLogger: onFailure(exception)
03-01 11:38:00.549 2469 2469 D VrGuardianUserService: DeviceConfig - onFailure - Error: exception
03-01 11:38:00.549 2469 2469 E DeviceConfigTelemetryLogger: onFailure(exception)
03-01 11:38:00.549 2469 2469 D VrGuardianUserService: DeviceConfig - onFailure - Error: exception
03-01 11:38:00.554 2469 2469 E DeviceConfigTelemetryLogger: onFailure(exception)
03-01 11:38:00.555 2469 2469 D VrGuardianUserService: DeviceConfig - onFailure - Error: exception
03-01 11:38:00.562 2469 6220 D VrGuardianUserService: SubscribeTask - Attempting Subscribe
03-01 11:38:00.563 2469 6565 D MobileConfigBaseClient: connect()
03-01 11:38:00.579 2469 6565 D MobileConfigBaseClient: awaitService()
03-01 11:38:00.584 2469 2469 E DeviceConfigTelemetryLogger: onFailure(exception)
03-01 11:38:00.584 2469 2469 D VrGuardianUserService: DeviceConfig - onFailure - Error: exception
03-01 11:38:00.585 2469 2469 E DeviceConfigTelemetryLogger: onFailure(exception)
03-01 11:38:00.585 2469 2469 D VrGuardianUserService: DeviceConfig - onFailure - Error: exception
03-01 11:38:00.600 2469 6231 E MobileConfigBaseClient: Timed out trying to connect to MobileConfigService.
03-01 11:38:00.602 2469 6231 E DeviceConfigTelemetryLogger: onFailure(Could not connect to MobileConfigService)
03-01 11:38:00.611 2469 6231 D VrGuardianUserService: DeviceConfig - onFailure - Error: Could not connect to MobileConfigService
03-01 11:38:00.644 2469 2469 E DeviceConfigTelemetryLogger: onFailure(exception)
03-01 11:38:00.644 2469 2469 D VrGuardianUserService: DeviceConfig - onFailure - Error: exception
03-01 11:38:00.644 2469 2469 E DeviceConfigTelemetryLogger: onFailure(exception)
03-01 11:38:00.644 2469 2469 D VrGuardianUserService: DeviceConfig - onFailure - Error: exception
03-01 11:38:00.645 2469 2469 E DeviceConfigTelemetryLogger: onFailure(exception)
03-01 11:38:00.645 2469 2469 D VrGuardianUserService: DeviceConfig - onFailure - Error: exception
03-01 11:38:00.645 2469 2469 E DeviceConfigTelemetryLogger: onFailure(exception)
03-01 11:38:00.645 2469 2469 D VrGuardianUserService: DeviceConfig - onFailure - Error: exception
03-01 11:38:00.645 2469 2469 E DeviceConfigTelemetryLogger: onFailure(exception)
03-01 11:38:00.645 2469 2469 D VrGuardianUserService: DeviceConfig - onFailure - Error: exception
03-01 11:38:00.646 2469 2469 E DeviceConfigTelemetryLogger: onFailure(exception)
03-01 11:38:00.646 2469 2469 D VrGuardianUserService: DeviceConfig - onFailure - Error: exception
03-01 11:38:00.646 2469 2469 E DeviceConfigTelemetryLogger: onFailure(exception)
03-01 11:38:00.646 2469 2469 D VrGuardianUserService: DeviceConfig - onFailure - Error: exception
03-01 11:38:00.647 2469 2469 E DeviceConfigTelemetryLogger: onFailure(exception)
03-01 11:38:00.647 2469 2469 D VrGuardianUserService: DeviceConfig - onFailure - Error: exception
03-01 11:38:00.647 2469 2469 E DeviceConfigTelemetryLogger: onFailure(exception)
03-01 11:38:00.647 2469 2469 D VrGuardianUserService: DeviceConfig - onFailure - Error: exception
03-01 11:38:00.648 2469 2469 E DeviceConfigTelemetryLogger: onFailure(exception)
03-01 11:38:00.648 2469 2469 D VrGuardianUserService: DeviceConfig - onFailure - Error: exception
03-01 11:38:00.649 2469 2469 E DeviceConfigTelemetryLogger: onFailure(exception)
03-01 11:38:00.649 2469 2469 D VrGuardianUserService: DeviceConfig - onFailure - Error: exception
03-01 11:38:00.649 2469 2469 E DeviceConfigTelemetryLogger: onFailure(exception)
03-01 11:38:00.649 2469 2469 D VrGuardianUserService: DeviceConfig - onFailure - Error: exception
03-01 11:38:00.649 2469 2469 E DeviceConfigTelemetryLogger: onFailure(exception)
03-01 11:38:00.649 2469 2469 D VrGuardianUserService: DeviceConfig - onFailure - Error: exception
03-01 11:38:00.649 2469 2469 E DeviceConfigTelemetryLogger: onFailure(exception)
03-01 11:38:00.649 2469 2469 D VrGuardianUserService: DeviceConfig - onFailure - Error: exception
03-01 11:38:00.650 2469 2469 E DeviceConfigTelemetryLogger: onFailure(exception)
03-01 11:38:00.650 2469 2469 D VrGuardianUserService: DeviceConfig - onFailure - Error: exception
03-01 11:38:00.650 1062 1099 I AdrenoGLES-0: PFP: 0x016dd107, ME: 0x00000000
03-01 11:38:00.650 2469 2469 E DeviceConfigTelemetryLogger: onFailure(exception)
03-01 11:38:00.650 2469 2469 D VrGuardianUserService: DeviceConfig - onFailure - Error: exception
03-01 11:38:00.650 2469 2469 E DeviceConfigTelemetryLogger: onFailure(exception)
03-01 11:38:00.650 2469 2469 D VrGuardianUserService: DeviceConfig - onFailure - Error: exception
03-01 11:38:00.651 2469 2469 E DeviceConfigTelemetryLogger: onFailure(exception)
03-01 11:38:00.651 2469 2469 D VrGuardianUserService: DeviceConfig - onFailure - Error: exception
03-01 11:38:00.651 2469 2469 E DeviceConfigTelemetryLogger: onFailure(exception)
03-01 11:38:00.651 2469 2469 D VrGuardianUserService: DeviceConfig - onFailure - Error: exception
03-01 11:38:00.652 2469 2469 E DeviceConfigTelemetryLogger: onFailure(exception)
03-01 11:38:00.652 2469 2469 D VrGuardianUserService: DeviceConfig - onFailure - Error: exception
03-01 11:38:00.652 2469 2469 E DeviceConfigTelemetryLogger: onFailure(exception)
03-01 11:38:00.652 2469 2469 D VrGuardianUserService: DeviceConfig - onFailure - Error: exception
03-01 11:38:00.652 2469 2469 E DeviceConfigTelemetryLogger: onFailure(exception)
03-01 11:38:00.662 2469 2469 D VrGuardianUserService: DeviceConfig - onFailure - Error: exception
03-01 11:38:00.662 2469 2469 E DeviceConfigTelemetryLogger: onFailure(exception)
03-01 11:38:00.662 2469 2469 D VrGuardianUserService: DeviceConfig - onFailure - Error: exception
03-01 11:38:00.669 3628 5595 I GkCacheQuerierClient: Loaded GK 'oculus_trex_haptics_killsw' value = false from file cache.
03-01 11:38:00.674 2469 6571 D MobileConfigBaseClient: connect()
03-01 11:38:00.680 2469 2469 E DeviceConfigTelemetryLogger: onFailure(exception)
03-01 11:38:00.681 2469 2469 D VrGuardianUserService: DeviceConfig - onFailure - Error: exception
03-01 11:38:00.682 2469 2469 E DeviceConfigTelemetryLogger: onFailure(exception)
03-01 11:38:00.682 2469 2469 D VrGuardianUserService: DeviceConfig - onFailure - Error: exception
03-01 11:38:00.682 2469 2469 E DeviceConfigTelemetryLogger: onFailure(exception)
