03-01 11:37:51.200 2469 2469 D VrGuardianUserService: DeviceConfig - onFailure - Error: exception
03-01 11:37:51.200 2469 2469 E DeviceConfigTelemetryLogger: onFailure(exception)
03-01 11:37:51.201 2469 2469 D VrGuardianUserService: DeviceConfig - onFailure - Error: exception
03-01 11:37:51.201 2469 6402 D MobileConfigBaseClient: connect()
03-01 11:37:51.201 2469 2469 E DeviceConfigTelemetryLogger: onFailure(exception)
03-01 11:37:51.201 2469 2469 D VrGuardianUserService: DeviceConfig - onFailure - Error: exception
03-01 11:37:51.201 2469 2469 E DeviceConfigTelemetryLogger: onFailure(exception)
03-01 11:37:51.201 2469 2469 D VrGuardianUserService: DeviceConfig - onFailure - Error: exception
03-01 11:37:51.202 2469 6019 E MobileConfigBaseClient: Timed out trying to connect to MobileConfigService.
03-01 11:37:51.203 2469 2469 E DeviceConfigTelemetryLogger: onFailure(exception)
03-01 11:37:51.203 2469 2469 D VrGuardianUserService: DeviceConfig - onFailure - Error: exception
03-01 11:37:51.204 2469 2469 E DeviceConfigTelemetryLogger: onFailure(exception)
03-01 11:37:51.204 2469 2469 D VrGuardianUserService: DeviceConfig - onFailure - Error: exception
03-01 11:37:51.204 2469 6019 E DeviceConfigTelemetryLogger: onFailure(Could not connect to MobileConfigService)
03-01 11:37:51.204 2469 6019 D VrGuardianUserService: DeviceConfig - onFailure - Error: Could not connect to MobileConfigService
03-01 11:37:51.205 2469 2469 E DeviceConfigTelemetryLogger: onFailure(exception)
03-01 11:37:51.205 2469 2469 D VrGuardianUserService: DeviceConfig - onFailure - Error: exception
03-01 11:37:51.208 2469 2469 E DeviceConfigTelemetryLogger: onFailure(exception)
03-01 11:37:51.208 2469 2469 D VrGuardianUserService: DeviceConfig - onFailure - Error: exception
03-01 11:37:51.208 2469 2469 E DeviceConfigTelemetryLogger: onFailure(exception)
03-01 11:37:51.208 2469 2469 D VrGuardianUserService: DeviceConfig - onFailure - Error: exception
03-01 11:37:51.209 2469 6025 E MobileConfigBaseClient: Timed out trying to connect to MobileConfigService.
03-01 11:37:51.209 2469 6025 E DeviceConfigTelemetryLogger: onFailure(Could not connect to MobileConfigService)
03-01 11:37:51.209 2469 6025 D VrGuardianUserService: DeviceConfig - onFailure - Error: Could not connect to MobileConfigService
03-01 11:37:51.209 2469 2469 E DeviceConfigTelemetryLogger: onFailure(exception)
03-01 11:37:51.209 2469 2469 D VrGuardianUserService: DeviceConfig - onFailure - Error: exception
03-01 11:37:51.210 2469 2469 E DeviceConfigTelemetryLogger: onFailure(exception)
03-01 11:37:51.211 2469 2469 D VrGuardianUserService: DeviceConfig - onFailure - Error: exception
03-01 11:37:51.212 2469 2469 E DeviceConfigTelemetryLogger: onFailure(exception)
03-01 11:37:51.212 2469 2469 D VrGuardianUserService: DeviceConfig - onFailure - Error: exception
03-01 11:37:51.212 2469 2469 E DeviceConfigTelemetryLogger: onFailure(exception)
03-01 11:37:51.212 2469 2469 D VrGuardianUserService: DeviceConfig - onFailure - Error: exception
03-01 11:37:51.214 2469 2469 E DeviceConfigTelemetryLogger: onFailure(exception)
03-01 11:37:51.214 2469 2469 D VrGuardianUserService: DeviceConfig - onFailure - Error: exception
03-01 11:37:51.215 2469 2469 E DeviceConfigTelemetryLogger: onFailure(exception)
03-01 11:37:51.215 2469 2469 D VrGuardianUserService: DeviceConfig - onFailure - Error: exception
03-01 11:37:51.216 2469 2469 E DeviceConfigTelemetryLogger: onFailure(exception)
03-01 11:37:51.216 2469 2469 D VrGuardianUserService: DeviceConfig - onFailure - Error: exception
03-01 11:37:51.217 2469 2469 E DeviceConfigTelemetryLogger: onFailure(exception)
03-01 11:37:51.217 2469 2469 D VrGuardianUserService: DeviceConfig - onFailure - Error: exception
03-01 11:37:51.217 2469 2469 E DeviceConfigTelemetryLogger: onFailure(exception)
03-01 11:37:51.218 2469 2469 D VrGuardianUserService: DeviceConfig - onFailure - Error: exception
03-01 11:37:51.219 2469 2469 D MobileConfigBaseClient: Connected to MobileConfigService
03-01 11:37:51.219 2469 2469 E DeviceConfigTelemetryLogger: onFailure(exception)
03-01 11:37:51.219 2469 2469 D VrGuardianUserService: DeviceConfig - onFailure - Error: exception
03-01 11:37:51.211 2469 6402 D MobileConfigBaseClient: awaitService()
03-01 11:37:51.222 2469 2469 D MobileConfigBaseClient: Connected to MobileConfigService
03-01 11:37:51.222 2469 2469 E DeviceConfigTelemetryLogger: onFailure(exception)
03-01 11:37:51.222 2469 2469 D VrGuardianUserService: DeviceConfig - onFailure - Error: exception
03-01 11:37:51.224 2469 2469 E DeviceConfigTelemetryLogger: onFailure(exception)
03-01 11:37:51.224 2469 2469 D VrGuardianUserService: DeviceConfig - onFailure - Error: exception
03-01 11:37:51.226 2469 2469 E DeviceConfigTelemetryLogger: onFailure(exception)
03-01 11:37:51.226 2469 2469 D VrGuardianUserService: DeviceConfig - onFailure - Error: exception
03-01 11:37:51.227 2469 2469 E DeviceConfigTelemetryLogger: onFailure(exception)
03-01 11:37:51.228 2469 2469 D VrGuardianUserService: DeviceConfig - onFailure - Error: exception
03-01 11:37:51.228 2469 2469 E DeviceConfigTelemetryLogger: onFailure(exception)
03-01 11:37:51.228 2469 2469 D VrGuardianUserService: DeviceConfig - onFailure - Error: exception
03-01 11:37:51.228 2469 2469 E DeviceConfigTelemetryLogger: onFailure(exception)
03-01 11:37:51.229 2469 2469 D VrGuardianUserService: DeviceConfig - onFailure - Error: exception
03-01 11:37:51.230 2469 2469 E DeviceConfigTelemetryLogger: onFailure(exception)
03-01 11:37:51.230 2469 2469 D VrGuardianUserService: DeviceConfig - onFailure - Error: exception
03-01 11:37:51.231 2469 2469 E DeviceConfigTelemetryLogger: onFailure(exception)
03-01 11:37:51.231 2469 2469 D VrGuardianUserService: DeviceConfig - onFailure - Error: exception
03-01 11:37:51.231 2469 2469 E DeviceConfigTelemetryLogger: onFailure(exception)
03-01 11:37:51.231 2469 2469 D VrGuardianUserService: DeviceConfig - onFailure - Error: exception
03-01 11:37:51.233 2469 2469 E DeviceConfigTelemetryLogger: onFailure(exception)
03-01 11:37:51.233 2469 2469 D VrGuardianUserService: DeviceConfig - onFailure - Error: exception
03-01 11:37:51.233 2469 2469 E DeviceConfigTelemetryLogger: onFailure(exception)
03-01 11:37:51.233 2469 2469 D VrGuardianUserService: DeviceConfig - onFailure - Error: exception
03-01 11:37:51.234 2469 2469 E DeviceConfigTelemetryLogger: onFailure(exception)
03-01 11:37:51.234 2469 2469 D VrGuardianUserService: DeviceConfig - onFailure - Error: exception
03-01 11:37:51.236 2469 2469 E DeviceConfigTelemetryLogger: onFailure(exception)
03-01 11:37:51.236 2469 2469 D VrGuardianUserService: DeviceConfig - onFailure - Error: exception
03-01 11:37:51.240 2469 2469 E DeviceConfigTelemetryLogger: onFailure(exception)
03-01 11:37:51.240 2469 2469 D VrGuardianUserService: DeviceConfig - onFailure - Error: exception
03-01 11:37:51.242 2469 2469 E DeviceConfigTelemetryLogger: onFailure(exception)
03-01 11:37:51.242 2469 2469 D VrGuardianUserService: DeviceConfig - onFailure - Error: exception
03-01 11:37:51.242 2469 2469 E DeviceConfigTelemetryLogger: onFailure(exception)
03-01 11:37:51.242 2469 2469 D VrGuardianUserService: DeviceConfig - onFailure - Error: exception
03-01 11:37:51.243 2469 2469 E DeviceConfigTelemetryLogger: onFailure(exception)
03-01 11:37:51.244 2469 2469 D VrGuardianUserService: DeviceConfig - onFailure - Error: exception
03-01 11:37:51.245 2469 2469 E DeviceConfigTelemetryLogger: onFailure(exception)
03-01 11:37:51.245 2469 2469 D VrGuardianUserService: DeviceConfig - onFailure - Error: exception
03-01 11:37:51.245 2469 2469 E DeviceConfigTelemetryLogger: onFailure(exception)
03-01 11:37:51.247 2469 2469 E DeviceConfigTelemetryLogger: onFailure(exception)
03-01 11:37:51.247 2469 2469 D VrGuardianUserService: DeviceConfig - onFailure - Error: exception
03-01 11:37:51.249 2469 2469 E DeviceConfigTelemetryLogger: onFailure(exception)
03-01 11:37:51.249 2469 2469 D VrGuardianUserService: DeviceConfig - onFailure - Error: exception
03-01 11:37:51.250 2469 2469 E DeviceConfigTelemetryLogger: onFailure(exception)
03-01 11:37:51.250 2469 2469 D VrGuardianUserService: DeviceConfig - onFailure - Error: exception
03-01 11:37:51.251 2469 2469 E DeviceConfigTelemetryLogger: onFailure(exception)
03-01 11:37:51.251 2469 2469 D VrGuardianUserService: DeviceConfig - onFailure - Error: exception
03-01 11:37:51.251 852 852 I /system/bin/tombstoned: received crash request for pid 1679
03-01 11:37:51.251 852 852 I /system/bin/tombstoned: found intercept fd 512 for pid 1679 and type kDebuggerdJavaBacktrace
03-01 11:37:51.251 2469 2469 E DeviceConfigTelemetryLogger: onFailure(exception)
03-01 11:37:51.251 2469 2469 D VrGuardianUserService: DeviceConfig - onFailure - Error: exception
03-01 11:37:51.252 1679 1698 I s.os.dialoghos: Wrote stack traces to tombstoned
03-01 11:37:51.252 1062 1110 I system_server: libdebuggerd_client: done dumping process 1679
03-01 11:37:51.254 2469 2469 E DeviceConfigTelemetryLogger: onFailure(exception)
03-01 11:37:51.254 2469 2469 D VrGuardianUserService: DeviceConfig - onFailure - Error: exception
03-01 11:37:51.261 1062 1110 I ActivityManager: Collecting stacks for pid 1660
03-01 11:37:51.262 1062 1110 I system_server: libdebuggerd_client: started dumping process 1660
03-01 11:37:51.263 2469 2469 E DeviceConfigTelemetryLogger: onFailure(exception)
03-01 11:37:51.263 852 852 I /system/bin/tombstoned: registered intercept for pid 1660 and type kDebuggerdJavaBacktrace
03-01 11:37:51.264 2469 2469 D VrGuardianUserService: DeviceConfig - onFailure - Error: exception
03-01 11:37:51.264 2469 2469 E DeviceConfigTelemetryLogger: onFailure(exception)
03-01 11:37:51.264 2469 2469 D VrGuardianUserService: DeviceConfig - onFailure - Error: exception
03-01 11:37:51.265 2469 2469 E DeviceConfigTelemetryLogger: onFailure(exception)
03-01 11:37:51.265 2469 2469 D VrGuardianUserService: DeviceConfig - onFailure - Error: exception
03-01 11:37:51.267 2469 2469 E DeviceConfigTelemetryLogger: onFailure(exception)
03-01 11:37:51.267 2469 2469 D VrGuardianUserService: DeviceConfig - onFailure - Error: exception
03-01 11:37:51.268 2469 2469 E DeviceConfigTelemetryLogger: onFailure(exception)
03-01 11:37:51.268 2469 2469 D VrGuardianUserService: DeviceConfig - onFailure - Error: exception
03-01 11:37:51.269 2469 2469 E DeviceConfigTelemetryLogger: onFailure(exception)
03-01 11:37:51.269 2469 2469 D VrGuardianUserService: DeviceConfig - onFailure - Error: exception
03-01 11:37:51.271 2469 2469 E DeviceConfigTelemetryLogger: onFailure(exception)
03-01 11:37:51.271 2469 2469 D VrGuardianUserService: DeviceConfig - onFailure - Error: exception
03-01 11:37:51.273 1660 1678 I ompanion.serve: Thread[5,tid=1678,WaitingInMainSignalCatcherLoop,Thread*=0x772caecc00,peer=0x13880128,"Signal Catcher"]: reacting to signal 3
03-01 11:37:51.273 1660 1678 I ompanion.serve:
03-01 11:37:51.274 2469 2469 E DeviceConfigTelemetryLogger: onFailure(exception)
03-01 11:37:51.274 2469 2469 D VrGuardianUserService: DeviceConfig - onFailure - Error: exception
03-01 11:37:51.275 2469 2469 E DeviceConfigTelemetryLogger: onFailure(exception)
03-01 11:37:51.275 2469 2469 D VrGuardianUserService: DeviceConfig - onFailure - Error: exception
03-01 11:37:51.276 2469 2469 E DeviceConfigTelemetryLogger: onFailure(exception)
03-01 11:37:51.277 2469 2469 D VrGuardianUserService: DeviceConfig - onFailure - Error: exception
03-01 11:37:51.281 2469 2469 E DeviceConfigTelemetryLogger: onFailure(exception)
03-01 11:37:51.281 2469 2469 D VrGuardianUserService: DeviceConfig - onFailure - Error: exception
03-01 11:37:51.284 2469 2469 E DeviceConfigTelemetryLogger: onFailure(exception)
03-01 11:37:51.284 2469 2469 D VrGuardianUserService: DeviceConfig - onFailure - Error: exception
03-01 11:37:51.284 2469 2469 E DeviceConfigTelemetryLogger: onFailure(exception)
03-01 11:37:51.284 2469 2469 D VrGuardianUserService: DeviceConfig - onFailure - Error: exception
03-01 11:37:51.286 2469 2469 E DeviceConfigTelemetryLogger: onFailure(exception)
03-01 11:37:51.286 2469 2469 D VrGuardianUserService: DeviceConfig - onFailure - Error: exception
03-01 11:37:51.290 2469 2469 E DeviceConfigTelemetryLogger: onFailure(exception)
03-01 11:37:51.292 2469 2469 D VrGuardianUserService: DeviceConfig - onFailure - Error: exception
03-01 11:37:51.294 2469 2469 E DeviceConfigTelemetryLogger: onFailure(exception)
03-01 11:37:51.294 2469 2469 D VrGuardianUserService: DeviceConfig - onFailure - Error: exception
03-01 11:37:51.296 2469 2469 E DeviceConfigTelemetryLogger: onFailure(exception)
03-01 11:37:51.296 2469 2469 D VrGuardianUserService: DeviceConfig - onFailure - Error: exception
03-01 11:37:51.297 2469 2469 E DeviceConfigTelemetryLogger: onFailure(exception)
03-01 11:37:51.297 2469 2469 D VrGuardianUserService: DeviceConfig - onFailure - Error: exception
03-01 11:37:51.298 2469 2469 E DeviceConfigTelemetryLogger: onFailure(exception)
03-01 11:37:51.298 2469 2469 D VrGuardianUserService: DeviceConfig - onFailure - Error: exception
03-01 11:37:51.299 2469 2469 E DeviceConfigTelemetryLogger: onFailure(exception)
03-01 11:37:51.299 2469 2469 D VrGuardianUserService: DeviceConfig - onFailure - Error: exception
03-01 11:37:51.300 2469 2469 E DeviceConfigTelemetryLogger: onFailure(exception)
03-01 11:37:51.300 2469 2469 D VrGuardianUserService: DeviceConfig - onFailure - Error: exception
03-01 11:37:51.303 2469 2469 E DeviceConfigTelemetryLogger: onFailure(exception)
03-01 11:37:51.303 2469 2469 D VrGuardianUserService: DeviceConfig - onFailure - Error: exception
03-01 11:37:51.304 2469 2469 E DeviceConfigTelemetryLogger: onFailure(exception)
03-01 11:37:51.305 2469 2469 D VrGuardianUserService: DeviceConfig - onFailure - Error: exception
03-01 11:37:51.306 2469 2469 E DeviceConfigTelemetryLogger: onFailure(exception)
03-01 11:37:51.306 2469 2469 D VrGuardianUserService: DeviceConfig - onFailure - Error: exception
03-01 11:37:51.307 2469 2469 E DeviceConfigTelemetryLogger: onFailure(exception)
03-01 11:37:51.308 2469 5076 D VrGuardianUserService: SubscribeTask - Attempting Subscribe
03-01 11:37:51.308 2469 2469 D VrGuardianUserService: DeviceConfig - onFailure - Error: exception
03-01 11:37:51.310 2469 2469 E DeviceConfigTelemetryLogger: onFailure(exception)
03-01 11:37:51.310 2469 2469 D VrGuardianUserService: DeviceConfig - onFailure - Error: exception
03-01 11:37:51.312 2469 2469 E DeviceConfigTelemetryLogger: onFailure(exception)
03-01 11:37:51.312 2469 2469 D VrGuardianUserService: DeviceConfig - onFailure - Error: exception
03-01 11:37:51.314 2469 2469 E DeviceConfigTelemetryLogger: onFailure(exception)
03-01 11:37:51.314 2469 2469 D VrGuardianUserService: DeviceConfig - onFailure - Error: exception
03-01 11:37:51.316 2469 2469 E DeviceConfigTelemetryLogger: onFailure(exception)
03-01 11:37:51.316 2469 2469 D VrGuardianUserService: DeviceConfig - onFailure - Error: exception
03-01 11:37:51.317 2469 2469 E DeviceConfigTelemetryLogger: onFailure(exception)
03-01 11:37:51.319 2469 2469 E DeviceConfigTelemetryLogger: onFailure(exception)
03-01 11:37:51.319 2469 2469 D VrGuardianUserService: DeviceConfig - onFailure - Error: exception
03-01 11:37:51.328 2469 2469 E DeviceConfigTelemetryLogger: onFailure(exception)
03-01 11:37:51.328 2469 2469 D VrGuardianUserService: DeviceConfig - onFailure - Error: exception
03-01 11:37:51.328 2469 2469 E DeviceConfigTelemetryLogger: onFailure(exception)
03-01 11:37:51.328 2469 2469 D VrGuardianUserService: DeviceConfig - onFailure - Error: exception
03-01 11:37:51.329 2469 2469 E DeviceConfigTelemetryLogger: onFailure(exception)
03-01 11:37:51.329 2469 2469 D VrGuardianUserService: DeviceConfig - onFailure - Error: exception
03-01 11:37:51.330 2469 2469 E DeviceConfigTelemetryLogger: onFailure(exception)
03-01 11:37:51.330 2469 2469 D VrGuardianUserService: DeviceConfig - onFailure - Error: exception
03-01 11:37:51.331 2469 2469 E DeviceConfigTelemetryLogger: onFailure(exception)
03-01 11:37:51.332 2469 2469 D VrGuardianUserService: DeviceConfig - onFailure - Error: exception
03-01 11:37:51.335 2469 2469 E DeviceConfigTelemetryLogger: onFailure(exception)
03-01 11:37:51.335 2469 2469 D VrGuardianUserService: DeviceConfig - onFailure - Error: exception
03-01 11:37:51.337 2469 2469 E DeviceConfigTelemetryLogger: onFailure(exception)
03-01 11:37:51.337 2469 2469 D VrGuardianUserService: DeviceConfig - onFailure - Error: exception
03-01 11:37:51.340 2469 2469 E DeviceConfigTelemetryLogger: onFailure(exception)
03-01 11:37:51.340 2469 2469 D VrGuardianUserService: DeviceConfig - onFailure - Error: exception
03-01 11:37:51.342 2469 2469 E DeviceConfigTelemetryLogger: onFailure(exception)
03-01 11:37:51.342 2469 2469 D VrGuardianUserService: DeviceConfig - onFailure - Error: exception
03-01 11:37:51.342 2469 2469 E DeviceConfigTelemetryLogger: onFailure(exception)
03-01 11:37:51.342 2469 2469 D VrGuardianUserService: DeviceConfig - onFailure - Error: exception
03-01 11:37:51.347 2469 2469 E DeviceConfigTelemetryLogger: onFailure(exception)
03-01 11:37:51.347 2469 2469 D VrGuardianUserService: DeviceConfig - onFailure - Error: exception
03-01 11:37:51.349 2469 2469 E DeviceConfigTelemetryLogger: onFailure(exception)
03-01 11:37:51.349 2469 2469 D VrGuardianUserService: DeviceConfig - onFailure - Error: exception
03-01 11:37:51.350 2469 2469 E DeviceConfigTelemetryLogger: onFailure(exception)
03-01 11:37:51.351 2469 2469 D VrGuardianUserService: DeviceConfig - onFailure - Error: exception
03-01 11:37:51.351 2469 2469 E DeviceConfigTelemetryLogger: onFailure(exception)
03-01 11:37:51.351 2469 2469 D VrGuardianUserService: DeviceConfig - onFailure - Error: exception
03-01 11:37:51.352 2469 2469 E DeviceConfigTelemetryLogger: onFailure(exception)
03-01 11:37:51.352 2469 2469 D VrGuardianUserService: DeviceConfig - onFailure - Error: exception
03-01 11:37:51.362 2469 2469 E DeviceConfigTelemetryLogger: onFailure(exception)
03-01 11:37:51.362 2469 2469 D VrGuardianUserService: DeviceConfig - onFailure - Error: exception
03-01 11:37:51.371 2469 6028 E MobileConfigBaseClient: Timed out trying to connect to MobileConfigService.
03-01 11:37:51.370 2469 2469 E DeviceConfigTelemetryLogger: onFailure(exception)
03-01 11:37:51.372 2469 2469 D VrGuardianUserService: DeviceConfig - onFailure - Error: exception
03-01 11:37:51.372 2469 6028 E DeviceConfigTelemetryLogger: onFailure(Could not connect to MobileConfigService)
03-01 11:37:51.372 2469 6028 D VrGuardianUserService: DeviceConfig - onFailure - Error: Could not connect to MobileConfigService
03-01 11:37:51.374 2469 2469 E DeviceConfigTelemetryLogger: onFailure(exception)
03-01 11:37:51.374 2469 2469 D VrGuardianUserService: DeviceConfig - onFailure - Error: exception
03-01 11:37:51.379 1968 3433 I MobileConfigFactoryImpl: Registered SESSIONBASED factory change listener: ok
03-01 11:37:51.379 1968 3433 I MobileConfigFactoryImpl: Set Java EP Handler
03-01 11:37:51.382 2469 2469 E DeviceConfigTelemetryLogger: onFailure(exception)
03-01 11:37:51.382 2469 2469 D VrGuardianUserService: DeviceConfig - onFailure - Error: exception
03-01 11:37:51.384 2469 2469 E DeviceConfigTelemetryLogger: onFailure(exception)
03-01 11:37:51.384 2469 2469 D VrGuardianUserService: DeviceConfig - onFailure - Error: exception
03-01 11:37:51.393 2469 2469 E DeviceConfigTelemetryLogger: onFailure(exception)
03-01 11:37:51.393 2469 2469 D VrGuardianUserService: DeviceConfig - onFailure - Error: exception
03-01 11:37:51.395 2469 6405 D MobileConfigBaseClient: connect()
03-01 11:37:51.397 2981 2981 V MIGHTY_LOG: [trace] ForegroundAppProvider: Current Foreground Package - com.oculus.explore, Class: com.oculus.explore.PanelService
03-01 11:37:51.398 2469 2469 E DeviceConfigTelemetryLogger: onFailure(exception)
03-01 11:37:51.398 2469 2469 D VrGuardianUserService: DeviceConfig - onFailure - Error: exception
03-01 11:37:51.399 2469 2469 E DeviceConfigTelemetryLogger: onFailure(exception)
03-01 11:37:51.399 2469 2469 D VrGuardianUserService: DeviceConfig - onFailure - Error: exception
03-01 11:37:51.399 2469 2469 E DeviceConfigTelemetryLogger: onFailure(exception)
03-01 11:37:51.399 2469 2469 D VrGuardianUserService: DeviceConfig - onFailure - Error: exception
03-01 11:37:51.400 2469 6405 D MobileConfigBaseClient: awaitService()
03-01 11:37:51.402 2469 2469 E DeviceConfigTelemetryLogger: onFailure(exception)
03-01 11:37:51.403 2469 2469 D VrGuardianUserService: DeviceConfig - onFailure - Error: exception
03-01 11:37:51.410 2469 6406 D MobileConfigBaseClient: connect()
03-01 11:37:51.418 2469 2469 E DeviceConfigTelemetryLogger: onFailure(exception)
03-01 11:37:51.422 2469 2469 D VrGuardianUserService: DeviceConfig - onFailure - Error: exception
03-01 11:37:51.429 2469 2469 E DeviceConfigTelemetryLogger: onFailure(exception)
03-01 11:37:51.429 2469 2469 D VrGuardianUserService: DeviceConfig - onFailure - Error: exception
03-01 11:37:51.429 2469 6406 D MobileConfigBaseClient: awaitService()
03-01 11:37:51.430 2469 2469 E DeviceConfigTelemetryLogger: onFailure(exception)
03-01 11:37:51.430 2469 2469 D VrGuardianUserService: DeviceConfig - onFailure - Error: exception
03-01 11:37:51.430 2469 2469 E DeviceConfigTelemetryLogger: onFailure(exception)
03-01 11:37:51.430 2469 2469 D VrGuardianUserService: DeviceConfig - onFailure - Error: exception
03-01 11:37:51.431 2469 2469 E DeviceConfigTelemetryLogger: onFailure(exception)
03-01 11:37:51.431 2469 2469 D VrGuardianUserService: DeviceConfig - onFailure - Error: exception
03-01 11:37:51.431 2469 2469 E DeviceConfigTelemetryLogger: onFailure(exception)
03-01 11:37:51.431 2469 2469 D VrGuardianUserService: DeviceConfig - onFailure - Error: exception
03-01 11:37:51.432 2469 2469 E DeviceConfigTelemetryLogger: onFailure(exception)
03-01 11:37:51.432 2469 2469 D VrGuardianUserService: DeviceConfig - onFailure - Error: exception
03-01 11:37:51.433 2469 2469 E DeviceConfigTelemetryLogger: onFailure(exception)
03-01 11:37:51.433 2469 2469 D VrGuardianUserService: DeviceConfig - onFailure - Error: exception
03-01 11:37:51.437 2469 2469 E DeviceConfigTelemetryLogger: onFailure(exception)
03-01 11:37:51.438 2469 2469 D VrGuardianUserService: DeviceConfig - onFailure - Error: exception
03-01 11:37:51.441 2469 2469 E DeviceConfigTelemetryLogger: onFailure(exception)
03-01 11:37:51.441 2469 2469 D VrGuardianUserService: DeviceConfig - onFailure - Error: exception
03-01 11:37:51.441 2469 2469 E DeviceConfigTelemetryLogger: onFailure(exception)
03-01 11:37:51.441 2469 2469 D VrGuardianUserService: DeviceConfig - onFailure - Error: exception
03-01 11:37:51.447 2469 2469 E DeviceConfigTelemetryLogger: onFailure(exception)
03-01 11:37:51.447 2469 2469 D VrGuardianUserService: DeviceConfig - onFailure - Error: exception
03-01 11:37:51.447 2469 2469 E DeviceConfigTelemetryLogger: onFailure(exception)
03-01 11:37:51.447 2469 2469 D VrGuardianUserService: DeviceConfig - onFailure - Error: exception
03-01 11:37:51.449 2469 2469 E DeviceConfigTelemetryLogger: onFailure(exception)
03-01 11:37:51.449 2469 2469 D VrGuardianUserService: DeviceConfig - onFailure - Error: exception
03-01 11:37:51.449 2469 2469 E DeviceConfigTelemetryLogger: onFailure(exception)
03-01 11:37:51.449 2469 2469 D VrGuardianUserService: DeviceConfig - onFailure - Error: exception
03-01 11:37:51.449 2469 2469 E DeviceConfigTelemetryLogger: onFailure(exception)
03-01 11:37:51.452 2469 2469 D VrGuardianUserService: DeviceConfig - onFailure - Error: exception
03-01 11:37:51.461 2469 2469 E DeviceConfigTelemetryLogger: onFailure(exception)
03-01 11:37:51.461 2469 2469 D VrGuardianUserService: DeviceConfig - onFailure - Error: exception
03-01 11:37:51.463 2469 2469 E DeviceConfigTelemetryLogger: onFailure(exception)
03-01 11:37:51.463 2469 2469 D VrGuardianUserService: DeviceConfig - onFailure - Error: exception
03-01 11:37:51.464 2469 2469 E DeviceConfigTelemetryLogger: onFailure(exception)
03-01 11:37:51.464 2469 2469 D VrGuardianUserService: DeviceConfig - onFailure - Error: exception
03-01 11:37:51.465 2469 2469 E DeviceConfigTelemetryLogger: onFailure(exception)
03-01 11:37:51.465 2469 2469 D VrGuardianUserService: DeviceConfig - onFailure - Error: exception
03-01 11:37:51.466 2469 2469 E DeviceConfigTelemetryLogger: onFailure(exception)
03-01 11:37:51.466 2469 2469 D VrGuardianUserService: DeviceConfig - onFailure - Error: exception
03-01 11:37:51.467 2469 2469 E DeviceConfigTelemetryLogger: onFailure(exception)
03-01 11:37:51.468 2469 2469 D VrGuardianUserService: DeviceConfig - onFailure - Error: exception
03-01 11:37:51.468 2469 2469 E DeviceConfigTelemetryLogger: onFailure(exception)
03-01 11:37:51.468 2469 2469 D VrGuardianUserService: DeviceConfig - onFailure - Error: exception
03-01 11:37:51.474 2469 2469 E DeviceConfigTelemetryLogger: onFailure(exception)
03-01 11:37:51.474 2469 2469 D VrGuardianUserService: DeviceConfig - onFailure - Error: exception
03-01 11:37:51.475 2469 2469 E DeviceConfigTelemetryLogger: onFailure(exception)
03-01 11:37:51.476 2469 2469 D VrGuardianUserService: DeviceConfig - onFailure - Error: exception
03-01 11:37:51.476 2469 2469 E DeviceConfigTelemetryLogger: onFailure(exception)
03-01 11:37:51.476 2469 2469 D VrGuardianUserService: DeviceConfig - onFailure - Error: exception
03-01 11:37:51.477 2469 2469 E DeviceConfigTelemetryLogger: onFailure(exception)
03-01 11:37:51.477 2469 2469 D VrGuardianUserService: DeviceConfig - onFailure - Error: exception
03-01 11:37:51.478 2469 2469 E DeviceConfigTelemetryLogger: onFailure(exception)
03-01 11:37:51.478 2469 2469 D VrGuardianUserService: DeviceConfig - onFailure - Error: exception
03-01 11:37:51.479 2469 2469 E DeviceConfigTelemetryLogger: onFailure(exception)
03-01 11:37:51.479 2469 2469 D VrGuardianUserService: DeviceConfig - onFailure - Error: exception
03-01 11:37:51.479 2469 2469 E DeviceConfigTelemetryLogger: onFailure(exception)
03-01 11:37:51.479 2469 2469 D VrGuardianUserService: DeviceConfig - onFailure - Error: exception
03-01 11:37:51.480 2469 2469 E DeviceConfigTelemetryLogger: onFailure(exception)
03-01 11:37:51.480 2469 2469 D VrGuardianUserService: DeviceConfig - onFailure - Error: exception
03-01 11:37:51.484 2469 2469 E DeviceConfigTelemetryLogger: onFailure(exception)
03-01 11:37:51.484 2469 2469 D VrGuardianUserService: DeviceConfig - onFailure - Error: exception
03-01 11:37:51.485 2469 2469 E DeviceConfigTelemetryLogger: onFailure(exception)
03-01 11:37:51.485 2469 2469 D VrGuardianUserService: DeviceConfig - onFailure - Error: exception
03-01 11:37:51.485 2469 2469 E DeviceConfigTelemetryLogger: onFailure(exception)
03-01 11:37:51.485 2469 2469 D VrGuardianUserService: DeviceConfig - onFailure - Error: exception
03-01 11:37:51.493 2469 2469 E DeviceConfigTelemetryLogger: onFailure(exception)
03-01 11:37:51.493 2469 2469 D VrGuardianUserService: DeviceConfig - onFailure - Error: exception
03-01 11:37:51.494 853 1223 W [CT] : VEGA_MAP_BUILDER: Resolved a potential TrackToMapPointAssosiation conflict between tracks 8126487 (index = 124, version = 23) and 14155801 (index = 216, version = 25). Point handle: 737 0.
03-01 11:37:51.495 2469 2469 E DeviceConfigTelemetryLogger: onFailure(exception)
03-01 11:37:51.495 2469 2469 D VrGuardianUserService: DeviceConfig - onFailure - Error: exception
03-01 11:37:51.498 2469 2469 E DeviceConfigTelemetryLogger: onFailure(exception)
03-01 11:37:51.498 2469 2469 D VrGuardianUserService: DeviceConfig - onFailure - Error: exception
03-01 11:37:51.500 2469 2469 E DeviceConfigTelemetryLogger: onFailure(exception)
03-01 11:37:51.500 2469 2469 D VrGuardianUserService: DeviceConfig - onFailure - Error: exception
03-01 11:37:51.501 2469 2469 E DeviceConfigTelemetryLogger: onFailure(exception)
03-01 11:37:51.501 2469 2469 D VrGuardianUserService: DeviceConfig - onFailure - Error: exception
03-01 11:37:51.502 2469 2469 E DeviceConfigTelemetryLogger: onFailure(exception)
03-01 11:37:51.504 5489 5707 I VrApi : FPS=86/90,Prd=37ms,Tear=0,Early=56,Stale=11,Stale2/5/10/max=0/1/0/5,VSnc=0,Lat=-1,Fov=0,CPU4/GPU=4/3,1478/490MHz,OC=FF,TA=0/70/0,SP=N/F/N,Mem=2092MHz,Free=2790MB,PLS=0,Temp=40.5C/0.0C,TW=2.64ms,App=3.36ms,GD=0.00ms,CPU&GPU=19.04ms,LCnt=4(DR0,LM0),GPU%=0.99,CPU%=0.38(W0.44),DSF=1.00,CFL=14.60/19.87
03-01 11:37:51.503 2469 2469 D VrGuardianUserService: DeviceConfig - onFailure - Error: exception
03-01 11:37:51.504 5815 5857 I RCTAudio: RCTAudioModule::PlayOneShot src:'sfx_hover'
03-01 11:37:51.508 2469 2469 E DeviceConfigTelemetryLogger: onFailure(exception)
03-01 11:37:51.509 2469 2469 D VrGuardianUserService: DeviceConfig - onFailure - Error: exception
03-01 11:37:51.509 2469 2469 E DeviceConfigTelemetryLogger: onFailure(exception)
03-01 11:37:51.511 2469 2469 D VrGuardianUserService: DeviceConfig - onFailure - Error: exception
03-01 11:37:51.512 2469 2469 E DeviceConfigTelemetryLogger: onFailure(exception)
03-01 11:37:51.512 2469 2469 D VrGuardianUserService: DeviceConfig - onFailure - Error: exception
03-01 11:37:51.514 2469 2469 E DeviceConfigTelemetryLogger: onFailure(exception)
03-01 11:37:51.514 2469 2469 D VrGuardianUserService: DeviceConfig - onFailure - Error: exception
03-01 11:37:51.516 3628 5595 I GkCacheQuerierClient: Loaded GK 'oculus_trex_haptics_killsw' value = false from file cache.
03-01 11:37:51.516 2469 2469 E DeviceConfigTelemetryLogger: onFailure(exception)
03-01 11:37:51.516 2469 2469 D VrGuardianUserService: DeviceConfig - onFailure - Error: exception
03-01 11:37:51.518 2469 2469 E DeviceConfigTelemetryLogger: onFailure(exception)
03-01 11:37:51.519 2469 2469 D VrGuardianUserService: DeviceConfig - onFailure - Error: exception
03-01 11:37:51.526 2469 2469 E DeviceConfigTelemetryLogger: onFailure(exception)
03-01 11:37:51.527 2469 2469 D VrGuardianUserService: DeviceConfig - onFailure - Error: exception
03-01 11:37:51.527 2469 2469 E DeviceConfigTelemetryLogger: onFailure(exception)
03-01 11:37:51.527 2469 2469 D VrGuardianUserService: DeviceConfig - onFailure - Error: exception
03-01 11:37:51.530 2469 2469 E DeviceConfigTelemetryLogger: onFailure(exception)
03-01 11:37:51.530 2469 2469 D VrGuardianUserService: DeviceConfig - onFailure - Error: exception
03-01 11:37:51.531 2469 2469 E DeviceConfigTelemetryLogger: onFailure(exception)
03-01 11:37:51.531 2469 2469 D VrGuardianUserService: DeviceConfig - onFailure - Error: exception
03-01 11:37:51.531 2469 2469 E DeviceConfigTelemetryLogger: onFailure(exception)
03-01 11:37:51.531 2469 2469 D VrGuardianUserService: DeviceConfig - onFailure - Error: exception
03-01 11:37:51.532 2469 2469 E DeviceConfigTelemetryLogger: onFailure(exception)
03-01 11:37:51.532 2469 2469 D VrGuardianUserService: DeviceConfig - onFailure - Error: exception
03-01 11:37:51.540 2469 2469 E DeviceConfigTelemetryLogger: onFailure(exception)
03-01 11:37:51.540 2469 2469 D VrGuardianUserService: DeviceConfig - onFailure - Error: exception
03-01 11:37:51.543 2469 2469 E DeviceConfigTelemetryLogger: onFailure(exception)
03-01 11:37:51.543 2469 2469 D VrGuardianUserService: DeviceConfig - onFailure - Error: exception
03-01 11:37:51.549 2469 2469 E DeviceConfigTelemetryLogger: onFailure(exception)
03-01 11:37:51.549 2469 2469 D VrGuardianUserService: DeviceConfig - onFailure - Error: exception
03-01 11:37:51.565 2469 2469 E DeviceConfigTelemetryLogger: onFailure(exception)
03-01 11:37:51.565 2469 2469 D VrGuardianUserService: DeviceConfig - onFailure - Error: exception
03-01 11:37:51.565 2469 2469 E DeviceConfigTelemetryLogger: onFailure(exception)
03-01 11:37:51.565 2469 2469 D VrGuardianUserService: DeviceConfig - onFailure - Error: exception
03-01 11:37:51.572 2469 2469 E DeviceConfigTelemetryLogger: onFailure(exception)
03-01 11:37:51.573 2469 2469 D VrGuardianUserService: DeviceConfig - onFailure - Error: exception
03-01 11:37:51.575 2469 2469 E DeviceConfigTelemetryLogger: onFailure(exception)
03-01 11:37:51.578 5815 5857 I RCTAudio: RCTAudioModule::PlayOneShot src:'sfx_hover'
03-01 11:37:51.576 2469 2469 D VrGuardianUserService: DeviceConfig - onFailure - Error: exception
03-01 11:37:51.588 3628 5595 I GkCacheQuerierClient: Loaded GK 'oculus_trex_haptics_killsw' value = false from file cache.
03-01 11:37:51.593 2469 2469 E DeviceConfigTelemetryLogger: onFailure(exception)
03-01 11:37:51.593 2469 2469 D VrGuardianUserService: DeviceConfig - onFailure - Error: exception
03-01 11:37:51.615 2469 6039 E MobileConfigBaseClient: Timed out trying to connect to MobileConfigService.
03-01 11:37:51.618 2469 6039 E DeviceConfigTelemetryLogger: onFailure(Could not connect to MobileConfigService)
03-01 11:37:51.619 2469 6039 D VrGuardianUserService: DeviceConfig - onFailure - Error: Could not connect to MobileConfigService
03-01 11:37:51.639 2469 2469 E DeviceConfigTelemetryLogger: onFailure(exception)
03-01 11:37:51.639 2469 2469 D VrGuardianUserService: DeviceConfig - onFailure - Error: exception
03-01 11:37:51.643 2469 2469 E DeviceConfigTelemetryLogger: onFailure(exception)
03-01 11:37:51.643 2469 2469 D VrGuardianUserService: DeviceConfig - onFailure - Error: exception
03-01 11:37:51.648 2469 6038 E MobileConfigBaseClient: Timed out trying to connect to MobileConfigService.
03-01 11:37:51.649 2469 6038 E DeviceConfigTelemetryLogger: onFailure(Could not connect to MobileConfigService)
03-01 11:37:51.649 2469 6038 D VrGuardianUserService: DeviceConfig - onFailure - Error: Could not connect to MobileConfigService
03-01 11:37:51.650 2469 6037 E MobileConfigBaseClient: Timed out trying to connect to MobileConfigService.
03-01 11:37:51.650 2469 6037 E DeviceConfigTelemetryLogger: onFailure(Could not connect to MobileConfigService)
03-01 11:37:51.651 2469 6037 D VrGuardianUserService: DeviceConfig - onFailure - Error: Could not connect to MobileConfigService
03-01 11:37:51.659 2469 5078 D VrGuardianUserService: SubscribeTask - Attempting Subscribe
03-01 11:37:51.654 2469 2469 E DeviceConfigTelemetryLogger: onFailure(exception)
03-01 11:37:51.673 2469 2469 D VrGuardianUserService: DeviceConfig - onFailure - Error: exception
03-01 11:37:51.673 5815 5857 I RCTAudio: RCTAudioModule::PlayOneShot src:'sfx_hover'
03-01 11:37:51.685 3628 5595 I GkCacheQuerierClient: Loaded GK 'oculus_trex_haptics_killsw' value = false from file cache.
03-01 11:37:51.697 2469 2469 E DeviceConfigTelemetryLogger: onFailure(exception)
03-01 11:37:51.697 2469 2469 D VrGuardianUserService: DeviceConfig - onFailure - Error: exception
03-01 11:37:51.698 2469 2469 E DeviceConfigTelemetryLogger: onFailure(exception)
03-01 11:37:51.698 2469 2469 D VrGuardianUserService: DeviceConfig - onFailure - Error: exception
03-01 11:37:51.698 2469 2469 E DeviceConfigTelemetryLogger: onFailure(exception)
03-01 11:37:51.698 2469 2469 D VrGuardianUserService: DeviceConfig - onFailure - Error: exception
03-01 11:37:51.701 2469 2469 E DeviceConfigTelemetryLogger: onFailure(exception)
03-01 11:37:51.701 2469 2469 D VrGuardianUserService: DeviceConfig - onFailure - Error: exception
03-01 11:37:51.701 2469 2469 E DeviceConfigTelemetryLogger: onFailure(exception)
03-01 11:37:51.701 2469 2469 D VrGuardianUserService: DeviceConfig - onFailure - Error: exception
03-01 11:37:51.702 2469 2469 E DeviceConfigTelemetryLogger: onFailure(exception)
03-01 11:37:51.711 2469 2469 D VrGuardianUserService: DeviceConfig - onFailure - Error: exception
03-01 11:37:51.711 2469 2469 E DeviceConfigTelemetryLogger: onFailure(exception)
03-01 11:37:51.711 2469 2469 D VrGuardianUserService: DeviceConfig - onFailure - Error: exception
03-01 11:37:51.720 2469 2469 E DeviceConfigTelemetryLogger: onFailure(exception)
03-01 11:37:51.720 2469 2469 D VrGuardianUserService: DeviceConfig - onFailure - Error: exception
03-01 11:37:51.722 2469 2469 E DeviceConfigTelemetryLogger: onFailure(exception)
03-01 11:37:51.722 2469 2469 D VrGuardianUserService: DeviceConfig - onFailure - Error: exception
03-01 11:37:51.723 2469 6407 D MobileConfigBaseClient: connect()
03-01 11:37:51.724 2469 2469 E DeviceConfigTelemetryLogger: onFailure(exception)
03-01 11:37:51.724 2469 2469 D VrGuardianUserService: DeviceConfig - onFailure - Error: exception
03-01 11:37:51.729 2469 2469 E DeviceConfigTelemetryLogger: onFailure(exception)
03-01 11:37:51.729 2469 2469 D VrGuardianUserService: DeviceConfig - onFailure - Error: exception
03-01 11:37:51.731 2469 2469 E DeviceConfigTelemetryLogger: onFailure(exception)
03-01 11:37:51.731 2469 2469 D VrGuardianUserService: DeviceConfig - onFailure - Error: exception
03-01 11:37:51.731 2469 2469 E DeviceConfigTelemetryLogger: onFailure(exception)
03-01 11:37:51.747 2469 6040 E MobileConfigBaseClient: Timed out trying to connect to MobileConfigService.
03-01 11:37:51.747 2469 6040 E DeviceConfigTelemetryLogger: onFailure(Could not connect to MobileConfigService)
03-01 11:37:51.747 2469 6040 D VrGuardianUserService: DeviceConfig - onFailure - Error: Could not connect to MobileConfigService
03-01 11:37:51.750 2469 2469 D VrGuardianUserService: DeviceConfig - onFailure - Error: exception
03-01 11:37:51.750 2469 2469 E DeviceConfigTelemetryLogger: onFailure(exception)
03-01 11:37:51.750 2469 2469 D VrGuardianUserService: DeviceConfig - onFailure - Error: exception
03-01 11:37:51.750 2469 5053 D VrGuardianUserService: SubscribeTask - Attempting Subscribe
03-01 11:37:51.753 2469 2469 E DeviceConfigTelemetryLogger: onFailure(exception)
03-01 11:37:51.754 2469 2469 D VrGuardianUserService: DeviceConfig - onFailure - Error: exception
03-01 11:37:51.755 5815 5857 I RCTAudio: RCTAudioModule::PlayOneShot src:'sfx_hover'
03-01 11:37:51.755 2469 2469 E DeviceConfigTelemetryLogger: onFailure(exception)
03-01 11:37:51.755 2469 2469 D VrGuardianUserService: DeviceConfig - onFailure - Error: exception
03-01 11:37:51.756 2469 2469 E DeviceConfigTelemetryLogger: onFailure(exception)
03-01 11:37:51.756 2469 2469 D VrGuardianUserService: DeviceConfig - onFailure - Error: exception
03-01 11:37:51.756 2469 2469 E DeviceConfigTelemetryLogger: onFailure(exception)
03-01 11:37:51.756 2469 2469 D VrGuardianUserService: DeviceConfig - onFailure - Error: exception
03-01 11:37:51.756 2469 2469 E DeviceConfigTelemetryLogger: onFailure(exception)
03-01 11:37:51.756 2469 2469 D VrGuardianUserService: DeviceConfig - onFailure - Error: exception
03-01 11:37:51.760 2469 6407 D MobileConfigBaseClient: awaitService()
03-01 11:37:51.761 2469 2469 E DeviceConfigTelemetryLogger: onFailure(exception)
03-01 11:37:51.761 2469 2469 D VrGuardianUserService: DeviceConfig - onFailure - Error: exception
03-01 11:37:51.761 2469 2469 E DeviceConfigTelemetryLogger: onFailure(exception)
03-01 11:37:51.761 2469 2469 D VrGuardianUserService: DeviceConfig - onFailure - Error: exception
03-01 11:37:51.761 2469 2469 E DeviceConfigTelemetryLogger: onFailure(exception)
03-01 11:37:51.761 2469 2469 D VrGuardianUserService: DeviceConfig - onFailure - Error: exception
03-01 11:37:51.762 2469 2469 E DeviceConfigTelemetryLogger: onFailure(exception)
03-01 11:37:51.762 2469 2469 D VrGuardianUserService: DeviceConfig - onFailure - Error: exception
03-01 11:37:51.762 2469 2469 E DeviceConfigTelemetryLogger: onFailure(exception)
03-01 11:37:51.762 2469 2469 D VrGuardianUserService: DeviceConfig - onFailure - Error: exception
03-01 11:37:51.762 2469 2469 E DeviceConfigTelemetryLogger: onFailure(exception)
03-01 11:37:51.762 2469 2469 D VrGuardianUserService: DeviceConfig - onFailure - Error: exception
03-01 11:37:51.762 2469 2469 E DeviceConfigTelemetryLogger: onFailure(exception)
03-01 11:37:51.762 2469 2469 D VrGuardianUserService: DeviceConfig - onFailure - Error: exception
03-01 11:37:51.762 2469 2469 E DeviceConfigTelemetryLogger: onFailure(exception)
03-01 11:37:51.762 2469 2469 D VrGuardianUserService: DeviceConfig - onFailure - Error: exception
03-01 11:37:51.762 2469 2469 E DeviceConfigTelemetryLogger: onFailure(exception)
03-01 11:37:51.763 2469 2469 D VrGuardianUserService: DeviceConfig - onFailure - Error: exception
03-01 11:37:51.763 2469 2469 E DeviceConfigTelemetryLogger: onFailure(exception)
03-01 11:37:51.763 2469 2469 D VrGuardianUserService: DeviceConfig - onFailure - Error: exception
03-01 11:37:51.763 2469 2469 E DeviceConfigTelemetryLogger: onFailure(exception)
03-01 11:37:51.763 2469 2469 D VrGuardianUserService: DeviceConfig - onFailure - Error: exception
03-01 11:37:51.763 2469 2469 E DeviceConfigTelemetryLogger: onFailure(exception)
03-01 11:37:51.763 2469 2469 D VrGuardianUserService: DeviceConfig - onFailure - Error: exception
03-01 11:37:51.763 2469 2469 E DeviceConfigTelemetryLogger: onFailure(exception)
03-01 11:37:51.763 2469 2469 D VrGuardianUserService: DeviceConfig - onFailure - Error: exception
03-01 11:37:51.763 2469 2469 E DeviceConfigTelemetryLogger: onFailure(exception)
03-01 11:37:51.763 2469 2469 D VrGuardianUserService: DeviceConfig - onFailure - Error: exception
03-01 11:37:51.763 2469 2469 E DeviceConfigTelemetryLogger: onFailure(exception)
03-01 11:37:51.763 2469 2469 D VrGuardianUserService: DeviceConfig - onFailure - Error: exception
03-01 11:37:51.763 2469 2469 E DeviceConfigTelemetryLogger: onFailure(exception)
03-01 11:37:51.764 2469 2469 D VrGuardianUserService: DeviceConfig - onFailure - Error: exception
03-01 11:37:51.764 2469 2469 E DeviceConfigTelemetryLogger: onFailure(exception)
03-01 11:37:51.764 2469 2469 D VrGuardianUserService: DeviceConfig - onFailure - Error: exception
03-01 11:37:51.764 2469 2469 E DeviceConfigTelemetryLogger: onFailure(exception)
03-01 11:37:51.764 2469 2469 D VrGuardianUserService: DeviceConfig - onFailure - Error: exception
03-01 11:37:51.764 2469 2469 E DeviceConfigTelemetryLogger: onFailure(exception)
03-01 11:37:51.764 2469 2469 D VrGuardianUserService: DeviceConfig - onFailure - Error: exception
03-01 11:37:51.764 2469 2469 E DeviceConfigTelemetryLogger: onFailure(exception)
03-01 11:37:51.764 2469 2469 D VrGuardianUserService: DeviceConfig - onFailure - Error: exception
03-01 11:37:51.767 3628 5595 I GkCacheQuerierClient: Loaded GK 'oculus_trex_haptics_killsw' value = false from file cache.
03-01 11:37:51.764 2469 2469 E DeviceConfigTelemetryLogger: onFailure(exception)
03-01 11:37:51.777 2469 2469 D VrGuardianUserService: DeviceConfig - onFailure - Error: exception
03-01 11:37:51.777 2469 6408 D MobileConfigBaseClient: connect()
03-01 11:37:51.777 2469 2469 E DeviceConfigTelemetryLogger: onFailure(exception)
03-01 11:37:51.777 2469 2469 D VrGuardianUserService: DeviceConfig - onFailure - Error: exception
03-01 11:37:51.778 2469 2469 E DeviceConfigTelemetryLogger: onFailure(exception)
03-01 11:37:51.778 2469 2469 D VrGuardianUserService: DeviceConfig - onFailure - Error: exception
03-01 11:37:51.778 2469 2469 E DeviceConfigTelemetryLogger: onFailure(exception)
03-01 11:37:51.778 2469 2469 D VrGuardianUserService: DeviceConfig - onFailure - Error: exception
03-01 11:37:51.779 2469 2469 E DeviceConfigTelemetryLogger: onFailure(exception)
03-01 11:37:51.779 2469 2469 D VrGuardianUserService: DeviceConfig - onFailure - Error: exception
03-01 11:37:51.779 2469 2469 E DeviceConfigTelemetryLogger: onFailure(exception)
03-01 11:37:51.779 2469 2469 D VrGuardianUserService: DeviceConfig - onFailure - Error: exception
03-01 11:37:51.779 2469 2469 E DeviceConfigTelemetryLogger: onFailure(exception)
03-01 11:37:51.779 2469 2469 D VrGuardianUserService: DeviceConfig - onFailure - Error: exception
03-01 11:37:51.779 2469 2469 E DeviceConfigTelemetryLogger: onFailure(exception)
03-01 11:37:51.779 2469 2469 D VrGuardianUserService: DeviceConfig - onFailure - Error: exception
03-01 11:37:51.779 2469 2469 E DeviceConfigTelemetryLogger: onFailure(exception)
03-01 11:37:51.779 2469 2469 D VrGuardianUserService: DeviceConfig - onFailure - Error: exception
03-01 11:37:51.780 2469 2469 E DeviceConfigTelemetryLogger: onFailure(exception)
03-01 11:37:51.780 2469 2469 D VrGuardianUserService: DeviceConfig - onFailure - Error: exception
03-01 11:37:51.780 2469 2469 E DeviceConfigTelemetryLogger: onFailure(exception)
03-01 11:37:51.780 2469 2469 D VrGuardianUserService: DeviceConfig - onFailure - Error: exception
03-01 11:37:51.780 2469 2469 E DeviceConfigTelemetryLogger: onFailure(exception)
03-01 11:37:51.780 2469 2469 D VrGuardianUserService: DeviceConfig - onFailure - Error: exception
03-01 11:37:51.780 2469 2469 E DeviceConfigTelemetryLogger: onFailure(exception)
03-01 11:37:51.787 2469 6408 D MobileConfigBaseClient: awaitService()
03-01 11:37:51.780 2469 2469 D VrGuardianUserService: DeviceConfig - onFailure - Error: exception
03-01 11:37:51.790 2469 2469 E DeviceConfigTelemetryLogger: onFailure(exception)
03-01 11:37:51.790 2469 2469 D VrGuardianUserService: DeviceConfig - onFailure - Error: exception
03-01 11:37:51.790 2469 2469 E DeviceConfigTelemetryLogger: onFailure(exception)
03-01 11:37:51.790 2469 2469 D VrGuardianUserService: DeviceConfig - onFailure - Error: exception
03-01 11:37:51.790 2469 2469 E DeviceConfigTelemetryLogger: onFailure(exception)
03-01 11:37:51.790 2469 2469 D VrGuardianUserService: DeviceConfig - onFailure - Error: exception
03-01 11:37:51.792 2469 2469 E DeviceConfigTelemetryLogger: onFailure(exception)
03-01 11:37:51.792 2469 2469 D VrGuardianUserService: DeviceConfig - onFailure - Error: exception
03-01 11:37:51.795 2469 2469 E DeviceConfigTelemetryLogger: onFailure(exception)
03-01 11:37:51.795 2469 2469 D VrGuardianUserService: DeviceConfig - onFailure - Error: exception
03-01 11:37:51.795 2469 5080 D VrGuardianUserService: SubscribeTask - Attempting Subscribe
03-01 11:37:51.797 2469 2469 E DeviceConfigTelemetryLogger: onFailure(exception)
03-01 11:37:51.800 2469 2469 D VrGuardianUserService: DeviceConfig - onFailure - Error: exception
03-01 11:37:51.801 2469 2469 E DeviceConfigTelemetryLogger: onFailure(exception)
03-01 11:37:51.801 2469 2469 D VrGuardianUserService: DeviceConfig - onFailure - Error: exception
03-01 11:37:51.801 2469 2469 E DeviceConfigTelemetryLogger: onFailure(exception)
03-01 11:37:51.801 2469 2469 D VrGuardianUserService: DeviceConfig - onFailure - Error: exception
03-01 11:37:51.801 2469 2469 E DeviceConfigTelemetryLogger: onFailure(exception)
03-01 11:37:51.801 2469 2469 D VrGuardianUserService: DeviceConfig - onFailure - Error: exception
03-01 11:37:51.802 2469 2469 E DeviceConfigTelemetryLogger: onFailure(exception)
03-01 11:37:51.802 2469 2469 D VrGuardianUserService: DeviceConfig - onFailure - Error: exception
03-01 11:37:51.802 2469 2469 E DeviceConfigTelemetryLogger: onFailure(exception)
03-01 11:37:51.802 2469 2469 D VrGuardianUserService: DeviceConfig - onFailure - Error: exception
03-01 11:37:51.802 2469 2469 E DeviceConfigTelemetryLogger: onFailure(exception)
03-01 11:37:51.802 2469 2469 D VrGuardianUserService: DeviceConfig - onFailure - Error: exception
03-01 11:37:51.802 2469 2469 E DeviceConfigTelemetryLogger: onFailure(exception)
03-01 11:37:51.802 2469 2469 D VrGuardianUserService: DeviceConfig - onFailure - Error: exception
03-01 11:37:51.802 2469 2469 E DeviceConfigTelemetryLogger: onFailure(exception)
03-01 11:37:51.802 2469 2469 D VrGuardianUserService: DeviceConfig - onFailure - Error: exception
03-01 11:37:51.803 2469 2469 E DeviceConfigTelemetryLogger: onFailure(exception)
03-01 11:37:51.803 2469 2469 D VrGuardianUserService: DeviceConfig - onFailure - Error: exception
03-01 11:37:51.806 2469 2469 E DeviceConfigTelemetryLogger: onFailure(exception)
03-01 11:37:51.806 2469 2469 D VrGuardianUserService: DeviceConfig - onFailure - Error: exception
03-01 11:37:51.806 2469 2469 E DeviceConfigTelemetryLogger: onFailure(exception)
03-01 11:37:51.806 2469 2469 D VrGuardianUserService: DeviceConfig - onFailure - Error: exception
03-01 11:37:51.807 2469 2469 E DeviceConfigTelemetryLogger: onFailure(exception)
03-01 11:37:51.807 2469 2469 D VrGuardianUserService: DeviceConfig - onFailure - Error: exception
03-01 11:37:51.808 2469 2469 E DeviceConfigTelemetryLogger: onFailure(exception)
03-01 11:37:51.809 2469 2469 D VrGuardianUserService: DeviceConfig - onFailure - Error: exception
03-01 11:37:51.809 2469 2469 E DeviceConfigTelemetryLogger: onFailure(exception)
03-01 11:37:51.809 2469 2469 D VrGuardianUserService: DeviceConfig - onFailure - Error: exception
03-01 11:37:51.809 2469 2469 E DeviceConfigTelemetryLogger: onFailure(exception)
03-01 11:37:51.809 2469 2469 D VrGuardianUserService: DeviceConfig - onFailure - Error: exception
03-01 11:37:51.810 2469 2469 E DeviceConfigTelemetryLogger: onFailure(exception)
03-01 11:37:51.810 2469 2469 D VrGuardianUserService: DeviceConfig - onFailure - Error: exception
03-01 11:37:51.810 2469 2469 E DeviceConfigTelemetryLogger: onFailure(exception)
03-01 11:37:51.810 2469 2469 D VrGuardianUserService: DeviceConfig - onFailure - Error: exception
03-01 11:37:51.810 2469 2469 E DeviceConfigTelemetryLogger: onFailure(exception)
03-01 11:37:51.810 2469 2469 D VrGuardianUserService: DeviceConfig - onFailure - Error: exception
03-01 11:37:51.810 2469 2469 E DeviceConfigTelemetryLogger: onFailure(exception)
03-01 11:37:51.810 2469 2469 D VrGuardianUserService: DeviceConfig - onFailure - Error: exception
03-01 11:37:51.810 2469 2469 E DeviceConfigTelemetryLogger: onFailure(exception)
03-01 11:37:51.810 2469 2469 D VrGuardianUserService: DeviceConfig - onFailure - Error: exception
03-01 11:37:51.812 2469 2469 E DeviceConfigTelemetryLogger: onFailure(exception)
03-01 11:37:51.812 2469 2469 D VrGuardianUserService: DeviceConfig - onFailure - Error: exception
03-01 11:37:51.812 2469 2469 E DeviceConfigTelemetryLogger: onFailure(exception)
03-01 11:37:51.812 2469 2469 D VrGuardianUserService: DeviceConfig - onFailure - Error: exception
03-01 11:37:51.813 2469 2469 E DeviceConfigTelemetryLogger: onFailure(exception)
03-01 11:37:51.813 2469 2469 D VrGuardianUserService: DeviceConfig - onFailure - Error: exception
03-01 11:37:51.813 2469 2469 E DeviceConfigTelemetryLogger: onFailure(exception)
03-01 11:37:51.814 2469 2469 D VrGuardianUserService: DeviceConfig - onFailure - Error: exception
03-01 11:37:51.817 2469 2469 E DeviceConfigTelemetryLogger: onFailure(exception)
