--------- beginning of tracking
03-01 11:35:14.236 739 739 I SensorService: Syncboss hal version: v2.33.0. Built Oct 25 2022 13:11:01 by twsvcscm@twshared35537.0. SHA: 20a39a07028c
03-01 11:35:14.236 739 739 D SensorService: ControllerProvider()
03-01 11:35:14.405 739 739 I : [info ] (0): Successfully loaded telmetry library (v11.0)
03-01 11:35:14.443 739 739 I SyncBossHAL: [info ] syncboss_hal_impl_internal.c(47): Got firmware version. Syncboss is ready. Try=1 elapsed_ms=3
03-01 11:35:14.447 739 739 I SyncBossHAL: [info ] syncboss_hal_impl_common.c(116): Detected firmware version: v2.33.0. Built Oct 25 2022 12:23:14 by twsvcscm@twshared32311.0 with cc 8. Git SHA d2aa3ed8a31b
03-01 11:35:14.447 739 739 I SensorService: SyncbossHandleWrapper: Initialized syncboss
03-01 11:35:14.469 739 739 I SyncBossHAL: [info ] syncboss_hal_powerstate.c(50): Reporting powerstate event: SYSTEM_UP
03-01 11:35:14.470 739 739 W SensorService: Could not load config file (/vendor/etc/sensorservice.cfg): File could not be opened for reading
03-01 11:35:14.470 739 739 I HollywoodCameraProvider: Starting HollywoodCameraProvider SensorService
03-01 11:35:14.540 850 850 I VrSensors-HidlWrapper: Supressing HIDL transport crash dumps for current process: true
03-01 11:35:14.795 739 914 I SyncBossHAL: [info ] syncboss_hal_powerstate.c(50): Reporting powerstate event: PROX_OFF
03-01 11:35:15.120 739 739 I CameraStream: [HEADSET] creating ICameraStream type.
03-01 11:35:15.121 739 739 I CameraStream: [CONTROLLER] creating ICameraStream type.
03-01 11:35:15.122 739 739 I CameraStream: [HAND] creating ICameraStream type.
03-01 11:35:15.148 739 739 I SensorService: Oculus SyncBoss sensor HAL ready.
03-01 11:35:15.181 845 845 I VrSensors-HidlWrapper: Supressing HIDL transport crash dumps for current process: true
03-01 11:35:15.584 853 853 I VrSensors-HidlWrapper: Supressing HIDL transport crash dumps for current process: true
03-01 11:35:15.900 853 853 D CameraMuxModeMonitor: Connecting to 'cameramuxmodeservice'
03-01 11:35:15.901 853 853 D CameraMuxModeMonitor: Connected to 'cameramuxmodeservice'
03-01 11:35:18.515 739 1019 I libsensorscommon: Initialize AndroidSensors and create event queue
03-01 11:35:18.516 739 1019 W libsensorscommon: doubletap: unregisterDirect called but not supported --------- beginning of system
03-01 11:35:18.548 829 921 I storaged: storaged: Start
03-01 11:35:18.561 1062 1062 I chatty : uid=1000 system_server expire 49 lines
03-01 11:35:18.578 1062 1191 I chatty : uid=1000 system_server expire 1 line
03-01 11:35:18.677 1062 1110 I chatty : uid=1000(system) ActivityManager expire 1 line
03-01 11:35:18.735 1062 1062 I chatty : uid=1000 system_server expire 44 lines
03-01 11:35:18.742 1062 1201 I chatty : uid=1000(system) NetworkWatchlis expire 2 lines
03-01 11:35:18.774 1062 1203 I chatty : uid=1000(system) StorageManagerS expire 2 lines
03-01 11:35:18.780 1062 1100 I chatty : uid=1000(system) android.io expire 1 line
03-01 11:35:18.782 1062 1206 I chatty : uid=1000 system_server expire 2 lines
03-01 11:35:18.836 1062 1062 I chatty : uid=1000 system_server expire 56 lines
03-01 11:35:18.903 1062 1079 I chatty : uid=1000(system) Binder:1062_2 expire 1 line
03-01 11:35:18.979 853 853 D TrackingService: Loading InsideOutTracking capability v6
03-01 11:35:18.979 853 853 D TrackingService: Finished loading InsideOutTracking capability v6
03-01 11:35:18.980 853 853 D TrackingService: Loading ConstellationTracking capability v5
03-01 11:35:18.980 853 853 D TrackingService: Finished loading ConstellationTracking capability v5
03-01 11:35:18.980 853 853 D TrackingService: Loading InternalAnchorApiServer capability v2
03-01 11:35:18.980 853 853 D TrackingService: Finished loading InternalAnchorApiServer capability v2
03-01 11:35:18.980 853 853 D TrackingService: Loading SpatialPersistence capability v1
03-01 11:35:18.980 853 853 D TrackingService: Finished loading SpatialPersistence capability v1
03-01 11:35:18.981 853 853 D TrackingService: TrackingDataPostProcessor: Set heuristic confidence param persist.ovr.tracking.chct value 0.00
03-01 11:35:18.981 853 853 D TrackingService: TrackingDataPostProcessor: Set heuristic confidence param persist.ovr.tracking.chnopress value 2.00
03-01 11:35:18.981 853 853 D TrackingService: TrackingDataPostProcessor: Set heuristic confidence param persist.ovr.tracking.chnotouch value -1.00
03-01 11:35:18.981 853 853 D TrackingService: TrackingDataPostProcessor: Set heuristic confidence param persist.ovr.tracking.chnotouchct value 2.00
03-01 11:35:18.981 853 853 D TrackingService: TrackingDataPostProcessor: Set heuristic confidence param persist.ovr.tracking.chringtilt value 0.26
03-01 11:35:18.981 853 853 D TrackingService: TrackingDataPostProcessor: Set heuristic confidence param persist.ovr.tracking.chringrlx value 1.00
03-01 11:35:18.981 853 853 D TrackingService: TrackingDataPostProcessor: Set heuristic confidence param persist.ovr.tracking.chstatic value 2.00
03-01 11:35:18.981 853 853 D TrackingService: TrackingDataPostProcessor: Set heuristic confidence param persist.ovr.tracking.chstaticrlx value 0.50
03-01 11:35:18.981 853 853 D TrackingService: TrackingDataPostProcessor: Set heuristic confidence param persist.ovr.tracking.chincenter value 2.00
03-01 11:35:18.981 853 853 D TrackingService: TrackingDataPostProcessor: Set heuristic confidence param persist.ovr.tracking.chdeadctr value 0.20
03-01 11:35:18.981 853 853 D TrackingService: TrackingDataPostProcessor: Set heuristic confidence param persist.ovr.tracking.chnoproxct value 2.00
03-01 11:35:18.981 853 853 D TrackingService: TrackingDataPostProcessor: Set heuristic confidence param persist.ovr.tracking.chunliketime value 6.00
03-01 11:35:18.981 853 853 D TrackingService: TrackingDataPostProcessor: Set heuristic confidence param persist.ovr.tracking.chsoftextension value 4.00
03-01 11:35:18.981 853 853 D TrackingService: TrackingDataPostProcessor: New controllers default in-hand: N
03-01 11:35:18.986 853 853 W TrackingUtils: Could not load config file (/system/etc/trackingservice.cfg): File could not be opened for reading
03-01 11:35:18.991 853 853 D TrackingService: Loading BoltMemoryAllocation capability v2
03-01 11:35:18.991 853 853 D TrackingService: Finished loading BoltMemoryAllocation capability v2
03-01 11:35:18.995 853 853 D TrackingService: Loading ConstellationTracking capability v5
03-01 11:35:18.995 853 853 D TrackingService: Finished loading ConstellationTracking capability v5
03-01 11:35:18.995 853 853 D TrackingService: Loading SelftrackedControllerHeadsetSide capability v3
03-01 11:35:18.995 853 853 D TrackingService: Finished loading SelftrackedControllerHeadsetSide capability v3
03-01 11:35:18.995 853 853 D TrackingService: Loading MapSharingHeadset capability v2
03-01 11:35:18.995 853 853 D TrackingService: Finished loading MapSharingHeadset capability v2
03-01 11:35:19.001 853 853 D TrackingService: Scaled haptics updated to: 101
03-01 11:35:19.007 853 853 I InputSettingsService: Initializing InputSettingsService
03-01 11:35:19.007 853 853 D TrackingService: Loading InsideOutTracking capability v6
03-01 11:35:19.007 853 853 D TrackingService: Finished loading InsideOutTracking capability v6
03-01 11:35:19.007 853 853 D TrackingService: Loading InternalAnchorApiServer capability v2
03-01 11:35:19.007 853 853 D TrackingService: Finished loading InternalAnchorApiServer capability v2
03-01 11:35:19.007 853 853 D TrackingService: Loading SpatialPersistence capability v1
03-01 11:35:19.007 853 853 D TrackingService: Finished loading SpatialPersistence capability v1
03-01 11:35:19.213 1062 1062 I chatty : uid=1000 system_server expire 46 lines
03-01 11:35:19.322 1062 1117 I chatty : uid=1000(system) HwBinder:1062_1 expire 1 line
03-01 11:35:19.325 1062 1098 I chatty : uid=1000(system) android.fg expire 3 lines
03-01 11:35:19.330 1062 1251 I chatty : uid=1000(system) HwBinder:1062_2 expire 1 line
03-01 11:35:19.372 1062 1062 I chatty : uid=1000 system_server expire 82 lines
03-01 11:35:19.521 1062 1234 I chatty : uid=1000(system) ConnectivitySer expire 2 lines
03-01 11:35:19.580 1062 1140 I chatty : uid=1000(system) PowerManagerSer expire 2 lines
03-01 11:35:19.601 1062 1062 I chatty : uid=1000 system_server expire 41 lines
03-01 11:35:19.609 1062 1155 I chatty : uid=1000(system) PackageManager expire 1 line
03-01 11:35:19.624 1062 1101 I chatty : uid=1000(system) android.display expire 1 line
03-01 11:35:19.679 1062 1079 I chatty : uid=1000(system) Binder:1062_2 expire 1 line
03-01 11:35:19.683 1062 1062 I chatty : uid=1000 system_server expire 76 lines
03-01 11:35:19.807 853 1041 D TrackingService: Scaled haptics updated to: 101
03-01 11:35:19.813 850 1304 D SensorClientUtils: Received transition request from SLEEP to STANDBY
03-01 11:35:19.817 1062 1079 I chatty : uid=1000(system) Binder:1062_2 expire 1 line
03-01 11:35:19.817 850 1304 D SensorClientUtils: Executing transition from SLEEP to STANDBY
03-01 11:35:19.817 850 1304 D MrSystemService: setPowerState: STANDBY
03-01 11:35:19.865 853 853 D TrackingService: Loading ConstellationTracking capability v5
03-01 11:35:19.865 853 853 D TrackingService: Finished loading ConstellationTracking capability v5
03-01 11:35:19.886 853 853 D TrackingService: Loading SelftrackedControllerHeadsetSide capability v3
03-01 11:35:19.886 853 853 D TrackingService: Finished loading SelftrackedControllerHeadsetSide capability v3
03-01 11:35:19.886 853 853 D TrackingService: Loading MapSharingHeadset capability v2
03-01 11:35:19.886 853 853 D TrackingService: Finished loading MapSharingHeadset capability v2
03-01 11:35:19.891 853 853 D TrackingService: Loading HandTracking capability v8
03-01 11:35:19.891 853 853 D TrackingService: Finished loading HandTracking capability v8
03-01 11:35:19.907 853 853 D TrackingService: Loading ObjectTracking capability v5
03-01 11:35:19.907 853 853 D TrackingService: Finished loading ObjectTracking capability v5
03-01 11:35:19.930 853 853 D TrackingService: Loading ExposureControl capability v2
03-01 11:35:19.930 853 853 D TrackingService: Finished loading ExposureControl capability v2
03-01 11:35:19.971 739 1019 I CameraProvider: Utility frequency frame period updated to 33333
03-01 11:35:19.974 853 853 I TrackingService: setFeatureFidelity: No mux mode change required: default
03-01 11:35:19.975 853 853 D SensorClientUtils: temporarilyWake(): performing transition to STANDBY
03-01 11:35:19.976 853 853 D SensorClientUtils: Executing transition from SLEEP to STANDBY
03-01 11:35:19.978 853 1050 I TrackingService: [ vision_manager] SLEEP -> STANDBY transition time: 1 ms
03-01 11:35:19.978 853 1050 I TrackingService: [ iad] SLEEP -> STANDBY transition time: 0 ms
03-01 11:35:20.101 853 1050 I TrackingService: [ bolt] SLEEP -> STANDBY transition time: 123 ms
03-01 11:35:20.136 737 737 I android.hardware.wifi@1.0-service: Wifi HAL started
03-01 11:35:20.180 739 1019 D SensorService: SyncbossEventHandler: starting all streams
03-01 11:35:20.180 739 1346 D SensorService: SyncbossEventHandler::producerThreadFunc() start
03-01 11:35:20.180 739 1346 W SensorService: Data for sensor type HMD_FSIN dropped because of failure to update clock drift from vsync. 1 drops in the last 0s.
03-01 11:35:20.188 853 1347 D TrackingService: starting IOT motion thread, imu batch dispatch enabled=false
03-01 11:35:20.189 853 1050 I TrackingService: [ iot] SLEEP -> STANDBY transition time: 87 ms
03-01 11:35:20.190 853 1050 I TrackingService: ConstellationTrackingGlue: setEnableExtendedDeadreckoning to false
03-01 11:35:20.190 853 1050 I TrackingService: [ constellation] SLEEP -> STANDBY transition time: 1 ms
03-01 11:35:20.191 853 1050 I TrackingService: [selftracked_client] SLEEP -> STANDBY transition time: 0 ms
03-01 11:35:20.191 853 1050 I TrackingService: [ hand] SLEEP -> STANDBY transition time: 0 ms
03-01 11:35:20.191 739 1019 I SensorService: Enabling sensor: 10
03-01 11:35:20.192 853 1050 I TrackingService: [ object] SLEEP -> STANDBY transition time: 1 ms
03-01 11:35:20.192 853 1050 I TrackingService: [ controller] SLEEP -> STANDBY transition time: 0 ms
03-01 11:35:20.192 853 1050 I TrackingService: [ExposureControl] SLEEP -> STANDBY transition time: 0 ms
03-01 11:35:20.192 739 1019 D SensorService: ControllerProvider: acquiring StreamingSession
03-01 11:35:20.192 853 853 D TrackingService: setPowerState: STANDBY
03-01 11:35:20.192 853 853 D SensorClientUtils: Scheduling delayed transition to SLEEP in 120000ms
03-01 11:35:20.192 853 1041 D SensorClientUtils: Ignoring same state transition to STANDBY
03-01 11:35:20.196 739 1019 I SyncBossHAL: [info ] syncboss_hal_impl_input.c(278): No pulsar frequency blocklist set
03-01 11:35:20.196 739 1019 I SyncBossHAL: [info ] syncboss_hal_impl_input.c(305): No AFH behavior specified, enabled by default
03-01 11:35:20.196 739 1019 I SyncBossHAL: [info ] syncboss_hal_impl_input.c(345): Input device auto-whitelisting disabled
03-01 11:35:20.201 739 1019 D SensorService: ControllerProvider: acquiring StreamingClient impl; approx # alive: 1
03-01 11:35:20.201 739 1019 D libsensorscommon: ControllerProvider: acquiring StreamingClient hidl
03-01 11:35:20.251 737 737 I android.hardware.wifi@1.0-service: Adding interface handle for p2p1
03-01 11:35:20.251 737 737 I android.hardware.wifi@1.0-service: Adding interface handle for wifi-aware0
03-01 11:35:20.251 737 737 I android.hardware.wifi@1.0-service: Adding interface handle for p2p0
03-01 11:35:20.251 737 737 I android.hardware.wifi@1.0-service: Adding interface handle for wlan0
03-01 11:35:20.251 737 737 W android.hardware.wifi@1.0-service: No active wlan interfaces in use! Using default
03-01 11:35:20.251 737 737 W android.hardware.wifi@1.0-service: No active wlan interfaces in use! Using default
03-01 11:35:20.252 737 737 I android.hardware.wifi@1.0-service: Configured chip in mode 3
03-01 11:35:20.252 737 737 W android.hardware.wifi@1.0-service: No active wlan interfaces in use! Using default
03-01 11:35:20.255 737 737 W android.hardware.wifi@1.0-service: No active wlan interfaces in use! Using default
03-01 11:35:20.266 832 832 I wificond: create scanner for interface with index: 7
03-01 11:35:20.266 832 832 I wificond: subscribe scan result for interface with index: 7
03-01 11:35:20.267 832 832 E wificond: No Offload Service available
03-01 11:35:20.267 832 832 I wificond: Offload HAL not supported
03-01 11:35:20.363 1062 1191 I chatty : uid=1000 system_server expire 1 line
03-01 11:35:20.449 1062 1111 I chatty : uid=1000(system) ActivityManager expire 4 lines
03-01 11:35:20.457 1062 1100 I chatty : uid=1000(system) android.io expire 1 line
03-01 11:35:20.466 1062 1117 I chatty : uid=1000(system) HwBinder:1062_1 expire 1 line
03-01 11:35:20.466 1062 1245 I chatty : uid=1000(system) AudioService expire 2 lines
03-01 11:35:20.467 1062 1098 I chatty : uid=1000(system) android.fg expire 1 line
03-01 11:35:20.469 1062 1203 I chatty : uid=1000(system) StorageManagerS expire 1 line
03-01 11:35:20.506 1062 1062 I chatty : uid=1000 system_server expire 38 lines
03-01 11:35:20.955 739 900 I SyncBossHAL: [info ] syncboss_hal_impl_input.c(1140): Pulsar connected devices state change: 1
03-01 11:35:21.018 739 904 I SyncBossHAL: [info ] pulsar_manager.c(412): de088e02xxxxxxxx: Configuring IR LED to ontime = 34, period = 33333, delay = -9
03-01 11:35:21.023 739 904 I SyncBossHAL: [info ] pulsar_manager.c(359): Finished getting cache data for controller
03-01 11:35:21.023 739 904 I SyncBossHAL: id : de088e02xxxxxxxx
03-01 11:35:21.023 739 904 I SyncBossHAL: pulsar_type : 0x08011401
03-01 11:35:21.023 739 904 I SyncBossHAL: connection id : 0x1
03-01 11:35:21.023 739 904 I SyncBossHAL: fw ver : 1.9.0
03-01 11:35:21.023 739 904 I SyncBossHAL: spl ver : 1.5.1
03-01 11:35:21.023 739 904 I SyncBossHAL: serial : 1WMHCR61QM2104
03-01 11:35:21.023 739 904 I SyncBossHAL: handedness : right
03-01 11:35:21.023 739 904 I SyncBossHAL: battery state : 80%
03-01 11:35:21.023 739 904 I SyncBossHAL: [info ] pulsar_manager.c(376): Jedi-specific cache data:
03-01 11:35:21.023 739 904 I SyncBossHAL: captouch ver : 1.9.0
03-01 11:35:21.027 739 1353 D SensorService: Syncboss input de088e026ac4e527 hardware type 4, subtype 2, revision 0x08
03-01 11:35:21.027 739 1353 I SensorService: preparePairedControllerInfo is adding device with valid 1
03-01 11:35:21.027 739 1353 D SensorService: Syncboss input 3676f362daeb7dac hardware type 4, subtype 1, revision
03-01 11:35:21.027 739 1353 I SensorService: preparePairedControllerInfo is adding device with valid 1
03-01 11:35:21.027 739 1353 D SensorService: stateChangeNotifierFunc(): Reporting controller info. Change token: 1, paired=2 connected=1
03-01 11:35:21.092 739 1346 I SyncBossInput: [info ] [jedi (right) de088e02xxxxxxxx]: 1331244 [info ] {APP }: Connected
03-01 11:35:21.138 739 1346 I SyncBossInput: [info ] [jedi (right) de088e02xxxxxxxx]: 1331245 [info ] {THDG}: active_seek -> active_connected
03-01 11:35:21.192 739 1346 I SyncBossHAL: [info ] syncboss_hal_input_controller.c(195): Controller de088e02xxxxxxxx battery level changed: 0% -> 80%
03-01 11:35:21.196 739 1353 D SensorService: Syncboss input de088e026ac4e527 hardware type 4, subtype 2, revision 0x08
03-01 11:35:21.196 739 1353 I SensorService: preparePairedControllerInfo is adding device with valid 1
03-01 11:35:21.196 739 1353 D SensorService: Syncboss input 3676f362daeb7dac hardware type 4, subtype 1, revision
03-01 11:35:21.196 739 1353 I SensorService: preparePairedControllerInfo is adding device with valid 1
03-01 11:35:21.198 739 1353 D SensorService: stateChangeNotifierFunc(): Reporting controller info. Change token: 2, paired=2 connected=1
03-01 11:35:21.198 739 1353 E SensorService: Thread Controller::stateWorkerFunc: took longer than expected time of 1500.000000ms / 1908.000000ms
03-01 11:35:21.503 1062 1182 I chatty : uid=1000 system_server expire 1 line
03-01 11:35:21.510 1062 1210 I chatty : uid=1000(system) NetworkPolicy expire 1 line
03-01 11:35:21.523 1062 1111 I chatty : uid=1000(system) ActivityManager expire 8 lines
03-01 11:35:21.544 1062 1525 I chatty : uid=1000(system) Binder:1062_7 expire 3 lines
03-01 11:35:21.566 1062 1109 I chatty : uid=1000(system) android.bg expire 2 lines
03-01 11:35:21.575 1062 1111 I chatty : uid=1000(system) ActivityManager expire 21 lines
03-01 11:35:21.576 1062 1079 I chatty : uid=1000(system) Binder:1062_2 expire 6 lines
03-01 11:35:21.577 1062 1062 I chatty : uid=1000 system_server expire 22 lines
03-01 11:35:21.594 1062 1078 I chatty : uid=1000(system) Binder:1062_1 expire 9 lines
03-01 11:35:21.606 1062 1525 I chatty : uid=1000(system) Binder:1062_7 expire 3 lines
03-01 11:35:21.612 739 1346 I SyncBossInput: [info ] [jedi (right) de088e02xxxxxxxx]: 1331856 [info ] {HPTH}: Set haptics frequency to 0x2143
03-01 11:35:21.796 1062 1111 I chatty : uid=1000(system) ActivityManager expire 36 lines
03-01 11:35:21.797 1062 1062 I chatty : uid=1000 system_server expire 19 lines
03-01 11:35:21.800 1062 1079 I chatty : uid=1000(system) Binder:1062_2 expire 1 line
03-01 11:35:21.802 1062 1400 I chatty : uid=1000(system) Binder:1062_4 expire 1 line
03-01 11:35:21.804 1062 1099 I chatty : uid=1000(system) android.ui expire 1 line
03-01 11:35:21.822 1062 1100 I chatty : uid=1000(system) android.io expire 4 lines
03-01 11:35:21.828 1062 1110 I chatty : uid=1000(system) ActivityManager expire 3 lines
03-01 11:35:21.901 1062 1111 I chatty : uid=1000(system) ActivityManager expire 4 lines
03-01 11:35:21.907 1062 1525 I chatty : uid=1000(system) Binder:1062_7 expire 5 lines
03-01 11:35:21.910 1062 1079 I chatty : uid=1000(system) Binder:1062_2 expire 7 lines
03-01 11:35:21.968 853 1041 D TrackingService: Scaled haptics updated to: 101
03-01 11:35:21.969 1062 1062 I chatty : uid=1000 system_server expire 12 lines
03-01 11:35:21.972 1062 1098 I chatty : uid=1000(system) android.fg expire 4 lines
03-01 11:35:21.973 1062 1242 I chatty : uid=1000(system) onProviders.ECP expire 2 lines
03-01 11:35:21.987 1062 1732 I chatty : uid=1000 system_server expire 1 line
03-01 11:35:21.989 1062 1733 I chatty : uid=1000 system_server expire 1 line
03-01 11:35:21.989 1617 1617 I VrSensors-HidlWrapper: Supressing HIDL transport crash dumps for current process: true
03-01 11:35:22.030 1062 1116 I chatty : uid=1000(system) batterystats-wo expire 1 line
03-01 11:35:22.071 1617 1617 D OVRRemoteService: ControllerGlue::init()
03-01 11:35:22.072 1617 1617 D OVRRemoteService: ControllerGlue: Setting up streams
03-01 11:35:22.073 1617 1617 D OVRRemoteService: ControllerGlue: Enumerating paired controllers
03-01 11:35:22.077 739 1019 D SensorService: Found paired controllers: 2
03-01 11:35:22.077 739 1019 D SensorService: Syncboss input de088e026ac4e527 hardware type 4, subtype 2, revision 0x08
03-01 11:35:22.077 739 1019 I SensorService: preparePairedControllerInfo is adding device with valid 1
03-01 11:35:22.077 739 1019 D SensorService: Syncboss input 3676f362daeb7dac hardware type 4, subtype 1, revision
03-01 11:35:22.077 739 1019 I SensorService: preparePairedControllerInfo is adding device with valid 1
03-01 11:35:22.077 1617 1617 I OVRRemoteService: Creating RemoteDevice for de088e026ac4e527
03-01 11:35:22.077 1617 1617 I OVRRemoteService: Creating RemoteDevice for 3676f362daeb7dac
03-01 11:35:22.077 1617 1617 I RemoteService: Initializing remote service
03-01 11:35:22.079 1617 1617 D SensorClientUtils: temporarilyWake(): performing transition to STANDBY
03-01 11:35:22.080 1617 1617 D SensorClientUtils: Executing transition from SLEEP to STANDBY
03-01 11:35:22.080 1617 1617 D OVRRemoteService: [controller] SLEEP -> STANDBY
03-01 11:35:22.080 1617 1617 D OVRRemoteService: ControllerGlue: setting expected mode to Streaming
03-01 11:35:22.080 1617 1617 D OVRRemoteService: ControllerGlue: Setting current mode to Streaming
03-01 11:35:22.080 1617 1617 D OVRRemoteService: ControllerGlue: leave mode Disabled
03-01 11:35:22.080 1617 1617 D OVRRemoteService: ControllerGlue: Setting mode to Streaming
03-01 11:35:22.080 1617 1617 D OVRRemoteService: ControllerGlue: enter mode Streaming
03-01 11:35:22.080 739 1019 D SensorService: ControllerProvider: acquiring StreamingClient impl; approx # alive: 2
03-01 11:35:22.080 739 1019 D libsensorscommon: ControllerProvider: acquiring StreamingClient hidl
03-01 11:35:22.080 1617 1617 D SensorClientUtils: Scheduling delayed transition to SLEEP in 120000ms
03-01 11:35:22.080 1617 1749 D OVRRemoteService: processStateChange([PairedControllerInfo JEDI de088e026ac4e527 connected mcnt=0])
03-01 11:35:22.081 1617 1648 D SensorClientUtils: Ignoring same state transition to STANDBY
03-01 11:35:22.081 739 1019 D SensorService: ControllerProvider: Succesfully set tx power to -4, filter to -4
03-01 11:35:22.081 739 904 I SyncBossHAL: [info ] pulsar_manager.c(882): Setting transmit power for all connected controllers to -4 dBm
03-01 11:35:22.082 1617 1749 D OVRRemoteService: processStateChange([PairedControllerInfo JEDI 3676f362daeb7dac disconnected update-required mcnt=0])
03-01 11:35:22.084 1617 1617 D RemoteService: RemoteService - Registering status callback
03-01 11:35:22.088 739 904 I SyncBossHAL: [info ] pulsar_manager.c(882): Setting filter transmit power for all connected controllers to -4 dBm
03-01 11:35:22.089 1617 1617 D ControllerManagement: HeadsetPulsaRpcJni env setup OK
03-01 11:35:22.114 1617 1648 D RemoteService: RemoteService - Registering status callback
03-01 11:35:22.114 1617 1617 I RemoteService: setPowerstateTransitionCallback(setPowerstateTransitionCallback) with initialState 0
03-01 11:35:22.118 1617 1617 I RemoteService: setWifiEnabled(setWifiEnabled=1)
03-01 11:35:22.120 739 1019 D SensorService: Found paired controllers: 2
03-01 11:35:22.120 739 1019 D SensorService: Syncboss input de088e026ac4e527 hardware type 4, subtype 2, revision 0x08
03-01 11:35:22.120 739 1019 I SensorService: preparePairedControllerInfo is adding device with valid 1
03-01 11:35:22.120 739 1019 D SensorService: Syncboss input 3676f362daeb7dac hardware type 4, subtype 1, revision
03-01 11:35:22.120 739 1019 I SensorService: preparePairedControllerInfo is adding device with valid 1
03-01 11:35:22.121 853 1352 D TrackingService: Creating RemoteConstellationTrackedDevice
03-01 11:35:22.122 853 1352 I TrackingService: Registering primary controller de088e026ac4e527 in slot 0
03-01 11:35:22.122 1617 1617 I RemoteService: setWifiEnabled(setWifiEnabled=1)
03-01 11:35:22.122 853 1352 D TrackingService: TrackingDataPostProcessor: Hand autotransition v2 GK enabled: 1
03-01 11:35:22.123 853 1352 D TrackingService: registerRemote: de088e026ac4e527
03-01 11:35:22.144 853 1352 W TrackingService: Attempted to control leds, but gatekeeper is disabled. Skipping operation.
03-01 11:35:22.222 1062 1216 I chatty : uid=1000(system) WifiP2pService expire 1 line
03-01 11:35:22.839 1062 1100 I chatty : uid=1000(system) android.io expire 15 lines
03-01 11:35:22.966 1617 1648 D RemoteService: RemoteService - Registering status callback
03-01 11:35:23.134 1062 1101 I chatty : uid=1000(system) android.display expire 4 lines
03-01 11:35:23.140 1062 1140 I chatty : uid=1000(system) PowerManagerSer expire 1 line
03-01 11:35:23.141 1062 1203 I chatty : uid=1000(system) StorageManagerS expire 3 lines
03-01 11:35:23.143 573 573 D vold : Waiting for FUSE to spin up...
03-01 11:35:23.160 1774 1774 W sdcard : Device explicitly enabled sdcardfs
03-01 11:35:23.166 1062 1101 I chatty : uid=1000(system) android.display expire 8 lines
03-01 11:35:23.168 573 1775 D vold : fscrypt_unlock_user_key 0 serial=0 token_present=0
03-01 11:35:23.170 573 1775 D vold : Skipping non-key .
03-01 11:35:23.170 573 1775 D vold : Skipping non-key ..
03-01 11:35:23.170 573 1775 D vold : Trying user CE key /data/misc/vold/user_keys/ce/0/current
03-01 11:35:23.179 573 1775 I vold : List of Keymaster HALs found:
03-01 11:35:23.179 573 1775 I vold : Keymaster HAL #1: Keymaster HAL: 4 from QTI SecurityLevel: STRONGBOX HAL: android.hardware.keymaster@4.0::IKeymasterDevice/strongbox
03-01 11:35:23.179 573 1775 I vold : Keymaster HAL #2: Keymaster HAL: 4 from QTI SecurityLevel: TRUSTED_ENVIRONMENT HAL: android.hardware.keymaster@4.0::IKeymasterDevice/default
03-01 11:35:23.179 573 1775 I vold : Using Keymaster HAL: 4 from QTI for encryption. Security level: TRUSTED_ENVIRONMENT, HAL: android.hardware.keymaster@4.0::IKeymasterDevice/default
03-01 11:35:23.189 573 1775 D vold : Successfully retrieved key
03-01 11:35:23.195 573 1775 D vold : Added key 828935319 (ext4:e50868935ee07f86) to keyring 894357569 in process 573
03-01 11:35:23.195 573 1775 D vold : Added key 1062957696 (f2fs:e50868935ee07f86) to keyring 894357569 in process 573
03-01 11:35:23.195 573 1775 D vold : Added key 387704789 (fscrypt:e50868935ee07f86) to keyring 894357569 in process 573
03-01 11:35:23.195 573 1775 D vold : Installed ce key for user 0
03-01 11:35:23.197 1062 1799 I chatty : uid=1000(system) AdbDebuggingMan expire 1 line
03-01 11:35:23.200 573 1775 D vold : fscrypt_prepare_user_storage for volume null, user 0, serial 0, flags 2
03-01 11:35:23.200 573 1775 D vold : Preparing: /data/system_ce/0
03-01 11:35:23.200 573 1775 D vold : Preparing: /data/misc_ce/0
03-01 11:35:23.200 573 1775 D vold : Preparing: /data/vendor_ce/0
03-01 11:35:23.202 1062 1234 I chatty : uid=1000(system) ConnectivitySer expire 2 lines
03-01 11:35:23.202 1062 1525 I chatty : uid=1000(system) Binder:1062_7 expire 5 lines
03-01 11:35:23.204 573 1775 D vold : Preparing: /data/media/0
03-01 11:35:23.204 573 1775 D vold : Preparing: /data/data
03-01 11:35:23.205 573 1775 I vold : Found policy e50868935ee07f86 at /data/system_ce/0 which matches expected value
03-01 11:35:23.205 573 1775 I vold : Found policy e50868935ee07f86 at /data/misc_ce/0 which matches expected value
03-01 11:35:23.205 573 1775 I vold : Found policy e50868935ee07f86 at /data/vendor_ce/0 which matches expected value
03-01 11:35:23.212 573 1775 I vold : Found policy e50868935ee07f86 at /data/media/0 which matches expected value
03-01 11:35:23.213 573 1775 I vold : Found policy e50868935ee07f86 at /data/data which matches expected value
03-01 11:35:23.213 573 1775 D vold : Starting restorecon of /data/system_ce/0
03-01 11:35:23.215 573 1775 D vold : Finished restorecon of /data/system_ce/0
03-01 11:35:23.215 573 1775 D vold : Starting restorecon of /data/vendor_ce/0
03-01 11:35:23.217 573 1775 D vold : Finished restorecon of /data/vendor_ce/0
03-01 11:35:23.217 573 1775 D vold : Starting restorecon of /data/misc_ce/0
03-01 11:35:23.218 573 1775 D vold : Finished restorecon of /data/misc_ce/0
03-01 11:35:23.218 573 1775 D vold : /system/bin/vold_prepare_subdirs
03-01 11:35:23.218 573 1775 D vold : prepare
03-01 11:35:23.218 573 1775 D vold :
03-01 11:35:23.218 573 1775 D vold : 0
03-01 11:35:23.219 573 1775 D vold : 2
03-01 11:35:23.229 1062 1111 I chatty : uid=1000(system) ActivityManager expire 17 lines
03-01 11:35:23.254 1062 1098 I chatty : uid=1000(system) android.fg expire 13 lines
03-01 11:35:23.263 1062 1305 I chatty : uid=1000(system) Binder:1062_3 expire 2 lines
03-01 11:35:23.331 1823 1823 I GkServiceApp: Scheduling periodic GK update for userId=0
03-01 11:35:23.396 1062 1110 I chatty : uid=1000(system) ActivityManager expire 12 lines
03-01 11:35:23.408 1062 1100 I chatty : uid=1000(system) android.io expire 1 line
03-01 11:35:23.409 573 1775 D vold : Linking /storage/emulated/0 to /mnt/user/0/primary
03-01 11:35:23.466 1062 1365 I chatty : uid=1000(system) SyncManager expire 1 line
03-01 11:35:23.538 1062 1111 I chatty : uid=1000(system) ActivityManager expire 36 lines
03-01 11:35:23.836 1062 1400 I chatty : uid=1000(system) Binder:1062_4 expire 3 lines
03-01 11:35:23.863 1062 2107 I chatty : uid=1000 system_server expire 3 lines
03-01 11:35:23.939 2119 2119 W ContextImpl: Calling a method in the system process without a qualified user: android.app.ContextImpl.startForegroundService:1588 android.content.ContextWrapper.startForegroundService:674 android.content.ContextWrapper.startForegroundService:674 com.oculus.nux.ota.NuxOtaBootReceiver.onReceive:18 android.app.ActivityThread.handleReceiver:3822
03-01 11:35:23.948 1062 1110 I chatty : uid=1000(system) ActivityManager expire 1 line
03-01 11:35:24.034 1950 2196 W ContextImpl: Calling a method in the system process without a qualified user: android.app.ContextImpl.bindService:1661 android.content.ContextWrapper.bindService:705 X.l0.run:31 java.lang.Thread.run:919
03-01 11:35:24.062 1950 1976 W ContextImpl: Calling a method in the system process without a qualified user: android.app.ContextImpl.startService:1582 android.content.ContextWrapper.startService:669 com.oculus.authapi.OVRAuth.A01:2 com.oculus.unifiedtelemetry.credentialsmanager.UnifiedTelemetryCredentialsManager.A00:41 com.oculus.unifiedtelemetry.credentialsmanager.UnifiedTelemetryCredentialsManager.A01:49
03-01 11:35:24.826 554 554 D spcomlib: [spcom_register_client_with_max_retry] spcom_register_client() name [sp_keymaster] pid [544429678288]
03-01 11:35:24.826 554 554 D spcomlib: [spcom_open] ch [sp_keymaster] doesn't exist, create it.
03-01 11:35:24.826 554 554 D spcomlib: [spcom_create_channel] Create Channel [sp_keymaster].
03-01 11:35:24.851 554 554 D spcomlib: [add_ch] add ch [sp_keymaster].
03-01 11:35:24.851 554 554 D spcomlib: [spcom_register_client_with_max_retry] spcom_register_client() name [sp_keymaster] fd [12] pid [544429678288] done.
03-01 11:35:24.851 554 554 D spcomlib: [spcom_is_ch_connected] channel connection state:1
03-01 11:35:24.851 554 554 D spcomlib: [find_ch] found ch [sp_keymaster].
03-01 11:35:24.851 554 554 D spcomlib: [spcom_lock_ion_buffer] Write() lock ION buf.
03-01 11:35:24.852 554 554 D spcomlib: [spcom_unregister_client] spcom_unregister_client() name [sp_keymaster] fd [12] pid [544429678288].
03-01 11:35:24.852 554 554 D spcomlib: [del_ch] del ch [sp_keymaster].
03-01 11:35:24.852 554 554 D spcomlib: [spcom_unregister_client] spcom_unregister_client() pid [544429678288] done.
03-01 11:35:24.869 557 570 D SPL : Handle Request
03-01 11:35:24.869 557 570 E SPL : unknown cmd id [57005]
03-01 11:35:24.869 557 570 D SPL : Send Response
03-01 11:35:24.869 557 570 D SPL : QSEECom_send_resp() OK.
03-01 11:35:24.869 557 570 D SPL : ==== Wait For Request ======
03-01 11:35:24.872 557 570 D SPL : Handle Request
03-01 11:35:24.872 557 570 D SPL : Dev node [/dev/qsee_ipc_irq_spss] opened OK.
03-01 11:35:24.872 557 570 D SPL : timeout_msec [120000]
03-01 11:35:24.872 557 570 D SPL : pfd[0].fd [34].
03-01 11:35:24.872 557 570 D SPL : pfd[1].fd [29].
03-01 11:35:24.872 557 570 D SPL : Call poll()
03-01 11:35:24.872 557 570 D SPL : poll() ret [1].
03-01 11:35:24.872 557 570 D SPL : pfd[0].revents [0x1].
03-01 11:35:24.872 557 570 D SPL : pfd[1].revents [0x0].
03-01 11:35:24.872 557 570 D SPL : IRQ Detected OK.
03-01 11:35:24.872 557 570 D SPL : Send Response
03-01 11:35:24.872 557 570 D SPL : QSEECom_send_resp() OK.
03-01 11:35:24.872 557 570 D SPL : ==== Wait For Request ======
03-01 11:35:24.873 557 570 D SPL : Handle Request
03-01 11:35:24.873 557 570 D SPL : Dev node [/dev/qsee_ipc_irq_spss] opened OK.
03-01 11:35:24.873 557 570 D SPL : timeout_msec [120000]
03-01 11:35:24.873 557 570 D SPL : pfd[0].fd [34].
03-01 11:35:24.873 557 570 D SPL : pfd[1].fd [29].
03-01 11:35:24.873 557 570 D SPL : Call poll()
03-01 11:35:24.874 557 570 D SPL : poll() ret [1].
03-01 11:35:24.874 557 570 D SPL : pfd[0].revents [0x1].
03-01 11:35:24.874 557 570 D SPL : pfd[1].revents [0x0].
03-01 11:35:24.874 557 570 D SPL : IRQ Detected OK.
03-01 11:35:24.874 557 570 D SPL : Send Response
03-01 11:35:24.874 557 570 D SPL : QSEECom_send_resp() OK.
03-01 11:35:24.874 557 570 D SPL : ==== Wait For Request ======
03-01 11:35:24.874 557 570 D SPL : Handle Request
03-01 11:35:24.874 557 570 E SPL : unknown cmd id [57005]
03-01 11:35:24.874 557 570 D SPL : Send Response
03-01 11:35:24.874 557 570 D SPL : QSEECom_send_resp() OK.
03-01 11:35:24.874 557 570 D SPL : ==== Wait For Request ======
03-01 11:35:24.877 557 570 D SPL : Handle Request
03-01 11:35:24.877 557 570 D SPL : Dev node [/dev/qsee_ipc_irq_spss] opened OK.
03-01 11:35:24.877 557 570 D SPL : timeout_msec [120000]
03-01 11:35:24.877 557 570 D SPL : pfd[0].fd [34].
03-01 11:35:24.877 557 570 D SPL : pfd[1].fd [29].
03-01 11:35:24.877 557 570 D SPL : Call poll()
03-01 11:35:24.877 557 570 D SPL : poll() ret [1].
03-01 11:35:24.877 557 570 D SPL : pfd[0].revents [0x1].
03-01 11:35:24.877 557 570 D SPL : pfd[1].revents [0x0].
03-01 11:35:24.877 557 570 D SPL : IRQ Detected OK.
03-01 11:35:24.877 557 570 D SPL : Send Response
03-01 11:35:24.877 557 570 D SPL : QSEECom_send_resp() OK.
03-01 11:35:24.877 557 570 D SPL : ==== Wait For Request ======
03-01 11:35:24.879 557 570 D SPL : Handle Request
03-01 11:35:24.879 557 570 D SPL : Dev node [/dev/qsee_ipc_irq_spss] opened OK.
03-01 11:35:24.879 557 570 D SPL : timeout_msec [120000]
03-01 11:35:24.879 557 570 D SPL : pfd[0].fd [34].
03-01 11:35:24.879 557 570 D SPL : pfd[1].fd [29].
03-01 11:35:24.879 557 570 D SPL : Call poll()
03-01 11:35:24.908 586 594 D spcomlib: [spcom_server_get_next_request_size] Rx (read) ok ch [sec_nvm_sp_keymaster] , next_req_size = 2.
03-01 11:35:24.908 586 594 D spcomlib: [spcom_server_wait_for_request] Rx (read) ok ch [sec_nvm_sp_keymaster], actual buf size = 2.
03-01 11:35:24.908 586 594 D secnvm : ch [sec_nvm_sp_keymaster] create new request: reqId = 5
03-01 11:35:24.908 586 594 D secnvm : IsCommitOp
03-01 11:35:24.908 586 594 D secnvm : NVM version is supported: 3
03-01 11:35:24.908 586 594 D spcomlib: [spcom_server_send_response] size [21].
03-01 11:35:24.908 586 594 D spcomlib: [spcom_server_send_response] Write tx_size [33].
03-01 11:35:24.908 586 594 D secnvm : setNvmManagerState: is_skp:0, reqId:5, m_state=4
03-01 11:35:24.909 586 594 D spcomlib: [spcom_server_get_next_request_size] Rx (read) ok ch [sec_nvm_sp_keymaster] , next_req_size = 150.
03-01 11:35:24.909 586 594 D spcomlib: [spcom_server_wait_for_request] Rx (read) ok ch [sec_nvm_sp_keymaster], actual buf size = 150.
03-01 11:35:24.909 586 594 D secnvm : ch [sec_nvm_sp_keymaster] create new request: reqId = 10
03-01 11:35:24.909 586 594 D secnvm : OpenPartitionOp
03-01 11:35:24.909 586 594 D secnvm : ch [sec_nvm_sp_keymaster] allocate segment#0 out of 1
03-01 11:35:24.909 586 594 D secnvm : Log file exists, dump to memory buffer
03-01 11:35:24.909 586 594 E secnvm : !@ sec_nvm error log content:!@ NvmSegment::createSegment() for uuid=471480361391619214618258156162147168243172
03-01 11:35:24.909 586 594 E secnvm : !@ NvmSegment::createSegment() for uuid=471480361391619214618258156162147168243172
03-01 11:35:24.909 586 594 E secnvm : !@ NvmSegment::createSegment() for uuid=471480361391619214618258156162147168243172
03-01 11:35:24.909 586 594 E secnvm : !@ NvmSegment::createSegment() for uuid=471480361391619214618258156162147168243172
03-01 11:35:24.909 586 594 E secnvm : !@ NvmSegment::createSegment() for uuid=471480361391619214618258156162147168243172
03-01 11:35:24.909 586 594 E secnvm : !@ NvmSegment::createSegment() for uuid=471480361391619214618258156162147168243172
03-01 11:35:24.909 586 594 E secnvm : !@ NvmSegment::createSegment() for uuid=471480361391619214618258156162147168243172
03-01 11:35:24.909 586 594 E secnvm : !@ NvmSegment::createSegment() for uuid=471480361391619214618258156162147168243172
03-01 11:35:24.909 586 594 E secnvm : !@ NvmSegment::createSegment() for uuid=471480361391619214618258156162147168243172
03-01 11:35:24.909 586 594 E secnvm : !@ NvmSegment::createSegment() for uuid=471480361391619214618258156162147168243172
03-01 11:35:24.909 586 594 D spcomlib: [spcom_ion_alloc] ion_fd = [10], round up ion size = [69632].
03-01 11:35:24.910 586 594 D spcomlib: [spcom_ion_alloc] ion buf fd = [13].
03-01 11:35:24.910 586 594 D secnvm : ch [sec_nvm_sp_keymaster] ari, no-skp: marker points to req CMAC
03-01 11:35:24.910 586 594 D secnvm : file_marker=76 b0 1d 26 06 a4 ad 25 8f df 6e cc a2 86 0a 1f
03-01 11:35:24.910 586 594 D secnvm : marker=1f 0e ef e9 5f 8a 96 62 fc 80 68 b1 79 55 56 2b
03-01 11:35:24.910 586 594 D secnvm : found marker for file
03-01 11:35:24.910 586 594 D secnvm : m_is_ari: 1, m_is_ari_bypass: 0
03-01 11:35:24.910 586 594 D secnvm : match marker of /mnt/vendor/persist/secnvm/471480361391619214618258156162147168243172_0_1
03-01 11:35:24.910 586 594 D secnvm : load 64 blocks starting from 0
03-01 11:35:24.911 586 594 D secnvm : load 64 hash blocks starting from 65536
03-01 11:35:24.911 586 594 D secnvm : actual transaction counter: 23
03-01 11:35:24.911 586 594 D secnvm : successfully uploaded segment to DDR
03-01 11:35:24.911 586 594 D spcomlib: [find_ch] found ch [sec_nvm_sp_keymaster].
03-01 11:35:24.911 586 594 D spcomlib: [spcom_lock_ion_buffer] Write() lock ION buf.
03-01 11:35:24.911 586 594 D spcomlib: [spcom_is_ch_connected] channel connection state:1
03-01 11:35:24.911 586 594 D secnvm : setNvmManagerState: is_skp:0, reqId:10, m_state=4
03-01 11:35:24.929 557 570 D SPL : poll() ret [1].
03-01 11:35:24.929 557 570 D SPL : pfd[0].revents [0x1].
03-01 11:35:24.929 557 570 D SPL : pfd[1].revents [0x0].
03-01 11:35:24.929 557 570 D SPL : IRQ Detected OK.
03-01 11:35:24.929 557 570 D SPL : Send Response
03-01 11:35:24.929 557 570 D SPL : QSEECom_send_resp() OK.
03-01 11:35:24.929 557 570 D SPL : ==== Wait For Request ======
03-01 11:35:24.930 557 570 D SPL : Handle Request
03-01 11:35:24.930 557 570 E SPL : unknown cmd id [57005]
03-01 11:35:24.930 557 570 D SPL : Send Response
03-01 11:35:24.930 557 570 D SPL : QSEECom_send_resp() OK.
03-01 11:35:24.930 557 570 D SPL : ==== Wait For Request ======
03-01 11:35:24.933 557 570 D SPL : Handle Request
03-01 11:35:24.933 557 570 D SPL : Dev node [/dev/qsee_ipc_irq_spss] opened OK.
03-01 11:35:24.933 557 570 D SPL : timeout_msec [120000]
03-01 11:35:24.933 557 570 D SPL : pfd[0].fd [34].
03-01 11:35:24.933 557 570 D SPL : pfd[1].fd [29].
03-01 11:35:24.933 557 570 D SPL : Call poll()
03-01 11:35:24.933 557 570 D SPL : poll() ret [1].
03-01 11:35:24.933 557 570 D SPL : pfd[0].revents [0x1].
03-01 11:35:24.933 557 570 D SPL : pfd[1].revents [0x0].
03-01 11:35:24.933 557 570 D SPL : IRQ Detected OK.
03-01 11:35:24.933 557 570 D SPL : Send Response
03-01 11:35:24.933 557 570 D SPL : QSEECom_send_resp() OK.
03-01 11:35:24.933 557 570 D SPL : ==== Wait For Request ======
03-01 11:35:24.934 557 570 D SPL : Handle Request
03-01 11:35:24.934 557 570 D SPL : Dev node [/dev/qsee_ipc_irq_spss] opened OK.
03-01 11:35:24.934 557 570 D SPL : timeout_msec [120000]
03-01 11:35:24.934 557 570 D SPL : pfd[0].fd [34].
03-01 11:35:24.934 557 570 D SPL : pfd[1].fd [29].
03-01 11:35:24.934 557 570 D SPL : Call poll()
03-01 11:35:24.935 557 570 D SPL : poll() ret [1].
03-01 11:35:24.935 557 570 D SPL : pfd[0].revents [0x1].
03-01 11:35:24.935 557 570 D SPL : pfd[1].revents [0x0].
03-01 11:35:24.935 557 570 D SPL : IRQ Detected OK.
03-01 11:35:24.935 557 570 D SPL : Send Response
03-01 11:35:24.935 557 570 D SPL : QSEECom_send_resp() OK.
03-01 11:35:24.935 557 570 D SPL : ==== Wait For Request ======
03-01 11:35:24.936 557 570 D SPL : Handle Request
03-01 11:35:24.936 557 570 E SPL : unknown cmd id [57005]
03-01 11:35:24.936 557 570 D SPL : Send Response
03-01 11:35:24.936 557 570 D SPL : QSEECom_send_resp() OK.
03-01 11:35:24.936 557 570 D SPL : ==== Wait For Request ======
03-01 11:35:24.939 557 570 D SPL : Handle Request
03-01 11:35:24.939 557 570 D SPL : Dev node [/dev/qsee_ipc_irq_spss] opened OK.
03-01 11:35:24.939 557 570 D SPL : timeout_msec [120000]
03-01 11:35:24.939 557 570 D SPL : pfd[0].fd [34].
03-01 11:35:24.939 557 570 D SPL : pfd[1].fd [29].
03-01 11:35:24.939 557 570 D SPL : Call poll()
03-01 11:35:24.939 557 570 D SPL : poll() ret [1].
03-01 11:35:24.939 557 570 D SPL : pfd[0].revents [0x1].
03-01 11:35:24.939 557 570 D SPL : pfd[1].revents [0x0].
03-01 11:35:24.939 557 570 D SPL : IRQ Detected OK.
03-01 11:35:24.939 557 570 D SPL : Send Response
03-01 11:35:24.939 557 570 D SPL : QSEECom_send_resp() OK.
03-01 11:35:24.939 557 570 D SPL : ==== Wait For Request ======
03-01 11:35:24.941 557 570 D SPL : Handle Request
03-01 11:35:24.941 557 570 D SPL : Dev node [/dev/qsee_ipc_irq_spss] opened OK.
03-01 11:35:24.941 557 570 D SPL : timeout_msec [120000]
03-01 11:35:24.941 557 570 D SPL : pfd[0].fd [34].
03-01 11:35:24.941 557 570 D SPL : pfd[1].fd [29].
03-01 11:35:24.941 557 570 D SPL : Call poll()
03-01 11:35:24.942 557 570 D SPL : poll() ret [1].
03-01 11:35:24.942 557 570 D SPL : pfd[0].revents [0x1].
03-01 11:35:24.942 557 570 D SPL : pfd[1].revents [0x0].
03-01 11:35:24.942 557 570 D SPL : IRQ Detected OK.
03-01 11:35:24.942 557 570 D SPL : Send Response
03-01 11:35:24.942 557 570 D SPL : QSEECom_send_resp() OK.
03-01 11:35:24.942 557 570 D SPL : ==== Wait For Request ======
03-01 11:35:24.942 557 570 D SPL : Handle Request
03-01 11:35:24.942 557 570 E SPL : unknown cmd id [57005]
03-01 11:35:24.942 557 570 D SPL : Send Response
03-01 11:35:24.942 557 570 D SPL : QSEECom_send_resp() OK.
03-01 11:35:24.942 557 570 D SPL : ==== Wait For Request ======
03-01 11:35:24.945 557 570 D SPL : Handle Request
03-01 11:35:24.945 557 570 D SPL : Dev node [/dev/qsee_ipc_irq_spss] opened OK.
03-01 11:35:24.945 557 570 D SPL : timeout_msec [120000]
03-01 11:35:24.945 557 570 D SPL : pfd[0].fd [34].
03-01 11:35:24.945 557 570 D SPL : pfd[1].fd [29].
03-01 11:35:24.945 557 570 D SPL : Call poll()
03-01 11:35:24.945 557 570 D SPL : poll() ret [1].
03-01 11:35:24.945 557 570 D SPL : pfd[0].revents [0x1].
03-01 11:35:24.945 557 570 D SPL : pfd[1].revents [0x0].
03-01 11:35:24.945 557 570 D SPL : IRQ Detected OK.
03-01 11:35:24.945 557 570 D SPL : Send Response
03-01 11:35:24.945 557 570 D SPL : QSEECom_send_resp() OK.
03-01 11:35:24.945 557 570 D SPL : ==== Wait For Request ======
03-01 11:35:24.947 557 570 D SPL : Handle Request
03-01 11:35:24.947 557 570 D SPL : Dev node [/dev/qsee_ipc_irq_spss] opened OK.
03-01 11:35:24.947 557 570 D SPL : timeout_msec [120000]
03-01 11:35:24.947 557 570 D SPL : pfd[0].fd [34].
03-01 11:35:24.947 557 570 D SPL : pfd[1].fd [29].
03-01 11:35:24.947 557 570 D SPL : Call poll()
03-01 11:35:24.948 557 570 D SPL : poll() ret [1].
03-01 11:35:24.948 557 570 D SPL : pfd[0].revents [0x1].
03-01 11:35:24.948 557 570 D SPL : pfd[1].revents [0x0].
03-01 11:35:24.948 557 570 D SPL : IRQ Detected OK.
03-01 11:35:24.948 557 570 D SPL : Send Response
03-01 11:35:24.948 557 570 D SPL : QSEECom_send_resp() OK.
03-01 11:35:24.948 557 570 D SPL : ==== Wait For Request ======
03-01 11:35:24.948 557 570 D SPL : Handle Request
03-01 11:35:24.948 557 570 E SPL : unknown cmd id [57005]
03-01 11:35:24.948 557 570 D SPL : Send Response
03-01 11:35:24.948 557 570 D SPL : QSEECom_send_resp() OK.
03-01 11:35:24.948 557 570 D SPL : ==== Wait For Request ======
03-01 11:35:24.952 557 570 D SPL : Handle Request
03-01 11:35:24.952 557 570 D SPL : Dev node [/dev/qsee_ipc_irq_spss] opened OK.
03-01 11:35:24.952 557 570 D SPL : timeout_msec [120000]
03-01 11:35:24.952 557 570 D SPL : pfd[0].fd [34].
03-01 11:35:24.952 557 570 D SPL : pfd[1].fd [29].
03-01 11:35:24.952 557 570 D SPL : Call poll()
03-01 11:35:24.952 557 570 D SPL : poll() ret [1].
03-01 11:35:24.952 557 570 D SPL : pfd[0].revents [0x1].
03-01 11:35:24.952 557 570 D SPL : pfd[1].revents [0x0].
03-01 11:35:24.952 557 570 D SPL : IRQ Detected OK.
03-01 11:35:24.952 557 570 D SPL : Send Response
03-01 11:35:24.952 557 570 D SPL : QSEECom_send_resp() OK.
03-01 11:35:24.952 557 570 D SPL : ==== Wait For Request ======
03-01 11:35:24.953 557 570 D SPL : Handle Request
03-01 11:35:24.953 557 570 D SPL : Dev node [/dev/qsee_ipc_irq_spss] opened OK.
03-01 11:35:24.953 557 570 D SPL : timeout_msec [120000]
03-01 11:35:24.953 557 570 D SPL : pfd[0].fd [34].
03-01 11:35:24.953 557 570 D SPL : pfd[1].fd [29].
03-01 11:35:24.953 557 570 D SPL : Call poll()
03-01 11:35:24.957 557 570 D SPL : poll() ret [1].
03-01 11:35:24.957 557 570 D SPL : pfd[0].revents [0x1].
03-01 11:35:24.957 557 570 D SPL : pfd[1].revents [0x0].
03-01 11:35:24.957 557 570 D SPL : IRQ Detected OK.
03-01 11:35:24.957 557 570 D SPL : Send Response
03-01 11:35:24.957 557 570 D SPL : QSEECom_send_resp() OK.
03-01 11:35:24.957 557 570 D SPL : ==== Wait For Request ======
03-01 11:35:24.974 1062 1516 I chatty : uid=1000(system) Binder:1062_5 expire 1 line
03-01 11:35:24.993 832 832 W wificond: Scan is not started. Ignore abort request
03-01 11:35:25.144 1823 1823 I GkServiceApp: Scheduling periodic GK update for userId=0
03-01 11:35:25.182 1062 1215 I chatty : uid=1000(system) ClientModeImpl expire 1 line
03-01 11:35:25.197 1062 1234 I chatty : uid=1000(system) ConnectivitySer expire 6 lines
03-01 11:35:25.291 1062 1062 I chatty : uid=1000 system_server expire 5 lines
03-01 11:35:25.293 1062 1062 D ConditionProviders.SCP: Scheduling evaluate for Wed Mar 01 22:00:00 PST 2023 (1677736800000), in +10h24m34s708ms, now=Wed Mar 01 11:35:25 PST 2023 (1677699325292)
03-01 11:35:25.294 1062 1234 D ConnectivityService: Setting DNS servers for network 100 to [/75.75.75.75, /75.75.76.76]
03-01 11:35:25.295 1062 1234 D DnsManager: setDnsConfigurationForNetwork(100, [75.75.75.75, 75.75.76.76], [], 1800, 25, 8, 64, 0, 0, , [])
03-01 11:35:25.295 1062 1234 E DnsManager: Error setting DNS configuration: android.os.ServiceSpecificException: Machine is not on the network (code 64)
03-01 11:35:25.307 1062 1234 D ConnectivityService: NetworkAgentInfo [WIFI () - 100] EVENT_NETWORK_INFO_CHANGED, going from CONNECTING to CONNECTED
03-01 11:35:25.314 1062 1234 W DnsManager: updatePrivateDns(100, PrivateDnsConfig{true:/[]})
03-01 11:35:25.314 1062 1234 D ConnectivityService: Setting DNS servers for network 100 to [/75.75.75.75, /75.75.76.76]
03-01 11:35:25.314 1062 1234 D DnsManager: setDnsConfigurationForNetwork(100, [75.75.75.75, 75.75.76.76], [], 1800, 25, 8, 64, 0, 0, , [75.75.75.75, 75.75.76.76])
03-01 11:35:25.318 1062 1234 D ConnectivityService: Adding iface wlan0 to network 100
03-01 11:35:25.319 1062 1234 D ConnectivityService: Setting DNS servers for network 100 to [/75.75.75.75, /75.75.76.76]
03-01 11:35:25.319 1062 1234 D DnsManager: setDnsConfigurationForNetwork(100, [75.75.75.75, 75.75.76.76], [], 1800, 25, 8, 64, 0, 0, , [75.75.75.75, 75.75.76.76])
03-01 11:35:25.333 693 928 E NetlinkEvent: NetlinkEvent::FindParam(): Parameter 'INTERFACE' not found
03-01 11:35:25.333 693 928 E NetlinkEvent: NetlinkEvent::FindParam(): Parameter 'STATE' not found
03-01 11:35:25.333 693 928 E NetlinkEvent: NetlinkEvent::FindParam(): Parameter 'TIME_NS' not found
03-01 11:35:25.333 693 928 E NetlinkEvent: NetlinkEvent::FindParam(): Parameter 'UID' not found
03-01 11:35:25.334 1062 1234 D ConnectivityService: Switching to new default network: NetworkAgentInfo{ ni{[type: WIFI[], state: CONNECTED/CONNECTED, reason: (unspecified), extra: (none), failover: false, available: true, roaming: false]} network{100} nethandle{432902426637} lp{{InterfaceName: wlan0 LinkAddresses: [ fe80::19d5:5c3e:50bd:199f/64,10.0.0.45/24 ] DnsAddresses: [ /75.75.75.75,/75.75.76.76 ] Domains: null MTU: 0 TcpBufferSizes: 524288,1048576,2097152,262144,524288,1048576 Routes: [ fe80::/64 -> :: wlan0,10.0.0.0/24 -> 0.0.0.0 wlan0,0.0.0.0/0 -> 10.0.0.1 wlan0 ]}} nc{[ Transports: WIFI Capabilities: NOT_METERED&INTERNET&NOT_RESTRICTED&TRUSTED&NOT_VPN&NOT_ROAMING&FOREGROUND&NOT_CONGESTED&NOT_SUSPENDED LinkUpBandwidth>=1048576Kbps LinkDnBandwidth>=1048576Kbps Specifier: SignalStrength: -50 SSID: "woofwoof"]} Score{20} everValidated{false} lastValidated{false} created{true} lingering{false} explicitlySelected{false} acceptUnvalidated{false} everCaptivePortalDetected{false} lastCaptivePortalDetected{false} captivePortalValidationPending{false} partialConnectivity{false} acceptPartialConnectivity{false} clat{mBaseIface: null, mIface: null, mState: IDLE} }
