03-01 11:38:11.354 2911 2911 D [SUI] SettingsAssistantJsonBuilder: Registering setting MOBILITY with route systemux://settings/mobility?setting=mobility_section
03-01 11:38:11.354 2911 2911 D [SUI] SettingsAssistantJsonBuilder: Registering setting SOUND with route systemux://settings/sound?setting=system_sound_section
03-01 11:38:11.354 2911 2911 D [SUI] SettingsAssistantJsonBuilder: Skipped NULL setting: NULL
03-01 11:38:11.354 2911 2911 D [SUI] SettingsAssistantJsonBuilder: Registering setting KEYBOARD with route systemux://settings/keyboard?setting=system_keyboard_section
03-01 11:38:11.354 2911 2911 D [SUI] SettingsAssistantJsonBuilder: Registering setting FORWARD_DIRECTION with route systemux://settings/controllers?setting=controllers_controller_calibration_forward_direction
03-01 11:38:11.354 2911 2911 D [SUI] SettingsAssistantJsonBuilder: Registering setting AUTO_SLEEP with route systemux://settings/power?setting=auto_sleep_time
03-01 11:38:11.354 2911 2911 D [SUI] SettingsAssistantJsonBuilder: Registering setting FLOOR_LEVEL with route systemux://settings/guardian_general?setting=sys_utils_redesign_menu_guardian_adjust_floor
03-01 11:38:11.354 2911 2911 D [SUI] SettingsAssistantJsonBuilder: Registering setting APPS_NOTIFICATIONS with route systemux://settings/phone_notifications?setting=phone_notifications_enabled_all_apps
03-01 11:38:11.354 2911 2911 D [SUI] SettingsAssistantJsonBuilder: Registering setting HEADSET_DISTANCE with route systemux://settings/guardian_roomscale?setting=headset_distance_sensitivity
03-01 11:38:11.354 2911 2911 D [SUI] SettingsAssistantJsonBuilder: Registering setting SECURITY_DEVICE_LOCK with route systemux://settings/security?setting=security_grid_tile
03-01 11:38:11.354 2911 2911 D [SUI] SettingsAssistantJsonBuilder: Registering setting DISPLAY_THEME_SUBSECTION with route systemux://settings/display_theme?setting=personalization_display_theme_section
03-01 11:38:11.354 2911 2911 D [SUI] SettingsAssistantJsonBuilder: Skipped existing setting: GUARDIAN
03-01 11:38:11.354 2911 2911 D [SUI] SettingsAssistantJsonBuilder: Registering setting VOICE_SELECTION with route systemux://settings/voice_commands?setting=assistant_voice_selection
03-01 11:38:11.354 2911 2911 D [SUI] SettingsAssistantJsonBuilder: Registering setting GUARDIAN_HISTORY with route systemux://settings/guardian_general?setting=guardian_clear_history
03-01 11:38:11.354 2911 2911 D [SUI] SettingsAssistantJsonBuilder: Registering setting GUARDIAN_MIXED_REALITY with route systemux://settings/guardian_mixed_reality?setting=guardian_mixed_reality
03-01 11:38:11.354 2911 2911 D [SUI] SettingsAssistantJsonBuilder: Registering setting SOFTWARE_UPDATE with route systemux://settings/software_update?setting=software_update
03-01 11:38:11.354 2911 2911 D [SUI] SettingsAssistantJsonBuilder: Registering setting HEADSET_SPEED with route systemux://settings/guardian_roomscale?setting=headset_speed_sensitivity
03-01 11:38:11.354 2911 2911 D [SUI] SettingsAssistantJsonBuilder: Registering setting AUTO_WAKE with route systemux://settings/power?setting=auto_wake
03-01 11:38:11.354 2911 2911 D [SUI] SettingsAssistantJsonBuilder: Registering setting FONT_SIZE with route systemux://settings/vision?setting=accessibility_font_size
03-01 11:38:11.354 2911 2911 D [SUI] SettingsAssistantJsonBuilder: Registering setting SHARE_SHARE_SPATIAL_DATA with route systemux://settings/device_permissions?setting=privacy_share_spatial_data
03-01 11:38:11.354 2911 2911 D [SUI] SettingsAssistantJsonBuilder: Registering setting HEARING with route systemux://settings?setting=accessibility_hearing_section
03-01 11:38:11.354 2911 2911 D [SUI] SettingsAssistantJsonBuilder: Skipped existing setting: KEYBOARD
03-01 11:38:11.354 2911 2911 D [SUI] SettingsAssistantJsonBuilder: Registering setting GUARDIAN_INTRUSION_DETECTION with route systemux://settings/guardian_roomscale?setting=guardian_enable_intrusion_detection
03-01 11:38:11.354 2911 2911 D [SUI] SettingsAssistantJsonBuilder: Skipped existing setting: VIBRATION_INTENSITY
03-01 11:38:11.354 2911 2911 D [SUI] SettingsAssistantJsonBuilder: Registering setting CONTROLLER_DISTANCE with route systemux://settings/guardian_roomscale?setting=controller_distance_sensitivity
03-01 11:38:11.354 2911 2911 D [SUI] SettingsAssistantJsonBuilder: Registering setting ABOUT with route systemux://settings/about?setting=system_about_section
03-01 11:38:11.354 2911 2911 D [SUI] SettingsAssistantJsonBuilder: Registering setting KEYBOARD_DICTATION_LEARNING with route systemux://settings/keyboard?setting=keyboard_dictation_federated_learning_enabled_new
03-01 11:38:11.354 2911 2911 D [SUI] SettingsAssistantJsonBuilder: Registering setting VIRTUAL_ENVIRONMENT with route systemux://settings/environment?setting=personalization_virtual_environment_section
03-01 11:38:11.354 2911 2911 D [SUI] SettingsAssistantJsonBuilder: Registering setting VOICE_ACTIVITY with route systemux://settings/voice_commands?setting=voice_commands_activity
03-01 11:38:11.354 2911 2911 D [SUI] SettingsAssistantJsonBuilder: Registering setting LIBRARY with route systemux://settings/library_personalization?setting=personalization_library_section
03-01 11:38:11.354 2911 2911 D [SUI] SettingsAssistantJsonBuilder: Registering setting TERMS_OF_SERVICE with route systemux://settings/about?setting=about_terms_of_service
03-01 11:38:11.354 2911 2911 D [SUI] SettingsAssistantJsonBuilder: Registering setting DEV_USB_DIALOG with route systemux://settings/developer?setting=mtp_dialog_toggle
03-01 11:38:11.354 2911 2911 D [SUI] SettingsAssistantJsonBuilder: Registering setting INSTALLED_APPS with route systemux://settings/applications?setting=installed_apps
03-01 11:38:11.354 2911 2911 D [SUI] SettingsAssistantJsonBuilder: Registering setting DISPLAY_CONTRAST with route systemux://settings/vision?setting=accessibility_display_contrast
03-01 11:38:11.354 2911 2911 D [SUI] SettingsAssistantJsonBuilder: Registering setting DO_NOT_DISTURB with route systemux://settings/sound?setting=sound_do_not_disturb
03-01 11:38:11.354 2911 2911 D [SUI] SettingsAssistantJsonBuilder: Registering setting VOICE_TRANSCRIPTS_STORAGE with route systemux://settings/voice_storage?setting=voice_transcripts_storage
03-01 11:38:11.354 2911 2911 D [SUI] SettingsAssistantJsonBuilder: Registering setting GUARDIAN_SENSITIVITY with route systemux://settings/guardian_roomscale?setting=simple_guardian_sensitivity
03-01 11:38:11.354 2911 2911 D [SUI] SettingsAssistantJsonBuilder: Registering setting DESK_CREATION with route systemux://settings/guardian_mixed_reality?setting=desk_creation
03-01 11:38:11.354 2911 2911 D [SUI] SettingsAssistantJsonBuilder: Registering setting VIDEO_CAPTURE_INDICATOR with route systemux://settings/capture?setting=video_capture_indicator
03-01 11:38:11.354 2911 2911 D [SUI] SettingsAssistantJsonBuilder: Registering setting DEVICE_LOCK with route systemux://settings/security?setting=security_pattern_device_lock_enabled
03-01 11:38:11.354 2911 2911 D [SUI] SettingsAssistantJsonBuilder: Registering setting PHONE_NOTIFICATION with route systemux://settings/phone_notifications?setting=iphone-pairing
03-01 11:38:11.354 2911 2911 D [SUI] SettingsAssistantJsonBuilder: Skipped NULL setting: NULL
03-01 11:38:11.354 2911 2911 D [SUI] SettingsAssistantJsonBuilder: Registering setting QUEST_LINK with route systemux://settings/quest_link?setting=quest_link
03-01 11:38:11.354 2911 2911 D [SUI] SettingsAssistantJsonBuilder: Registering setting SWAP_THUMBSTICKS with route systemux://settings/controllers?setting=controllers_swap_thumbsticks
03-01 11:38:11.354 2911 2911 D [SUI] SettingsAssistantJsonBuilder: Registering setting AUTO_CORRECT with route systemux://settings/keyboard?setting=keyboard_autocorrect
03-01 11:38:11.354 2911 2911 D [SUI] SettingsAssistantJsonBuilder: Registering setting OS_VERSION with route systemux://settings/software_update?setting=os_version
03-01 11:38:11.354 2911 2911 D [SUI] SettingsAssistantJsonBuilder: Registering setting HEADSET_TRACKING_FREQUENCY with route systemux://settings/headset_tracking?setting=tracking_frequency
03-01 11:38:11.354 2911 2911 D [SUI] SettingsAssistantJsonBuilder: Registering setting LONG_PRESS with route systemux://settings/controllers?setting=controllers_oculus_button_long_press
03-01 11:38:11.354 2911 2911 D [SUI] SettingsAssistantJsonBuilder: Registering setting DISPLAY with route systemux://settings/display?setting=system_display_section
03-01 11:38:11.354 2911 2911 D [SUI] SettingsAssistantJsonBuilder: Registering setting PAIRING_CODE with route systemux://settings/about?setting=pairing_code
03-01 11:38:11.354 2911 2911 D [SUI] SettingsAssistantJsonBuilder: Skipped existing setting: DO_NOT_DISTURB
03-01 11:38:11.354 2911 2911 D [SUI] SettingsAssistantJsonBuilder: Registering setting SYSTEM_UX_VERSION with route systemux://settings/software_update?setting=sysux_version
03-01 11:38:11.354 2911 2911 D [SUI] SettingsAssistantJsonBuilder: Registering setting COLOR_CORRECTION with route systemux://settings/color_filters?setting=color_correction
03-01 11:38:11.354 2911 2911 D [SUI] SettingsAssistantJsonBuilder: Registering setting AUTO_SYNC_MEDIA_TO_TW with route systemux://settings/capture?setting=auto_sync_media_to_tw
03-01 11:38:11.354 2911 2911 D [SUI] SettingsAssistantJsonBuilder: Skipped NULL setting: NULL
03-01 11:38:11.354 2911 2911 D [SUI] SettingsAssistantJsonBuilder: Registering setting STORAGE with route systemux://settings/storage?setting=storage_grid_tile
03-01 11:38:11.354 2911 2911 D [SUI] SettingsAssistantJsonBuilder: Registering setting HANDS_AND_CONTROLLERS with route systemux://settings/hands?setting=hand_control_grid_tile
03-01 11:38:11.354 2911 2911 D [SUI] SettingsAssistantJsonBuilder: Registering setting CLOUD_BACKUP with route systemux://settings/backup?setting=cloud_backup
03-01 11:38:11.354 2911 2911 D [SUI] SettingsAssistantJsonBuilder: Registering setting MAC_ADDRESS with route systemux://settings/about?setting=about_mac_address
03-01 11:38:11.354 2911 2911 D [SUI] SettingsAssistantJsonBuilder: Registering setting POWER with route systemux://settings/power?setting=system_power_section
03-01 11:38:11.354 2911 2911 D [SUI] SettingsAssistantJsonBuilder: Skipped NULL setting: NULL
03-01 11:38:11.354 2911 2911 D [SUI] SettingsAssistantJsonBuilder: Skipped NULL setting: NULL
03-01 11:38:11.354 2911 2911 D [SUI] SettingsAssistantJsonBuilder: Registering setting SWITCH_BUTTONS with route systemux://settings/mobility?setting=mobility_swap_system_button_handedness
03-01 11:38:11.354 2911 2911 D [SUI] SettingsAssistantJsonBuilder: Registering setting PRIVACY_POLICY with route systemux://settings/about?setting=about_privacy_policy
03-01 11:38:11.354 2911 2911 D [SUI] SettingsAssistantJsonBuilder: Registering setting LANGUAGE with route systemux://settings/language_and_region?setting=language
03-01 11:38:11.354 2911 2911 D [SUI] SettingsAssistantJsonBuilder: Registering setting KEYBOARD_LEARNING with route systemux://settings/keyboard?setting=keyboard_federated_learning_enabled_new
03-01 11:38:11.354 2911 2911 D [SUI] SettingsAssistantJsonBuilder: Registering setting VIDEO_CAPTURE_EYE_SELECTION with route systemux://settings/capture?setting=video_capture_eye_selection
03-01 11:38:11.354 2911 2911 D [SUI] SettingsAssistantJsonBuilder: Registering setting DEV_HAND_TRACKING_FREQUENCY with route systemux://settings/developer?setting=hand_tracking_frequency_override
03-01 11:38:11.354 2911 2911 D [SUI] SettingsAssistantJsonBuilder: Registering setting BOOST_HEIGHT with route systemux://settings/mobility?setting=mobility_boost_your_height
03-01 11:38:11.354 2911 2911 D [SUI] SettingsAssistantJsonBuilder: Skipped NULL setting: NULL
03-01 11:38:11.354 2911 2911 D [SUI] SettingsAssistantJsonBuilder: Skipped NULL setting: NULL
03-01 11:38:11.354 2911 2911 D [SUI] SettingsAssistantJsonBuilder: Registering setting REFRESH_RATE with route systemux://settings/display?setting=120hz-refresh-rate
03-01 11:38:11.354 2911 2911 D [SUI] SettingsAssistantJsonBuilder: Registering setting SWAP_HANDEDNESS with route systemux://settings/hands?setting=hands_swap_system_button_handedness
03-01 11:38:11.354 2911 2911 D [SUI] SettingsAssistantJsonBuilder: Skipped existing setting: HAND_TRACKING
03-01 11:38:11.364 6720 6732 I guardianservic: Background young concurrent copying GC freed 8444(1917KB) AllocSpace objects, 8(160KB) LOS objects, 96% free, 1004KB/24MB, paused 165us total 363.078ms
03-01 11:38:11.366 3628 5595 I [SEO] PanelAppHost: Setting panel layer visibility of layer "#main" to visible, panel 7 (com.oculus.systemux/com.oculus.panelapp.anytimeui.AnytimeUIAndroidPanelService)
03-01 11:38:11.397 2738 3168 W DeviceConfigUtil: Try to get config param "oculus_presence_service:party_service_in_presence_service" before Device Config has subscribed to the service.
03-01 11:38:11.413 1968 3457 I MobileConfigFactoryImpl: Registered SESSIONLESS factory change listener: ok
03-01 11:38:11.413 1968 3457 I MobileConfigFactoryImpl: Set Java EP Handler
03-01 11:38:11.519 2911 2911 D [SUI] SystemUXFunnelLogServerLogger: VPV Event: oculus_impressions_tile_vpved LogInfo{duration=250, mLogId='com.oculus.explore', mContentType=APP, mPosX=0, mPosy=0, mGlobalPos=0, mSurface=AUI, mSubSurface=null, mClickEventType=null, mClickEventName=null, mAdditionalParameters={aui_section=pinned, aui_position_in_section=0}}
03-01 11:38:11.519 2911 2911 D [SUI] SystemUXFunnelLogServerLogger: VPV Event: oculus_impressions_tile_vpved LogInfo{duration=250, mLogId='com.oculus.store', mContentType=APP, mPosX=1, mPosy=0, mGlobalPos=1, mSurface=AUI, mSubSurface=null, mClickEventType=null, mClickEventName=null, mAdditionalParameters={aui_section=pinned, aui_position_in_section=1}}
03-01 11:38:11.519 2911 2911 D [SUI] SystemUXFunnelLogServerLogger: VPV Event: oculus_impressions_tile_vpved LogInfo{duration=250, mLogId='messenger_system_app', mContentType=APP, mPosX=2, mPosy=0, mGlobalPos=2, mSurface=AUI, mSubSurface=null, mClickEventType=null, mClickEventName=null, mAdditionalParameters={aui_section=pinned, aui_position_in_section=2}}
03-01 11:38:11.519 2911 2911 D [SUI] SystemUXFunnelLogServerLogger: VPV Event: oculus_impressions_tile_vpved LogInfo{duration=250, mLogId='share_system_app', mContentType=APP, mPosX=3, mPosy=0, mGlobalPos=3, mSurface=AUI, mSubSurface=null, mClickEventType=null, mClickEventName=null, mAdditionalParameters={aui_section=pinned, aui_position_in_section=3}}
03-01 11:38:11.519 2911 2911 D [SUI] SystemUXFunnelLogServerLogger: VPV Event: oculus_impressions_tile_vpved LogInfo{duration=250, mLogId='file_manager', mContentType=APP, mPosX=5, mPosy=0, mGlobalPos=5, mSurface=AUI, mSubSurface=null, mClickEventType=null, mClickEventName=null, mAdditionalParameters={aui_section=recent, aui_position_in_section=0}}
03-01 11:38:11.558 1062 1074 I system_server: Background young concurrent copying GC freed 285318(8228KB) AllocSpace objects, 51(3840KB) LOS objects, 37% free, 17MB/28MB, paused 8.453ms total 1.121s
03-01 11:38:11.613 1968 3457 I MobileConfigFactoryImpl: Registered SESSIONBASED factory change listener: ok
03-01 11:38:11.613 1968 3457 I MobileConfigFactoryImpl: Set Java EP Handler
03-01 11:38:11.631 1968 5896 E LoggingErrorHandler: Retrofit error, url: [https://graph.oculus.com/graphql?q=Mutation+FBTokenGenerate+%3A+FBTokenGenerateResponsePayload+%7B++facebook_access_token_generate%28%3Cinput%3E%29+%7B++++access_token%2C+++++fb_user_id%2C+++++fb_app_id++%7D%7D], kind: [HTTP], status: [400 - ], headers: [content-type: application/json; charset=UTF-8, www-authenticate: OAuth "Facebook Platform" "invalid_request" "The action attempted has been deemed abusive or is otherwise disallowed", oculus-api-version: v1.0, access-control-expose-headers: X-FB-Debug, X-Loader-Length, access-control-allow-methods: OPTIONS, access-control-allow-credentials: true, access-control-allow-origin: https://facebook.com, vary: Origin, vary: Accept-Encoding, strict-transport-security: max-age=31536000; preload; includeSubDomains, pragma: no-cache, cache-control: no-store, expires: Sat, 01 Jan 2000 00:00:00 GMT, x-fb-request-id: A_DHecjRjvKrjN8lvj-7amg, x-fb-trace-id: EAl8j1X7lXY, x-fb-rev: 1007034293, x-fb-debug: tKRazB8yyzDD36vTRu4GqMfvSiz9OTOlzt9+Zb4ZvO8L3Zfxkvg+wpcEkKXctgg/TfXbwr8tqK41tRvXyfW62A==, content-length: 338, date: Wed, 01 Mar 2023 19:38:11 GMT], body: [{"error":{"message":"The action attempted has been deemed abusive or is otherwise disallowed","type":"OAuthException","code":368,"error_subcode":1390008,"is_transient":false,"error_user_title":"You Can't Use This Feature Right Now","error_user_msg":"We limit how often you can post, comment or do other things in a given amount of time in order to help protect the community from spam. You can try again later. Learn More","fbtrace_id":"A_DHecjRjvKrjN8lvj-7amg"}}]
03-01 11:38:11.665 1968 1968 E FBConnectHelper: generateFBAccessToken failed
03-01 11:38:11.665 1968 1968 E FBConnectHelper: com.oculus.http.core.base.ApiError: retrofit.RetrofitError: 400
03-01 11:38:11.665 1968 1968 E FBConnectHelper: at com.oculus.http.core.base.ApiCallback.failure(:6)
03-01 11:38:11.665 1968 1968 E FBConnectHelper: at retrofit.CallbackRunnable$2.run(:6)
03-01 11:38:11.665 1968 1968 E FBConnectHelper: at android.os.Handler.handleCallback(Handler.java:886)
03-01 11:38:11.665 1968 1968 E FBConnectHelper: at android.os.Handler.dispatchMessage(Handler.java:102)
03-01 11:38:11.665 1968 1968 E FBConnectHelper: at android.os.Looper.loop(Looper.java:227)
03-01 11:38:11.665 1968 1968 E FBConnectHelper: at android.app.ActivityThread.main(ActivityThread.java:7436)
03-01 11:38:11.665 1968 1968 E FBConnectHelper: at java.lang.reflect.Method.invoke(Native Method)
03-01 11:38:11.665 1968 1968 E FBConnectHelper: at com.android.internal.os.RuntimeInit$MethodAndArgsCaller.run(RuntimeInit.java:492)
03-01 11:38:11.665 1968 1968 E FBConnectHelper: at com.android.internal.os.ZygoteInit.main(ZygoteInit.java:936)
03-01 11:38:11.665 1968 1968 E FBConnectHelper: Caused by: retrofit.RetrofitError: 400
03-01 11:38:11.665 1968 1968 E FBConnectHelper: at retrofit.RestAdapter$RestHandler.invokeRequest(:289)
03-01 11:38:11.665 1968 1968 E FBConnectHelper: at retrofit.RestAdapter$RestHandler.access$100(:0)
03-01 11:38:11.665 1968 1968 E FBConnectHelper: at retrofit.RestAdapter$RestHandler$2.obtainResponse(:8)
03-01 11:38:11.665 1968 1968 E FBConnectHelper: at retrofit.CallbackRunnable.run(:0)
03-01 11:38:11.665 1968 1968 E FBConnectHelper: at java.util.concurrent.ThreadPoolExecutor.runWorker(ThreadPoolExecutor.java:1167)
03-01 11:38:11.665 1968 1968 E FBConnectHelper: at java.util.concurrent.ThreadPoolExecutor$Worker.run(ThreadPoolExecutor.java:641)
03-01 11:38:11.665 1968 1968 E FBConnectHelper: at retrofit.Platform$Android$2$1.run(:7)
03-01 11:38:11.665 1968 1968 E FBConnectHelper: at java.lang.Thread.run(Thread.java:919)
03-01 11:38:11.666 1968 3165 E AuthLogger: Action failed: OBTAIN_TOKEN, callingPackage: com.oculus.systemutilities, accountType: com.facebook, tokenType: , extras: {}, duration: 1164ms
03-01 11:38:11.666 1968 3165 E AuthLogger: com.oculus.auth.components.NetworkError: java.io.IOException: com.oculus.http.core.base.ApiError: retrofit.RetrofitError: 400
03-01 11:38:11.666 1968 3165 E AuthLogger: at com.oculus.auth.authenticator.facebook.FacebookAuthenticator.obtainTokenLegacyPath(:61)
03-01 11:38:11.666 1968 3165 E AuthLogger: at com.oculus.auth.authenticator.facebook.FacebookAuthenticator.doGetAuthToken(:26)
03-01 11:38:11.666 1968 3165 E AuthLogger: at com.oculus.auth.authenticator.common.BaseAuthenticator.getAuthToken(:105)
03-01 11:38:11.666 1968 3165 E AuthLogger: at android.accounts.AbstractAccountAuthenticator$Transport.getAuthToken(AbstractAccountAuthenticator.java:246)
03-01 11:38:11.666 1968 3165 E AuthLogger: at android.accounts.IAccountAuthenticator$Stub.onTransact(IAccountAuthenticator.java:281)
03-01 11:38:11.666 1968 3165 E AuthLogger: at android.os.Binder.execTransactInternal(Binder.java:1021)
03-01 11:38:11.666 1968 3165 E AuthLogger: at android.os.Binder.execTransact(Binder.java:994)
03-01 11:38:11.666 1968 3165 E AuthLogger: Caused by: java.io.IOException: com.oculus.http.core.base.ApiError: retrofit.RetrofitError: 400
03-01 11:38:11.666 1968 3165 E AuthLogger: at com.oculus.horizon.fbconnect.FBConnectHelper.ensureFreshToken(:20)
03-01 11:38:11.666 1968 3165 E AuthLogger: at com.oculus.auth.authenticator.facebook.FacebookAuthenticator.updateAccessTokenIfNecessary(:8)
03-01 11:38:11.666 1968 3165 E AuthLogger: at com.oculus.auth.authenticator.facebook.FacebookAuthenticator.obtainTokenLegacyPath(:24)
03-01 11:38:11.666 1968 3165 E AuthLogger: ... 6 more
03-01 11:38:11.666 1968 3165 E AuthLogger: Caused by: com.oculus.http.core.base.ApiError: retrofit.RetrofitError: 400
03-01 11:38:11.666 1968 3165 E AuthLogger: at com.oculus.http.core.base.ApiCallback.failure(:6)
03-01 11:38:11.666 1968 3165 E AuthLogger: at retrofit.CallbackRunnable$2.run(:6)
03-01 11:38:11.666 1968 3165 E AuthLogger: at android.os.Handler.handleCallback(Handler.java:886)
03-01 11:38:11.666 1968 3165 E AuthLogger: at android.os.Handler.dispatchMessage(Handler.java:102)
03-01 11:38:11.666 1968 3165 E AuthLogger: at android.os.Looper.loop(Looper.java:227)
03-01 11:38:11.666 1968 3165 E AuthLogger: at android.app.ActivityThread.main(ActivityThread.java:7436)
03-01 11:38:11.666 1968 3165 E AuthLogger: at java.lang.reflect.Method.invoke(Native Method)
03-01 11:38:11.666 1968 3165 E AuthLogger: at com.android.internal.os.RuntimeInit$MethodAndArgsCaller.run(RuntimeInit.java:492)
03-01 11:38:11.666 1968 3165 E AuthLogger: at com.android.internal.os.ZygoteInit.main(ZygoteInit.java:936)
03-01 11:38:11.666 1968 3165 E AuthLogger: Caused by: retrofit.RetrofitError: 400
03-01 11:38:11.666 1968 3165 E AuthLogger: at retrofit.RestAdapter$RestHandler.invokeRequest(:289)
03-01 11:38:11.666 1968 3165 E AuthLogger: at retrofit.RestAdapter$RestHandler.access$100(:0)
03-01 11:38:11.666 1968 3165 E AuthLogger: at retrofit.RestAdapter$RestHandler$2.obtainResponse(:8)
03-01 11:38:11.666 1968 3165 E AuthLogger: at retrofit.CallbackRunnable.run(:0)
03-01 11:38:11.666 1968 3165 E AuthLogger: at java.util.concurrent.ThreadPoolExecutor.runWorker(ThreadPoolExecutor.java:1167)
03-01 11:38:11.666 1968 3165 E AuthLogger: at java.util.concurrent.ThreadPoolExecutor$Worker.run(ThreadPoolExecutor.java:641)
03-01 11:38:11.666 1968 3165 E AuthLogger: at retrofit.Platform$Android$2$1.run(:7)
03-01 11:38:11.666 1968 3165 E AuthLogger: at java.lang.Thread.run(Thread.java:919)
03-01 11:38:11.677 2870 2937 D MediaUploader: key: 683c33b5e777277fbfdc359d3719a71d, number of attempts: 16
03-01 11:38:11.690 2870 2937 E MediaUploader: Upload failed
03-01 11:38:11.690 2870 2937 E MediaUploader: java.io.IOException: com.oculus.auth.components.NetworkError: java.io.IOException: com.oculus.http.core.base.ApiError: retrofit.RetrofitError: 400
03-01 11:38:11.690 2870 2937 E MediaUploader: at android.accounts.AccountManager.convertErrorToException(AccountManager.java:2514)
03-01 11:38:11.690 2870 2937 E MediaUploader: at android.accounts.AccountManager.access$700(AccountManager.java:162)
03-01 11:38:11.690 2870 2937 E MediaUploader: at android.accounts.AccountManager$AmsTask$Response.onError(AccountManager.java:2365)
03-01 11:38:11.690 2870 2937 E MediaUploader: at android.accounts.IAccountManagerResponse$Stub.onTransact(IAccountManagerResponse.java:106)
03-01 11:38:11.690 2870 2937 E MediaUploader: at android.os.Binder.execTransactInternal(Binder.java:1021)
03-01 11:38:11.690 2870 2937 E MediaUploader: at android.os.Binder.execTransact(Binder.java:994)
03-01 11:38:11.694 2870 2909 I WM-WorkerWrapper: Worker result FAILURE for Work [ id=f23b2d7f-0037-4664-b5b1-b0f739bcef91, tags={ com.oculus.systemutilities.MediaUploader$UploadMediaWorker, system_utilities_media_sync, system_utilities_media_sync_auto_upload, system_utilities_media_sync_upload } ]
03-01 11:38:11.769 1062 1076 W System : A resource failed to call release.
03-01 11:38:11.828 1062 1076 W System : A resource failed to call close.
03-01 11:38:11.847 2870 2937 I MediaUploader: Start uploading media
03-01 11:38:11.850 5489 6779 D CCodec : allocate(c2.android.vorbis.decoder)
03-01 11:38:11.850 843 843 V C2Store : in init
03-01 11:38:11.850 843 843 V C2Store : loading dll
03-01 11:38:11.854 5489 6779 I CCodec : Created component [c2.android.vorbis.decoder]
03-01 11:38:11.858 5489 6779 D CCodecConfig: read media type: audio/vorbis
03-01 11:38:11.861 5489 6779 D ReflectedParamUpdater: extent() != 1 for single value type: algo.buffers.max-count.values
03-01 11:38:11.862 5489 6779 D ReflectedParamUpdater: extent() != 1 for single value type: output.subscribed-indices.values
03-01 11:38:11.862 5489 6779 D ReflectedParamUpdater: extent() != 1 for single value type: input.buffers.allocator-ids.values
03-01 11:38:11.862 5489 6779 D ReflectedParamUpdater: extent() != 1 for single value type: output.buffers.allocator-ids.values
03-01 11:38:11.862 5489 6779 D ReflectedParamUpdater: extent() != 1 for single value type: algo.buffers.allocator-ids.values
03-01 11:38:11.862 5489 6779 D ReflectedParamUpdater: extent() != 1 for single value type: output.buffers.pool-ids.values
03-01 11:38:11.862 5489 6779 D ReflectedParamUpdater: extent() != 1 for single value type: algo.buffers.pool-ids.values
03-01 11:38:11.863 5489 6779 I CCodecConfig: query failed after returning 7 values (BAD_INDEX)
03-01 11:38:11.863 5489 6779 D CCodecConfig: c2 config diff is Dict {
03-01 11:38:11.863 5489 6779 D CCodecConfig: c2::u32 coded.bitrate.value = 64000
03-01 11:38:11.863 5489 6779 D CCodecConfig: c2::u32 input.buffers.max-size.value = 32768
03-01 11:38:11.863 5489 6779 D CCodecConfig: c2::u32 input.delay.value = 0
03-01 11:38:11.863 5489 6779 D CCodecConfig: string input.media-type.value = "audio/vorbis"
03-01 11:38:11.863 5489 6779 D CCodecConfig: string output.media-type.value = "audio/raw"
03-01 11:38:11.863 5489 6779 D CCodecConfig: c2::u32 raw.channel-count.value = 1
03-01 11:38:11.863 5489 6779 D CCodecConfig: c2::u32 raw.sample-rate.value = 48000
03-01 11:38:11.863 5489 6779 D CCodecConfig: }
03-01 11:38:11.864 5489 6779 D CCodecConfig: no c2 equivalents for durationUs
03-01 11:38:11.864 5489 6779 D CCodecConfig: no c2 equivalents for csd-1
03-01 11:38:11.864 5489 6779 D CCodecConfig: no c2 equivalents for track-id
03-01 11:38:11.864 5489 6779 D CCodecConfig: no c2 equivalents for channel-mask
03-01 11:38:11.864 5489 6779 D CCodecConfig: c2 config diff is c2::u32 raw.channel-count.value = 4
03-01 11:38:11.864 5489 6779 W Codec2Client: query -- param skipped: index = 1107298332.
03-01 11:38:11.864 5489 6779 D CCodec : setup formats input: AMessage(what = 0x00000000) = {
03-01 11:38:11.864 5489 6779 D CCodec : int32_t channel-count = 4
03-01 11:38:11.864 5489 6779 D CCodec : int32_t max-input-size = 32768
03-01 11:38:11.864 5489 6779 D CCodec : string mime = "audio/vorbis"
03-01 11:38:11.864 5489 6779 D CCodec : int32_t sample-rate = 48000
03-01 11:38:11.864 5489 6779 D CCodec : } and output: AMessage(what = 0x00000000) = {
03-01 11:38:11.864 5489 6779 D CCodec : int32_t channel-count = 4
03-01 11:38:11.864 5489 6779 D CCodec : string mime = "audio/raw"
03-01 11:38:11.864 5489 6779 D CCodec : int32_t sample-rate = 48000
03-01 11:38:11.864 5489 6779 D CCodec : int32_t channel-mask = 51
03-01 11:38:11.864 5489 6779 D CCodec : }
03-01 11:38:11.867 2870 2937 I MediaUploader: media sync preference is enabled: true
03-01 11:38:11.873 843 843 V C2Store : in ~ComponentModule
03-01 11:38:11.873 843 843 V C2Store : unloading dll
03-01 11:38:11.892 853 3285 I [CT] : VIPER: Mode=SuperVega,Status=6DoF,TRACKING,Inl=27,Mem=91.1,Jit=0.0mm,Issues(Cam/min=0.0,IMU/min=0.0),Exp=(3.9ms,g=2.0,I=75,Ir=9845.0)(5.9ms,g=4.0,I=107,Ir=4535.2)(5.9ms,g=4.0,I=121,Ir=5138.7)(5.3ms,g=2.0,I=75,Ir=7041.6)
03-01 11:38:11.929 1968 3457 I MobileConfigFactoryImpl: Created MobileConfigFactoryImpl, unitType:8
03-01 11:38:11.941 1968 3434 I MobileConfigFactoryImpl: Created MobileConfigFactoryImpl, unitType:2
03-01 11:38:11.941 1968 3434 I MobileConfigFactoryImpl: Created MobileConfigFactoryImpl, unitType:1
03-01 11:38:11.941 1968 3457 E MobileConfigServiceImpl: exception while trying to subscribe
03-01 11:38:11.941 1968 3457 E MobileConfigServiceImpl: java.lang.IllegalArgumentException: account is null
03-01 11:38:11.941 1968 3457 E MobileConfigServiceImpl: at android.accounts.AccountManager.getAuthToken(AccountManager.java:1778)
03-01 11:38:11.941 1968 3457 E MobileConfigServiceImpl: at com.oculus.deviceconfigservice.FRLAuthedHttpClient.A00(:28)
03-01 11:38:11.941 1968 3457 E MobileConfigServiceImpl: at com.oculus.deviceconfigservice.MobileConfigServiceHelper.A00(:254)
03-01 11:38:11.941 1968 3457 E MobileConfigServiceImpl: at X.1mj.(:274)
03-01 11:38:11.941 1968 3457 E MobileConfigServiceImpl: at X.0qq.A00(:66554)
03-01 11:38:11.941 1968 3457 E MobileConfigServiceImpl: at X.0qs.A03(:6)
03-01 11:38:11.941 1968 3457 E MobileConfigServiceImpl: at X.0nT.A01(:51)
03-01 11:38:11.941 1968 3457 E MobileConfigServiceImpl: at X.0nT.A00(:12)
03-01 11:38:11.941 1968 3457 E MobileConfigServiceImpl: at com.oculus.deviceconfigservice.MobileConfigInitModule.A00(:5)
03-01 11:38:11.941 1968 3457 E MobileConfigServiceImpl: at X.0qq.A00(:66751)
03-01 11:38:11.941 1968 3457 E MobileConfigServiceImpl: at X.0qs.A03(:6)
03-01 11:38:11.941 1968 3457 E MobileConfigServiceImpl: at X.0UX.A01(:51)
03-01 11:38:11.941 1968 3457 E MobileConfigServiceImpl: at X.08I.get(:38)
03-01 11:38:11.941 1968 3457 E MobileConfigServiceImpl: at X.1el.run(:4)
03-01 11:38:11.941 1968 3457 E MobileConfigServiceImpl: at com.oculus.deviceconfigservice.MobileConfigServiceHelper$4.call(:2)
03-01 11:38:11.941 1968 3457 E MobileConfigServiceImpl: at X.1NJ.run(:4)
03-01 11:38:11.941 1968 3457 E MobileConfigServiceImpl: at java.util.concurrent.ThreadPoolExecutor.runWorker(ThreadPoolExecutor.java:1167)
03-01 11:38:11.941 1968 3457 E MobileConfigServiceImpl: at java.util.concurrent.ThreadPoolExecutor$Worker.run(ThreadPoolExecutor.java:641)
03-01 11:38:11.941 1968 3457 E MobileConfigServiceImpl: at java.lang.Thread.run(Thread.java:919)
03-01 11:38:11.942 1968 3434 I MobileConfigFactoryImpl: Created MobileConfigFactoryImpl, unitType:2
03-01 11:38:11.943 1968 3434 I MobileConfigFactoryImpl: Created MobileConfigFactoryImpl, unitType:1
03-01 11:38:11.944 6720 6720 E DeviceConfigTelemetryLogger: onFailure(exception)
03-01 11:38:11.963 6720 6720 E DeviceConfigTelemetryLogger: onFailure(exception)
03-01 11:38:11.966 6720 6720 D VrGuardianUserService: DeviceConfig - onFailure - Error: exception
03-01 11:38:11.978 3292 3447 I [OAO] ShellOverlayApp: Sleep timeout exceeded. Timeout:180.131802, Now:180.162711. Sleeping...
03-01 11:38:11.978 3292 3447 I [OAO] ShellOverlayApp: WaitForWake: VrThread entering waiting state
03-01 11:38:11.981 6720 6783 D MobileConfigBaseClient: connect()
03-01 11:38:11.982 2981 2981 V MIGHTY_LOG: [trace] ForegroundAppProvider: Current Foreground Package - com.oculus.shellenv, Class: com.oculus.shellenv.ShellEnvActivity
03-01 11:38:11.990 6720 6783 D MobileConfigBaseClient: awaitService()
03-01 11:38:11.996 6720 6720 D MobileConfigBaseClient: Connected to MobileConfigService
03-01 11:38:12.002 5489 6700 I VrApi : FPS=75/90,Prd=32ms,Tear=0,Early=49,Stale=0,Stale2/5/10/max=0/0/0/0,VSnc=0,Lat=-1,Fov=0,CPU4/GPU=3/3,2419/490MHz,OC=FF,TA=0/70/0,SP=N/F/N,Mem=2092MHz,Free=2848MB,PLS=0,Temp=40.2C/0.0C,TW=1.89ms,App=6.32ms,GD=0.00ms,CPU&GPU=8.57ms,LCnt=2(DR6,LM0),GPU%=0.76,CPU%=0.14(W0.22),DSF=1.00,CFL=14.44/19.87
03-01 11:38:12.050 1968 1968 I AuthLogger: Action succeeded: FBCONNECT_FETCH_ACCOUNT, callingPackage: com.oculus.horizon, accountType: null, tokenType: null, extras: {origin=FacebookAuthenticator}, duration: 0ms
03-01 11:38:12.062 1968 1986 I .oculus.horizo: Background young concurrent copying GC freed 295832(16MB) AllocSpace objects, 115(8076KB) LOS objects, 30% free, 52MB/75MB, paused 67us total 326.107ms
03-01 11:38:12.078 1968 3434 I MobileConfigFactoryImpl: Registered SESSIONLESS factory change listener: ok
03-01 11:38:12.078 1968 3434 I MobileConfigFactoryImpl: Set Java EP Handler
03-01 11:38:12.148 2981 2981 V MIGHTY_LOG: DeviceStatusManager: Successfully sent device updating to server
03-01 11:38:12.177 5489 6784 D CCodec : allocate(c2.android.vorbis.decoder)
03-01 11:38:12.178 843 843 V C2Store : in init
03-01 11:38:12.178 843 843 V C2Store : loading dll
03-01 11:38:12.183 5489 6784 I CCodec : Created component [c2.android.vorbis.decoder]
03-01 11:38:12.184 5489 6784 D CCodecConfig: read media type: audio/vorbis
03-01 11:38:12.186 5489 6784 D ReflectedParamUpdater: extent() != 1 for single value type: algo.buffers.max-count.values
03-01 11:38:12.191 5489 6784 D ReflectedParamUpdater: extent() != 1 for single value type: output.subscribed-indices.values
03-01 11:38:12.191 5489 6784 D ReflectedParamUpdater: extent() != 1 for single value type: input.buffers.allocator-ids.values
03-01 11:38:12.193 5489 6784 D ReflectedParamUpdater: extent() != 1 for single value type: output.buffers.allocator-ids.values
03-01 11:38:12.193 5489 6784 D ReflectedParamUpdater: extent() != 1 for single value type: algo.buffers.allocator-ids.values
03-01 11:38:12.195 5489 6784 D ReflectedParamUpdater: extent() != 1 for single value type: output.buffers.pool-ids.values
03-01 11:38:12.195 5489 6784 D ReflectedParamUpdater: extent() != 1 for single value type: algo.buffers.pool-ids.values
03-01 11:38:12.196 5489 6784 I CCodecConfig: query failed after returning 7 values (BAD_INDEX)
03-01 11:38:12.196 5489 6784 D CCodecConfig: c2 config diff is Dict {
03-01 11:38:12.196 5489 6784 D CCodecConfig: c2::u32 coded.bitrate.value = 64000
03-01 11:38:12.196 5489 6784 D CCodecConfig: c2::u32 input.buffers.max-size.value = 32768
03-01 11:38:12.196 5489 6784 D CCodecConfig: c2::u32 input.delay.value = 0
03-01 11:38:12.196 5489 6784 D CCodecConfig: string input.media-type.value = "audio/vorbis"
03-01 11:38:12.196 5489 6784 D CCodecConfig: string output.media-type.value = "audio/raw"
03-01 11:38:12.196 5489 6784 D CCodecConfig: c2::u32 raw.channel-count.value = 1
03-01 11:38:12.196 5489 6784 D CCodecConfig: c2::u32 raw.sample-rate.value = 48000
03-01 11:38:12.196 5489 6784 D CCodecConfig: }
03-01 11:38:12.196 5489 6784 D CCodecConfig: no c2 equivalents for durationUs
03-01 11:38:12.196 5489 6784 D CCodecConfig: no c2 equivalents for csd-1
03-01 11:38:12.196 5489 6784 D CCodecConfig: no c2 equivalents for track-id
03-01 11:38:12.196 5489 6784 D CCodecConfig: no c2 equivalents for channel-mask
03-01 11:38:12.197 5489 6784 D CCodecConfig: c2 config diff is c2::u32 raw.channel-count.value = 4
03-01 11:38:12.197 5489 6784 W Codec2Client: query -- param skipped: index = 1107298332.
03-01 11:38:12.197 5489 6784 D CCodec : setup formats input: AMessage(what = 0x00000000) = {
03-01 11:38:12.197 5489 6784 D CCodec : int32_t channel-count = 4
03-01 11:38:12.197 5489 6784 D CCodec : int32_t max-input-size = 32768
03-01 11:38:12.197 5489 6784 D CCodec : string mime = "audio/vorbis"
03-01 11:38:12.197 5489 6784 D CCodec : int32_t sample-rate = 48000
03-01 11:38:12.197 5489 6784 D CCodec : } and output: AMessage(what = 0x00000000) = {
03-01 11:38:12.197 5489 6784 D CCodec : int32_t channel-count = 4
03-01 11:38:12.197 5489 6784 D CCodec : string mime = "audio/raw"
03-01 11:38:12.197 5489 6784 D CCodec : int32_t sample-rate = 48000
03-01 11:38:12.197 5489 6784 D CCodec : int32_t channel-mask = 51
03-01 11:38:12.197 5489 6784 D CCodec : }
03-01 11:38:12.207 5489 6784 W Codec2Client: query -- param skipped: index = 1342179345.
03-01 11:38:12.207 5489 6784 W Codec2Client: query -- param skipped: index = 2415921170.
03-01 11:38:12.207 5489 6784 D CCodecBufferChannel: [c2.android.vorbis.decoder#696] Created input block pool with allocatorID 16 => poolID 23 - OK (0)
03-01 11:38:12.209 5489 6784 I CCodecBufferChannel: [c2.android.vorbis.decoder#696] Created output block pool with allocatorID 16 => poolID 32 - OK
03-01 11:38:12.209 5489 6784 D CCodecBufferChannel: [c2.android.vorbis.decoder#696] Configured output block pool ids 32 => OK
03-01 11:38:12.208 843 6786 D BufferPoolAccessor: bufferpool2 0x312094ba30 : 0(0 size) total buffers - 0(0 size) used buffers - 1374/1377 (recycle/alloc) - 3/1375 (fetch/transfer)
03-01 11:38:12.210 843 6786 D BufferPoolAccessor: Destruction - bufferpool2 0x312094ba30 cached: 0/0M, 0/0% in use; allocs: 1377, 100% recycled; transfers: 1375, 100% unfetced
03-01 11:38:12.213 843 6785 D SimpleC2Component: Using output block pool with poolID 32 => got 32 - 0
03-01 11:38:12.225 5489 6784 D CCodecBufferChannel: [c2.android.vorbis.decoder#696] Discard frames from previous generation.
03-01 11:38:12.225 5489 6784 I chatty : uid=10015(com.oculus.shellenv) identical 1 line
03-01 11:38:12.225 5489 6784 D CCodecBufferChannel: [c2.android.vorbis.decoder#696] Discard frames from previous generation.
03-01 11:38:12.228 843 5918 D BufferPoolAccessor: Destruction - bufferpool2 0x3120958430 cached: 0/0M, 0/0% in use; allocs: 0, 0% recycled; transfers: 0, 0% unfetced
03-01 11:38:12.229 843 5918 V C2Store : in ~ComponentModule
03-01 11:38:12.229 843 5918 V C2Store : unloading dll
03-01 11:38:12.267 1968 3434 I MobileConfigFactoryImpl: Registered SESSIONBASED factory change listener: ok
03-01 11:38:12.267 1968 3434 I MobileConfigFactoryImpl: Set Java EP Handler
03-01 11:38:12.317 5489 6788 D CCodec : allocate(c2.android.vorbis.decoder)
03-01 11:38:12.318 843 5918 V C2Store : in init
03-01 11:38:12.318 843 5918 V C2Store : loading dll
03-01 11:38:12.325 5489 6788 I CCodec : Created component [c2.android.vorbis.decoder]
03-01 11:38:12.326 5489 6788 D CCodecConfig: read media type: audio/vorbis
03-01 11:38:12.329 5489 6788 D ReflectedParamUpdater: extent() != 1 for single value type: algo.buffers.max-count.values
03-01 11:38:12.330 5489 6788 D ReflectedParamUpdater: extent() != 1 for single value type: output.subscribed-indices.values
03-01 11:38:12.330 5489 6788 D ReflectedParamUpdater: extent() != 1 for single value type: input.buffers.allocator-ids.values
03-01 11:38:12.330 5489 6788 D ReflectedParamUpdater: extent() != 1 for single value type: output.buffers.allocator-ids.values
03-01 11:38:12.330 5489 6788 D ReflectedParamUpdater: extent() != 1 for single value type: algo.buffers.allocator-ids.values
03-01 11:38:12.330 5489 6788 D ReflectedParamUpdater: extent() != 1 for single value type: output.buffers.pool-ids.values
03-01 11:38:12.330 5489 6788 D ReflectedParamUpdater: extent() != 1 for single value type: algo.buffers.pool-ids.values
03-01 11:38:12.331 5489 6788 I CCodecConfig: query failed after returning 7 values (BAD_INDEX)
03-01 11:38:12.331 5489 6788 D CCodecConfig: c2 config diff is Dict {
03-01 11:38:12.331 5489 6788 D CCodecConfig: c2::u32 coded.bitrate.value = 64000
03-01 11:38:12.331 5489 6788 D CCodecConfig: c2::u32 input.buffers.max-size.value = 32768
03-01 11:38:12.331 5489 6788 D CCodecConfig: c2::u32 input.delay.value = 0
03-01 11:38:12.331 5489 6788 D CCodecConfig: string input.media-type.value = "audio/vorbis"
03-01 11:38:12.331 5489 6788 D CCodecConfig: string output.media-type.value = "audio/raw"
03-01 11:38:12.331 5489 6788 D CCodecConfig: c2::u32 raw.channel-count.value = 1
03-01 11:38:12.331 5489 6788 D CCodecConfig: c2::u32 raw.sample-rate.value = 48000
03-01 11:38:12.331 5489 6788 D CCodecConfig: }
03-01 11:38:12.331 5489 6788 D CCodecConfig: no c2 equivalents for durationUs
03-01 11:38:12.331 5489 6788 D CCodecConfig: no c2 equivalents for csd-1
03-01 11:38:12.331 5489 6788 D CCodecConfig: no c2 equivalents for track-id
03-01 11:38:12.331 5489 6788 D CCodecConfig: no c2 equivalents for channel-mask
03-01 11:38:12.332 5489 6788 D CCodecConfig: c2 config diff is c2::u32 raw.channel-count.value = 4
03-01 11:38:12.332 5489 6788 W Codec2Client: query -- param skipped: index = 1107298332.
03-01 11:38:12.332 5489 6788 D CCodec : setup formats input: AMessage(what = 0x00000000) = {
03-01 11:38:12.332 5489 6788 D CCodec : int32_t channel-count = 4
03-01 11:38:12.332 5489 6788 D CCodec : int32_t max-input-size = 32768
03-01 11:38:12.332 5489 6788 D CCodec : string mime = "audio/vorbis"
03-01 11:38:12.332 5489 6788 D CCodec : int32_t sample-rate = 48000
03-01 11:38:12.332 5489 6788 D CCodec : } and output: AMessage(what = 0x00000000) = {
03-01 11:38:12.332 5489 6788 D CCodec : int32_t channel-count = 4
03-01 11:38:12.332 5489 6788 D CCodec : string mime = "audio/raw"
03-01 11:38:12.332 5489 6788 D CCodec : int32_t sample-rate = 48000
03-01 11:38:12.332 5489 6788 D CCodec : int32_t channel-mask = 51
03-01 11:38:12.332 5489 6788 D CCodec : }
03-01 11:38:12.335 843 843 V C2Store : in ~ComponentModule
03-01 11:38:12.335 843 843 V C2Store : unloading dll
03-01 11:38:12.374 1804 3096 I PerformanceManager_V0: SetClockLevels: Apply pending clock request change: 3,3 -> 2,3
03-01 11:38:12.374 1804 3090 I Clocks : ReleaseClocks - start
03-01 11:38:12.375 1804 3090 I Clocks : ReleaseClocks - end (1.0 ms)
03-01 11:38:12.375 1804 3090 I Clocks : LockClocks( cpu=2, gpu=3 ) - start
03-01 11:38:12.377 1804 3090 I Clocks : CPU levels [0, 7]
03-01 11:38:12.377 1804 3090 I Clocks : GPU levels [0, 5]
03-01 11:38:12.377 1804 3090 I Clocks : LockClocks( cpu=2, gpu=3 ) - end (2.0 ms)
03-01 11:38:12.383 1968 5896 E LoggingErrorHandler: Retrofit error, url: [https://graph.oculus.com/graphql?q=Mutation+FBTokenGenerate+%3A+FBTokenGenerateResponsePayload+%7B++facebook_access_token_generate%28%3Cinput%3E%29+%7B++++access_token%2C+++++fb_user_id%2C+++++fb_app_id++%7D%7D], kind: [HTTP], status: [400 - ], headers: [content-type: application/json; charset=UTF-8, www-authenticate: OAuth "Facebook Platform" "invalid_request" "The action attempted has been deemed abusive or is otherwise disallowed", oculus-api-version: v1.0, access-control-expose-headers: X-FB-Debug, X-Loader-Length, access-control-allow-methods: OPTIONS, access-control-allow-credentials: true, access-control-allow-origin: https://facebook.com, vary: Origin, vary: Accept-Encoding, strict-transport-security: max-age=31536000; preload; includeSubDomains, pragma: no-cache, cache-control: no-store, expires: Sat, 01 Jan 2000 00:00:00 GMT, x-fb-request-id: AvuQBB--fEFbKyk4hwrjdv1, x-fb-trace-id: BHcLZGaRnOL, x-fb-rev: 1007034293, x-fb-debug: nIIp3GcdudJ0J0TPYI/x3mGoQWzJjFCFfRSGnHtRgkKPNncMljzZEeMtD5Vq0LqrYsrz8qGQo5Mbc/AOD88GhQ==, content-length: 339, date: Wed, 01 Mar 2023 19:38:12 GMT, priority: u=3,i], body: [{"error":{"message":"The action attempted has been deemed abusive or is otherwise disallowed","type":"OAuthException","code":368,"error_subcode":1390008,"is_transient":false,"error_user_title":"You Can't Use This Feature Right Now","error_user_msg":"We limit how often you can post, comment or do other things in a given amount of time in order to help protect the community from spam. You can try again later. Learn More","fbtrace_id":"AvuQBB--fEFbKyk4hwrjdv1"}}]
03-01 11:38:12.385 1968 3434 I MobileConfigFactoryImpl: Created MobileConfigFactoryImpl, unitType:8
03-01 11:38:12.397 1968 1968 E FBConnectHelper: generateFBAccessToken failed
03-01 11:38:12.397 1968 1968 E FBConnectHelper: com.oculus.http.core.base.ApiError: retrofit.RetrofitError: 400
03-01 11:38:12.397 1968 1968 E FBConnectHelper: at com.oculus.http.core.base.ApiCallback.failure(:6)
03-01 11:38:12.397 1968 1968 E FBConnectHelper: at retrofit.CallbackRunnable$2.run(:6)
03-01 11:38:12.397 1968 1968 E FBConnectHelper: at android.os.Handler.handleCallback(Handler.java:886)
03-01 11:38:12.397 1968 1968 E FBConnectHelper: at android.os.Handler.dispatchMessage(Handler.java:102)
03-01 11:38:12.397 1968 1968 E FBConnectHelper: at android.os.Looper.loop(Looper.java:227)
03-01 11:38:12.397 1968 1968 E FBConnectHelper: at android.app.ActivityThread.main(ActivityThread.java:7436)
03-01 11:38:12.397 1968 1968 E FBConnectHelper: at java.lang.reflect.Method.invoke(Native Method)
03-01 11:38:12.397 1968 1968 E FBConnectHelper: at com.android.internal.os.RuntimeInit$MethodAndArgsCaller.run(RuntimeInit.java:492)
03-01 11:38:12.397 1968 1968 E FBConnectHelper: at com.android.internal.os.ZygoteInit.main(ZygoteInit.java:936)
03-01 11:38:12.397 1968 1968 E FBConnectHelper: Caused by: retrofit.RetrofitError: 400
03-01 11:38:12.397 1968 1968 E FBConnectHelper: at retrofit.RestAdapter$RestHandler.invokeRequest(:289)
03-01 11:38:12.397 1968 1968 E FBConnectHelper: at retrofit.RestAdapter$RestHandler.access$100(:0)
03-01 11:38:12.397 1968 1968 E FBConnectHelper: at retrofit.RestAdapter$RestHandler$2.obtainResponse(:8)
03-01 11:38:12.397 1968 1968 E FBConnectHelper: at retrofit.CallbackRunnable.run(:0)
03-01 11:38:12.397 1968 1968 E FBConnectHelper: at java.util.concurrent.ThreadPoolExecutor.runWorker(ThreadPoolExecutor.java:1167)
03-01 11:38:12.397 1968 1968 E FBConnectHelper: at java.util.concurrent.ThreadPoolExecutor$Worker.run(ThreadPoolExecutor.java:641)
03-01 11:38:12.397 1968 1968 E FBConnectHelper: at retrofit.Platform$Android$2$1.run(:7)
03-01 11:38:12.397 1968 1968 E FBConnectHelper: at java.lang.Thread.run(Thread.java:919)
03-01 11:38:12.398 1968 3165 E AuthLogger: Action failed: OBTAIN_TOKEN, callingPackage: com.oculus.systemutilities, accountType: com.facebook, tokenType: , extras: {}, duration: 727ms
03-01 11:38:12.398 1968 3165 E AuthLogger: com.oculus.auth.components.NetworkError: java.io.IOException: com.oculus.http.core.base.ApiError: retrofit.RetrofitError: 400
03-01 11:38:12.398 1968 3165 E AuthLogger: at com.oculus.auth.authenticator.facebook.FacebookAuthenticator.obtainTokenLegacyPath(:61)
03-01 11:38:12.398 1968 3165 E AuthLogger: at com.oculus.auth.authenticator.facebook.FacebookAuthenticator.doGetAuthToken(:26)
03-01 11:38:12.398 1968 3165 E AuthLogger: at com.oculus.auth.authenticator.common.BaseAuthenticator.getAuthToken(:105)
03-01 11:38:12.398 1968 3165 E AuthLogger: at android.accounts.AbstractAccountAuthenticator$Transport.getAuthToken(AbstractAccountAuthenticator.java:246)
03-01 11:38:12.398 1968 3165 E AuthLogger: at android.accounts.IAccountAuthenticator$Stub.onTransact(IAccountAuthenticator.java:281)
03-01 11:38:12.398 1968 3165 E AuthLogger: at android.os.Binder.execTransactInternal(Binder.java:1021)
03-01 11:38:12.398 1968 3165 E AuthLogger: at android.os.Binder.execTransact(Binder.java:994)
03-01 11:38:12.398 1968 3165 E AuthLogger: Caused by: java.io.IOException: com.oculus.http.core.base.ApiError: retrofit.RetrofitError: 400
03-01 11:38:12.398 1968 3165 E AuthLogger: at com.oculus.horizon.fbconnect.FBConnectHelper.ensureFreshToken(:20)
03-01 11:38:12.398 1968 3165 E AuthLogger: at com.oculus.auth.authenticator.facebook.FacebookAuthenticator.updateAccessTokenIfNecessary(:8)
03-01 11:38:12.398 1968 3165 E AuthLogger: at com.oculus.auth.authenticator.facebook.FacebookAuthenticator.obtainTokenLegacyPath(:24)
03-01 11:38:12.398 1968 3165 E AuthLogger: ... 6 more
03-01 11:38:12.398 1968 3165 E AuthLogger: Caused by: com.oculus.http.core.base.ApiError: retrofit.RetrofitError: 400
03-01 11:38:12.398 1968 3165 E AuthLogger: at com.oculus.http.core.base.ApiCallback.failure(:6)
03-01 11:38:12.398 1968 3165 E AuthLogger: at retrofit.CallbackRunnable$2.run(:6)
03-01 11:38:12.398 1968 3165 E AuthLogger: at android.os.Handler.handleCallback(Handler.java:886)
03-01 11:38:12.398 1968 3165 E AuthLogger: at android.os.Handler.dispatchMessage(Handler.java:102)
03-01 11:38:12.398 1968 3165 E AuthLogger: at android.os.Looper.loop(Looper.java:227)
03-01 11:38:12.398 1968 3165 E AuthLogger: at android.app.ActivityThread.main(ActivityThread.java:7436)
03-01 11:38:12.398 1968 3165 E AuthLogger: at java.lang.reflect.Method.invoke(Native Method)
03-01 11:38:12.398 1968 3165 E AuthLogger: at com.android.internal.os.RuntimeInit$MethodAndArgsCaller.run(RuntimeInit.java:492)
03-01 11:38:12.398 1968 3165 E AuthLogger: at com.android.internal.os.ZygoteInit.main(ZygoteInit.java:936)
03-01 11:38:12.398 1968 3165 E AuthLogger: Caused by: retrofit.RetrofitError: 400
03-01 11:38:12.398 1968 3165 E AuthLogger: at retrofit.RestAdapter$RestHandler.invokeRequest(:289)
03-01 11:38:12.398 1968 3165 E AuthLogger: at retrofit.RestAdapter$RestHandler.access$100(:0)
03-01 11:38:12.398 1968 3165 E AuthLogger: at retrofit.RestAdapter$RestHandler$2.obtainResponse(:8)
03-01 11:38:12.398 1968 3165 E AuthLogger: at retrofit.CallbackRunnable.run(:0)
03-01 11:38:12.398 1968 3165 E AuthLogger: at java.util.concurrent.ThreadPoolExecutor.runWorker(ThreadPoolExecutor.java:1167)
03-01 11:38:12.398 1968 3165 E AuthLogger: at java.util.concurrent.ThreadPoolExecutor$Worker.run(ThreadPoolExecutor.java:641)
03-01 11:38:12.398 1968 3165 E AuthLogger: at retrofit.Platform$Android$2$1.run(:7)
03-01 11:38:12.398 1968 3165 E AuthLogger: at java.lang.Thread.run(Thread.java:919)
03-01 11:38:12.406 2870 2938 D MediaUploader: key: 617a80fc014b3d42f1e3ce0aab115014, number of attempts: 20
03-01 11:38:12.411 1968 3455 I MobileConfigFactoryImpl: Created MobileConfigFactoryImpl, unitType:2
03-01 11:38:12.411 1968 3455 I MobileConfigFactoryImpl: Created MobileConfigFactoryImpl, unitType:1
03-01 11:38:12.417 1968 3455 I MobileConfigFactoryImpl: Created MobileConfigFactoryImpl, unitType:2
03-01 11:38:12.417 1968 3455 I MobileConfigFactoryImpl: Created MobileConfigFactoryImpl, unitType:1
03-01 11:38:12.426 2870 2938 E MediaUploader: Upload failed
03-01 11:38:12.426 2870 2938 E MediaUploader: java.io.IOException: com.oculus.auth.components.NetworkError: java.io.IOException: com.oculus.http.core.base.ApiError: retrofit.RetrofitError: 400
03-01 11:38:12.426 2870 2938 E MediaUploader: at android.accounts.AccountManager.convertErrorToException(AccountManager.java:2514)
03-01 11:38:12.426 2870 2938 E MediaUploader: at android.accounts.AccountManager.access$700(AccountManager.java:162)
03-01 11:38:12.426 2870 2938 E MediaUploader: at android.accounts.AccountManager$AmsTask$Response.onError(AccountManager.java:2365)
