03-01 11:37:36.598 2469 2469 D VrGuardianUserService: DeviceConfig - onFailure - Error: exception
03-01 11:37:36.598 2469 2469 E DeviceConfigTelemetryLogger: onFailure(exception)
03-01 11:37:36.598 2469 2469 D VrGuardianUserService: DeviceConfig - onFailure - Error: exception
03-01 11:37:36.598 2469 2469 E DeviceConfigTelemetryLogger: onFailure(exception)
03-01 11:37:36.598 2469 2469 D VrGuardianUserService: DeviceConfig - onFailure - Error: exception
03-01 11:37:36.602 2469 2469 E DeviceConfigTelemetryLogger: onFailure(exception)
03-01 11:37:36.680 1062 1074 I system_server: Background young concurrent copying GC freed 172306(7402KB) AllocSpace objects, 11(220KB) LOS objects, 30% free, 15MB/22MB, paused 19.289ms total 1.531s
03-01 11:37:36.694 1968 3433 I MobileConfigFactoryImpl: Registered SESSIONBASED factory change listener: ok
03-01 11:37:36.695 1968 3433 I MobileConfigFactoryImpl: Set Java EP Handler
03-01 11:37:36.804 2469 2469 D VrGuardianUserService: DeviceConfig - onFailure - Error: exception
03-01 11:37:36.806 2469 2469 E DeviceConfigTelemetryLogger: onFailure(exception)
03-01 11:37:36.806 2469 2469 D VrGuardianUserService: DeviceConfig - onFailure - Error: exception
03-01 11:37:36.807 2469 2469 E DeviceConfigTelemetryLogger: onFailure(exception)
03-01 11:37:36.807 2469 2469 D VrGuardianUserService: DeviceConfig - onFailure - Error: exception
03-01 11:37:36.807 2469 2469 E DeviceConfigTelemetryLogger: onFailure(exception)
03-01 11:37:36.807 2469 2469 D VrGuardianUserService: DeviceConfig - onFailure - Error: exception
03-01 11:37:36.807 2469 2469 E DeviceConfigTelemetryLogger: onFailure(exception)
03-01 11:37:36.807 2469 2469 D VrGuardianUserService: DeviceConfig - onFailure - Error: exception
03-01 11:37:36.807 2469 2469 E DeviceConfigTelemetryLogger: onFailure(exception)
03-01 11:37:36.807 2469 2469 D VrGuardianUserService: DeviceConfig - onFailure - Error: exception
03-01 11:37:36.811 2469 2469 E DeviceConfigTelemetryLogger: onFailure(exception)
03-01 11:37:36.811 2469 2469 D VrGuardianUserService: DeviceConfig - onFailure - Error: exception
03-01 11:37:36.811 2469 2469 E DeviceConfigTelemetryLogger: onFailure(exception)
03-01 11:37:36.811 2469 2469 D VrGuardianUserService: DeviceConfig - onFailure - Error: exception
03-01 11:37:36.811 2469 2469 E DeviceConfigTelemetryLogger: onFailure(exception)
03-01 11:37:36.811 2469 2469 D VrGuardianUserService: DeviceConfig - onFailure - Error: exception
03-01 11:37:36.812 2469 2469 E DeviceConfigTelemetryLogger: onFailure(exception)
03-01 11:37:36.812 2469 2469 D VrGuardianUserService: DeviceConfig - onFailure - Error: exception
03-01 11:37:36.813 2469 2469 E DeviceConfigTelemetryLogger: onFailure(exception)
03-01 11:37:36.813 2469 2469 D VrGuardianUserService: DeviceConfig - onFailure - Error: exception
03-01 11:37:36.814 2469 2469 E DeviceConfigTelemetryLogger: onFailure(exception)
03-01 11:37:36.814 2469 2469 D VrGuardianUserService: DeviceConfig - onFailure - Error: exception
03-01 11:37:36.814 2469 2469 E DeviceConfigTelemetryLogger: onFailure(exception)
03-01 11:37:36.815 2469 2469 D VrGuardianUserService: DeviceConfig - onFailure - Error: exception
03-01 11:37:36.815 2469 2469 E DeviceConfigTelemetryLogger: onFailure(exception)
03-01 11:37:36.815 1968 3433 I MobileConfigFactoryImpl: Created MobileConfigFactoryImpl, unitType:8
03-01 11:37:36.815 2469 2469 D VrGuardianUserService: DeviceConfig - onFailure - Error: exception
03-01 11:37:36.816 2469 2469 E DeviceConfigTelemetryLogger: onFailure(exception)
03-01 11:37:36.816 2469 2469 D VrGuardianUserService: DeviceConfig - onFailure - Error: exception
03-01 11:37:36.818 2469 2469 E DeviceConfigTelemetryLogger: onFailure(exception)
03-01 11:37:36.818 2469 2469 D VrGuardianUserService: DeviceConfig - onFailure - Error: exception
03-01 11:37:36.818 2469 2469 E DeviceConfigTelemetryLogger: onFailure(exception)
03-01 11:37:36.818 2469 2469 D VrGuardianUserService: DeviceConfig - onFailure - Error: exception
03-01 11:37:36.818 2469 2469 E DeviceConfigTelemetryLogger: onFailure(exception)
03-01 11:37:36.818 2469 2469 D VrGuardianUserService: DeviceConfig - onFailure - Error: exception
03-01 11:37:36.818 2469 2469 E DeviceConfigTelemetryLogger: onFailure(exception)
03-01 11:37:36.818 2469 2469 D VrGuardianUserService: DeviceConfig - onFailure - Error: exception
03-01 11:37:36.819 2469 2469 E DeviceConfigTelemetryLogger: onFailure(exception)
03-01 11:37:36.819 2469 2469 D VrGuardianUserService: DeviceConfig - onFailure - Error: exception
03-01 11:37:36.826 2469 2469 E DeviceConfigTelemetryLogger: onFailure(exception)
03-01 11:37:36.826 2469 2469 D VrGuardianUserService: DeviceConfig - onFailure - Error: exception
03-01 11:37:36.827 2469 2469 E DeviceConfigTelemetryLogger: onFailure(exception)
03-01 11:37:36.827 2469 2469 D VrGuardianUserService: DeviceConfig - onFailure - Error: exception
03-01 11:37:36.827 2469 2469 E DeviceConfigTelemetryLogger: onFailure(exception)
03-01 11:37:36.828 2469 2469 D VrGuardianUserService: DeviceConfig - onFailure - Error: exception
03-01 11:37:36.828 2469 2469 E DeviceConfigTelemetryLogger: onFailure(exception)
03-01 11:37:36.828 2469 2469 D VrGuardianUserService: DeviceConfig - onFailure - Error: exception
03-01 11:37:36.829 2469 2469 E DeviceConfigTelemetryLogger: onFailure(exception)
03-01 11:37:36.829 2469 2469 D VrGuardianUserService: DeviceConfig - onFailure - Error: exception
03-01 11:37:36.829 1968 3455 I MobileConfigFactoryImpl: Created MobileConfigFactoryImpl, unitType:2
03-01 11:37:36.829 1968 3433 E MobileConfigServiceImpl: exception while trying to subscribe
03-01 11:37:36.829 1968 3433 E MobileConfigServiceImpl: java.lang.IllegalArgumentException: account is null
03-01 11:37:36.829 1968 3433 E MobileConfigServiceImpl: at android.accounts.AccountManager.getAuthToken(AccountManager.java:1778)
03-01 11:37:36.829 1968 3433 E MobileConfigServiceImpl: at com.oculus.deviceconfigservice.FRLAuthedHttpClient.A00(:28)
03-01 11:37:36.829 1968 3433 E MobileConfigServiceImpl: at com.oculus.deviceconfigservice.MobileConfigServiceHelper.A00(:254)
03-01 11:37:36.829 1968 3433 E MobileConfigServiceImpl: at X.1mj.(:274)
03-01 11:37:36.829 1968 3433 E MobileConfigServiceImpl: at X.0qq.A00(:66554)
03-01 11:37:36.829 1968 3433 E MobileConfigServiceImpl: at X.0qs.A03(:6)
03-01 11:37:36.829 1968 3433 E MobileConfigServiceImpl: at X.0nT.A01(:51)
03-01 11:37:36.829 1968 3433 E MobileConfigServiceImpl: at X.0nT.A00(:12)
03-01 11:37:36.829 1968 3433 E MobileConfigServiceImpl: at com.oculus.deviceconfigservice.MobileConfigInitModule.A00(:5)
03-01 11:37:36.829 1968 3433 E MobileConfigServiceImpl: at X.0qq.A00(:66751)
03-01 11:37:36.829 1968 3433 E MobileConfigServiceImpl: at X.0qs.A03(:6)
03-01 11:37:36.829 1968 3433 E MobileConfigServiceImpl: at X.0UX.A01(:51)
03-01 11:37:36.829 1968 3433 E MobileConfigServiceImpl: at X.08I.get(:38)
03-01 11:37:36.829 1968 3433 E MobileConfigServiceImpl: at X.1el.run(:4)
03-01 11:37:36.829 1968 3433 E MobileConfigServiceImpl: at com.oculus.deviceconfigservice.MobileConfigServiceHelper$4.call(:2)
03-01 11:37:36.829 1968 3433 E MobileConfigServiceImpl: at X.1NJ.run(:4)
03-01 11:37:36.829 1968 3433 E MobileConfigServiceImpl: at java.util.concurrent.ThreadPoolExecutor.runWorker(ThreadPoolExecutor.java:1167)
03-01 11:37:36.829 1968 3433 E MobileConfigServiceImpl: at java.util.concurrent.ThreadPoolExecutor$Worker.run(ThreadPoolExecutor.java:641)
03-01 11:37:36.829 1968 3433 E MobileConfigServiceImpl: at java.lang.Thread.run(Thread.java:919)
03-01 11:37:36.829 1968 3455 I MobileConfigFactoryImpl: Created MobileConfigFactoryImpl, unitType:1
03-01 11:37:36.830 1968 3455 I MobileConfigFactoryImpl: Created MobileConfigFactoryImpl, unitType:2
03-01 11:37:36.830 1968 3455 I MobileConfigFactoryImpl: Created MobileConfigFactoryImpl, unitType:1
03-01 11:37:36.829 2469 2469 E DeviceConfigTelemetryLogger: onFailure(exception)
03-01 11:37:36.866 2469 2469 D VrGuardianUserService: DeviceConfig - onFailure - Error: exception
03-01 11:37:36.871 2469 2469 E DeviceConfigTelemetryLogger: onFailure(exception)
03-01 11:37:36.871 2469 2469 D VrGuardianUserService: DeviceConfig - onFailure - Error: exception
03-01 11:37:36.873 2469 2469 E DeviceConfigTelemetryLogger: onFailure(exception)
03-01 11:37:36.873 2469 2469 D VrGuardianUserService: DeviceConfig - onFailure - Error: exception
03-01 11:37:36.878 2469 2469 E DeviceConfigTelemetryLogger: onFailure(exception)
03-01 11:37:36.878 2469 2469 D VrGuardianUserService: DeviceConfig - onFailure - Error: exception
03-01 11:37:36.879 2469 2469 E DeviceConfigTelemetryLogger: onFailure(exception)
03-01 11:37:36.879 2469 2469 D VrGuardianUserService: DeviceConfig - onFailure - Error: exception
03-01 11:37:36.880 2469 2469 E DeviceConfigTelemetryLogger: onFailure(exception)
03-01 11:37:36.880 2469 2469 D VrGuardianUserService: DeviceConfig - onFailure - Error: exception
03-01 11:37:36.880 2469 2469 E DeviceConfigTelemetryLogger: onFailure(exception)
03-01 11:37:36.880 2469 2469 D VrGuardianUserService: DeviceConfig - onFailure - Error: exception
03-01 11:37:36.893 2469 2469 E DeviceConfigTelemetryLogger: onFailure(exception)
03-01 11:37:36.893 2469 2469 D VrGuardianUserService: DeviceConfig - onFailure - Error: exception
03-01 11:37:36.897 2469 2469 E DeviceConfigTelemetryLogger: onFailure(exception)
03-01 11:37:36.898 2469 2469 D VrGuardianUserService: DeviceConfig - onFailure - Error: exception
03-01 11:37:36.899 2469 2469 E DeviceConfigTelemetryLogger: onFailure(exception)
03-01 11:37:36.899 2469 2469 D VrGuardianUserService: DeviceConfig - onFailure - Error: exception
03-01 11:37:36.899 2469 2469 E DeviceConfigTelemetryLogger: onFailure(exception)
03-01 11:37:36.899 2469 2469 D VrGuardianUserService: DeviceConfig - onFailure - Error: exception
03-01 11:37:36.905 2469 2469 E DeviceConfigTelemetryLogger: onFailure(exception)
03-01 11:37:36.905 2469 2469 D VrGuardianUserService: DeviceConfig - onFailure - Error: exception
03-01 11:37:36.906 2469 2469 E DeviceConfigTelemetryLogger: onFailure(exception)
03-01 11:37:36.906 2469 2469 D VrGuardianUserService: DeviceConfig - onFailure - Error: exception
03-01 11:37:36.907 2469 2469 E DeviceConfigTelemetryLogger: onFailure(exception)
03-01 11:37:36.907 2469 2469 D VrGuardianUserService: DeviceConfig - onFailure - Error: exception
03-01 11:37:36.909 2469 2469 E DeviceConfigTelemetryLogger: onFailure(exception)
03-01 11:37:36.909 2469 2469 D VrGuardianUserService: DeviceConfig - onFailure - Error: exception
03-01 11:37:36.931 2469 2469 E DeviceConfigTelemetryLogger: onFailure(exception)
03-01 11:37:36.931 2469 2469 D VrGuardianUserService: DeviceConfig - onFailure - Error: exception
03-01 11:37:36.932 2469 2469 E DeviceConfigTelemetryLogger: onFailure(exception)
03-01 11:37:36.932 2469 2469 D VrGuardianUserService: DeviceConfig - onFailure - Error: exception
03-01 11:37:36.932 2469 2469 E DeviceConfigTelemetryLogger: onFailure(exception)
03-01 11:37:36.932 2469 2469 D VrGuardianUserService: DeviceConfig - onFailure - Error: exception
03-01 11:37:36.932 2469 2469 E DeviceConfigTelemetryLogger: onFailure(exception)
03-01 11:37:36.932 2469 2469 D VrGuardianUserService: DeviceConfig - onFailure - Error: exception
03-01 11:37:36.934 2469 2469 E DeviceConfigTelemetryLogger: onFailure(exception)
03-01 11:37:36.934 2469 2469 D VrGuardianUserService: DeviceConfig - onFailure - Error: exception
03-01 11:37:36.934 2469 2469 E DeviceConfigTelemetryLogger: onFailure(exception)
03-01 11:37:36.934 2469 2469 D VrGuardianUserService: DeviceConfig - onFailure - Error: exception
03-01 11:37:36.934 2469 2469 E DeviceConfigTelemetryLogger: onFailure(exception)
03-01 11:37:36.934 2469 2469 D VrGuardianUserService: DeviceConfig - onFailure - Error: exception
03-01 11:37:36.936 2469 2469 E DeviceConfigTelemetryLogger: onFailure(exception)
03-01 11:37:36.936 2469 2469 D VrGuardianUserService: DeviceConfig - onFailure - Error: exception
03-01 11:37:36.940 2469 2469 E DeviceConfigTelemetryLogger: onFailure(exception)
03-01 11:37:36.942 2469 2469 D VrGuardianUserService: DeviceConfig - onFailure - Error: exception
03-01 11:37:36.946 2469 2469 E DeviceConfigTelemetryLogger: onFailure(exception)
03-01 11:37:36.946 2469 2469 D VrGuardianUserService: DeviceConfig - onFailure - Error: exception
03-01 11:37:36.947 2469 2469 E DeviceConfigTelemetryLogger: onFailure(exception)
03-01 11:37:36.947 2469 2469 D VrGuardianUserService: DeviceConfig - onFailure - Error: exception
03-01 11:37:36.947 2469 2469 E DeviceConfigTelemetryLogger: onFailure(exception)
03-01 11:37:36.947 2469 2469 D VrGuardianUserService: DeviceConfig - onFailure - Error: exception
03-01 11:37:36.948 2469 2469 E DeviceConfigTelemetryLogger: onFailure(exception)
03-01 11:37:36.948 2469 2469 D VrGuardianUserService: DeviceConfig - onFailure - Error: exception
03-01 11:37:36.948 2469 2469 E DeviceConfigTelemetryLogger: onFailure(exception)
03-01 11:37:36.948 2469 2469 D VrGuardianUserService: DeviceConfig - onFailure - Error: exception
03-01 11:37:36.949 2469 2469 E DeviceConfigTelemetryLogger: onFailure(exception)
03-01 11:37:36.949 2469 2469 D VrGuardianUserService: DeviceConfig - onFailure - Error: exception
03-01 11:37:36.950 2469 2469 E DeviceConfigTelemetryLogger: onFailure(exception)
03-01 11:37:36.950 2469 2469 D VrGuardianUserService: DeviceConfig - onFailure - Error: exception
03-01 11:37:36.951 2469 2469 E DeviceConfigTelemetryLogger: onFailure(exception)
03-01 11:37:36.951 2469 2469 D VrGuardianUserService: DeviceConfig - onFailure - Error: exception
03-01 11:37:36.951 2469 2469 E DeviceConfigTelemetryLogger: onFailure(exception)
03-01 11:37:36.951 2469 2469 D VrGuardianUserService: DeviceConfig - onFailure - Error: exception
03-01 11:37:36.956 2469 2469 E DeviceConfigTelemetryLogger: onFailure(exception)
03-01 11:37:36.956 2469 2469 D VrGuardianUserService: DeviceConfig - onFailure - Error: exception
03-01 11:37:36.957 2469 2469 E DeviceConfigTelemetryLogger: onFailure(exception)
03-01 11:37:36.957 2469 2469 D VrGuardianUserService: DeviceConfig - onFailure - Error: exception
03-01 11:37:36.961 2469 2469 E DeviceConfigTelemetryLogger: onFailure(exception)
03-01 11:37:36.961 2469 2469 D VrGuardianUserService: DeviceConfig - onFailure - Error: exception
03-01 11:37:36.961 2469 2469 E DeviceConfigTelemetryLogger: onFailure(exception)
03-01 11:37:36.961 2469 2469 D VrGuardianUserService: DeviceConfig - onFailure - Error: exception
03-01 11:37:36.963 2469 2469 E DeviceConfigTelemetryLogger: onFailure(exception)
03-01 11:37:36.963 2469 2469 D VrGuardianUserService: DeviceConfig - onFailure - Error: exception
03-01 11:37:36.964 2469 2469 E DeviceConfigTelemetryLogger: onFailure(exception)
03-01 11:37:36.964 2469 2469 D VrGuardianUserService: DeviceConfig - onFailure - Error: exception
03-01 11:37:36.964 2469 2469 E DeviceConfigTelemetryLogger: onFailure(exception)
03-01 11:37:36.964 2469 2469 D VrGuardianUserService: DeviceConfig - onFailure - Error: exception
03-01 11:37:36.966 2469 2469 E DeviceConfigTelemetryLogger: onFailure(exception)
03-01 11:37:36.966 2469 2469 D VrGuardianUserService: DeviceConfig - onFailure - Error: exception
03-01 11:37:36.967 2469 2469 E DeviceConfigTelemetryLogger: onFailure(exception)
03-01 11:37:36.967 2469 2469 D VrGuardianUserService: DeviceConfig - onFailure - Error: exception
03-01 11:37:36.968 2469 2469 E DeviceConfigTelemetryLogger: onFailure(exception)
03-01 11:37:36.968 2469 2469 D VrGuardianUserService: DeviceConfig - onFailure - Error: exception
03-01 11:37:36.969 2469 2469 E DeviceConfigTelemetryLogger: onFailure(exception)
03-01 11:37:36.969 2469 2469 D VrGuardianUserService: DeviceConfig - onFailure - Error: exception
03-01 11:37:36.970 2469 2469 E DeviceConfigTelemetryLogger: onFailure(exception)
03-01 11:37:36.970 2469 2469 D VrGuardianUserService: DeviceConfig - onFailure - Error: exception
03-01 11:37:36.972 2469 2469 E DeviceConfigTelemetryLogger: onFailure(exception)
03-01 11:37:36.972 2469 2469 D VrGuardianUserService: DeviceConfig - onFailure - Error: exception
03-01 11:37:36.976 2469 2469 E DeviceConfigTelemetryLogger: onFailure(exception)
03-01 11:37:36.976 2469 2469 D VrGuardianUserService: DeviceConfig - onFailure - Error: exception
03-01 11:37:36.980 2469 2469 E DeviceConfigTelemetryLogger: onFailure(exception)
03-01 11:37:36.980 2469 2469 D VrGuardianUserService: DeviceConfig - onFailure - Error: exception
03-01 11:37:36.981 2469 2469 E DeviceConfigTelemetryLogger: onFailure(exception)
03-01 11:37:36.981 2469 2469 D VrGuardianUserService: DeviceConfig - onFailure - Error: exception
03-01 11:37:36.981 2469 2469 E DeviceConfigTelemetryLogger: onFailure(exception)
03-01 11:37:36.981 2469 2469 D VrGuardianUserService: DeviceConfig - onFailure - Error: exception
03-01 11:37:36.982 2469 2469 E DeviceConfigTelemetryLogger: onFailure(exception)
03-01 11:37:36.982 2469 2469 D VrGuardianUserService: DeviceConfig - onFailure - Error: exception
03-01 11:37:36.982 2469 2469 E DeviceConfigTelemetryLogger: onFailure(exception)
03-01 11:37:36.983 2469 2469 D VrGuardianUserService: DeviceConfig - onFailure - Error: exception
03-01 11:37:36.983 2469 2469 E DeviceConfigTelemetryLogger: onFailure(exception)
03-01 11:37:36.983 2469 2469 D VrGuardianUserService: DeviceConfig - onFailure - Error: exception
03-01 11:37:36.999 2469 2469 E DeviceConfigTelemetryLogger: onFailure(exception)
03-01 11:37:36.999 2469 2469 D VrGuardianUserService: DeviceConfig - onFailure - Error: exception
03-01 11:37:36.999 2469 2469 E DeviceConfigTelemetryLogger: onFailure(exception)
03-01 11:37:36.999 2469 2469 D VrGuardianUserService: DeviceConfig - onFailure - Error: exception
03-01 11:37:37.000 2469 2469 E DeviceConfigTelemetryLogger: onFailure(exception)
03-01 11:37:37.000 2469 2469 D VrGuardianUserService: DeviceConfig - onFailure - Error: exception
03-01 11:37:37.000 2469 2469 E DeviceConfigTelemetryLogger: onFailure(exception)
03-01 11:37:37.000 2469 2469 D VrGuardianUserService: DeviceConfig - onFailure - Error: exception
03-01 11:37:37.000 2469 2469 E DeviceConfigTelemetryLogger: onFailure(exception)
03-01 11:37:37.000 2469 2469 D VrGuardianUserService: DeviceConfig - onFailure - Error: exception
03-01 11:37:37.000 2469 2469 E DeviceConfigTelemetryLogger: onFailure(exception)
03-01 11:37:37.001 2469 2469 D VrGuardianUserService: DeviceConfig - onFailure - Error: exception
03-01 11:37:37.001 2469 2469 E DeviceConfigTelemetryLogger: onFailure(exception)
03-01 11:37:37.001 2469 2469 D VrGuardianUserService: DeviceConfig - onFailure - Error: exception
03-01 11:37:37.001 2469 2469 E DeviceConfigTelemetryLogger: onFailure(exception)
03-01 11:37:37.001 2469 2469 D VrGuardianUserService: DeviceConfig - onFailure - Error: exception
03-01 11:37:37.001 2469 2469 E DeviceConfigTelemetryLogger: onFailure(exception)
03-01 11:37:37.001 2469 2469 D VrGuardianUserService: DeviceConfig - onFailure - Error: exception
03-01 11:37:37.002 2469 2469 E DeviceConfigTelemetryLogger: onFailure(exception)
03-01 11:37:37.002 2469 2469 D VrGuardianUserService: DeviceConfig - onFailure - Error: exception
03-01 11:37:37.002 2469 2469 E DeviceConfigTelemetryLogger: onFailure(exception)
03-01 11:37:37.002 2469 2469 D VrGuardianUserService: DeviceConfig - onFailure - Error: exception
03-01 11:37:37.002 2469 2469 E DeviceConfigTelemetryLogger: onFailure(exception)
03-01 11:37:37.002 2469 2469 D VrGuardianUserService: DeviceConfig - onFailure - Error: exception
03-01 11:37:37.002 2469 2469 E DeviceConfigTelemetryLogger: onFailure(exception)
03-01 11:37:37.002 2469 2469 D VrGuardianUserService: DeviceConfig - onFailure - Error: exception
03-01 11:37:37.002 2469 2469 E DeviceConfigTelemetryLogger: onFailure(exception)
03-01 11:37:37.003 2469 2469 D VrGuardianUserService: DeviceConfig - onFailure - Error: exception
03-01 11:37:37.006 2469 2469 E DeviceConfigTelemetryLogger: onFailure(exception)
03-01 11:37:37.006 2469 2469 D VrGuardianUserService: DeviceConfig - onFailure - Error: exception
03-01 11:37:37.014 2469 2469 E DeviceConfigTelemetryLogger: onFailure(exception)
03-01 11:37:37.014 2469 2469 D VrGuardianUserService: DeviceConfig - onFailure - Error: exception
03-01 11:37:37.014 2469 2469 E DeviceConfigTelemetryLogger: onFailure(exception)
03-01 11:37:37.014 2469 2469 D VrGuardianUserService: DeviceConfig - onFailure - Error: exception
03-01 11:37:37.015 2469 2469 E DeviceConfigTelemetryLogger: onFailure(exception)
03-01 11:37:37.015 2469 2469 D VrGuardianUserService: DeviceConfig - onFailure - Error: exception
03-01 11:37:37.015 2469 2469 E DeviceConfigTelemetryLogger: onFailure(exception)
03-01 11:37:37.015 2469 2469 D VrGuardianUserService: DeviceConfig - onFailure - Error: exception
03-01 11:37:37.015 2469 2469 E DeviceConfigTelemetryLogger: onFailure(exception)
03-01 11:37:37.015 2469 2469 D VrGuardianUserService: DeviceConfig - onFailure - Error: exception
03-01 11:37:37.015 2469 2469 E DeviceConfigTelemetryLogger: onFailure(exception)
03-01 11:37:37.015 2469 2469 D VrGuardianUserService: DeviceConfig - onFailure - Error: exception
03-01 11:37:37.015 2469 2469 E DeviceConfigTelemetryLogger: onFailure(exception)
03-01 11:37:37.015 2469 2469 D VrGuardianUserService: DeviceConfig - onFailure - Error: exception
03-01 11:37:37.016 2469 2469 E DeviceConfigTelemetryLogger: onFailure(exception)
03-01 11:37:37.017 2469 2469 D VrGuardianUserService: DeviceConfig - onFailure - Error: exception
03-01 11:37:37.028 2469 2469 E DeviceConfigTelemetryLogger: onFailure(exception)
03-01 11:37:37.028 2469 2469 D VrGuardianUserService: DeviceConfig - onFailure - Error: exception
03-01 11:37:37.029 2469 2469 E DeviceConfigTelemetryLogger: onFailure(exception)
03-01 11:37:37.029 2469 2469 D VrGuardianUserService: DeviceConfig - onFailure - Error: exception
03-01 11:37:37.029 2469 2469 E DeviceConfigTelemetryLogger: onFailure(exception)
03-01 11:37:37.029 2469 2469 D VrGuardianUserService: DeviceConfig - onFailure - Error: exception
03-01 11:37:37.031 1968 3455 I MobileConfigFactoryImpl: Registered SESSIONLESS factory change listener: ok
03-01 11:37:37.031 1968 3455 I MobileConfigFactoryImpl: Set Java EP Handler
03-01 11:37:37.032 2469 2469 E DeviceConfigTelemetryLogger: onFailure(exception)
03-01 11:37:37.032 2469 2469 D VrGuardianUserService: DeviceConfig - onFailure - Error: exception
03-01 11:37:37.034 2469 2469 E DeviceConfigTelemetryLogger: onFailure(exception)
03-01 11:37:37.034 2469 2469 D VrGuardianUserService: DeviceConfig - onFailure - Error: exception
03-01 11:37:37.051 2469 2469 E DeviceConfigTelemetryLogger: onFailure(exception)
03-01 11:37:37.051 2469 2469 D VrGuardianUserService: DeviceConfig - onFailure - Error: exception
03-01 11:37:37.051 2469 2469 E DeviceConfigTelemetryLogger: onFailure(exception)
03-01 11:37:37.051 2469 2469 D VrGuardianUserService: DeviceConfig - onFailure - Error: exception
03-01 11:37:37.063 2469 2469 E DeviceConfigTelemetryLogger: onFailure(exception)
03-01 11:37:37.063 2469 2469 D VrGuardianUserService: DeviceConfig - onFailure - Error: exception
03-01 11:37:37.063 2469 2469 E DeviceConfigTelemetryLogger: onFailure(exception)
03-01 11:37:37.063 2469 2469 D VrGuardianUserService: DeviceConfig - onFailure - Error: exception
03-01 11:37:37.065 2469 2469 E DeviceConfigTelemetryLogger: onFailure(exception)
03-01 11:37:37.065 2469 2469 D VrGuardianUserService: DeviceConfig - onFailure - Error: exception
03-01 11:37:37.068 2469 2469 E DeviceConfigTelemetryLogger: onFailure(exception)
03-01 11:37:37.068 2469 2469 D VrGuardianUserService: DeviceConfig - onFailure - Error: exception
03-01 11:37:37.073 2469 2469 E DeviceConfigTelemetryLogger: onFailure(exception)
03-01 11:37:37.073 2469 2469 D VrGuardianUserService: DeviceConfig - onFailure - Error: exception
03-01 11:37:37.083 2469 2469 E DeviceConfigTelemetryLogger: onFailure(exception)
03-01 11:37:37.083 2469 2469 D VrGuardianUserService: DeviceConfig - onFailure - Error: exception
03-01 11:37:37.083 2469 2469 E DeviceConfigTelemetryLogger: onFailure(exception)
03-01 11:37:37.083 2469 2469 D VrGuardianUserService: DeviceConfig - onFailure - Error: exception
03-01 11:37:37.084 2469 2469 E DeviceConfigTelemetryLogger: onFailure(exception)
03-01 11:37:37.084 2469 2469 D VrGuardianUserService: DeviceConfig - onFailure - Error: exception
03-01 11:37:37.084 2469 2469 E DeviceConfigTelemetryLogger: onFailure(exception)
03-01 11:37:37.084 2469 2469 D VrGuardianUserService: DeviceConfig - onFailure - Error: exception
03-01 11:37:37.085 2469 2469 E DeviceConfigTelemetryLogger: onFailure(exception)
03-01 11:37:37.085 2469 2469 D VrGuardianUserService: DeviceConfig - onFailure - Error: exception
03-01 11:37:37.096 2469 2469 E DeviceConfigTelemetryLogger: onFailure(exception)
03-01 11:37:37.096 2469 2469 D VrGuardianUserService: DeviceConfig - onFailure - Error: exception
03-01 11:37:37.096 2469 2469 E DeviceConfigTelemetryLogger: onFailure(exception)
03-01 11:37:37.096 2469 2469 D VrGuardianUserService: DeviceConfig - onFailure - Error: exception
03-01 11:37:37.101 2469 2469 E DeviceConfigTelemetryLogger: onFailure(exception)
03-01 11:37:37.101 2469 2469 D VrGuardianUserService: DeviceConfig - onFailure - Error: exception
03-01 11:37:37.110 5489 5521 I Clay : OpenXRSystem - notifyFaceTrackingRequestStop, 0
03-01 11:37:37.110 5489 5521 I Clay : OpenXRSystem - notifyEyeTrackingRequestStop, 0
03-01 11:37:37.115 2469 2469 E DeviceConfigTelemetryLogger: onFailure(exception)
03-01 11:37:37.115 2469 2469 D VrGuardianUserService: DeviceConfig - onFailure - Error: exception
03-01 11:37:37.116 2469 2469 E DeviceConfigTelemetryLogger: onFailure(exception)
03-01 11:37:37.116 2469 2469 D VrGuardianUserService: DeviceConfig - onFailure - Error: exception
03-01 11:37:37.130 2469 2469 E DeviceConfigTelemetryLogger: onFailure(exception)
03-01 11:37:37.130 2469 2469 D VrGuardianUserService: DeviceConfig - onFailure - Error: exception
03-01 11:37:37.130 2469 2469 E DeviceConfigTelemetryLogger: onFailure(exception)
03-01 11:37:37.130 2469 2469 D VrGuardianUserService: DeviceConfig - onFailure - Error: exception
03-01 11:37:37.131 2469 2469 E DeviceConfigTelemetryLogger: onFailure(exception)
03-01 11:37:37.131 2469 2469 D VrGuardianUserService: DeviceConfig - onFailure - Error: exception
03-01 11:37:37.133 2469 2469 E DeviceConfigTelemetryLogger: onFailure(exception)
03-01 11:37:37.134 2469 2469 E DeviceConfigTelemetryLogger: onFailure(exception)
03-01 11:37:37.134 2469 2469 D VrGuardianUserService: DeviceConfig - onFailure - Error: exception
03-01 11:37:37.135 2469 2469 E DeviceConfigTelemetryLogger: onFailure(exception)
03-01 11:37:37.135 2469 2469 D VrGuardianUserService: DeviceConfig - onFailure - Error: exception
03-01 11:37:37.135 2469 2469 E DeviceConfigTelemetryLogger: onFailure(exception)
03-01 11:37:37.135 2469 2469 D VrGuardianUserService: DeviceConfig - onFailure - Error: exception
03-01 11:37:37.137 2469 2469 E DeviceConfigTelemetryLogger: onFailure(exception)
03-01 11:37:37.139 2469 2469 D VrGuardianUserService: DeviceConfig - onFailure - Error: exception
03-01 11:37:37.144 2981 2981 V MIGHTY_LOG: [trace] ForegroundAppProvider: Current Foreground Package - com.oculus.systemux, Class: com.oculus.panelapp.library.LibraryPanelService
03-01 11:37:37.146 2469 2469 E DeviceConfigTelemetryLogger: onFailure(exception)
03-01 11:37:37.146 2469 2469 D VrGuardianUserService: DeviceConfig - onFailure - Error: exception
03-01 11:37:37.147 2469 2469 E DeviceConfigTelemetryLogger: onFailure(exception)
03-01 11:37:37.147 2469 2469 D VrGuardianUserService: DeviceConfig - onFailure - Error: exception
03-01 11:37:37.150 2469 2469 E DeviceConfigTelemetryLogger: onFailure(exception)
03-01 11:37:37.150 2469 2469 D VrGuardianUserService: DeviceConfig - onFailure - Error: exception
03-01 11:37:37.151 2469 2469 E DeviceConfigTelemetryLogger: onFailure(exception)
03-01 11:37:37.151 2469 2469 D VrGuardianUserService: DeviceConfig - onFailure - Error: exception
03-01 11:37:37.152 739 914 I SyncBossHAL: [info ] syncboss_hal_powerstate.c(50): Reporting powerstate event: PROX_ON
03-01 11:37:37.156 2469 2469 E DeviceConfigTelemetryLogger: onFailure(exception)
03-01 11:37:37.157 2469 2469 D VrGuardianUserService: DeviceConfig - onFailure - Error: exception
03-01 11:37:37.163 853 1352 I [CT] : CONSTELLATION: R: Detected IMU motion => Leaving static state.
03-01 11:37:37.166 2469 2469 E DeviceConfigTelemetryLogger: onFailure(exception)
03-01 11:37:37.166 2469 2469 D VrGuardianUserService: DeviceConfig - onFailure - Error: exception
03-01 11:37:37.166 2469 2469 E DeviceConfigTelemetryLogger: onFailure(exception)
03-01 11:37:37.166 2469 2469 D VrGuardianUserService: DeviceConfig - onFailure - Error: exception
03-01 11:37:37.170 2469 2469 E DeviceConfigTelemetryLogger: onFailure(exception)
03-01 11:37:37.170 2469 2469 D VrGuardianUserService: DeviceConfig - onFailure - Error: exception
03-01 11:37:37.179 2469 2469 E DeviceConfigTelemetryLogger: onFailure(exception)
03-01 11:37:37.179 2469 2469 D VrGuardianUserService: DeviceConfig - onFailure - Error: exception
03-01 11:37:37.183 2469 2469 E DeviceConfigTelemetryLogger: onFailure(exception)
03-01 11:37:37.183 2469 2469 D VrGuardianUserService: DeviceConfig - onFailure - Error: exception
03-01 11:37:37.207 2469 3140 I GuardianCollisionTracker: Guardian Controller Collision: Magnitude: 9.054, Duration: -1.000 sec, TimeStamp: 145.346237 sec
03-01 11:37:37.230 2469 2469 E DeviceConfigTelemetryLogger: onFailure(exception)
03-01 11:37:37.230 2469 2469 D VrGuardianUserService: DeviceConfig - onFailure - Error: exception
03-01 11:37:37.231 2469 2469 E DeviceConfigTelemetryLogger: onFailure(exception)
03-01 11:37:37.231 2469 2469 D VrGuardianUserService: DeviceConfig - onFailure - Error: exception
03-01 11:37:37.232 2469 2469 E DeviceConfigTelemetryLogger: onFailure(exception)
03-01 11:37:37.232 2469 2469 D VrGuardianUserService: DeviceConfig - onFailure - Error: exception
03-01 11:37:37.233 2469 6314 D MobileConfigBaseClient: connect()
03-01 11:37:37.236 2469 2469 E DeviceConfigTelemetryLogger: onFailure(exception)
03-01 11:37:37.236 2469 2469 D VrGuardianUserService: DeviceConfig - onFailure - Error: exception
03-01 11:37:37.236 2469 2469 E DeviceConfigTelemetryLogger: onFailure(exception)
03-01 11:37:37.236 2469 2469 D VrGuardianUserService: DeviceConfig - onFailure - Error: exception
03-01 11:37:37.237 2469 2469 E DeviceConfigTelemetryLogger: onFailure(exception)
03-01 11:37:37.237 2469 2469 D VrGuardianUserService: DeviceConfig - onFailure - Error: exception
03-01 11:37:37.244 2469 2469 E DeviceConfigTelemetryLogger: onFailure(exception)
03-01 11:37:37.244 2469 2469 D VrGuardianUserService: DeviceConfig - onFailure - Error: exception
03-01 11:37:37.250 2469 2469 E DeviceConfigTelemetryLogger: onFailure(exception)
03-01 11:37:37.250 2469 2469 D VrGuardianUserService: DeviceConfig - onFailure - Error: exception
03-01 11:37:37.257 2469 6314 D MobileConfigBaseClient: awaitService()
03-01 11:37:37.265 2469 2469 E DeviceConfigTelemetryLogger: onFailure(exception)
03-01 11:37:37.265 2469 2469 D VrGuardianUserService: DeviceConfig - onFailure - Error: exception
03-01 11:37:37.269 2469 2469 E DeviceConfigTelemetryLogger: onFailure(exception)
03-01 11:37:37.269 2469 2469 D VrGuardianUserService: DeviceConfig - onFailure - Error: exception
03-01 11:37:37.270 2469 2469 E DeviceConfigTelemetryLogger: onFailure(exception)
03-01 11:37:37.270 2469 2469 D VrGuardianUserService: DeviceConfig - onFailure - Error: exception
03-01 11:37:37.286 1968 3455 I MobileConfigFactoryImpl: Registered SESSIONBASED factory change listener: ok
03-01 11:37:37.286 1968 3455 I MobileConfigFactoryImpl: Set Java EP Handler
03-01 11:37:37.298 2469 2469 E DeviceConfigTelemetryLogger: onFailure(exception)
03-01 11:37:37.298 2469 2469 D VrGuardianUserService: DeviceConfig - onFailure - Error: exception
03-01 11:37:37.308 2469 2469 E DeviceConfigTelemetryLogger: onFailure(exception)
03-01 11:37:37.308 2469 2469 D VrGuardianUserService: DeviceConfig - onFailure - Error: exception
03-01 11:37:37.312 2469 2469 E DeviceConfigTelemetryLogger: onFailure(exception)
03-01 11:37:37.312 2469 2469 D VrGuardianUserService: DeviceConfig - onFailure - Error: exception
03-01 11:37:37.317 2469 2469 E DeviceConfigTelemetryLogger: onFailure(exception)
03-01 11:37:37.317 2469 2469 D VrGuardianUserService: DeviceConfig - onFailure - Error: exception
03-01 11:37:37.326 2469 2469 E DeviceConfigTelemetryLogger: onFailure(exception)
03-01 11:37:37.326 2469 2469 D VrGuardianUserService: DeviceConfig - onFailure - Error: exception
03-01 11:37:37.333 2469 2469 E DeviceConfigTelemetryLogger: onFailure(exception)
03-01 11:37:37.333 2469 2469 D VrGuardianUserService: DeviceConfig - onFailure - Error: exception
03-01 11:37:37.333 2469 2469 E DeviceConfigTelemetryLogger: onFailure(exception)
03-01 11:37:37.333 2469 2469 D VrGuardianUserService: DeviceConfig - onFailure - Error: exception
03-01 11:37:37.340 2469 2469 E DeviceConfigTelemetryLogger: onFailure(exception)
03-01 11:37:37.340 2469 2469 D VrGuardianUserService: DeviceConfig - onFailure - Error: exception
03-01 11:37:37.340 2469 2469 E DeviceConfigTelemetryLogger: onFailure(exception)
03-01 11:37:37.340 2469 2469 D VrGuardianUserService: DeviceConfig - onFailure - Error: exception
03-01 11:37:37.340 2469 2469 E DeviceConfigTelemetryLogger: onFailure(exception)
03-01 11:37:37.340 2469 2469 D VrGuardianUserService: DeviceConfig - onFailure - Error: exception
03-01 11:37:37.341 2469 2469 E DeviceConfigTelemetryLogger: onFailure(exception)
03-01 11:37:37.341 2469 2469 D VrGuardianUserService: DeviceConfig - onFailure - Error: exception
03-01 11:37:37.341 2469 2469 E DeviceConfigTelemetryLogger: onFailure(exception)
03-01 11:37:37.345 2469 2469 D VrGuardianUserService: DeviceConfig - onFailure - Error: exception
03-01 11:37:37.350 2469 2469 E DeviceConfigTelemetryLogger: onFailure(exception)
03-01 11:37:37.350 2469 2469 D VrGuardianUserService: DeviceConfig - onFailure - Error: exception
03-01 11:37:37.350 2469 2469 E DeviceConfigTelemetryLogger: onFailure(exception)
03-01 11:37:37.350 2469 2469 D VrGuardianUserService: DeviceConfig - onFailure - Error: exception
03-01 11:37:37.350 2469 2469 E DeviceConfigTelemetryLogger: onFailure(exception)
03-01 11:37:37.350 2469 2469 D VrGuardianUserService: DeviceConfig - onFailure - Error: exception
03-01 11:37:37.351 2469 2469 E DeviceConfigTelemetryLogger: onFailure(exception)
03-01 11:37:37.351 2469 2469 D VrGuardianUserService: DeviceConfig - onFailure - Error: exception
03-01 11:37:37.366 2469 2469 E DeviceConfigTelemetryLogger: onFailure(exception)
03-01 11:37:37.367 2469 2469 D VrGuardianUserService: DeviceConfig - onFailure - Error: exception
03-01 11:37:37.367 2469 2469 E DeviceConfigTelemetryLogger: onFailure(exception)
03-01 11:37:37.367 2469 2469 D VrGuardianUserService: DeviceConfig - onFailure - Error: exception
03-01 11:37:37.367 2469 2469 E DeviceConfigTelemetryLogger: onFailure(exception)
03-01 11:37:37.367 2469 2469 D VrGuardianUserService: DeviceConfig - onFailure - Error: exception
03-01 11:37:37.369 2469 2469 E DeviceConfigTelemetryLogger: onFailure(exception)
03-01 11:37:37.369 2469 2469 D VrGuardianUserService: DeviceConfig - onFailure - Error: exception
03-01 11:37:37.369 2469 2486 E IPCThreadState: binder thread pool (15 threads) starved for 126 ms
03-01 11:37:37.373 2469 2469 E DeviceConfigTelemetryLogger: onFailure(exception)
03-01 11:37:37.373 2469 2469 D VrGuardianUserService: DeviceConfig - onFailure - Error: exception
03-01 11:37:37.373 2469 2469 E DeviceConfigTelemetryLogger: onFailure(exception)
03-01 11:37:37.373 2469 2469 D VrGuardianUserService: DeviceConfig - onFailure - Error: exception
03-01 11:37:37.376 2469 2469 E DeviceConfigTelemetryLogger: onFailure(exception)
03-01 11:37:37.376 2469 2469 D VrGuardianUserService: DeviceConfig - onFailure - Error: exception
03-01 11:37:37.384 2469 2469 E DeviceConfigTelemetryLogger: onFailure(exception)
03-01 11:37:37.385 2469 2469 D VrGuardianUserService: DeviceConfig - onFailure - Error: exception
03-01 11:37:37.394 2469 2469 E DeviceConfigTelemetryLogger: onFailure(exception)
03-01 11:37:37.394 2469 2469 D VrGuardianUserService: DeviceConfig - onFailure - Error: exception
03-01 11:37:37.397 2469 2469 E DeviceConfigTelemetryLogger: onFailure(exception)
03-01 11:37:37.397 2469 2469 D VrGuardianUserService: DeviceConfig - onFailure - Error: exception
03-01 11:37:37.397 2469 2469 E DeviceConfigTelemetryLogger: onFailure(exception)
03-01 11:37:37.400 2469 2469 D VrGuardianUserService: DeviceConfig - onFailure - Error: exception
03-01 11:37:37.401 2469 2469 E DeviceConfigTelemetryLogger: onFailure(exception)
03-01 11:37:37.401 2469 2469 D VrGuardianUserService: DeviceConfig - onFailure - Error: exception
03-01 11:37:37.404 2469 2469 E DeviceConfigTelemetryLogger: onFailure(exception)
03-01 11:37:37.404 2469 2469 D VrGuardianUserService: DeviceConfig - onFailure - Error: exception
03-01 11:37:37.413 2469 2469 E DeviceConfigTelemetryLogger: onFailure(exception)
03-01 11:37:37.413 2469 2469 D VrGuardianUserService: DeviceConfig - onFailure - Error: exception
03-01 11:37:37.413 2469 2469 E DeviceConfigTelemetryLogger: onFailure(exception)
03-01 11:37:37.413 2469 2469 D VrGuardianUserService: DeviceConfig - onFailure - Error: exception
03-01 11:37:37.414 2469 2469 E DeviceConfigTelemetryLogger: onFailure(exception)
03-01 11:37:37.414 2469 2469 D VrGuardianUserService: DeviceConfig - onFailure - Error: exception
03-01 11:37:37.416 2469 2469 E DeviceConfigTelemetryLogger: onFailure(exception)
03-01 11:37:37.416 2469 2469 D VrGuardianUserService: DeviceConfig - onFailure - Error: exception
03-01 11:37:37.417 2469 2469 E DeviceConfigTelemetryLogger: onFailure(exception)
03-01 11:37:37.417 2469 2469 D VrGuardianUserService: DeviceConfig - onFailure - Error: exception
03-01 11:37:37.417 2469 2469 E DeviceConfigTelemetryLogger: onFailure(exception)
03-01 11:37:37.417 2469 2469 D VrGuardianUserService: DeviceConfig - onFailure - Error: exception
03-01 11:37:37.417 2469 2469 E DeviceConfigTelemetryLogger: onFailure(exception)
03-01 11:37:37.418 2469 2469 D VrGuardianUserService: DeviceConfig - onFailure - Error: exception
03-01 11:37:37.418 2469 2469 E DeviceConfigTelemetryLogger: onFailure(exception)
03-01 11:37:37.418 2469 2469 D VrGuardianUserService: DeviceConfig - onFailure - Error: exception
03-01 11:37:37.418 2469 2469 E DeviceConfigTelemetryLogger: onFailure(exception)
03-01 11:37:37.418 2469 2469 D VrGuardianUserService: DeviceConfig - onFailure - Error: exception
03-01 11:37:37.418 2469 2469 E DeviceConfigTelemetryLogger: onFailure(exception)
03-01 11:37:37.418 2469 2469 D VrGuardianUserService: DeviceConfig - onFailure - Error: exception
03-01 11:37:37.419 2469 2469 E DeviceConfigTelemetryLogger: onFailure(exception)
03-01 11:37:37.419 2469 2469 D VrGuardianUserService: DeviceConfig - onFailure - Error: exception
03-01 11:37:37.419 2469 2469 E DeviceConfigTelemetryLogger: onFailure(exception)
03-01 11:37:37.419 2469 2469 D VrGuardianUserService: DeviceConfig - onFailure - Error: exception
03-01 11:37:37.421 2469 2469 E DeviceConfigTelemetryLogger: onFailure(exception)
03-01 11:37:37.421 2469 2469 D VrGuardianUserService: DeviceConfig - onFailure - Error: exception
03-01 11:37:37.422 2469 2469 E DeviceConfigTelemetryLogger: onFailure(exception)
03-01 11:37:37.422 2469 2469 D VrGuardianUserService: DeviceConfig - onFailure - Error: exception
03-01 11:37:37.422 2469 2469 E DeviceConfigTelemetryLogger: onFailure(exception)
03-01 11:37:37.422 2469 2469 D VrGuardianUserService: DeviceConfig - onFailure - Error: exception
03-01 11:37:37.423 2469 2469 E DeviceConfigTelemetryLogger: onFailure(exception)
03-01 11:37:37.423 2469 2469 D VrGuardianUserService: DeviceConfig - onFailure - Error: exception
03-01 11:37:37.423 2469 2469 E DeviceConfigTelemetryLogger: onFailure(exception)
03-01 11:37:37.423 2469 2469 D VrGuardianUserService: DeviceConfig - onFailure - Error: exception
03-01 11:37:37.424 2469 2469 E DeviceConfigTelemetryLogger: onFailure(exception)
03-01 11:37:37.424 2469 2469 D VrGuardianUserService: DeviceConfig - onFailure - Error: exception
03-01 11:37:37.425 2469 2469 E DeviceConfigTelemetryLogger: onFailure(exception)
03-01 11:37:37.425 2469 2469 D VrGuardianUserService: DeviceConfig - onFailure - Error: exception
03-01 11:37:37.425 2469 2469 E DeviceConfigTelemetryLogger: onFailure(exception)
03-01 11:37:37.425 2469 2469 D VrGuardianUserService: DeviceConfig - onFailure - Error: exception
03-01 11:37:37.425 2469 2469 E DeviceConfigTelemetryLogger: onFailure(exception)
03-01 11:37:37.426 2469 2469 D VrGuardianUserService: DeviceConfig - onFailure - Error: exception
03-01 11:37:37.426 2469 2469 E DeviceConfigTelemetryLogger: onFailure(exception)
03-01 11:37:37.427 2469 2469 D VrGuardianUserService: DeviceConfig - onFailure - Error: exception
03-01 11:37:37.427 2469 2469 E DeviceConfigTelemetryLogger: onFailure(exception)
03-01 11:37:37.427 2469 2469 D VrGuardianUserService: DeviceConfig - onFailure - Error: exception
03-01 11:37:37.427 2469 2469 E DeviceConfigTelemetryLogger: onFailure(exception)
03-01 11:37:37.427 2469 2469 D VrGuardianUserService: DeviceConfig - onFailure - Error: exception
03-01 11:37:37.427 2469 2469 E DeviceConfigTelemetryLogger: onFailure(exception)
03-01 11:37:37.428 2469 2469 D VrGuardianUserService: DeviceConfig - onFailure - Error: exception
03-01 11:37:37.429 2469 2469 E DeviceConfigTelemetryLogger: onFailure(exception)
03-01 11:37:37.429 2469 2469 D VrGuardianUserService: DeviceConfig - onFailure - Error: exception
03-01 11:37:37.430 2469 2469 E DeviceConfigTelemetryLogger: onFailure(exception)
03-01 11:37:37.430 2469 2469 D VrGuardianUserService: DeviceConfig - onFailure - Error: exception
03-01 11:37:37.430 2469 2469 E DeviceConfigTelemetryLogger: onFailure(exception)
03-01 11:37:37.430 2469 2469 D VrGuardianUserService: DeviceConfig - onFailure - Error: exception
03-01 11:37:37.430 2469 2469 E DeviceConfigTelemetryLogger: onFailure(exception)
03-01 11:37:37.430 2469 2469 D VrGuardianUserService: DeviceConfig - onFailure - Error: exception
03-01 11:37:37.432 2469 2469 E DeviceConfigTelemetryLogger: onFailure(exception)
03-01 11:37:37.432 2469 2469 D VrGuardianUserService: DeviceConfig - onFailure - Error: exception
03-01 11:37:37.432 2469 2469 E DeviceConfigTelemetryLogger: onFailure(exception)
03-01 11:37:37.432 2469 2469 D VrGuardianUserService: DeviceConfig - onFailure - Error: exception
03-01 11:37:37.432 2469 2469 E DeviceConfigTelemetryLogger: onFailure(exception)
03-01 11:37:37.432 2469 2469 D VrGuardianUserService: DeviceConfig - onFailure - Error: exception
03-01 11:37:37.432 2469 2469 E DeviceConfigTelemetryLogger: onFailure(exception)
03-01 11:37:37.432 2469 2469 D VrGuardianUserService: DeviceConfig - onFailure - Error: exception
03-01 11:37:37.434 2469 2469 E DeviceConfigTelemetryLogger: onFailure(exception)
03-01 11:37:37.434 2469 2469 D VrGuardianUserService: DeviceConfig - onFailure - Error: exception
03-01 11:37:37.434 2469 2469 E DeviceConfigTelemetryLogger: onFailure(exception)
03-01 11:37:37.434 2469 2469 D VrGuardianUserService: DeviceConfig - onFailure - Error: exception
03-01 11:37:37.434 2469 2469 E DeviceConfigTelemetryLogger: onFailure(exception)
03-01 11:37:37.435 2469 2469 D VrGuardianUserService: DeviceConfig - onFailure - Error: exception
03-01 11:37:37.435 2469 2469 E DeviceConfigTelemetryLogger: onFailure(exception)
03-01 11:37:37.435 2469 2469 D VrGuardianUserService: DeviceConfig - onFailure - Error: exception
03-01 11:37:37.435 2469 2469 E DeviceConfigTelemetryLogger: onFailure(exception)
03-01 11:37:37.435 2469 2469 D VrGuardianUserService: DeviceConfig - onFailure - Error: exception
03-01 11:37:37.435 2469 2469 E DeviceConfigTelemetryLogger: onFailure(exception)
03-01 11:37:37.435 2469 2469 D VrGuardianUserService: DeviceConfig - onFailure - Error: exception
03-01 11:37:37.436 2469 2469 E DeviceConfigTelemetryLogger: onFailure(exception)
03-01 11:37:37.436 2469 2469 D VrGuardianUserService: DeviceConfig - onFailure - Error: exception
03-01 11:37:37.439 2469 2469 E DeviceConfigTelemetryLogger: onFailure(exception)
03-01 11:37:37.439 2469 2469 D VrGuardianUserService: DeviceConfig - onFailure - Error: exception
03-01 11:37:37.439 2469 2469 E DeviceConfigTelemetryLogger: onFailure(exception)
03-01 11:37:37.439 2469 2469 D VrGuardianUserService: DeviceConfig - onFailure - Error: exception
03-01 11:37:37.440 2469 2469 E DeviceConfigTelemetryLogger: onFailure(exception)
03-01 11:37:37.440 2469 2469 D VrGuardianUserService: DeviceConfig - onFailure - Error: exception
03-01 11:37:37.440 2469 2469 E DeviceConfigTelemetryLogger: onFailure(exception)
03-01 11:37:37.440 2469 2469 D VrGuardianUserService: DeviceConfig - onFailure - Error: exception
03-01 11:37:37.444 2469 2469 E DeviceConfigTelemetryLogger: onFailure(exception)
03-01 11:37:37.444 2469 2469 D VrGuardianUserService: DeviceConfig - onFailure - Error: exception
03-01 11:37:37.445 2469 2469 E DeviceConfigTelemetryLogger: onFailure(exception)
03-01 11:37:37.445 2469 2469 D VrGuardianUserService: DeviceConfig - onFailure - Error: exception
03-01 11:37:37.445 2469 2469 E DeviceConfigTelemetryLogger: onFailure(exception)
03-01 11:37:37.445 2469 2469 D VrGuardianUserService: DeviceConfig - onFailure - Error: exception
03-01 11:37:37.445 2469 2469 E DeviceConfigTelemetryLogger: onFailure(exception)
03-01 11:37:37.445 2469 2469 D VrGuardianUserService: DeviceConfig - onFailure - Error: exception
03-01 11:37:37.446 2469 2469 E DeviceConfigTelemetryLogger: onFailure(exception)
03-01 11:37:37.446 2469 2469 D VrGuardianUserService: DeviceConfig - onFailure - Error: exception
03-01 11:37:37.446 2469 2469 E DeviceConfigTelemetryLogger: onFailure(exception)
03-01 11:37:37.446 2469 2469 D VrGuardianUserService: DeviceConfig - onFailure - Error: exception
03-01 11:37:37.446 2469 2469 E DeviceConfigTelemetryLogger: onFailure(exception)
03-01 11:37:37.446 2469 2469 D VrGuardianUserService: DeviceConfig - onFailure - Error: exception
03-01 11:37:37.447 2469 2469 E DeviceConfigTelemetryLogger: onFailure(exception)
03-01 11:37:37.447 2469 2469 D VrGuardianUserService: DeviceConfig - onFailure - Error: exception
03-01 11:37:37.448 2469 2469 E DeviceConfigTelemetryLogger: onFailure(exception)
03-01 11:37:37.448 2469 2469 D VrGuardianUserService: DeviceConfig - onFailure - Error: exception
03-01 11:37:37.448 2469 2469 E DeviceConfigTelemetryLogger: onFailure(exception)
03-01 11:37:37.448 2469 2469 D VrGuardianUserService: DeviceConfig - onFailure - Error: exception
03-01 11:37:37.448 2469 2469 E DeviceConfigTelemetryLogger: onFailure(exception)
03-01 11:37:37.448 2469 2469 D VrGuardianUserService: DeviceConfig - onFailure - Error: exception
03-01 11:37:37.448 2469 2469 E DeviceConfigTelemetryLogger: onFailure(exception)
03-01 11:37:37.448 2469 2469 D VrGuardianUserService: DeviceConfig - onFailure - Error: exception
03-01 11:37:37.448 2469 2469 E DeviceConfigTelemetryLogger: onFailure(exception)
03-01 11:37:37.451 2469 2469 D VrGuardianUserService: DeviceConfig - onFailure - Error: exception
03-01 11:37:37.452 2469 2469 E DeviceConfigTelemetryLogger: onFailure(exception)
03-01 11:37:37.452 2469 2469 D VrGuardianUserService: DeviceConfig - onFailure - Error: exception
03-01 11:37:37.452 2469 2469 E DeviceConfigTelemetryLogger: onFailure(exception)
03-01 11:37:37.452 2469 2469 D VrGuardianUserService: DeviceConfig - onFailure - Error: exception
03-01 11:37:37.452 2469 2469 E DeviceConfigTelemetryLogger: onFailure(exception)
03-01 11:37:37.454 2469 2469 D VrGuardianUserService: DeviceConfig - onFailure - Error: exception
03-01 11:37:37.457 2469 2469 E DeviceConfigTelemetryLogger: onFailure(exception)
03-01 11:37:37.457 2469 2469 D VrGuardianUserService: DeviceConfig - onFailure - Error: exception
03-01 11:37:37.458 2469 2469 E DeviceConfigTelemetryLogger: onFailure(exception)
03-01 11:37:37.458 2469 2469 D VrGuardianUserService: DeviceConfig - onFailure - Error: exception
03-01 11:37:37.458 2469 2469 E DeviceConfigTelemetryLogger: onFailure(exception)
03-01 11:37:37.458 2469 2469 D VrGuardianUserService: DeviceConfig - onFailure - Error: exception
03-01 11:37:37.458 2469 2469 E DeviceConfigTelemetryLogger: onFailure(exception)
03-01 11:37:37.458 2469 2469 D VrGuardianUserService: DeviceConfig - onFailure - Error: exception
03-01 11:37:37.459 2469 2469 E DeviceConfigTelemetryLogger: onFailure(exception)
03-01 11:37:37.459 2469 2469 D VrGuardianUserService: DeviceConfig - onFailure - Error: exception
03-01 11:37:37.459 2469 2469 E DeviceConfigTelemetryLogger: onFailure(exception)
03-01 11:37:37.459 2469 2469 D VrGuardianUserService: DeviceConfig - onFailure - Error: exception
03-01 11:37:37.459 2469 2469 E DeviceConfigTelemetryLogger: onFailure(exception)
03-01 11:37:37.459 2469 2469 D VrGuardianUserService: DeviceConfig - onFailure - Error: exception
03-01 11:37:37.459 2469 2469 E DeviceConfigTelemetryLogger: onFailure(exception)
03-01 11:37:37.459 2469 2469 D VrGuardianUserService: DeviceConfig - onFailure - Error: exception
03-01 11:37:37.464 2469 2469 E DeviceConfigTelemetryLogger: onFailure(exception)
03-01 11:37:37.464 2469 2469 D VrGuardianUserService: DeviceConfig - onFailure - Error: exception
03-01 11:37:37.464 2469 2469 E DeviceConfigTelemetryLogger: onFailure(exception)
03-01 11:37:37.464 2469 2469 D VrGuardianUserService: DeviceConfig - onFailure - Error: exception
03-01 11:37:37.465 2469 2469 E DeviceConfigTelemetryLogger: onFailure(exception)
03-01 11:37:37.465 2469 2469 D VrGuardianUserService: DeviceConfig - onFailure - Error: exception
03-01 11:37:37.465 2469 2469 E DeviceConfigTelemetryLogger: onFailure(exception)
03-01 11:37:37.465 2469 2469 D VrGuardianUserService: DeviceConfig - onFailure - Error: exception
03-01 11:37:37.465 2469 2469 E DeviceConfigTelemetryLogger: onFailure(exception)
