03-01 11:38:13.733 1968 3165 E AuthLogger: Caused by: java.io.IOException: com.oculus.http.core.base.ApiError: retrofit.RetrofitError: 400
03-01 11:38:13.733 1968 3165 E AuthLogger: at com.oculus.horizon.fbconnect.FBConnectHelper.ensureFreshToken(:20)
03-01 11:38:13.733 1968 3165 E AuthLogger: at com.oculus.auth.authenticator.facebook.FacebookAuthenticator.updateAccessTokenIfNecessary(:8)
03-01 11:38:13.733 1968 3165 E AuthLogger: at com.oculus.auth.authenticator.facebook.FacebookAuthenticator.obtainTokenLegacyPath(:24)
03-01 11:38:13.733 1968 3165 E AuthLogger: ... 6 more
03-01 11:38:13.733 1968 3165 E AuthLogger: Caused by: com.oculus.http.core.base.ApiError: retrofit.RetrofitError: 400
03-01 11:38:13.733 1968 3165 E AuthLogger: at com.oculus.http.core.base.ApiCallback.failure(:6)
03-01 11:38:13.733 1968 3165 E AuthLogger: at retrofit.CallbackRunnable$2.run(:6)
03-01 11:38:13.733 1968 3165 E AuthLogger: at android.os.Handler.handleCallback(Handler.java:886)
03-01 11:38:13.733 1968 3165 E AuthLogger: at android.os.Handler.dispatchMessage(Handler.java:102)
03-01 11:38:13.733 1968 3165 E AuthLogger: at android.os.Looper.loop(Looper.java:227)
03-01 11:38:13.733 1968 3165 E AuthLogger: at android.app.ActivityThread.main(ActivityThread.java:7436)
03-01 11:38:13.733 1968 3165 E AuthLogger: at java.lang.reflect.Method.invoke(Native Method)
03-01 11:38:13.733 1968 3165 E AuthLogger: at com.android.internal.os.RuntimeInit$MethodAndArgsCaller.run(RuntimeInit.java:492)
03-01 11:38:13.733 1968 3165 E AuthLogger: at com.android.internal.os.ZygoteInit.main(ZygoteInit.java:936)
03-01 11:38:13.733 1968 3165 E AuthLogger: Caused by: retrofit.RetrofitError: 400
03-01 11:38:13.733 1968 3165 E AuthLogger: at retrofit.RestAdapter$RestHandler.invokeRequest(:289)
03-01 11:38:13.733 1968 3165 E AuthLogger: at retrofit.RestAdapter$RestHandler.access$100(:0)
03-01 11:38:13.733 1968 3165 E AuthLogger: at retrofit.RestAdapter$RestHandler$2.obtainResponse(:8)
03-01 11:38:13.733 1968 3165 E AuthLogger: at retrofit.CallbackRunnable.run(:0)
03-01 11:38:13.733 1968 3165 E AuthLogger: at java.util.concurrent.ThreadPoolExecutor.runWorker(ThreadPoolExecutor.java:1167)
03-01 11:38:13.733 1968 3165 E AuthLogger: at java.util.concurrent.ThreadPoolExecutor$Worker.run(ThreadPoolExecutor.java:641)
03-01 11:38:13.733 1968 3165 E AuthLogger: at retrofit.Platform$Android$2$1.run(:7)
03-01 11:38:13.733 1968 3165 E AuthLogger: at java.lang.Thread.run(Thread.java:919)
03-01 11:38:13.740 2870 2936 D MediaUploader: key: e695e4c031cd49c384afa5698db6358b, number of attempts: 41
03-01 11:38:13.751 2870 2936 E MediaUploader: Upload failed
03-01 11:38:13.751 2870 2936 E MediaUploader: java.io.IOException: com.oculus.auth.components.NetworkError: java.io.IOException: com.oculus.http.core.base.ApiError: retrofit.RetrofitError: 400
03-01 11:38:13.751 2870 2936 E MediaUploader: at android.accounts.AccountManager.convertErrorToException(AccountManager.java:2514)
03-01 11:38:13.751 2870 2936 E MediaUploader: at android.accounts.AccountManager.access$700(AccountManager.java:162)
03-01 11:38:13.751 2870 2936 E MediaUploader: at android.accounts.AccountManager$AmsTask$Response.onError(AccountManager.java:2365)
03-01 11:38:13.751 2870 2936 E MediaUploader: at android.accounts.IAccountManagerResponse$Stub.onTransact(IAccountManagerResponse.java:106)
03-01 11:38:13.751 2870 2936 E MediaUploader: at android.os.Binder.execTransactInternal(Binder.java:1021)
03-01 11:38:13.751 2870 2936 E MediaUploader: at android.os.Binder.execTransact(Binder.java:994)
03-01 11:38:13.752 2870 2905 I WM-WorkerWrapper: Worker result FAILURE for Work [ id=99193d2d-5f26-4859-8704-97bd96800497, tags={ com.oculus.systemutilities.MediaUploader$UploadMediaWorker, system_utilities_media_sync, system_utilities_media_sync_auto_upload, system_utilities_media_sync_upload } ]
03-01 11:38:13.769 1968 3436 I MobileConfigFactoryImpl: Created MobileConfigFactoryImpl, unitType:8
03-01 11:38:13.812 3628 5595 I GkCacheQuerierClient: Loaded GK 'oculus_trex_haptics_killsw' value = false from file cache.
03-01 11:38:13.840 1968 3434 I MobileConfigFactoryImpl: Created MobileConfigFactoryImpl, unitType:2
03-01 11:38:13.841 1968 3436 E MobileConfigServiceImpl: exception while trying to subscribe
03-01 11:38:13.841 1968 3436 E MobileConfigServiceImpl: java.lang.IllegalArgumentException: account is null
03-01 11:38:13.841 1968 3436 E MobileConfigServiceImpl: at android.accounts.AccountManager.getAuthToken(AccountManager.java:1778)
03-01 11:38:13.841 1968 3436 E MobileConfigServiceImpl: at com.oculus.deviceconfigservice.FRLAuthedHttpClient.A00(:28)
03-01 11:38:13.841 1968 3436 E MobileConfigServiceImpl: at com.oculus.deviceconfigservice.MobileConfigServiceHelper.A00(:254)
03-01 11:38:13.841 1968 3436 E MobileConfigServiceImpl: at X.1mj.(:274)
03-01 11:38:13.841 1968 3436 E MobileConfigServiceImpl: at X.0qq.A00(:66554)
03-01 11:38:13.841 1968 3436 E MobileConfigServiceImpl: at X.0qs.A03(:6)
03-01 11:38:13.841 1968 3436 E MobileConfigServiceImpl: at X.0nT.A01(:51)
03-01 11:38:13.841 1968 3436 E MobileConfigServiceImpl: at X.0nT.A00(:12)
03-01 11:38:13.841 1968 3436 E MobileConfigServiceImpl: at com.oculus.deviceconfigservice.MobileConfigInitModule.A00(:5)
03-01 11:38:13.841 1968 3436 E MobileConfigServiceImpl: at X.0qq.A00(:66751)
03-01 11:38:13.841 1968 3436 E MobileConfigServiceImpl: at X.0qs.A03(:6)
03-01 11:38:13.841 1968 3436 E MobileConfigServiceImpl: at X.0UX.A01(:51)
03-01 11:38:13.841 1968 3436 E MobileConfigServiceImpl: at X.08I.get(:38)
03-01 11:38:13.841 1968 3436 E MobileConfigServiceImpl: at X.1el.run(:4)
03-01 11:38:13.841 1968 3436 E MobileConfigServiceImpl: at com.oculus.deviceconfigservice.MobileConfigServiceHelper$4.call(:2)
03-01 11:38:13.841 1968 3436 E MobileConfigServiceImpl: at X.1NJ.run(:4)
03-01 11:38:13.841 1968 3436 E MobileConfigServiceImpl: at java.util.concurrent.ThreadPoolExecutor.runWorker(ThreadPoolExecutor.java:1167)
03-01 11:38:13.841 1968 3436 E MobileConfigServiceImpl: at java.util.concurrent.ThreadPoolExecutor$Worker.run(ThreadPoolExecutor.java:641)
03-01 11:38:13.841 1968 3436 E MobileConfigServiceImpl: at java.lang.Thread.run(Thread.java:919)
03-01 11:38:13.841 1968 3434 I MobileConfigFactoryImpl: Created MobileConfigFactoryImpl, unitType:1
03-01 11:38:13.842 1968 3434 I MobileConfigFactoryImpl: Created MobileConfigFactoryImpl, unitType:2
03-01 11:38:13.842 1968 3434 I MobileConfigFactoryImpl: Created MobileConfigFactoryImpl, unitType:1
03-01 11:38:13.847 6720 6720 E DeviceConfigTelemetryLogger: onFailure(exception)
03-01 11:38:13.849 6720 6720 E DeviceConfigTelemetryLogger: onFailure(exception)
03-01 11:38:13.856 6720 6720 D VrGuardianUserService: DeviceConfig - onFailure - Error: exception
03-01 11:38:13.861 6720 6720 E DeviceConfigTelemetryLogger: onFailure(exception)
03-01 11:38:13.862 6720 6720 D VrGuardianUserService: DeviceConfig - onFailure - Error: exception
03-01 11:38:13.862 6720 6720 E DeviceConfigTelemetryLogger: onFailure(exception)
03-01 11:38:13.862 6720 6720 D VrGuardianUserService: DeviceConfig - onFailure - Error: exception
03-01 11:38:13.862 6720 6720 E DeviceConfigTelemetryLogger: onFailure(exception)
03-01 11:38:13.862 6720 6720 D VrGuardianUserService: DeviceConfig - onFailure - Error: exception
03-01 11:38:13.864 6720 6720 E DeviceConfigTelemetryLogger: onFailure(exception)
03-01 11:38:13.864 6720 6720 D VrGuardianUserService: DeviceConfig - onFailure - Error: exception
03-01 11:38:13.868 6720 6797 D VrGuardianUserService: SubscribeTask - Attempting Subscribe
03-01 11:38:13.879 2870 2936 I MediaUploader: Start uploading media
03-01 11:38:13.890 6720 6720 E DeviceConfigTelemetryLogger: onFailure(exception)
03-01 11:38:13.895 6720 6720 D VrGuardianUserService: DeviceConfig - onFailure - Error: exception
03-01 11:38:13.897 2870 2936 I MediaUploader: media sync preference is enabled: true
03-01 11:38:13.899 6720 6720 E DeviceConfigTelemetryLogger: onFailure(exception)
03-01 11:38:13.900 6720 6720 D VrGuardianUserService: DeviceConfig - onFailure - Error: exception
03-01 11:38:13.900 5489 6819 W Codec2Client: query -- param skipped: index = 1342179345.
03-01 11:38:13.900 5489 6819 W Codec2Client: query -- param skipped: index = 2415921170.
03-01 11:38:13.901 5489 6819 D CCodecBufferChannel: [c2.android.vorbis.decoder#696] Created input block pool with allocatorID 16 => poolID 26 - OK (0)
03-01 11:38:13.902 5489 6819 I CCodecBufferChannel: [c2.android.vorbis.decoder#696] Created output block pool with allocatorID 16 => poolID 35 - OK
03-01 11:38:13.902 5489 6819 D CCodecBufferChannel: [c2.android.vorbis.decoder#696] Configured output block pool ids 35 => OK
03-01 11:38:13.907 6720 6720 E DeviceConfigTelemetryLogger: onFailure(exception)
03-01 11:38:13.907 6720 6720 D VrGuardianUserService: DeviceConfig - onFailure - Error: exception
03-01 11:38:13.908 843 6820 D SimpleC2Component: Using output block pool with poolID 35 => got 35 - 0
03-01 11:38:13.923 6720 6822 D MobileConfigBaseClient: connect()
03-01 11:38:13.932 6720 6823 D MobileConfigBaseClient: connect()
03-01 11:38:13.933 6720 6771 D VrGuardianUserService: SubscribeTask - Attempting Subscribe
03-01 11:38:13.944 6720 6822 D MobileConfigBaseClient: awaitService()
03-01 11:38:13.944 6720 6720 D MobileConfigBaseClient: Connected to MobileConfigService
03-01 11:38:13.962 6720 6782 D VrGuardianUserService: SubscribeTask - Attempting Subscribe
03-01 11:38:13.965 6720 6823 D MobileConfigBaseClient: awaitService()
03-01 11:38:13.965 6720 6720 D MobileConfigBaseClient: Connected to MobileConfigService
03-01 11:38:13.969 2911 2911 I [SUI] AnytimeUIAndroidPanelApp: showTooltip (configuring Android tooltip view) - {"tooltipId":"anytime_bar_library_button","text":"App Library","position":"top","hostLayerName":"#main","hostLayerUCoordinate":0.8308308124542236,"hostLayerVCoordinate":0.7906976938247681}
03-01 11:38:13.969 2911 2911 I AndroidPanelApp: HideLayer(tooltip, shape: 1, shouldMinimizeLayer: false)
03-01 11:38:13.977 1062 5952 I DisplayManagerService: Display device added: DisplayDeviceInfo{"com.oculus.android_panel_app.AndroidPanelLayer-tooltip": uniqueId="virtual:com.oculus.systemux,10041,com.oculus.android_panel_app.AndroidPanelLayer-tooltip,0", 1250 x 1250, modeId 86, defaultModeId 86, supportedModes [{id=86, width=1250, height=1250, fps=60.0}], colorMode 0, supportedColorModes [0], HdrCapabilities null, density 200, 200.0 x 200.0 dpi, appVsyncOff 0, presDeadline 16666666, touch NONE, rotation 0, type VIRTUAL, state OFF, owner com.oculus.systemux (uid 10041), FLAG_PRIVATE, FLAG_NEVER_BLANK, FLAG_OWN_CONTENT_ONLY}
03-01 11:38:13.993 2911 2911 I [SUI] TooltipView: TooltipView created
03-01 11:38:13.995 6720 6824 D MobileConfigBaseClient: connect()
03-01 11:38:13.996 2911 2911 I [SUI] TooltipView: Initializing TooltipView
03-01 11:38:13.996 2911 2911 I [SUI] TooltipView: Configuring TooltipView - {"tooltipId":"anytime_bar_library_button","text":"App Library","position":"top","hostLayerName":"#main","hostLayerUCoordinate":0.8308308124542236,"hostLayerVCoordinate":0.7906976938247681}
03-01 11:38:13.999 1062 5952 I DisplayManagerService: Display device removed: DisplayDeviceInfo{"com.oculus.android_panel_app.AndroidPanelLayer-tooltip": uniqueId="virtual:com.oculus.systemux,10041,com.oculus.android_panel_app.AndroidPanelLayer-tooltip,0", 1250 x 1250, modeId 86, defaultModeId 86, supportedModes [{id=86, width=1250, height=1250, fps=60.0}], colorMode 0, supportedColorModes [0], HdrCapabilities null, density 200, 200.0 x 200.0 dpi, appVsyncOff 0, presDeadline 16666666, touch NONE, rotation 0, type VIRTUAL, state OFF, owner com.oculus.systemux (uid 10041), FLAG_PRIVATE, FLAG_NEVER_BLANK, FLAG_OWN_CONTENT_ONLY}
03-01 11:38:14.000 2981 2981 V MIGHTY_LOG: [trace] ForegroundAppProvider: Current Foreground Package - com.oculus.shellenv, Class: com.oculus.shellenv.ShellEnvActivity
03-01 11:38:14.000 1062 1078 I DisplayManagerService: Display device added: DisplayDeviceInfo{"com.oculus.android_panel_app.AndroidPanelLayer-tooltip": uniqueId="virtual:com.oculus.systemux,10041,com.oculus.android_panel_app.AndroidPanelLayer-tooltip,0", 121 x 65, modeId 87, defaultModeId 87, supportedModes [{id=87, width=121, height=65, fps=60.0}], colorMode 0, supportedColorModes [0], HdrCapabilities null, density 200, 200.0 x 200.0 dpi, appVsyncOff 0, presDeadline 16666666, touch NONE, rotation 0, type VIRTUAL, state OFF, owner com.oculus.systemux (uid 10041), FLAG_PRIVATE, FLAG_NEVER_BLANK, FLAG_OWN_CONTENT_ONLY}
03-01 11:38:14.004 2911 2911 I AndroidPanelApp: Processing pending hide layer for layer tooltip.
03-01 11:38:14.004 2911 2911 I AndroidPanelApp: Processing pending show layer info for layer tooltip with width 121 and height 65.
03-01 11:38:14.004 2911 2911 I AndroidPanelApp: layerSupersample no changes
03-01 11:38:14.012 3628 5595 I [SEO] PanelAppHost: Setting panel layer visibility of layer "tooltip" to invisible, panel 7 (com.oculus.systemux/com.oculus.panelapp.anytimeui.AnytimeUIAndroidPanelService)
03-01 11:38:14.012 3628 5595 I [SEO] PanelAppHost: Resize layer tooltip to size 121 x 65 shape: 1 stereo: 0, panel 7 (com.oculus.systemux/com.oculus.panelapp.anytimeui.AnytimeUIAndroidPanelService)
03-01 11:38:14.012 3628 5595 I [SEO] PanelRenderLayer: ResetSurface tooltip 121 x 65 - shape:1 stereo:0
03-01 11:38:14.013 2911 2911 I AndroidPanelApp: Processing next frame action "layerShow" for layer "tooltip"
03-01 11:38:14.051 1968 3434 I MobileConfigFactoryImpl: Registered SESSIONLESS factory change listener: ok
03-01 11:38:14.051 1968 3434 I MobileConfigFactoryImpl: Set Java EP Handler
03-01 11:38:14.063 1062 1099 W InputReader: Device has associated, but no associated display id.
03-01 11:38:14.068 1062 1101 I DisplayManagerService: Display device changed state: "com.oculus.android_panel_app.AndroidPanelLayer-tooltip", ON
03-01 11:38:14.079 3628 5595 I [SEO] LayerSwapChainResource: LayerSwapChainResource 121,65 : 3
03-01 11:38:14.079 1804 5569 I VrRuntimeService: CreateSwapChain: 2583401121
03-01 11:38:14.079 1804 5569 I VrRuntimeService: CreateSwapChain: api:vk 0 0x2b 121 65 7 3 1 4 3
03-01 11:38:14.080 1804 5569 W SwapChain_Vulkan_Foveated: CreateTextureSwapChainFoveationVulkan: ShouldCreateFragmentDensityMap: false
03-01 11:38:14.080 1804 5569 W SwapChain_Vulkan_Foveated: ExportTextureResourcesFoveationVulkan: chain->VkInteropFoveation.Device == nullptr
03-01 11:38:14.080 1804 5569 W SwapChain: CreateTextureSwapChainFoveation: export failed
03-01 11:38:14.080 1804 5569 I VrRuntimeServer: CreateTextureSwapChain: result importswapchaingles 1
03-01 11:38:14.081 5489 5690 I SwapChain_Vulkan_Memory_Export: Imported texture has requirements 3, ends up index 0
03-01 11:38:14.081 5489 5690 I chatty : uid=10015(com.oculus.shellenv) Thread-28 identical 1 line
03-01 11:38:14.081 5489 5690 I SwapChain_Vulkan_Memory_Export: Imported texture has requirements 3, ends up index 0
03-01 11:38:14.081 5489 5690 W VrRuntimeClient: CreateTextureSwapChain: Failed to import foveation swapchain
03-01 11:38:14.083 1804 5569 I VrRuntimeService: UpdateSwapChainSamplerState: 166
03-01 11:38:14.083 1804 5569 I VrRuntimeService: UpdateSwapChainSamplerState: minFilter=1 magFilter=1 wrapModeS=3 warpModeT=3 maxAniso=1.000000 border={0.000000,0.000000,0.000000,0.000000} swizzle={0,1,2,3}
03-01 11:38:14.083 1804 5569 I VrRuntimeService: UpdateSwapChainSamplerState: 166
03-01 11:38:14.083 1804 5569 I VrRuntimeService: UpdateSwapChainSamplerState: minFilter=5 magFilter=1 wrapModeS=3 warpModeT=3 maxAniso=1.000000 border={0.000000,0.000000,0.000000,0.000000} swizzle={0,1,2,3}
03-01 11:38:14.118 1062 1078 W InputReader: Device has associated, but no associated display id.
03-01 11:38:14.158 1062 1078 E WindowManager: App trying to use insecure INPUT_FEATURE_NO_INPUT_CHANNEL flag. Ignoring
03-01 11:38:14.164 1062 1101 W InputReader: Device has associated, but no associated display id.
03-01 11:38:14.164 1062 1101 I ActivityTaskManager: Override config changes=20005df8 {0.0 ?mcc?mnc ?localeList ?layoutDir sw1000dp w1000dp h1000dp 200dpi xlrg port ?uimode ?night -touch qwerty/v/v -nav/h winConfig={ mBounds=Rect(0, 0 - 1250, 1250) mAppBounds=Rect(0, 0 - 1250, 1250) mWindowingMode=fullscreen mDisplayWindowingMode=fullscreen mActivityType=undefined mAlwaysOnTop=undefined mRotation=ROTATION_0}} for displayId=25
03-01 11:38:14.169 1062 1101 I ActivityTaskManager: Override config changes=20005df8 {0.0 ?mcc?mnc ?localeList ?layoutDir sw52dp w96dp h52dp 200dpi smll land ?uimode ?night -touch qwerty/v/v -nav/h winConfig={ mBounds=Rect(0, 0 - 121, 65) mAppBounds=Rect(0, 0 - 121, 65) mWindowingMode=fullscreen mDisplayWindowingMode=fullscreen mActivityType=undefined mAlwaysOnTop=undefined mRotation=ROTATION_0}} for displayId=26
03-01 11:38:14.170 1062 1101 I WindowManager: Screen frozen for +51ms due to new-config
03-01 11:38:14.200 1062 1099 W Looper : Slow dispatch took 103ms android.ui h=android.hardware.display.DisplayManagerGlobal$DisplayListenerDelegate c=null m=3
03-01 11:38:14.168 1062 1101 W InputReader: Device has associated, but no associated display id.
03-01 11:38:14.202 5489 6700 I VrApi : FPS=90/90,Prd=32ms,Tear=0,Early=0,Stale=0,Stale2/5/10/max=0/0/0/0,VSnc=0,Lat=-1,Fov=0,CPU4/GPU=2/3,2419/490MHz,OC=FF,TA=0/70/0,SP=N/F/N,Mem=2092MHz,Free=2848MB,PLS=0,Temp=40.5C/0.0C,TW=1.91ms,App=6.42ms,GD=0.00ms,CPU&GPU=8.57ms,LCnt=2(DR0,LM0),GPU%=0.77,CPU%=0.20(W0.27),DSF=1.00,CFL=14.60/20.00
03-01 11:38:14.235 1968 1968 I AuthLogger: Action succeeded: FBCONNECT_FETCH_ACCOUNT, callingPackage: com.oculus.horizon, accountType: null, tokenType: null, extras: {origin=FacebookAuthenticator}, duration: 0ms
03-01 11:38:14.247 6720 6824 D MobileConfigBaseClient: awaitService()
03-01 11:38:14.256 3628 5595 I [SEO] PanelAppHost: Setting panel layer visibility of layer "tooltip" to visible, panel 7 (com.oculus.systemux/com.oculus.panelapp.anytimeui.AnytimeUIAndroidPanelService)
03-01 11:38:14.257 1804 5569 I VrRuntimeService: UpdateSwapChainSamplerState: 166
03-01 11:38:14.257 1804 5569 I VrRuntimeService: UpdateSwapChainSamplerState: minFilter=1 magFilter=1 wrapModeS=3 warpModeT=3 maxAniso=1.000000 border={0.000000,0.000000,0.000000,0.000000} swizzle={0,1,2,3}
03-01 11:38:14.265 6720 6720 D MobileConfigBaseClient: Connected to MobileConfigService
03-01 11:38:14.276 853 1352 I [CT] : CONSTELLATION:IMU_STATUS: de088e026ac4e527 (R): [FusionTracked=1.000, OutputTracked=1.000, OutputValid=1.000] [AccelSat=0.000, GyroSat=0.000]
03-01 11:38:14.281 6720 6828 D MobileConfigBaseClient: connect()
03-01 11:38:14.295 6720 6828 D MobileConfigBaseClient: awaitService()
03-01 11:38:14.296 6720 6720 D MobileConfigBaseClient: Connected to MobileConfigService
03-01 11:38:14.399 6720 6809 D VrGuardianUserService: SubscribeTask - Attempting Subscribe
03-01 11:38:14.425 6720 6829 D MobileConfigBaseClient: connect()
03-01 11:38:14.431 6720 6829 D MobileConfigBaseClient: awaitService()
03-01 11:38:14.433 6720 6720 D MobileConfigBaseClient: Connected to MobileConfigService
03-01 11:38:14.442 1968 3434 I MobileConfigFactoryImpl: Registered SESSIONBASED factory change listener: ok
03-01 11:38:14.442 1968 3434 I MobileConfigFactoryImpl: Set Java EP Handler
03-01 11:38:14.443 6720 6792 D VrGuardianUserService: SubscribeTask - Attempting Subscribe
03-01 11:38:14.457 6720 6830 D MobileConfigBaseClient: connect()
03-01 11:38:14.459 1804 3046 I Vsync : Vsync 13089: 15 x 11.11 ms (90.04 Hz, at 182.644)
03-01 11:38:14.459 1804 3046 I CompositorUtil: Adjusting 13089.23 > 13075 to 13089
03-01 11:38:14.494 6720 6830 D MobileConfigBaseClient: awaitService()
03-01 11:38:14.495 6720 6720 D MobileConfigBaseClient: Connected to MobileConfigService
03-01 11:38:14.559 1968 5889 E LoggingErrorHandler: Retrofit error, url: [https://graph.oculus.com/graphql?q=Mutation+FBTokenGenerate+%3A+FBTokenGenerateResponsePayload+%7B++facebook_access_token_generate%28%3Cinput%3E%29+%7B++++access_token%2C+++++fb_user_id%2C+++++fb_app_id++%7D%7D], kind: [HTTP], status: [400 - ], headers: [content-type: application/json; charset=UTF-8, www-authenticate: OAuth "Facebook Platform" "invalid_request" "The action attempted has been deemed abusive or is otherwise disallowed", oculus-api-version: v1.0, access-control-expose-headers: X-FB-Debug, X-Loader-Length, access-control-allow-methods: OPTIONS, access-control-allow-credentials: true, access-control-allow-origin: https://facebook.com, vary: Origin, vary: Accept-Encoding, strict-transport-security: max-age=31536000; preload; includeSubDomains, pragma: no-cache, cache-control: no-store, expires: Sat, 01 Jan 2000 00:00:00 GMT, x-fb-request-id: AvkPGpDzgVVirb51UfQd9v1, x-fb-trace-id: BGXbahI3cH0, x-fb-rev: 1007034293, x-fb-debug: QZhMlubH7VOfOfTboMWxA5mhbsI0AeIDm+/ew/z/STDAceD00tQ0Dl74absSsuW6Yxp4amr5JTfi7N8XtGEmGA==, content-length: 338, date: Wed, 01 Mar 2023 19:38:14 GMT, priority: u=3,i], body: [{"error":{"message":"The action attempted has been deemed abusive or is otherwise disallowed","type":"OAuthException","code":368,"error_subcode":1390008,"is_transient":false,"error_user_title":"You Can't Use This Feature Right Now","error_user_msg":"We limit how often you can post, comment or do other things in a given amount of time in order to help protect the community from spam. You can try again later. Learn More","fbtrace_id":"AvkPGpDzgVVirb51UfQd9v1"}}]
03-01 11:38:14.567 1968 3434 I MobileConfigFactoryImpl: Created MobileConfigFactoryImpl, unitType:8
03-01 11:38:14.581 1968 3434 E MobileConfigServiceImpl: exception while trying to subscribe
03-01 11:38:14.581 1968 3434 E MobileConfigServiceImpl: java.lang.IllegalArgumentException: account is null
03-01 11:38:14.581 1968 3434 E MobileConfigServiceImpl: at android.accounts.AccountManager.getAuthToken(AccountManager.java:1778)
03-01 11:38:14.581 1968 3434 E MobileConfigServiceImpl: at com.oculus.deviceconfigservice.FRLAuthedHttpClient.A00(:28)
03-01 11:38:14.581 1968 3434 E MobileConfigServiceImpl: at com.oculus.deviceconfigservice.MobileConfigServiceHelper.A00(:254)
03-01 11:38:14.581 1968 3434 E MobileConfigServiceImpl: at X.1mj.(:274)
03-01 11:38:14.581 1968 3434 E MobileConfigServiceImpl: at X.0qq.A00(:66554)
03-01 11:38:14.581 1968 3434 E MobileConfigServiceImpl: at X.0qs.A03(:6)
03-01 11:38:14.581 1968 3434 E MobileConfigServiceImpl: at X.0nT.A01(:51)
03-01 11:38:14.581 1968 3434 E MobileConfigServiceImpl: at X.0nT.A00(:12)
03-01 11:38:14.581 1968 3434 E MobileConfigServiceImpl: at com.oculus.deviceconfigservice.MobileConfigInitModule.A00(:5)
03-01 11:38:14.581 1968 3434 E MobileConfigServiceImpl: at X.0qq.A00(:66751)
03-01 11:38:14.581 1968 3434 E MobileConfigServiceImpl: at X.0qs.A03(:6)
03-01 11:38:14.581 1968 3434 E MobileConfigServiceImpl: at X.0UX.A01(:51)
03-01 11:38:14.581 1968 3434 E MobileConfigServiceImpl: at X.08I.get(:38)
03-01 11:38:14.581 1968 3434 E MobileConfigServiceImpl: at X.1el.run(:4)
03-01 11:38:14.581 1968 3434 E MobileConfigServiceImpl: at com.oculus.deviceconfigservice.MobileConfigServiceHelper$4.call(:2)
03-01 11:38:14.581 1968 3434 E MobileConfigServiceImpl: at X.1NJ.run(:4)
03-01 11:38:14.581 1968 3434 E MobileConfigServiceImpl: at java.util.concurrent.ThreadPoolExecutor.runWorker(ThreadPoolExecutor.java:1167)
03-01 11:38:14.581 1968 3434 E MobileConfigServiceImpl: at java.util.concurrent.ThreadPoolExecutor$Worker.run(ThreadPoolExecutor.java:641)
03-01 11:38:14.581 1968 3434 E MobileConfigServiceImpl: at java.lang.Thread.run(Thread.java:919)
03-01 11:38:14.584 6720 6720 E DeviceConfigTelemetryLogger: onFailure(exception)
03-01 11:38:14.589 6720 6720 E DeviceConfigTelemetryLogger: onFailure(exception)
03-01 11:38:14.590 6720 6720 D VrGuardianUserService: DeviceConfig - onFailure - Error: exception
03-01 11:38:14.591 1968 1968 E FBConnectHelper: generateFBAccessToken failed
03-01 11:38:14.591 1968 1968 E FBConnectHelper: com.oculus.http.core.base.ApiError: retrofit.RetrofitError: 400
03-01 11:38:14.591 1968 1968 E FBConnectHelper: at com.oculus.http.core.base.ApiCallback.failure(:6)
03-01 11:38:14.591 1968 1968 E FBConnectHelper: at retrofit.CallbackRunnable$2.run(:6)
03-01 11:38:14.591 1968 1968 E FBConnectHelper: at android.os.Handler.handleCallback(Handler.java:886)
03-01 11:38:14.591 1968 1968 E FBConnectHelper: at android.os.Handler.dispatchMessage(Handler.java:102)
03-01 11:38:14.591 1968 1968 E FBConnectHelper: at android.os.Looper.loop(Looper.java:227)
03-01 11:38:14.591 1968 1968 E FBConnectHelper: at android.app.ActivityThread.main(ActivityThread.java:7436)
03-01 11:38:14.591 1968 1968 E FBConnectHelper: at java.lang.reflect.Method.invoke(Native Method)
03-01 11:38:14.591 1968 1968 E FBConnectHelper: at com.android.internal.os.RuntimeInit$MethodAndArgsCaller.run(RuntimeInit.java:492)
03-01 11:38:14.591 1968 1968 E FBConnectHelper: at com.android.internal.os.ZygoteInit.main(ZygoteInit.java:936)
03-01 11:38:14.591 1968 1968 E FBConnectHelper: Caused by: retrofit.RetrofitError: 400
03-01 11:38:14.591 1968 1968 E FBConnectHelper: at retrofit.RestAdapter$RestHandler.invokeRequest(:289)
03-01 11:38:14.591 1968 1968 E FBConnectHelper: at retrofit.RestAdapter$RestHandler.access$100(:0)
03-01 11:38:14.591 1968 1968 E FBConnectHelper: at retrofit.RestAdapter$RestHandler$2.obtainResponse(:8)
03-01 11:38:14.591 1968 1968 E FBConnectHelper: at retrofit.CallbackRunnable.run(:0)
03-01 11:38:14.591 1968 1968 E FBConnectHelper: at java.util.concurrent.ThreadPoolExecutor.runWorker(ThreadPoolExecutor.java:1167)
03-01 11:38:14.591 1968 1968 E FBConnectHelper: at java.util.concurrent.ThreadPoolExecutor$Worker.run(ThreadPoolExecutor.java:641)
03-01 11:38:14.591 1968 1968 E FBConnectHelper: at retrofit.Platform$Android$2$1.run(:7)
03-01 11:38:14.591 1968 1968 E FBConnectHelper: at java.lang.Thread.run(Thread.java:919)
03-01 11:38:14.592 6720 6720 E DeviceConfigTelemetryLogger: onFailure(exception)
03-01 11:38:14.593 6720 6720 D VrGuardianUserService: DeviceConfig - onFailure - Error: exception
03-01 11:38:14.594 6720 6720 E DeviceConfigTelemetryLogger: onFailure(exception)
03-01 11:38:14.594 6720 6720 D VrGuardianUserService: DeviceConfig - onFailure - Error: exception
03-01 11:38:14.594 6720 6720 E DeviceConfigTelemetryLogger: onFailure(exception)
03-01 11:38:14.594 6720 6720 D VrGuardianUserService: DeviceConfig - onFailure - Error: exception
03-01 11:38:14.595 6720 6720 E DeviceConfigTelemetryLogger: onFailure(exception)
03-01 11:38:14.595 6720 6720 D VrGuardianUserService: DeviceConfig - onFailure - Error: exception
03-01 11:38:14.595 6720 6720 E DeviceConfigTelemetryLogger: onFailure(exception)
03-01 11:38:14.595 6720 6720 D VrGuardianUserService: DeviceConfig - onFailure - Error: exception
03-01 11:38:14.596 6720 6720 E DeviceConfigTelemetryLogger: onFailure(exception)
03-01 11:38:14.596 6720 6720 D VrGuardianUserService: DeviceConfig - onFailure - Error: exception
03-01 11:38:14.596 6720 6720 E DeviceConfigTelemetryLogger: onFailure(exception)
03-01 11:38:14.596 6720 6720 D VrGuardianUserService: DeviceConfig - onFailure - Error: exception
03-01 11:38:14.597 6720 6720 E DeviceConfigTelemetryLogger: onFailure(exception)
03-01 11:38:14.597 6720 6720 D VrGuardianUserService: DeviceConfig - onFailure - Error: exception
03-01 11:38:14.597 6720 6720 E DeviceConfigTelemetryLogger: onFailure(exception)
03-01 11:38:14.597 6720 6720 D VrGuardianUserService: DeviceConfig - onFailure - Error: exception
03-01 11:38:14.597 6720 6720 E DeviceConfigTelemetryLogger: onFailure(exception)
03-01 11:38:14.597 6720 6720 D VrGuardianUserService: DeviceConfig - onFailure - Error: exception
03-01 11:38:14.597 6720 6720 E DeviceConfigTelemetryLogger: onFailure(exception)
03-01 11:38:14.597 6720 6720 D VrGuardianUserService: DeviceConfig - onFailure - Error: exception
03-01 11:38:14.599 6720 6720 E DeviceConfigTelemetryLogger: onFailure(exception)
03-01 11:38:14.600 6720 6720 D VrGuardianUserService: DeviceConfig - onFailure - Error: exception
03-01 11:38:14.600 6720 6720 E DeviceConfigTelemetryLogger: onFailure(exception)
03-01 11:38:14.600 6720 6720 D VrGuardianUserService: DeviceConfig - onFailure - Error: exception
03-01 11:38:14.628 1968 3435 I MobileConfigFactoryImpl: Created MobileConfigFactoryImpl, unitType:2
03-01 11:38:14.629 1968 3435 I MobileConfigFactoryImpl: Created MobileConfigFactoryImpl, unitType:1
03-01 11:38:14.629 1968 3435 I MobileConfigFactoryImpl: Created MobileConfigFactoryImpl, unitType:2
03-01 11:38:14.629 1968 3435 I MobileConfigFactoryImpl: Created MobileConfigFactoryImpl, unitType:1
03-01 11:38:14.636 1968 3165 E AuthLogger: Action failed: OBTAIN_TOKEN, callingPackage: com.oculus.systemutilities, accountType: com.facebook, tokenType: , extras: {}, duration: 893ms
03-01 11:38:14.636 1968 3165 E AuthLogger: com.oculus.auth.components.NetworkError: java.io.IOException: com.oculus.http.core.base.ApiError: retrofit.RetrofitError: 400
03-01 11:38:14.636 1968 3165 E AuthLogger: at com.oculus.auth.authenticator.facebook.FacebookAuthenticator.obtainTokenLegacyPath(:61)
03-01 11:38:14.636 1968 3165 E AuthLogger: at com.oculus.auth.authenticator.facebook.FacebookAuthenticator.doGetAuthToken(:26)
03-01 11:38:14.636 1968 3165 E AuthLogger: at com.oculus.auth.authenticator.common.BaseAuthenticator.getAuthToken(:105)
03-01 11:38:14.636 1968 3165 E AuthLogger: at android.accounts.AbstractAccountAuthenticator$Transport.getAuthToken(AbstractAccountAuthenticator.java:246)
03-01 11:38:14.636 1968 3165 E AuthLogger: at android.accounts.IAccountAuthenticator$Stub.onTransact(IAccountAuthenticator.java:281)
03-01 11:38:14.636 1968 3165 E AuthLogger: at android.os.Binder.execTransactInternal(Binder.java:1021)
03-01 11:38:14.636 1968 3165 E AuthLogger: at android.os.Binder.execTransact(Binder.java:994)
03-01 11:38:14.636 1968 3165 E AuthLogger: Caused by: java.io.IOException: com.oculus.http.core.base.ApiError: retrofit.RetrofitError: 400
03-01 11:38:14.636 1968 3165 E AuthLogger: at com.oculus.horizon.fbconnect.FBConnectHelper.ensureFreshToken(:20)
03-01 11:38:14.636 1968 3165 E AuthLogger: at com.oculus.auth.authenticator.facebook.FacebookAuthenticator.updateAccessTokenIfNecessary(:8)
03-01 11:38:14.636 1968 3165 E AuthLogger: at com.oculus.auth.authenticator.facebook.FacebookAuthenticator.obtainTokenLegacyPath(:24)
03-01 11:38:14.636 1968 3165 E AuthLogger: ... 6 more
03-01 11:38:14.636 1968 3165 E AuthLogger: Caused by: com.oculus.http.core.base.ApiError: retrofit.RetrofitError: 400
03-01 11:38:14.636 1968 3165 E AuthLogger: at com.oculus.http.core.base.ApiCallback.failure(:6)
03-01 11:38:14.636 1968 3165 E AuthLogger: at retrofit.CallbackRunnable$2.run(:6)
03-01 11:38:14.636 1968 3165 E AuthLogger: at android.os.Handler.handleCallback(Handler.java:886)
03-01 11:38:14.636 1968 3165 E AuthLogger: at android.os.Handler.dispatchMessage(Handler.java:102)
03-01 11:38:14.636 1968 3165 E AuthLogger: at android.os.Looper.loop(Looper.java:227)
03-01 11:38:14.636 1968 3165 E AuthLogger: at android.app.ActivityThread.main(ActivityThread.java:7436)
03-01 11:38:14.636 1968 3165 E AuthLogger: at java.lang.reflect.Method.invoke(Native Method)
03-01 11:38:14.636 1968 3165 E AuthLogger: at com.android.internal.os.RuntimeInit$MethodAndArgsCaller.run(RuntimeInit.java:492)
03-01 11:38:14.636 1968 3165 E AuthLogger: at com.android.internal.os.ZygoteInit.main(ZygoteInit.java:936)
03-01 11:38:14.636 1968 3165 E AuthLogger: Caused by: retrofit.RetrofitError: 400
03-01 11:38:14.636 1968 3165 E AuthLogger: at retrofit.RestAdapter$RestHandler.invokeRequest(:289)
03-01 11:38:14.636 1968 3165 E AuthLogger: at retrofit.RestAdapter$RestHandler.access$100(:0)
03-01 11:38:14.636 1968 3165 E AuthLogger: at retrofit.RestAdapter$RestHandler$2.obtainResponse(:8)
03-01 11:38:14.636 1968 3165 E AuthLogger: at retrofit.CallbackRunnable.run(:0)
03-01 11:38:14.636 1968 3165 E AuthLogger: at java.util.concurrent.ThreadPoolExecutor.runWorker(ThreadPoolExecutor.java:1167)
03-01 11:38:14.636 1968 3165 E AuthLogger: at java.util.concurrent.ThreadPoolExecutor$Worker.run(ThreadPoolExecutor.java:641)
03-01 11:38:14.636 1968 3165 E AuthLogger: at retrofit.Platform$Android$2$1.run(:7)
03-01 11:38:14.636 1968 3165 E AuthLogger: at java.lang.Thread.run(Thread.java:919)
03-01 11:38:14.641 6720 6833 D MobileConfigBaseClient: connect()
03-01 11:38:14.641 2870 2937 D MediaUploader: key: bc38efbd5a8671491229f8435879cc35, number of attempts: 21
03-01 11:38:14.661 6720 6720 D MobileConfigBaseClient: Connected to MobileConfigService
03-01 11:38:14.665 2870 2937 E MediaUploader: Upload failed
03-01 11:38:14.665 2870 2937 E MediaUploader: java.io.IOException: com.oculus.auth.components.NetworkError: java.io.IOException: com.oculus.http.core.base.ApiError: retrofit.RetrofitError: 400
03-01 11:38:14.665 2870 2937 E MediaUploader: at android.accounts.AccountManager.convertErrorToException(AccountManager.java:2514)
03-01 11:38:14.665 2870 2937 E MediaUploader: at android.accounts.AccountManager.access$700(AccountManager.java:162)
03-01 11:38:14.665 2870 2937 E MediaUploader: at android.accounts.AccountManager$AmsTask$Response.onError(AccountManager.java:2365)
03-01 11:38:14.665 2870 2937 E MediaUploader: at android.accounts.IAccountManagerResponse$Stub.onTransact(IAccountManagerResponse.java:106)
03-01 11:38:14.665 2870 2937 E MediaUploader: at android.os.Binder.execTransactInternal(Binder.java:1021)
03-01 11:38:14.665 2870 2937 E MediaUploader: at android.os.Binder.execTransact(Binder.java:994)
03-01 11:38:14.667 2870 2918 I WM-WorkerWrapper: Worker result FAILURE for Work [ id=b2c66456-9d03-4907-b444-850c8a48e673, tags={ com.oculus.systemutilities.MediaUploader$UploadMediaWorker, system_utilities_media_sync, system_utilities_media_sync_auto_upload, system_utilities_media_sync_upload } ]
03-01 11:38:14.677 2911 2911 D [SUI] AnytimeUIAndroidPanelApp: ClickEventButtonId: AUI_BAR_LIBRARY
03-01 11:38:14.677 2911 2911 I [SUI] PanelAppBase: actionNavigate - App: systemux://library, Uri:
03-01 11:38:14.677 2911 2911 D [SUI] AppStateUtil: library_system_app is running= true
03-01 11:38:14.677 2911 2911 D [SUI] SystemUXFunnelLogServerLogger: Event: oculus_engagement_events LogInfo{duration=0, mLogId='library_system_app', mContentType=null, mPosX=0, mPosy=0, mGlobalPos=0, mSurface=AUI, mSubSurface=null, mClickEventType=null, mClickEventName=LAUNCH_APP, mAdditionalParameters={aui_position_in_section=6, aui_origin_content_id=null}} aui_in_app=false
03-01 11:38:14.685 3628 5595 I GkCacheQuerierClient: Loaded GK 'oculus_trex_haptics_killsw' value = false from file cache.
03-01 11:38:14.685 3628 5595 I [SEO] LaunchCommandHandler: Processing launch request as JSON. Request args: {"componentName":"systemux:\/\/library","timestamp":182861,"skipDestinationUi":false}, sourcePanelId: 7
03-01 11:38:14.685 3628 5595 I [SEO] PanelAppLaunchInfo: PanelAppLaunchInfo componentString:com.oculus.systemux/com.oculus.panelapp.library.LibraryPanelService packageName:com.oculus.systemux serviceName:com.oculus.panelapp.library.LibraryPanelService componentName:com.oculus.systemux/com.oculus.panelapp.library.LibraryPanelService
03-01 11:38:14.685 3628 5595 I [SEO] HostPlatform: Retrieving component launch information for package (com.oculus.systemux) and service (com.oculus.panelapp.library.LibraryPanelService)
03-01 11:38:14.697 3628 5595 I [SEO] HostPlatform: Is valid panel service component for package (com.oculus.systemux) and service (com.oculus.panelapp.library.LibraryPanelService) - true
03-01 11:38:14.738 3628 5595 W OVRLibrary: null cursor received for query content://com.oculus.ocms.library/apps/systemux%3A%2F%2Flibrary
03-01 11:38:14.738 3628 5595 W [SEO] LibraryApiUtil: Unable to check whether package:systemux://library is an OCTV app.
03-01 11:38:14.750 3628 5595 I [SEO] LaunchController: System UX, targetComponent = systemux://library, uri = , returnComponent =
03-01 11:38:14.750 3628 5595 I [SEO] PanelAppLaunchInfo: PanelAppLaunchInfo componentString:com.oculus.systemux/com.oculus.panelapp.library.LibraryPanelService packageName:com.oculus.systemux serviceName:com.oculus.panelapp.library.LibraryPanelService componentName:com.oculus.systemux/com.oculus.panelapp.library.LibraryPanelService
03-01 11:38:14.750 3628 5595 I [SEO] HostPlatform: Retrieving component launch information for package (com.oculus.systemux) and service (com.oculus.panelapp.library.LibraryPanelService)
03-01 11:38:14.760 1968 1986 I .oculus.horizo: Background young concurrent copying GC freed 281372(15MB) AllocSpace objects, 102(7060KB) LOS objects, 25% free, 55MB/75MB, paused 236us total 416.443ms
03-01 11:38:14.766 3628 5595 I [SEO] HostPlatform: Is valid panel service component for package (com.oculus.systemux) and service (com.oculus.panelapp.library.LibraryPanelService) - true
03-01 11:38:14.766 3628 5595 I [SEO] LaunchController: Registering Pending Launch of type ShellApplication with com.oculus.systemux/com.oculus.panelapp.library.LibraryPanelService, overwriting existing launch false, of type None.
03-01 11:38:14.770 3628 5595 I [SEO] LaunchController: Building launch checks for com.oculus.systemux, activity or service: com.oculus.panelapp.library.LibraryPanelService, primary active package: com.oculus.shellenv
03-01 11:38:14.773 3628 5595 W OVRLibrary: null cursor received for query content://com.oculus.ocms.library/apps/com.oculus.systemux
03-01 11:38:14.785 1968 3435 I MobileConfigFactoryImpl: Registered SESSIONLESS factory change listener: ok
03-01 11:38:14.785 1968 3435 I MobileConfigFactoryImpl: Set Java EP Handler
03-01 11:38:14.799 3628 5595 E [SEO] DeviceConfigHolder: Called initialize twice!
03-01 11:38:14.814 3628 5595 D [SEO] BootConfig: QDS 2.0 Dark Theme.
03-01 11:38:14.834 3628 5595 I [SEO] LaunchController: BuildPauseLaunchCheck: false, false, false
03-01 11:38:14.834 3628 5595 I [SEO] LaunchController: Finished building launch checks
03-01 11:38:14.834 3628 5595 I [SEO] LaunchController: LaunchController::Launch type ShellApplication, details com.oculus.systemux/com.oculus.panelapp.library.LibraryPanelService
03-01 11:38:14.835 3628 5595 I [SEO] PanelAppLaunchInfo: PanelAppLaunchInfo componentString:com.oculus.systemux/com.oculus.panelapp.library.LibraryPanelService packageName:com.oculus.systemux serviceName:com.oculus.panelapp.library.LibraryPanelService componentName:com.oculus.systemux/com.oculus.panelapp.library.LibraryPanelService
03-01 11:38:14.835 3628 5595 I [SEO] HostPlatform: Retrieving component launch information for package (com.oculus.systemux) and service (com.oculus.panelapp.library.LibraryPanelService)
03-01 11:38:14.840 3628 5595 I [SEO] HostPlatform: Is valid panel service component for package (com.oculus.systemux) and service (com.oculus.panelapp.library.LibraryPanelService) - true
03-01 11:38:14.840 3628 5595 I [SEO] DesktopPanelController: LaunchOrRestore( com.oculus.systemux/com.oculus.panelapp.library.LibraryPanelService ) with launchAsNew=0, sourcePanelId=7, launchTarget=Default, targetMonitor=-1, launchingComponent=com.oculus.systemux/com.oculus.panelapp.anytimeui.AnytimeUIAndroidPanelService
03-01 11:38:14.840 3628 5595 I [SEO] DesktopPanelControllerHelper: Validating activation
03-01 11:38:14.840 3628 5595 I [SEO] DesktopPanelControllerHelper: Resolving launch target
03-01 11:38:14.840 3628 5595 I [SEO] PanelAppsManager: ActivatePanelApp for component com.oculus.systemux/com.oculus.panelapp.library.LibraryPanelService. New instance requested: 0
03-01 11:38:14.840 3628 5595 I [SEO] PanelAppsManager: Found 0 existing instances
03-01 11:38:14.840 3628 5595 I [SEO] PanelAppsManager: launching new instance of com.oculus.systemux/com.oculus.panelapp.library.LibraryPanelService
03-01 11:38:14.840 3628 5595 I [SEO] ShellApp: CreatePanelApp( com.oculus.systemux/com.oculus.panelapp.library.LibraryPanelService )
03-01 11:38:14.840 3628 5595 I [SEO] ShellApp: Environment:
03-01 11:38:14.840 3628 5595 I [SEO] ShellApp: _oc_launch_timestamp = 182869
03-01 11:38:14.840 3628 5595 I [SEO] PanelAppHost: PanelAppHost constructor, panel 8 (com.oculus.systemux/com.oculus.panelapp.library.LibraryPanelService)
03-01 11:38:14.840 3628 5595 I [SEO] PanelAppHost: Panel app 8 (com.oculus.systemux/com.oculus.panelapp.library.LibraryPanelService) changing state from startup to foreground
03-01 11:38:14.840 1804 5569 I VrRuntimeService: CreateAndroidSurfaceSwapChain: 2583401121
03-01 11:38:14.840 1804 5569 I VrRuntimeService: CreateAndroidSurfaceSwapChain: 131072 1 32856 65536 65536 1 1 1 0 3
03-01 11:38:14.841 1804 2962 I SwapChain_Surface: CreateAndroidSurfaceSwapChainGLES: 0x760e9ba800: SurfaceTexture 0x278a Surface 0x277a
03-01 11:38:14.841 1804 5569 I VrRuntimeServer: CreateAndroidSurfaceSwapChain: result surface 0x760e9ba800
03-01 11:38:14.842 1804 5569 I VrRuntimeService: CreateAndroidSurfaceSwapChain: 2583401121
03-01 11:38:14.842 1804 5569 I VrRuntimeService: CreateAndroidSurfaceSwapChain: 131072 1 32856 65536 65536 1 1 1 0 3
03-01 11:38:14.842 1804 2962 I SwapChain_Surface: CreateAndroidSurfaceSwapChainGLES: 0x760ed75000: SurfaceTexture 0x27da Surface 0x27ea
03-01 11:38:14.842 1804 5569 I VrRuntimeServer: CreateAndroidSurfaceSwapChain: result surface 0x760ed75000
03-01 11:38:14.843 3628 5595 I [SEO] PanelAppHost: Passing env var _oc_launch_timestamp = 182869
03-01 11:38:14.843 3628 5595 I [SEO] PanelAppHost: Passing env var _oc_analytics_session_id = 9258ef3e-7f3f-475e-9073-43ad86ba746b
03-01 11:38:14.843 3628 5595 I [SEO] PanelAppHost: Passing env var _oc_userid = 115754187801704
03-01 11:38:14.843 3628 5595 I [SEO] PanelAppHost: Passing env var _oc_shell_version_name = 49.0.0.207.358
03-01 11:38:14.843 3628 5595 I [SEO] PanelAppHost: Passing env var _oc_shell_version_code = 445158841
03-01 11:38:14.843 3628 5595 I [SEO] PanelAppHost: Passing env var _oc_shell_automation_enabled = false
03-01 11:38:14.843 3628 5595 I [SEO] PanelAppHost: Passing env var _oc_shell_view_id_debugging_enabled = false
03-01 11:38:14.843 3628 5595 I [SEO] PanelAppHost: Passing env var _oc_shell_pixel_density = 20
03-01 11:38:14.843 3628 5595 I [SEO] PanelAppHost: Passing env var _oc_shell_render_scale = 1.250000
03-01 11:38:14.843 3628 5595 I [SEO] PanelAppHost: Passing env var _oc_shell_ux_policy = {"panelBackgroundLayerOriginDepths":{"far":0.2,"mid":0.1,"near":0.015}}
03-01 11:38:14.843 3628 5595 I [SEO] PanelAppHost: Passing env var _oc_shell_panel_session_id = 9258ef3e-7f3f-475e-9073-43ad86ba746b-8
03-01 11:38:14.843 3628 5595 I [SEO] PanelAppHost: Passing env var _oc_shell_valid_panel_session_ids = ["9258ef3e-7f3f-475e-9073-43ad86ba746b-8"]
03-01 11:38:14.843 3628 5595 I [SEO] PanelAppHost: Passing env var _oc_shell_back_navigation_enabled = false
03-01 11:38:14.843 3628 5595 I [SEO] PanelAppHost: Passing env var _oc_shell_feature_sets = appmenu-v1,appmenu-v2,cooperativeState-v2,destinationUi-v2,dragDrop-v1,layerClipping-v1,layerClipping-v2,layerOptions-v1,layerParent-v1,layerTranslate-v1,multiapp-v1,multiapp-v2,multiapp-v3,multitasking-v1,shellPanelAdaptability-v1,systemActionBackgroundPanels-v1,systemThemeSetting-v1,system-reauth-v1,system-ux-file-picker-v1,vrNotificationsBootLoad-v1,theaterScreen,theaterScreen-v2,recoverInstances-v1,systemThemeSetting-v2,loadingState-v1,controlBar-v1,copresence-v1,copresenceVersion-v1,vrLibraryAppLock-v1,dragToDesktop-v1
03-01 11:38:14.843 3628 5595 I [SEO] PanelAppHost: Passing env var _oc_shell_host = vrshell
03-01 11:38:14.843 3628 5595 I [SEO] PanelAppHost: Passing env var _oc_shell_panel_id = 8
03-01 11:38:14.844 3628 5595 I [SEO] PanelAppHost: Calling sendPanelLaunchIntent for panel app 8 (com.oculus.systemux/com.oculus.panelapp.library.LibraryPanelService)
03-01 11:38:14.844 3628 5595 D [SEO] ShellApplication: sendApkPanelLaunchIntent: packageName=com.oculus.systemux, serviceClassName=com.oculus.panelapp.library.LibraryPanelService
03-01 11:38:14.845 3628 5595 D [SEO] PanelAppConnection: getSystemProcessUidForCurrentUser: 'android' systemUid = 1000
03-01 11:38:14.845 3628 5595 D [SEO] ShellApplication: bindService Intent { cmp=com.oculus.systemux/com.oculus.panelapp.library.LibraryPanelService }
03-01 11:38:14.849 2911 2911 D CppPanelService: PanelService()
03-01 11:38:14.849 2911 2911 D CppPanelService: onCreate()
03-01 11:38:14.849 2911 2911 D CppPanelService: onBind()
03-01 11:38:14.850 3628 5595 D [SEO] ShellApplication: notify OS to set com.oculus.systemux/com.oculus.panelapp.library.LibraryPanelService to FOREGROUND
03-01 11:38:14.851 3628 5595 I [SEO] PanelAppsManager: LastOpenedPanels: Inserting panel 8 to monitor -1
03-01 11:38:14.851 3628 5595 I [SEO] DesktopPanelControllerHelper: Resolving panel apps for activation
03-01 11:38:14.851 3628 5595 I [SEO] DesktopPanelControllerHelper: Resolved 1 panel apps for Launch activation
03-01 11:38:14.851 3628 5595 I [SEO] DesktopPanelController: Checking whether desktop switch is necessary with current desktop Multi-app for activation of app com.oculus.systemux/com.oculus.panelapp.library.LibraryPanelService
03-01 11:38:14.851 3628 5595 I [SEO] DesktopPanelController: Checking whether we need to switch desktops for Launch activation
03-01 11:38:14.851 3628 5595 I [SEO] DesktopPanelController: Initial cooperative state for app com.oculus.systemux/com.oculus.panelapp.library.LibraryPanelService with uri is cooperative
03-01 11:38:14.851 3628 5595 I [SEO] DesktopPanelController: Selecting desktop Multi-app for activation
03-01 11:38:14.851 3628 5595 I [SEO] VrShellDesktopBase: Using default target monitor.
03-01 11:38:14.851 3628 5595 I [SEO] DesktopPanelController: Resolved target monitor is 2
03-01 11:38:14.851 3628 5595 I [SEO] DesktopPanelApp: Storing location Multi-app, monitor 2
03-01 11:38:14.851 3628 5595 I [SEO] DesktopPanelController: Moving panel in background from monitor -1 to monitor 2
03-01 11:38:14.851 3628 5595 I [SEO] VrShellDesktopBase: Found monitor 2 for AddPanelApp
03-01 11:38:14.851 3628 5595 I [SEO] VrShellDesktopBase: Inserting panelapp with id 8 to monitor 2
03-01 11:38:14.851 3628 5595 I [SEO] DesktopPanelApp: Storing location Multi-app, monitor 2
03-01 11:38:14.851 3628 5595 I [SEO] AppActivationRecord: AppActivation result is Success with reason and type:Launch, launchTarget:Default, activationSourceId:7, activationTargetId:2, launchAsNew:0, uri:, launchingComponent:com.oculus.systemux/com.oculus.panelapp.anytimeui.AnytimeUIAndroidPanelService
03-01 11:38:14.851 3628 5595 I [SEO] DesktopPanelController: Foreground desktop Multi-app
03-01 11:38:14.851 3628 5595 I [SEO] PanelAppLaunchInfo: PanelAppLaunchInfo componentString:com.oculus.systemux/com.oculus.panelapp.controlbar.ControlBarPanelService packageName:com.oculus.systemux serviceName:com.oculus.panelapp.controlbar.ControlBarPanelService componentName:com.oculus.systemux/com.oculus.panelapp.controlbar.ControlBarPanelService
03-01 11:38:14.851 3628 5595 I [SEO] HostPlatform: Retrieving component launch information for package (com.oculus.systemux) and service (com.oculus.panelapp.controlbar.ControlBarPanelService)
03-01 11:38:14.851 6720 6821 D VrGuardianUserService: SubscribeTask - Attempting Subscribe
03-01 11:38:14.861 3628 5595 I [SEO] HostPlatform: Is valid panel service component for package (com.oculus.systemux) and service (com.oculus.panelapp.controlbar.ControlBarPanelService) - true
03-01 11:38:14.861 3628 5595 I [SEO] ShellApp: CreatePanelApp( com.oculus.systemux/com.oculus.panelapp.controlbar.ControlBarPanelService )
03-01 11:38:14.861 3628 5595 I [SEO] ShellApp: Environment:
03-01 11:38:14.861 3628 5595 I [SEO] PanelAppHost: PanelAppHost constructor, panel 9 (com.oculus.systemux/com.oculus.panelapp.controlbar.ControlBarPanelService)
03-01 11:38:14.861 3628 5595 I [SEO] PanelAppHost: Panel app 9 (com.oculus.systemux/com.oculus.panelapp.controlbar.ControlBarPanelService) changing state from startup to foreground
03-01 11:38:14.862 3628 5595 I [SEO] PanelAppHost: Passing env var _oc_analytics_session_id = 9258ef3e-7f3f-475e-9073-43ad86ba746b
03-01 11:38:14.862 3628 5595 I [SEO] PanelAppHost: Passing env var _oc_userid = 115754187801704
03-01 11:38:14.862 3628 5595 I [SEO] PanelAppHost: Passing env var _oc_shell_version_name = 49.0.0.207.358
03-01 11:38:14.862 3628 5595 I [SEO] PanelAppHost: Passing env var _oc_shell_version_code = 445158841
03-01 11:38:14.862 3628 5595 I [SEO] PanelAppHost: Passing env var _oc_shell_automation_enabled = false
03-01 11:38:14.862 3628 5595 I [SEO] PanelAppHost: Passing env var _oc_shell_view_id_debugging_enabled = false
03-01 11:38:14.862 3628 5595 I [SEO] PanelAppHost: Passing env var _oc_shell_pixel_density = 20
03-01 11:38:14.862 3628 5595 I [SEO] PanelAppHost: Passing env var _oc_shell_render_scale = 1.250000
03-01 11:38:14.862 3628 5595 I [SEO] PanelAppHost: Passing env var _oc_shell_ux_policy = {"panelBackgroundLayerOriginDepths":{"far":0.2,"mid":0.1,"near":0.015}}
03-01 11:38:14.862 3628 5595 I [SEO] PanelAppHost: Passing env var _oc_shell_panel_session_id = 9258ef3e-7f3f-475e-9073-43ad86ba746b-9
03-01 11:38:14.862 3628 5595 I [SEO] PanelAppHost: Passing env var _oc_shell_valid_panel_session_ids = ["9258ef3e-7f3f-475e-9073-43ad86ba746b-9"]
03-01 11:38:14.862 3628 5595 I [SEO] PanelAppHost: Passing env var _oc_shell_back_navigation_enabled = false
03-01 11:38:14.862 3628 5595 I [SEO] PanelAppHost: Passing env var _oc_shell_feature_sets = appmenu-v1,appmenu-v2,cooperativeState-v2,destinationUi-v2,dragDrop-v1,layerClipping-v1,layerClipping-v2,layerOptions-v1,layerParent-v1,layerTranslate-v1,multiapp-v1,multiapp-v2,multiapp-v3,multitasking-v1,shellPanelAdaptability-v1,systemActionBackgroundPanels-v1,systemThemeSetting-v1,system-reauth-v1,system-ux-file-picker-v1,vrNotificationsBootLoad-v1,theaterScreen,theaterScreen-v2,recoverInstances-v1,systemThemeSetting-v2,controlBar-v1,copresence-v1,copresenceVersion-v1,vrLibraryAppLock-v1,dragToDesktop-v1
03-01 11:38:14.862 3628 5595 I [SEO] PanelAppHost: Passing env var _oc_launch_timestamp = 183045
03-01 11:38:14.862 3628 5595 I [SEO] PanelAppHost: Passing env var _oc_shell_host = vrshell
